--
-- Host: localhost    Database: shirecu
-- ------------------------------------------------------


--
-- Table structure for table `account_balance_snapshots`
--

CREATE TABLE `account_balance_snapshots` (
  `id` bigint unsigned NOT NULL AUTO_INCREMENT,
  `chart_of_account_id` bigint unsigned NOT NULL,
  `fiscal_year_id` char(36) COLLATE utf8mb4_unicode_ci NOT NULL,
  `snapshot_date` date NOT NULL,
  `balances` json NOT NULL COMMENT 'JSON of {account_id: balance} pairs',
  `organisation_id` bigint unsigned NOT NULL,
  `created_at` timestamp NULL DEFAULT NULL,
  `updated_at` timestamp NULL DEFAULT NULL,
  `deleted_at` timestamp NULL DEFAULT NULL,
  PRIMARY KEY (`id`),
  KEY `account_balance_snapshots_chart_of_account_id_foreign` (`chart_of_account_id`),
  KEY `account_balance_snapshots_fiscal_year_id_foreign` (`fiscal_year_id`),
  KEY `account_balance_snapshots_organisation_id_snapshot_date_index` (`organisation_id`,`snapshot_date`),
  CONSTRAINT `account_balance_snapshots_chart_of_account_id_foreign` FOREIGN KEY (`chart_of_account_id`) REFERENCES `chart_of_accounts` (`id`),
  CONSTRAINT `account_balance_snapshots_fiscal_year_id_foreign` FOREIGN KEY (`fiscal_year_id`) REFERENCES `fiscal_years` (`id`)
) ENGINE=InnoDB DEFAULT CHARSET=utf8mb4 COLLATE=utf8mb4_unicode_ci;

--
-- Dumping data for table `account_balance_snapshots`
--


--
-- Table structure for table `account_categories`
--

CREATE TABLE `account_categories` (
  `id` bigint unsigned NOT NULL AUTO_INCREMENT,
  `name` varchar(255) COLLATE utf8mb4_unicode_ci NOT NULL,
  `code` int NOT NULL,
  `normal_balance_side` int NOT NULL,
  `deleted_at` timestamp NULL DEFAULT NULL,
  `created_at` timestamp NULL DEFAULT NULL,
  `updated_at` timestamp NULL DEFAULT NULL,
  PRIMARY KEY (`id`),
  UNIQUE KEY `account_categories_code_unique` (`code`)
) ENGINE=InnoDB AUTO_INCREMENT=6 DEFAULT CHARSET=utf8mb4 COLLATE=utf8mb4_unicode_ci;

--
-- Dumping data for table `account_categories`
--

INSERT INTO `account_categories` VALUES (1,'Assets',100200,1,NULL,'2026-03-10 21:55:10','2026-03-10 21:55:10'),(2,'Liabilities',20000,2,NULL,'2026-03-10 21:55:10','2026-03-10 21:55:10'),(3,'Capital and Reserves',30000,2,NULL,'2026-03-10 21:55:10','2026-03-10 21:55:10'),(4,'Income',100000,2,NULL,'2026-03-10 21:55:10','2026-03-10 21:55:10'),(5,'Expenses',100500,1,NULL,'2026-03-10 21:55:10','2026-03-10 21:55:10');

--
-- Table structure for table `account_sub_categories`
--

CREATE TABLE `account_sub_categories` (
  `id` bigint unsigned NOT NULL AUTO_INCREMENT,
  `sort` tinyint DEFAULT NULL,
  `account_category_id` bigint unsigned DEFAULT NULL,
  `organisation_id` char(36) COLLATE utf8mb4_unicode_ci DEFAULT NULL,
  `parent_id` bigint unsigned DEFAULT NULL,
  `name` varchar(255) COLLATE utf8mb4_unicode_ci NOT NULL,
  `description` varchar(255) COLLATE utf8mb4_unicode_ci DEFAULT NULL,
  `code` int NOT NULL,
  `is_system_created` tinyint(1) NOT NULL DEFAULT '0' COMMENT 'This is to avoid deleting account which are prepacked in the system',
  `is_working_capital` tinyint(1) NOT NULL DEFAULT '0' COMMENT 'For accounts that affect working capital (AR, AP, Inventory)',
  `is_non_cash` tinyint(1) NOT NULL DEFAULT '0' COMMENT 'For non-cash items like depreciation',
  `is_financing_related` tinyint(1) NOT NULL DEFAULT '0' COMMENT 'For accounts directly related to financing activities',
  `cash_flow_type` enum('Operating','Investing','Financing') COLLATE utf8mb4_unicode_ci DEFAULT NULL,
  `deleted_at` timestamp NULL DEFAULT NULL,
  `created_at` timestamp NULL DEFAULT NULL,
  `updated_at` timestamp NULL DEFAULT NULL,
  `is_tax` tinyint(1) NOT NULL DEFAULT '0',
  `is_non_taxable` tinyint(1) NOT NULL DEFAULT '0',
  PRIMARY KEY (`id`),
  UNIQUE KEY `account_sub_categories_code_unique` (`code`),
  KEY `account_sub_categories_account_category_id_foreign` (`account_category_id`),
  KEY `account_sub_categories_parent_id_foreign` (`parent_id`),
  KEY `account_sub_categories_id_index` (`id`),
  KEY `account_sub_categories_id_organisation_id_index` (`id`,`organisation_id`),
  KEY `account_sub_categories_id_account_category_id_index` (`id`,`account_category_id`),
  CONSTRAINT `account_sub_categories_account_category_id_foreign` FOREIGN KEY (`account_category_id`) REFERENCES `account_categories` (`id`),
  CONSTRAINT `account_sub_categories_parent_id_foreign` FOREIGN KEY (`parent_id`) REFERENCES `account_sub_categories` (`id`)
) ENGINE=InnoDB AUTO_INCREMENT=43 DEFAULT CHARSET=utf8mb4 COLLATE=utf8mb4_unicode_ci;

--
-- Dumping data for table `account_sub_categories`
--

INSERT INTO `account_sub_categories` VALUES (1,1,1,NULL,NULL,'None Current Assets','Are long-term assets used in the business, typically for more than one year',100201,1,0,0,0,'Investing',NULL,'2026-02-11 20:52:27','2026-02-11 20:52:27',0,0),(2,2,1,NULL,NULL,'Current Assets','Current assets are short-term assets that are expected to be converted into cash within a year',101701,1,0,0,0,NULL,NULL,'2026-02-11 20:52:27','2026-02-11 20:52:27',0,0),(3,3,1,NULL,2,'Inventory','Raw Materials, Work-in-Progress, Finished Goods',101702,1,1,0,0,'Operating',NULL,'2026-02-11 20:52:27','2026-02-11 20:52:27',0,0),(4,4,1,NULL,2,'Accounts Receivable','Trade Receivables',101727,1,1,0,0,'Operating',NULL,'2026-02-11 20:52:27','2026-02-11 20:52:27',0,0),(5,5,1,NULL,2,'Assets Held For Sale','Assets Held For Sale',101752,1,1,0,0,'Operating',NULL,'2026-02-11 20:52:27','2026-02-11 20:52:27',0,0),(6,6,1,NULL,2,'Cash and Cash Equivalents','Cash in Hand, Bank Accounts, Short-term Investments',101777,1,0,0,0,'Operating',NULL,'2026-02-11 20:52:27','2026-02-11 20:52:27',0,0),(7,7,1,NULL,1,'Property, Plant, and Equipment (PP&E)','Ledger: Buildings, Machinery, Office Equipment, Furniture',100202,1,0,0,0,'Investing',NULL,'2026-02-11 20:52:27','2026-02-11 20:52:27',0,0),(8,8,1,NULL,1,'Work In Progress','Work In Progress (Kazi Ya Ujenzi)',100282,1,0,0,0,'Investing',NULL,'2026-02-11 20:52:27','2026-02-11 20:52:27',0,0),(9,9,1,NULL,1,'Work In Progress- Intangible Assets','Work In Progress for example software',100362,1,0,0,0,'Investing',NULL,'2026-02-11 20:52:27','2026-02-11 20:52:27',0,0),(10,10,1,NULL,1,'Tax Owed','Tax prepaid to authority(Kodi Inayodaiwa)',100442,1,0,0,0,'Investing',NULL,'2026-02-11 20:52:27','2026-02-11 20:52:27',0,0),(11,11,1,NULL,1,'Long-term Investments','These are investments held for more than one year',100522,1,0,0,0,'Investing',NULL,'2026-02-11 20:52:27','2026-02-11 20:52:27',0,0),(12,12,1,NULL,1,'Investment In Shares','Shares investment in other companies',100602,1,0,0,0,'Investing',NULL,'2026-02-11 20:52:27','2026-02-11 20:52:27',0,0),(13,1,2,NULL,NULL,'Long-Term Liabilities','These are obligations due after one year, often associated with long-term financing and large capital expenses.',20001,1,0,0,0,NULL,NULL,'2026-02-11 20:52:27','2026-02-11 20:52:27',0,0),(14,2,2,NULL,NULL,'Current Liabilities','These are obligations that are due within a year, typically relating to day-to-day operations.',22001,1,1,0,0,NULL,NULL,'2026-02-11 20:52:27','2026-02-11 20:52:27',0,0),(15,3,2,NULL,14,'HISA ZA WANACHAMA (Members Shares)','HISA.',22002,1,1,0,0,'Operating',NULL,'2026-02-11 20:52:27','2026-02-11 20:52:27',0,0),(16,4,2,NULL,14,'WADAI WA KIBIASHARA(Accounts Payable)','Amounts owed to suppliers for goods or services received but not yet paid for.',22012,1,1,0,0,'Operating',NULL,'2026-02-11 20:52:27','2026-02-11 20:52:27',0,0),(17,5,2,NULL,14,'WADAI WA KIBIASHARA','WADAI WA KIBIASHARA (Othe accounts payable)',22022,1,1,0,1,'Operating',NULL,'2026-02-11 20:52:27','2026-02-11 20:52:27',0,0),(18,6,2,NULL,14,'Hesabu Ya Wakulima (Farmers Account)','Farmers Account',22032,1,1,0,0,'Operating',NULL,'2026-02-11 20:52:27','2026-02-11 20:52:27',0,0),(19,7,2,NULL,14,'Wadai Vya Wanachama','Farmers Account',22042,1,1,0,0,'Operating',NULL,'2026-02-11 20:52:27','2026-02-11 20:52:27',0,0),(20,8,2,NULL,14,'KODI ILIYOAHILISHWA (DEFFERED TAX)','KODI ILIYOAHILISHWA (DEFFERED TAX)',22052,1,1,0,0,NULL,NULL,'2026-02-11 20:52:27','2026-02-11 20:52:27',0,0),(21,9,2,NULL,14,'Unearned Revenue (Deferred Revenue)','Payments received before goods or services have been delivered, representing a liability until the obligation is fulfilled.',22062,1,1,0,0,NULL,NULL,'2026-02-11 20:52:27','2026-02-11 20:52:27',0,0),(22,1,3,NULL,NULL,'Capital Accounts','Owners equity, share capital',30001,1,0,0,0,NULL,NULL,'2026-02-11 20:52:27','2026-02-11 20:52:27',0,0),(23,2,3,NULL,NULL,'Reserves','Reserves',30101,1,0,0,0,NULL,NULL,'2026-02-11 20:52:27','2026-02-11 20:52:27',0,0),(24,3,3,NULL,NULL,'Retained Earnings','Retained earnings',30201,1,0,0,0,NULL,NULL,'2026-02-11 20:52:27','2026-02-11 20:52:27',0,0),(25,4,4,NULL,NULL,'Sales Revenue/Income','Primary business income from products and services',100001,1,0,0,0,NULL,NULL,'2026-02-11 20:52:27','2026-02-11 20:52:27',0,0),(26,5,4,NULL,NULL,'Other Income','Miscellaneous or irregular sources of income.',100501,1,0,0,0,NULL,NULL,'2026-02-11 20:52:27','2026-02-11 20:52:27',0,0),(27,6,4,NULL,NULL,'Ziada ya uthaminishaji','Miscellaneous or irregular sources of income.',101001,1,0,0,0,NULL,NULL,'2026-02-11 20:52:27','2026-02-11 21:10:48',0,0),(28,3,4,NULL,25,'Mapato Mengineyo','Primary business income from products and services',100005,1,0,0,0,NULL,NULL,'2026-02-11 20:52:27','2026-02-11 20:52:27',0,0),(29,1,4,NULL,25,'Ushuru Wa Mazao','Ushuru Wa Mazao.',100105,1,0,0,0,NULL,NULL,'2026-02-11 20:52:27','2026-02-11 20:52:27',0,0),(30,2,4,NULL,25,'Mapato Yatokanayo na Milki','Mapato Yatokanayo na Milki',100205,1,0,0,0,NULL,NULL,'2026-02-11 20:52:27','2026-02-11 20:52:27',0,0),(31,9,4,NULL,26,'Gain on Asset Sale','Gain on Disposal of Assets / Gain on Sale of Fixed Assetsor.',100502,1,1,0,0,'Operating',NULL,'2026-02-11 20:52:27','2026-02-11 21:10:48',0,0),(32,6,5,NULL,NULL,'Cost of Goods Sold (COGS)','Costs directly related to the production of goods or services.',100600,1,0,0,0,'Operating',NULL,'2026-02-11 20:52:27','2026-03-23 15:58:36',0,0),(33,7,5,NULL,NULL,'Operating Expenses','Costs related to running the business, not directly tied to production',100800,1,0,0,0,'Operating',NULL,'2026-02-11 20:52:27','2026-03-23 15:58:36',0,0),(34,8,5,NULL,NULL,'Tax Expenses','Interest/Tax Expenses',101000,1,0,0,0,NULL,NULL,'2026-02-11 20:52:27','2026-03-23 15:58:36',0,0),(35,1,5,NULL,33,'Administrative Expenses(Gharama za Utawala)','Administrative Expenses',100801,1,0,0,0,'Operating',NULL,'2026-02-11 20:52:27','2026-02-11 20:52:27',0,0),(36,2,5,NULL,33,'Gharama za Utumishi (Service Costs)','Service Costs',100811,1,0,0,0,'Operating',NULL,'2026-02-11 20:52:27','2026-02-11 20:52:27',0,0),(37,3,5,NULL,33,'Gharama za Bodi (Board Expenses)','Technology & IT Expenses',100821,1,0,0,0,'Operating',NULL,'2026-02-11 20:52:27','2026-02-11 20:52:27',0,0),(38,4,5,NULL,33,'Gharama za kibiashara (Business Expenses)','Office Supplies and Equipment',100831,1,0,0,0,'Operating',NULL,'2026-02-11 20:52:27','2026-03-23 15:58:36',0,0),(40,10,4,NULL,27,'Ziada ya uthaminishaji',NULL,1010001,0,0,0,0,NULL,NULL,'2026-02-11 20:54:46','2026-02-11 21:10:48',0,0),(41,11,4,NULL,29,'Ushuru wa Choroko',NULL,100052,0,0,0,0,NULL,'2026-03-12 15:20:02','2026-03-12 15:19:48','2026-03-12 15:20:02',0,0),(42,13,1,NULL,2,'test',NULL,465934,0,0,0,0,NULL,'2026-03-27 08:39:25','2026-03-12 18:57:33','2026-03-27 08:39:25',0,0);

--
-- Table structure for table `activities`
--

CREATE TABLE `activities` (
  `id` char(36) COLLATE utf8mb4_unicode_ci NOT NULL,
  `project_id` char(36) COLLATE utf8mb4_unicode_ci NOT NULL,
  `name` varchar(255) COLLATE utf8mb4_unicode_ci NOT NULL,
  `objectives` text COLLATE utf8mb4_unicode_ci,
  `activity_methodology` text COLLATE utf8mb4_unicode_ci,
  `description` text COLLATE utf8mb4_unicode_ci,
  `cost` decimal(20,2) DEFAULT NULL,
  `currency_id` char(36) COLLATE utf8mb4_unicode_ci DEFAULT NULL,
  `prioty` enum('High','Medium','Low') COLLATE utf8mb4_unicode_ci NOT NULL DEFAULT 'Low',
  `status` enum('Not Started','In Progress','Completed','On Hold','Cancelled') COLLATE utf8mb4_unicode_ci NOT NULL DEFAULT 'Not Started',
  `start_date` datetime NOT NULL,
  `end_date` datetime DEFAULT NULL,
  `created_at` timestamp NULL DEFAULT NULL,
  `updated_at` timestamp NULL DEFAULT NULL,
  PRIMARY KEY (`id`),
  KEY `activities_project_id_foreign` (`project_id`),
  CONSTRAINT `activities_project_id_foreign` FOREIGN KEY (`project_id`) REFERENCES `projects` (`id`) ON DELETE CASCADE
) ENGINE=InnoDB DEFAULT CHARSET=utf8mb4 COLLATE=utf8mb4_unicode_ci;

--
-- Dumping data for table `activities`
--


--
-- Table structure for table `activity_approvals`
--

CREATE TABLE `activity_approvals` (
  `id` char(36) COLLATE utf8mb4_unicode_ci NOT NULL,
  `activity_id` char(36) COLLATE utf8mb4_unicode_ci NOT NULL,
  `approved_by` char(36) COLLATE utf8mb4_unicode_ci NOT NULL,
  `approval_date` date NOT NULL,
  `comment` varchar(255) COLLATE utf8mb4_unicode_ci DEFAULT NULL,
  `created_at` timestamp NULL DEFAULT NULL,
  `updated_at` timestamp NULL DEFAULT NULL,
  PRIMARY KEY (`id`)
) ENGINE=InnoDB DEFAULT CHARSET=utf8mb4 COLLATE=utf8mb4_unicode_ci;

--
-- Dumping data for table `activity_approvals`
--


--
-- Table structure for table `activity_budgets`
--

CREATE TABLE `activity_budgets` (
  `id` char(36) COLLATE utf8mb4_unicode_ci NOT NULL,
  `activity_id` char(36) COLLATE utf8mb4_unicode_ci NOT NULL,
  `project_budget_id` char(36) COLLATE utf8mb4_unicode_ci NOT NULL,
  `description` varchar(255) COLLATE utf8mb4_unicode_ci NOT NULL,
  `created_at` timestamp NULL DEFAULT NULL,
  `updated_at` timestamp NULL DEFAULT NULL,
  PRIMARY KEY (`id`)
) ENGINE=InnoDB DEFAULT CHARSET=utf8mb4 COLLATE=utf8mb4_unicode_ci;

--
-- Dumping data for table `activity_budgets`
--


--
-- Table structure for table `activity_files`
--

CREATE TABLE `activity_files` (
  `id` char(36) COLLATE utf8mb4_unicode_ci NOT NULL,
  `activity_id` char(36) COLLATE utf8mb4_unicode_ci NOT NULL,
  `file` text COLLATE utf8mb4_unicode_ci NOT NULL,
  `created_at` timestamp NULL DEFAULT NULL,
  `updated_at` timestamp NULL DEFAULT NULL,
  PRIMARY KEY (`id`)
) ENGINE=InnoDB DEFAULT CHARSET=utf8mb4 COLLATE=utf8mb4_unicode_ci;

--
-- Dumping data for table `activity_files`
--


--
-- Table structure for table `activity_logs`
--

CREATE TABLE `activity_logs` (
  `id` char(36) COLLATE utf8mb4_unicode_ci NOT NULL,
  `user_id` char(36) COLLATE utf8mb4_unicode_ci NOT NULL,
  `organisation_id` char(36) COLLATE utf8mb4_unicode_ci DEFAULT NULL,
  `action` text COLLATE utf8mb4_unicode_ci NOT NULL,
  `details` text COLLATE utf8mb4_unicode_ci NOT NULL,
  `created_at` timestamp NULL DEFAULT NULL,
  `updated_at` timestamp NULL DEFAULT NULL,
  PRIMARY KEY (`id`)
) ENGINE=InnoDB DEFAULT CHARSET=utf8mb4 COLLATE=utf8mb4_unicode_ci;

--
-- Dumping data for table `activity_logs`
--

INSERT INTO `activity_logs` VALUES ('00ce10cb-c2ed-45f9-ae04-508919d40232','f3683bee-094b-4aa6-8163-8d418a27eb6a',NULL,'Stock taking report','Successfully retrieved stock taking report','2026-04-09 09:56:20','2026-04-09 09:56:20'),('190c5e56-c3df-45cc-9204-6eb7cde47c94','3de7c572-94cb-4a65-b30e-ba55d6c94893',NULL,'Journal Transaction posted','Journal transaction 3','2026-04-21 16:59:45','2026-04-21 16:59:45'),('1afa5113-99dc-4e3d-b3e4-f23da2a1070a','f3683bee-094b-4aa6-8163-8d418a27eb6a',NULL,'Creating new account','Successfully created a new account test','2026-03-12 18:57:51','2026-03-12 18:57:51'),('2b494b31-3bd9-46c9-81cb-542ccb527219','f3683bee-094b-4aa6-8163-8d418a27eb6a',NULL,'Retrieving chart of accounts by category id','Successfully retrieved by ','2026-03-12 17:39:45','2026-03-12 17:39:45'),('34563027-65bd-4e2c-8fc2-d61a7ae76063','3de7c572-94cb-4a65-b30e-ba55d6c94893',NULL,'Journal Transaction posted','Journal transaction 3','2026-04-23 09:18:31','2026-04-23 09:18:31'),('3bb61ba9-212f-4bd4-a668-0173d24f71c3','3de7c572-94cb-4a65-b30e-ba55d6c94893',NULL,'Retrieving chart of accounts by category id','Successfully retrieved by ','2026-03-12 14:54:14','2026-03-12 14:54:14'),('413c6d78-c2f0-4507-8066-7693c69bfcff','f3683bee-094b-4aa6-8163-8d418a27eb6a',NULL,'Retrieving chart of accounts by category id','Successfully retrieved by ','2026-03-12 17:34:49','2026-03-12 17:34:49'),('42a9b792-22ec-4dfa-a834-295f66469949','f3683bee-094b-4aa6-8163-8d418a27eb6a',NULL,'Retrieving chart of accounts by category id','Successfully retrieved by ','2026-03-12 17:16:37','2026-03-12 17:16:37'),('477d1c65-9a03-466a-a95c-a321c7bdda08','3de7c572-94cb-4a65-b30e-ba55d6c94893',NULL,'Retrieving chart of accounts by category id','Successfully retrieved by ','2026-03-12 14:54:08','2026-03-12 14:54:08'),('50d1fa3a-cfb2-4e3b-a523-9fe4fd28877d','f3683bee-094b-4aa6-8163-8d418a27eb6a',NULL,'Retrieving chart of accounts by category id','Successfully retrieved by ','2026-03-12 17:37:35','2026-03-12 17:37:35'),('539d03fd-3e58-44a7-98de-53cf8e554d04','f3683bee-094b-4aa6-8163-8d418a27eb6a',NULL,'Retrieving chart of accounts by category id','Successfully retrieved by ','2026-03-12 17:18:40','2026-03-12 17:18:40'),('61b7a4af-64ac-47c0-b8c8-7bd722ce164c','f3683bee-094b-4aa6-8163-8d418a27eb6a',NULL,'Retrieving chart of accounts by category id','Successfully retrieved by ','2026-03-12 17:22:09','2026-03-12 17:22:09'),('62b6f41f-f3cd-40bb-a5e0-410fac11c73d','3de7c572-94cb-4a65-b30e-ba55d6c94893',NULL,'Retrieving chart of accounts by category id','Successfully retrieved by ','2026-03-12 15:24:24','2026-03-12 15:24:24'),('744c400d-b587-4373-9771-44bf48448384','f3683bee-094b-4aa6-8163-8d418a27eb6a',NULL,'Retrieving chart of accounts by category id','Successfully retrieved by ','2026-03-12 17:37:15','2026-03-12 17:37:15'),('775a39fc-268e-44ee-95af-28e920cfa92a','f3683bee-094b-4aa6-8163-8d418a27eb6a',NULL,'Retrieving chart of accounts by category id','Successfully retrieved by ','2026-03-10 23:32:30','2026-03-10 23:32:30'),('794bb0a4-4de5-4c54-8d69-27da183f92e3','f3683bee-094b-4aa6-8163-8d418a27eb6a',NULL,'Retrieving chart of accounts by category id','Successfully retrieved by ','2026-03-11 13:21:23','2026-03-11 13:21:23'),('7a7b33b2-c38f-40fb-8ef2-5d43138146c7','3de7c572-94cb-4a65-b30e-ba55d6c94893',NULL,'Retrieving chart of accounts by category id','Successfully retrieved by ','2026-03-12 15:32:02','2026-03-12 15:32:02'),('7acedf64-7964-4f4f-9371-f24bad0c328f','f3683bee-094b-4aa6-8163-8d418a27eb6a',NULL,'Retrieving chart of accounts by category id','Successfully retrieved by ','2026-03-12 17:17:19','2026-03-12 17:17:19'),('7fad7c27-e6e8-44bd-9d98-aec2ad26ccb3','f3683bee-094b-4aa6-8163-8d418a27eb6a',NULL,'Retrieving chart of accounts by category id','Successfully retrieved by ','2026-03-12 17:16:41','2026-03-12 17:16:41'),('89145561-8a78-4d2e-8d0b-751dbfa1b8f4','f3683bee-094b-4aa6-8163-8d418a27eb6a',NULL,'Retrieving chart of accounts by category id','Successfully retrieved by ','2026-03-12 17:23:37','2026-03-12 17:23:37'),('94425eef-4eed-4ce1-a722-6dcab1f3c07a','f3683bee-094b-4aa6-8163-8d418a27eb6a',NULL,'Retrieving chart of accounts by category id','Successfully retrieved by ','2026-03-12 17:37:19','2026-03-12 17:37:19'),('9619362e-47ab-4a14-a321-3b7f38df174d','3de7c572-94cb-4a65-b30e-ba55d6c94893',NULL,'Updating account','Successfully updated account Ushuru Wa Pamba','2026-03-14 19:41:42','2026-03-14 19:41:42'),('98597719-68b7-4098-9505-b8cce385e060','f3683bee-094b-4aa6-8163-8d418a27eb6a',NULL,'Deleting coa','Successfully deleted details of test','2026-03-27 08:39:17','2026-03-27 08:39:17'),('9a68beee-d536-4fe1-b261-7fec26309cbb','f3683bee-094b-4aa6-8163-8d418a27eb6a',NULL,'Retrieving chart of accounts by category id','Successfully retrieved by ','2026-03-10 23:32:36','2026-03-10 23:32:36'),('9fb4d2ec-6dcc-4976-98ad-6823d7b41efb','f3683bee-094b-4aa6-8163-8d418a27eb6a',NULL,'Stock taking report','Successfully retrieved stock taking report','2026-04-09 09:56:20','2026-04-09 09:56:20'),('a245d2bb-4178-4d87-8841-a60d2719ee96','3de7c572-94cb-4a65-b30e-ba55d6c94893',NULL,'Journal Transaction posted','Journal transaction 4','2026-03-27 18:45:42','2026-03-27 18:45:42'),('a9ea02a9-cc72-43d2-b5ec-686339b5b128','3de7c572-94cb-4a65-b30e-ba55d6c94893',NULL,'Retrieving chart of accounts by category id','Successfully retrieved by ','2026-03-12 15:21:15','2026-03-12 15:21:15'),('aa10d289-7297-4462-9278-798aca0dd3b3','f3683bee-094b-4aa6-8163-8d418a27eb6a',NULL,'Retrieving chart of accounts by category id','Successfully retrieved by ','2026-03-12 17:46:55','2026-03-12 17:46:55'),('b9447eeb-2ef6-4359-9680-46b1c2280d01','f3683bee-094b-4aa6-8163-8d418a27eb6a',NULL,'Retrieving chart of accounts by category id','Successfully retrieved by ','2026-03-12 17:42:31','2026-03-12 17:42:31'),('ba2a6959-74c3-4581-93e6-41797822b437','f3683bee-094b-4aa6-8163-8d418a27eb6a',NULL,'Retrieving chart of accounts by category id','Successfully retrieved by ','2026-03-12 17:22:37','2026-03-12 17:22:37'),('bca8d862-c4c1-438e-8be4-cc1bf114b39d','3de7c572-94cb-4a65-b30e-ba55d6c94893',NULL,'Retrieving chart of accounts by category id','Successfully retrieved by ','2026-03-12 15:21:20','2026-03-12 15:21:20'),('be53867a-2070-4cff-b2fe-5def85f1702e','f3683bee-094b-4aa6-8163-8d418a27eb6a',NULL,'Retrieving chart of accounts by category id','Successfully retrieved by ','2026-03-12 17:46:27','2026-03-12 17:46:27'),('caa7116d-53bb-499c-9582-6a5c1150286c','3de7c572-94cb-4a65-b30e-ba55d6c94893',NULL,'Creating new account','Successfully created a new account Ushuru wa Choroko','2026-03-12 15:20:55','2026-03-12 15:20:55'),('cc48f07a-1dd2-45f0-8288-6ab2c20d535d','3de7c572-94cb-4a65-b30e-ba55d6c94893',NULL,'Journal Transaction posted','Journal transaction 3','2026-04-28 10:38:48','2026-04-28 10:38:48'),('ce127367-776d-4afb-abb4-a2a020edc5bf','f3683bee-094b-4aa6-8163-8d418a27eb6a',NULL,'Retrieving chart of accounts by category id','Successfully retrieved by ','2026-03-12 17:22:41','2026-03-12 17:22:41'),('d9f64de7-36b0-4df9-a125-6d47005d738f','f3683bee-094b-4aa6-8163-8d418a27eb6a',NULL,'Retrieving chart of accounts by category id','Successfully retrieved by ','2026-03-12 17:22:14','2026-03-12 17:22:14'),('dc7b002f-bbdf-46e2-b25d-e44630c78af0','f3683bee-094b-4aa6-8163-8d418a27eb6a',NULL,'Retrieving chart of accounts by category id','Successfully retrieved by ','2026-03-12 17:47:45','2026-03-12 17:47:45'),('dcf68ab8-730f-4306-85e1-0b2decc2ec1e','3de7c572-94cb-4a65-b30e-ba55d6c94893',NULL,'Journal Transaction posted','Journal transaction 3','2026-04-13 12:35:05','2026-04-13 12:35:05'),('df549e93-d479-4150-b358-9c491a4149f4','3de7c572-94cb-4a65-b30e-ba55d6c94893',NULL,'Updating account','Successfully updated account Ushuru wa Choroko','2026-03-14 19:41:49','2026-03-14 19:41:49'),('e849fadc-532a-42c6-8461-b094d52f5a05','f3683bee-094b-4aa6-8163-8d418a27eb6a',NULL,'Retrieving chart of accounts by category id','Successfully retrieved by ','2026-03-12 17:47:20','2026-03-12 17:47:20'),('fe6ae4e8-4fb5-45d6-a5b7-62aa5888fb8f','f3683bee-094b-4aa6-8163-8d418a27eb6a',NULL,'Retrieving chart of accounts by category id','Successfully retrieved by ','2026-03-11 13:21:15','2026-03-11 13:21:15');

--
-- Table structure for table `activity_parameter_results`
--

CREATE TABLE `activity_parameter_results` (
  `id` char(36) COLLATE utf8mb4_unicode_ci NOT NULL,
  `activity_id` char(36) COLLATE utf8mb4_unicode_ci NOT NULL,
  `activity_parameter_id` char(36) COLLATE utf8mb4_unicode_ci NOT NULL,
  `result` varchar(255) COLLATE utf8mb4_unicode_ci NOT NULL,
  `created_at` timestamp NULL DEFAULT NULL,
  `updated_at` timestamp NULL DEFAULT NULL,
  PRIMARY KEY (`id`),
  KEY `activity_parameter_results_activity_id_foreign` (`activity_id`),
  KEY `activity_parameter_results_activity_parameter_id_foreign` (`activity_parameter_id`),
  CONSTRAINT `activity_parameter_results_activity_id_foreign` FOREIGN KEY (`activity_id`) REFERENCES `activities` (`id`) ON DELETE CASCADE,
  CONSTRAINT `activity_parameter_results_activity_parameter_id_foreign` FOREIGN KEY (`activity_parameter_id`) REFERENCES `activity_parameters` (`id`) ON DELETE CASCADE
) ENGINE=InnoDB DEFAULT CHARSET=utf8mb4 COLLATE=utf8mb4_unicode_ci;

--
-- Dumping data for table `activity_parameter_results`
--


--
-- Table structure for table `activity_parameters`
--

CREATE TABLE `activity_parameters` (
  `id` char(36) COLLATE utf8mb4_unicode_ci NOT NULL,
  `activity_id` char(36) COLLATE utf8mb4_unicode_ci NOT NULL,
  `name` varchar(255) COLLATE utf8mb4_unicode_ci NOT NULL,
  `description` varchar(255) COLLATE utf8mb4_unicode_ci DEFAULT NULL,
  `created_at` timestamp NULL DEFAULT NULL,
  `updated_at` timestamp NULL DEFAULT NULL,
  PRIMARY KEY (`id`),
  KEY `activity_parameters_activity_id_foreign` (`activity_id`),
  CONSTRAINT `activity_parameters_activity_id_foreign` FOREIGN KEY (`activity_id`) REFERENCES `activities` (`id`) ON DELETE CASCADE
) ENGINE=InnoDB DEFAULT CHARSET=utf8mb4 COLLATE=utf8mb4_unicode_ci;

--
-- Dumping data for table `activity_parameters`
--


--
-- Table structure for table `activity_plans`
--

CREATE TABLE `activity_plans` (
  `id` char(36) COLLATE utf8mb4_unicode_ci NOT NULL,
  `activity_id` char(36) COLLATE utf8mb4_unicode_ci NOT NULL,
  `plan_details` varchar(255) COLLATE utf8mb4_unicode_ci NOT NULL,
  `assigned_to` char(36) COLLATE utf8mb4_unicode_ci DEFAULT NULL,
  `due_date` datetime DEFAULT NULL,
  `created_at` timestamp NULL DEFAULT NULL,
  `updated_at` timestamp NULL DEFAULT NULL,
  PRIMARY KEY (`id`),
  KEY `activity_plans_activity_id_foreign` (`activity_id`),
  KEY `activity_plans_assigned_to_foreign` (`assigned_to`),
  CONSTRAINT `activity_plans_activity_id_foreign` FOREIGN KEY (`activity_id`) REFERENCES `activities` (`id`) ON DELETE CASCADE,
  CONSTRAINT `activity_plans_assigned_to_foreign` FOREIGN KEY (`assigned_to`) REFERENCES `employees` (`id`) ON DELETE CASCADE
) ENGINE=InnoDB DEFAULT CHARSET=utf8mb4 COLLATE=utf8mb4_unicode_ci;

--
-- Dumping data for table `activity_plans`
--


--
-- Table structure for table `activity_programs`
--

CREATE TABLE `activity_programs` (
  `id` char(36) COLLATE utf8mb4_unicode_ci NOT NULL,
  `activity_id` char(36) COLLATE utf8mb4_unicode_ci NOT NULL,
  `name` varchar(255) COLLATE utf8mb4_unicode_ci NOT NULL,
  `description` varchar(255) COLLATE utf8mb4_unicode_ci DEFAULT NULL,
  `start_date` date NOT NULL,
  `end_date` date NOT NULL,
  `created_at` timestamp NULL DEFAULT NULL,
  `updated_at` timestamp NULL DEFAULT NULL,
  PRIMARY KEY (`id`),
  KEY `activity_programs_activity_id_foreign` (`activity_id`),
  CONSTRAINT `activity_programs_activity_id_foreign` FOREIGN KEY (`activity_id`) REFERENCES `activities` (`id`) ON DELETE CASCADE
) ENGINE=InnoDB DEFAULT CHARSET=utf8mb4 COLLATE=utf8mb4_unicode_ci;

--
-- Dumping data for table `activity_programs`
--


--
-- Table structure for table `activity_services`
--

CREATE TABLE `activity_services` (
  `id` char(36) COLLATE utf8mb4_unicode_ci NOT NULL,
  `activity_id` char(36) COLLATE utf8mb4_unicode_ci NOT NULL,
  `service_name` varchar(255) COLLATE utf8mb4_unicode_ci NOT NULL,
  `cost` varchar(255) COLLATE utf8mb4_unicode_ci NOT NULL,
  `description` text COLLATE utf8mb4_unicode_ci,
  `age_group_id` char(36) COLLATE utf8mb4_unicode_ci DEFAULT NULL,
  `created_at` timestamp NULL DEFAULT NULL,
  `updated_at` timestamp NULL DEFAULT NULL,
  PRIMARY KEY (`id`)
) ENGINE=InnoDB DEFAULT CHARSET=utf8mb4 COLLATE=utf8mb4_unicode_ci;

--
-- Dumping data for table `activity_services`
--


--
-- Table structure for table `activity_teams`
--

CREATE TABLE `activity_teams` (
  `id` char(36) COLLATE utf8mb4_unicode_ci NOT NULL,
  `activity_id` char(36) COLLATE utf8mb4_unicode_ci NOT NULL,
  `project_team_id` char(36) COLLATE utf8mb4_unicode_ci NOT NULL,
  `project_role_id` char(36) COLLATE utf8mb4_unicode_ci NOT NULL,
  `created_at` timestamp NULL DEFAULT NULL,
  `updated_at` timestamp NULL DEFAULT NULL,
  PRIMARY KEY (`id`),
  KEY `activity_teams_activity_id_foreign` (`activity_id`),
  KEY `activity_teams_project_team_id_foreign` (`project_team_id`),
  KEY `activity_teams_project_role_id_foreign` (`project_role_id`),
  CONSTRAINT `activity_teams_activity_id_foreign` FOREIGN KEY (`activity_id`) REFERENCES `activities` (`id`) ON DELETE CASCADE,
  CONSTRAINT `activity_teams_project_role_id_foreign` FOREIGN KEY (`project_role_id`) REFERENCES `project_roles` (`id`) ON DELETE CASCADE,
  CONSTRAINT `activity_teams_project_team_id_foreign` FOREIGN KEY (`project_team_id`) REFERENCES `project_teams` (`id`) ON DELETE CASCADE
) ENGINE=InnoDB DEFAULT CHARSET=utf8mb4 COLLATE=utf8mb4_unicode_ci;

--
-- Dumping data for table `activity_teams`
--


--
-- Table structure for table `activitylog`
--

CREATE TABLE `activitylog` (
  `id` bigint unsigned NOT NULL AUTO_INCREMENT,
  `log_name` varchar(255) COLLATE utf8mb4_unicode_ci DEFAULT NULL,
  `description` text COLLATE utf8mb4_unicode_ci NOT NULL,
  `created_at` timestamp NULL DEFAULT NULL,
  `updated_at` timestamp NULL DEFAULT NULL,
  `ip_address` varchar(255) COLLATE utf8mb4_unicode_ci DEFAULT NULL,
  `computer_address` varchar(255) COLLATE utf8mb4_unicode_ci DEFAULT NULL,
  `user_agent` text COLLATE utf8mb4_unicode_ci,
  PRIMARY KEY (`id`),
  KEY `activitylog_log_name_index` (`log_name`)
) ENGINE=InnoDB DEFAULT CHARSET=utf8mb4 COLLATE=utf8mb4_unicode_ci;

--
-- Dumping data for table `activitylog`
--


--
-- Table structure for table `addresses`
--

CREATE TABLE `addresses` (
  `id` char(36) COLLATE utf8mb4_unicode_ci NOT NULL,
  `customer_id` char(36) COLLATE utf8mb4_unicode_ci NOT NULL,
  `type` enum('billing','shipping') COLLATE utf8mb4_unicode_ci NOT NULL DEFAULT 'billing',
  `line1` varchar(255) COLLATE utf8mb4_unicode_ci NOT NULL,
  `city` varchar(255) COLLATE utf8mb4_unicode_ci NOT NULL,
  `state` varchar(255) COLLATE utf8mb4_unicode_ci NOT NULL,
  `country` varchar(255) COLLATE utf8mb4_unicode_ci NOT NULL,
  `postal_code` char(36) COLLATE utf8mb4_unicode_ci NOT NULL,
  `created_at` timestamp NULL DEFAULT NULL,
  `updated_at` timestamp NULL DEFAULT NULL,
  PRIMARY KEY (`id`),
  KEY `addresses_customer_id_foreign` (`customer_id`),
  CONSTRAINT `addresses_customer_id_foreign` FOREIGN KEY (`customer_id`) REFERENCES `customers` (`id`) ON DELETE CASCADE
) ENGINE=InnoDB DEFAULT CHARSET=utf8mb4 COLLATE=utf8mb4_unicode_ci;

--
-- Dumping data for table `addresses`
--


--
-- Table structure for table `admins`
--

CREATE TABLE `admins` (
  `id` char(36) COLLATE utf8mb4_unicode_ci NOT NULL,
  `email` varchar(255) COLLATE utf8mb4_unicode_ci NOT NULL,
  `password` varchar(250) COLLATE utf8mb4_unicode_ci NOT NULL,
  `created_at` timestamp NULL DEFAULT NULL,
  `updated_at` timestamp NULL DEFAULT NULL,
  `deleted_at` timestamp NULL DEFAULT NULL,
  PRIMARY KEY (`id`),
  UNIQUE KEY `admins_email_unique` (`email`)
) ENGINE=InnoDB DEFAULT CHARSET=utf8mb4 COLLATE=utf8mb4_unicode_ci;

--
-- Dumping data for table `admins`
--


--
-- Table structure for table `age_groups`
--

CREATE TABLE `age_groups` (
  `id` char(36) COLLATE utf8mb4_unicode_ci NOT NULL,
  `organisation_id` char(36) COLLATE utf8mb4_unicode_ci NOT NULL,
  `age_group_name` varchar(255) COLLATE utf8mb4_unicode_ci NOT NULL,
  `age_range` varchar(255) COLLATE utf8mb4_unicode_ci NOT NULL,
  `description` varchar(255) COLLATE utf8mb4_unicode_ci DEFAULT NULL,
  `created_at` timestamp NULL DEFAULT NULL,
  `updated_at` timestamp NULL DEFAULT NULL,
  PRIMARY KEY (`id`)
) ENGINE=InnoDB DEFAULT CHARSET=utf8mb4 COLLATE=utf8mb4_unicode_ci;

--
-- Dumping data for table `age_groups`
--


--
-- Table structure for table `agents`
--

CREATE TABLE `agents` (
  `id` char(36) COLLATE utf8mb4_unicode_ci NOT NULL,
  `organisation_id` char(36) COLLATE utf8mb4_unicode_ci NOT NULL,
  `user_id` char(36) COLLATE utf8mb4_unicode_ci NOT NULL,
  `locality_id` char(36) COLLATE utf8mb4_unicode_ci NOT NULL,
  `metadata` json DEFAULT NULL,
  `commission_fee_type` enum('percentage','fixed') COLLATE utf8mb4_unicode_ci NOT NULL DEFAULT 'percentage',
  `commission` decimal(5,2) NOT NULL DEFAULT '0.00',
  `balance` decimal(12,2) NOT NULL DEFAULT '0.00',
  `deleted_at` timestamp NULL DEFAULT NULL,
  `created_at` timestamp NULL DEFAULT NULL,
  `updated_at` timestamp NULL DEFAULT NULL,
  PRIMARY KEY (`id`),
  KEY `agents_user_id_foreign` (`user_id`),
  CONSTRAINT `agents_user_id_foreign` FOREIGN KEY (`user_id`) REFERENCES `users` (`id`) ON DELETE CASCADE
) ENGINE=InnoDB DEFAULT CHARSET=utf8mb4 COLLATE=utf8mb4_unicode_ci;

--
-- Dumping data for table `agents`
--


--
-- Table structure for table `allowance_types`
--

CREATE TABLE `allowance_types` (
  `id` char(36) COLLATE utf8mb4_unicode_ci NOT NULL,
  `organisation_id` char(36) COLLATE utf8mb4_unicode_ci NOT NULL,
  `name` varchar(255) COLLATE utf8mb4_unicode_ci NOT NULL,
  `auto_apply` tinyint(1) NOT NULL DEFAULT '0',
  `calculation_type` enum('fixed','percentage_basic','percentage_gross') COLLATE utf8mb4_unicode_ci NOT NULL DEFAULT 'fixed',
  `frequency` enum('One-Time','Monthly','Yearly') COLLATE utf8mb4_unicode_ci NOT NULL DEFAULT 'Monthly',
  `account_id` bigint unsigned DEFAULT NULL,
  `default_value` decimal(20,2) NOT NULL DEFAULT '0.00',
  `is_taxable` tinyint(1) NOT NULL DEFAULT '1',
  `description` text COLLATE utf8mb4_unicode_ci,
  `created_at` timestamp NULL DEFAULT NULL,
  `updated_at` timestamp NULL DEFAULT NULL,
  `deleted_at` timestamp NULL DEFAULT NULL,
  PRIMARY KEY (`id`),
  KEY `allowance_types_account_id_foreign` (`account_id`),
  CONSTRAINT `allowance_types_account_id_foreign` FOREIGN KEY (`account_id`) REFERENCES `chart_of_accounts` (`id`)
) ENGINE=InnoDB DEFAULT CHARSET=utf8mb4 COLLATE=utf8mb4_unicode_ci;

--
-- Dumping data for table `allowance_types`
--

INSERT INTO `allowance_types` VALUES ('45f563ed-c8b9-417f-84f4-f59e6ca06a3f','ac7e5b0f-d0dd-44a4-913c-6d365861fad6','Posho Ya Nyumba/House Allowance',0,'fixed','Monthly',7,0.00,0,NULL,'2026-01-20 16:10:44','2026-01-20 16:18:42',NULL),('47e45e8f-0c1a-4ecb-b091-04e901f60852','ac7e5b0f-d0dd-44a4-913c-6d365861fad6','Posho Ya Chakula/ Meal Allowance',0,'fixed','One-Time',7,0.00,0,NULL,'2026-01-20 16:21:24','2026-01-20 16:21:24',NULL),('620728c0-c512-4c04-ba47-6282518a0fa6','ac7e5b0f-d0dd-44a4-913c-6d365861fad6','Posho Ya Madaraka/Responsibility Allowance',1,'fixed','Monthly',7,0.00,0,NULL,'2026-01-20 16:17:18','2026-01-20 16:17:18',NULL),('81e2c578-3d4e-4e23-bf3b-f7afeddc419f','ac7e5b0f-d0dd-44a4-913c-6d365861fad6','Posho ya majukumu/Responsibility Allowance',1,'fixed','Monthly',7,0.00,0,NULL,'2026-01-20 16:15:55','2026-01-20 16:17:49',NULL),('a0b8bb2a-3e43-4c1b-a207-ea2ac4ba0837','ac7e5b0f-d0dd-44a4-913c-6d365861fad6','Posho Ya Kukaimu/Acting Allowance',1,'fixed','Monthly',7,0.00,0,NULL,'2026-01-20 16:22:39','2026-01-20 16:22:39',NULL),('c8189025-5578-48fa-b7a5-c670b13dbda9','ac7e5b0f-d0dd-44a4-913c-6d365861fad6','Posho ya Mawasiliano/Communication Allowance',1,'fixed','Monthly',7,0.00,0,NULL,'2026-01-20 16:11:30','2026-01-20 16:19:38',NULL),('de72d392-4527-485c-a84c-13098d87215a','ac7e5b0f-d0dd-44a4-913c-6d365861fad6','Posho Ya Matibabu/Medical Allowance',0,'fixed','One-Time',7,0.00,0,NULL,'2026-01-20 16:20:16','2026-01-20 16:20:16',NULL);

--
-- Table structure for table `amcos`
--

CREATE TABLE `amcos` (
  `id` char(36) COLLATE utf8mb4_unicode_ci NOT NULL,
  `amcossUid` char(36) COLLATE utf8mb4_unicode_ci NOT NULL,
  `memberType` enum('MEMBER','NON-MEMBER') COLLATE utf8mb4_unicode_ci NOT NULL DEFAULT 'MEMBER',
  `membershipNo` varchar(255) COLLATE utf8mb4_unicode_ci NOT NULL,
  `accountName` varchar(255) COLLATE utf8mb4_unicode_ci DEFAULT NULL,
  `referenceNumber` varchar(255) COLLATE utf8mb4_unicode_ci DEFAULT NULL,
  `nid` varchar(255) COLLATE utf8mb4_unicode_ci DEFAULT NULL,
  `name` varchar(255) COLLATE utf8mb4_unicode_ci DEFAULT NULL,
  `accountNo` varchar(255) COLLATE utf8mb4_unicode_ci NOT NULL,
  `phoneNo` varchar(255) COLLATE utf8mb4_unicode_ci NOT NULL,
  `created_at` timestamp NULL DEFAULT NULL,
  `updated_at` timestamp NULL DEFAULT NULL,
  `deleted_at` timestamp NULL DEFAULT NULL,
  PRIMARY KEY (`id`)
) ENGINE=InnoDB DEFAULT CHARSET=utf8mb4 COLLATE=utf8mb4_unicode_ci;

--
-- Dumping data for table `amcos`
--


--
-- Table structure for table `amcos_financial_years`
--

CREATE TABLE `amcos_financial_years` (
  `id` char(36) COLLATE utf8mb4_unicode_ci NOT NULL,
  `startYear` int NOT NULL,
  `endYear` int NOT NULL,
  `state` enum('PREVIOUS','CURRENT','NEXT') COLLATE utf8mb4_unicode_ci NOT NULL,
  `muvu_uid` char(36) COLLATE utf8mb4_unicode_ci DEFAULT NULL,
  `created_at` timestamp NULL DEFAULT NULL,
  `updated_at` timestamp NULL DEFAULT NULL,
  PRIMARY KEY (`id`)
) ENGINE=InnoDB DEFAULT CHARSET=utf8mb4 COLLATE=utf8mb4_unicode_ci;

--
-- Dumping data for table `amcos_financial_years`
--


--
-- Table structure for table `amcos_warehouses`
--

CREATE TABLE `amcos_warehouses` (
  `id` char(36) COLLATE utf8mb4_unicode_ci NOT NULL,
  `organisation_id` char(36) COLLATE utf8mb4_unicode_ci NOT NULL,
  `name` varchar(255) COLLATE utf8mb4_unicode_ci NOT NULL,
  `code` varchar(255) COLLATE utf8mb4_unicode_ci DEFAULT NULL,
  `capacity` decimal(10,2) NOT NULL,
  `muvu_uid` char(36) COLLATE utf8mb4_unicode_ci DEFAULT NULL,
  `created_at` timestamp NULL DEFAULT NULL,
  `updated_at` timestamp NULL DEFAULT NULL,
  `deleted_at` timestamp NULL DEFAULT NULL,
  PRIMARY KEY (`id`)
) ENGINE=InnoDB DEFAULT CHARSET=utf8mb4 COLLATE=utf8mb4_unicode_ci;

--
-- Dumping data for table `amcos_warehouses`
--


--
-- Table structure for table `application_assets`
--

CREATE TABLE `application_assets` (
  `id` char(36) COLLATE utf8mb4_unicode_ci NOT NULL,
  `application_id` char(36) COLLATE utf8mb4_unicode_ci NOT NULL,
  `asset_id` char(36) COLLATE utf8mb4_unicode_ci NOT NULL,
  `asset_value` decimal(12,2) NOT NULL,
  `financed_amount` decimal(12,2) NOT NULL,
  `asset_tenure_months` int NOT NULL,
  `asset_interest_rate` decimal(5,2) NOT NULL,
  `deposit_amount` decimal(12,2) NOT NULL DEFAULT '0.00',
  `insurance_premium` decimal(12,2) DEFAULT NULL,
  `loan_to_value_ratio` decimal(5,2) GENERATED ALWAYS AS (((`financed_amount` / `asset_value`) * 100)) VIRTUAL,
  `is_primary_asset` tinyint(1) NOT NULL DEFAULT '1',
  `condition` enum('New','Used','Refurbished') COLLATE utf8mb4_unicode_ci NOT NULL DEFAULT 'New',
  `created_at` timestamp NULL DEFAULT NULL,
  `updated_at` timestamp NULL DEFAULT NULL,
  `deleted_at` timestamp NULL DEFAULT NULL,
  PRIMARY KEY (`id`),
  KEY `application_assets_application_id_foreign` (`application_id`),
  KEY `application_assets_asset_id_foreign` (`asset_id`),
  CONSTRAINT `application_assets_application_id_foreign` FOREIGN KEY (`application_id`) REFERENCES `financing_applications` (`id`) ON DELETE CASCADE,
  CONSTRAINT `application_assets_asset_id_foreign` FOREIGN KEY (`asset_id`) REFERENCES `assets` (`id`) ON DELETE CASCADE
) ENGINE=InnoDB DEFAULT CHARSET=utf8mb4 COLLATE=utf8mb4_unicode_ci;

--
-- Dumping data for table `application_assets`
--


--
-- Table structure for table `application_documents`
--

CREATE TABLE `application_documents` (
  `id` char(36) COLLATE utf8mb4_unicode_ci NOT NULL,
  `application_id` char(36) COLLATE utf8mb4_unicode_ci NOT NULL,
  `document_type` varchar(255) COLLATE utf8mb4_unicode_ci NOT NULL,
  `file_path` varchar(255) COLLATE utf8mb4_unicode_ci NOT NULL,
  `file_name` varchar(255) COLLATE utf8mb4_unicode_ci NOT NULL,
  `verification_status` enum('Pending','Verified','Rejected') COLLATE utf8mb4_unicode_ci NOT NULL DEFAULT 'Pending',
  `rejection_reason` text COLLATE utf8mb4_unicode_ci,
  `created_at` timestamp NULL DEFAULT NULL,
  `updated_at` timestamp NULL DEFAULT NULL,
  `deleted_at` timestamp NULL DEFAULT NULL,
  PRIMARY KEY (`id`),
  KEY `application_documents_application_id_foreign` (`application_id`),
  CONSTRAINT `application_documents_application_id_foreign` FOREIGN KEY (`application_id`) REFERENCES `financing_applications` (`id`) ON DELETE CASCADE
) ENGINE=InnoDB DEFAULT CHARSET=utf8mb4 COLLATE=utf8mb4_unicode_ci;

--
-- Dumping data for table `application_documents`
--


--
-- Table structure for table `application_status_history`
--

CREATE TABLE `application_status_history` (
  `id` char(36) COLLATE utf8mb4_unicode_ci NOT NULL,
  `application_id` char(36) COLLATE utf8mb4_unicode_ci NOT NULL,
  `changed_by` char(36) COLLATE utf8mb4_unicode_ci DEFAULT NULL,
  `from_status` enum('applied','shortlisted','interview','offered','hired','rejected','archived') COLLATE utf8mb4_unicode_ci NOT NULL,
  `to_status` enum('applied','shortlisted','interview','offered','hired','rejected','archived') COLLATE utf8mb4_unicode_ci NOT NULL,
  `notes` text COLLATE utf8mb4_unicode_ci,
  `created_at` timestamp NULL DEFAULT NULL,
  `updated_at` timestamp NULL DEFAULT NULL,
  PRIMARY KEY (`id`),
  KEY `application_status_history_application_id_foreign` (`application_id`),
  KEY `application_status_history_changed_by_foreign` (`changed_by`),
  CONSTRAINT `application_status_history_application_id_foreign` FOREIGN KEY (`application_id`) REFERENCES `applications` (`id`) ON DELETE CASCADE,
  CONSTRAINT `application_status_history_changed_by_foreign` FOREIGN KEY (`changed_by`) REFERENCES `employees` (`id`) ON DELETE SET NULL
) ENGINE=InnoDB DEFAULT CHARSET=utf8mb4 COLLATE=utf8mb4_unicode_ci;

--
-- Dumping data for table `application_status_history`
--


--
-- Table structure for table `applications`
--

CREATE TABLE `applications` (
  `id` char(36) COLLATE utf8mb4_unicode_ci NOT NULL,
  `organisation_id` char(36) COLLATE utf8mb4_unicode_ci NOT NULL,
  `job_order_id` char(36) COLLATE utf8mb4_unicode_ci NOT NULL,
  `candidate_id` char(36) COLLATE utf8mb4_unicode_ci NOT NULL,
  `source` enum('Website','Walk-ins','LinkedIn','Google','Referrals','Internal Candidates','Socials','Others') COLLATE utf8mb4_unicode_ci NOT NULL DEFAULT 'Website',
  `status` enum('applied','shortlisted','interview','offered','hired','rejected','archived') COLLATE utf8mb4_unicode_ci NOT NULL DEFAULT 'applied',
  `rating` int DEFAULT NULL,
  `cover_letter` text COLLATE utf8mb4_unicode_ci,
  `application_answers` json DEFAULT NULL,
  `is_active` tinyint(1) NOT NULL DEFAULT '1',
  `created_at` timestamp NULL DEFAULT NULL,
  `updated_at` timestamp NULL DEFAULT NULL,
  `deleted_at` timestamp NULL DEFAULT NULL,
  PRIMARY KEY (`id`),
  KEY `applications_job_order_id_foreign` (`job_order_id`),
  KEY `applications_candidate_id_foreign` (`candidate_id`),
  KEY `applications_organisation_id_job_order_id_status_index` (`organisation_id`,`job_order_id`,`status`),
  KEY `applications_organisation_id_candidate_id_index` (`organisation_id`,`candidate_id`),
  CONSTRAINT `applications_candidate_id_foreign` FOREIGN KEY (`candidate_id`) REFERENCES `candidates` (`id`) ON DELETE CASCADE,
  CONSTRAINT `applications_job_order_id_foreign` FOREIGN KEY (`job_order_id`) REFERENCES `job_orders` (`id`) ON DELETE CASCADE,
  CONSTRAINT `applications_organisation_id_foreign` FOREIGN KEY (`organisation_id`) REFERENCES `organisations` (`id`) ON DELETE CASCADE
) ENGINE=InnoDB DEFAULT CHARSET=utf8mb4 COLLATE=utf8mb4_unicode_ci;

--
-- Dumping data for table `applications`
--


--
-- Table structure for table `appreciation_records`
--

CREATE TABLE `appreciation_records` (
  `id` char(36) COLLATE utf8mb4_unicode_ci NOT NULL,
  `asset_id` char(36) COLLATE utf8mb4_unicode_ci NOT NULL,
  `calculation_date` date NOT NULL,
  `current_value` decimal(18,2) NOT NULL,
  `appreciation_amount` decimal(18,2) NOT NULL,
  `accumulated_appreciation` decimal(18,2) NOT NULL,
  `net_book_value` decimal(18,2) NOT NULL,
  `method` enum('Standard','Market Adjusted','Custom') COLLATE utf8mb4_unicode_ci NOT NULL,
  `appreciation_rate` decimal(5,2) NOT NULL,
  `status` enum('Calculated','Posted','Reversed') COLLATE utf8mb4_unicode_ci NOT NULL DEFAULT 'Calculated',
  `notes` text COLLATE utf8mb4_unicode_ci,
  `fiscal_year_id` char(36) COLLATE utf8mb4_unicode_ci NOT NULL,
  `month` varchar(255) COLLATE utf8mb4_unicode_ci NOT NULL,
  `unique_id` varchar(255) COLLATE utf8mb4_unicode_ci NOT NULL,
  `created_at` timestamp NULL DEFAULT NULL,
  `updated_at` timestamp NULL DEFAULT NULL,
  `deleted_at` timestamp NULL DEFAULT NULL,
  PRIMARY KEY (`id`),
  KEY `appreciation_records_asset_id_foreign` (`asset_id`),
  KEY `appreciation_records_fiscal_year_id_foreign` (`fiscal_year_id`),
  CONSTRAINT `appreciation_records_asset_id_foreign` FOREIGN KEY (`asset_id`) REFERENCES `assets` (`id`) ON DELETE CASCADE,
  CONSTRAINT `appreciation_records_fiscal_year_id_foreign` FOREIGN KEY (`fiscal_year_id`) REFERENCES `fiscal_years` (`id`)
) ENGINE=InnoDB DEFAULT CHARSET=utf8mb4 COLLATE=utf8mb4_unicode_ci;

--
-- Dumping data for table `appreciation_records`
--


--
-- Table structure for table `approval_levels`
--

CREATE TABLE `approval_levels` (
  `id` char(36) COLLATE utf8mb4_unicode_ci NOT NULL,
  `organisation_id` char(36) COLLATE utf8mb4_unicode_ci NOT NULL,
  `name` varchar(255) COLLATE utf8mb4_unicode_ci NOT NULL,
  `approval_type` varchar(255) COLLATE utf8mb4_unicode_ci NOT NULL,
  `level` int NOT NULL DEFAULT '1',
  `isactive` tinyint(1) NOT NULL DEFAULT '1',
  `mandate` int NOT NULL DEFAULT '1',
  `description` varchar(255) COLLATE utf8mb4_unicode_ci DEFAULT NULL,
  `created_at` timestamp NULL DEFAULT NULL,
  `updated_at` timestamp NULL DEFAULT NULL,
  `deleted_at` timestamp NULL DEFAULT NULL,
  PRIMARY KEY (`id`),
  UNIQUE KEY `approval_level_org_type_unique` (`level`,`organisation_id`,`approval_type`,`deleted_at`)
) ENGINE=InnoDB DEFAULT CHARSET=utf8mb4 COLLATE=utf8mb4_unicode_ci;

--
-- Dumping data for table `approval_levels`
--

INSERT INTO `approval_levels` VALUES ('11fd6571-0ecd-4f28-95f3-139a8d75d67e','ac7e5b0f-d0dd-44a4-913c-6d365861fad6','MENEJA MKUU','Fuel',3,1,1,NULL,'2026-01-21 11:50:10','2026-01-22 13:31:28','2026-01-22 13:31:28'),('16399bbf-609a-4643-bcb7-bb8fe1ebe586','ac7e5b0f-d0dd-44a4-913c-6d365861fad6','MHASIBU MKUU','Fuel',1,1,1,NULL,'2026-01-21 11:48:22','2026-01-21 11:48:22',NULL),('38ad9cc6-5094-49d2-840b-51cae95c649e','ac7e5b0f-d0dd-44a4-913c-6d365861fad6','MENEJA MKUU','PurchaseRequest',3,1,1,NULL,'2026-01-21 11:46:59','2026-01-22 13:29:16','2026-01-22 13:29:16'),('3a29b85f-f3f3-4bfd-b554-02f88e5d2ce9','ac7e5b0f-d0dd-44a4-913c-6d365861fad6','MENEJA MKUU','Repair',3,1,1,NULL,'2026-01-21 12:01:04','2026-01-21 12:01:04',NULL),('4a1163fe-ab6f-4e04-a8a3-5c747c72d210','ac7e5b0f-d0dd-44a4-913c-6d365861fad6','MKAGUZI MKUU WA NDANI','Store',2,1,1,NULL,'2026-01-21 18:11:40','2026-01-22 16:35:09','2026-01-22 16:35:09'),('6357692d-0f71-4933-a6ab-cba1de9ff1e6','ac7e5b0f-d0dd-44a4-913c-6d365861fad6','MKAGUZI MKUU WA NDANI','PayRoll',2,1,1,NULL,'2026-01-22 15:26:40','2026-01-22 15:26:40',NULL),('64aebbba-df4c-4e3c-9f97-eadfd1bcedf3','ac7e5b0f-d0dd-44a4-913c-6d365861fad6','MENEJA MKUU','Fuel',3,1,1,NULL,'2026-01-22 13:32:02','2026-01-22 13:32:02',NULL),('6ffb7f12-b3c7-41e0-b9fe-cd06d92af62c','ac7e5b0f-d0dd-44a4-913c-6d365861fad6','MKAGUZI MKUU WA NDANI','PurchaseOrder',2,1,1,NULL,'2026-01-22 15:16:03','2026-01-22 16:23:07','2026-01-22 16:23:07'),('759aa60c-f86e-4a81-ac78-ee4e2e6d9548','ac7e5b0f-d0dd-44a4-913c-6d365861fad6','MENEJA MKUU','Budget',1,1,1,NULL,'2026-01-21 15:53:42','2026-01-21 15:53:42',NULL),('78c3fcb1-d4d9-4bf5-8784-fbd185375f75','ac7e5b0f-d0dd-44a4-913c-6d365861fad6','MENEJA MKUU','PurchaseRequest',3,1,1,NULL,'2026-01-22 14:03:16','2026-01-22 14:03:16',NULL),('79216fe4-a0ef-4f77-ba34-9c09b201c251','ac7e5b0f-d0dd-44a4-913c-6d365861fad6','AFISA MANUNUZI NA UGAVI','PurchaseRequest',1,1,1,NULL,'2026-01-21 11:43:48','2026-01-21 11:43:48',NULL),('79caaf8f-9621-4de3-988f-5059bc72e5bb','ac7e5b0f-d0dd-44a4-913c-6d365861fad6','MHASIBU MKUU','PayRoll',1,1,1,NULL,'2026-01-22 15:26:14','2026-01-22 15:26:14',NULL),('7c6cc38b-2b48-4cc4-a7d1-d660bea09cb6','ac7e5b0f-d0dd-44a4-913c-6d365861fad6','MENEJA MKUU','Store',3,1,1,NULL,'2026-01-21 18:12:58','2026-01-22 16:34:42','2026-01-22 16:34:42'),('7d93fcbe-0718-4b05-ab7c-3d72eabf0488','ac7e5b0f-d0dd-44a4-913c-6d365861fad6','MKAGUZI MKUU WA NDANI','Fuel',2,1,1,NULL,'2026-01-21 11:49:14','2026-01-21 11:49:14',NULL),('8219a503-37de-49ed-9321-c37837667c3c','ac7e5b0f-d0dd-44a4-913c-6d365861fad6','MHASIBU MKUU','PurchaseRequest',2,1,1,NULL,'2026-01-21 11:45:12','2026-01-22 15:12:19',NULL),('83ff4650-056c-493a-8804-84794c710e09','ac7e5b0f-d0dd-44a4-913c-6d365861fad6','MHASIBU MKUU','Cash',1,1,1,NULL,'2026-01-21 10:11:54','2026-01-21 10:11:54',NULL),('97c7fb33-25c4-43ac-8f60-69fbdb782958','ac7e5b0f-d0dd-44a4-913c-6d365861fad6','MHASIBU  MKUU','Repair',1,1,1,NULL,'2026-01-21 11:51:53','2026-01-21 11:51:53',NULL),('a5c719b0-cb49-4a0f-b301-b18346e7c8f6','ac7e5b0f-d0dd-44a4-913c-6d365861fad6','MENEJA MKUU','PayRoll',3,1,1,NULL,'2026-01-22 15:27:00','2026-01-22 15:27:00',NULL),('a7db6f7f-bad4-4a28-b5aa-fd305fdb24f1','ac7e5b0f-d0dd-44a4-913c-6d365861fad6','AFISA MANUNUZI NA UGAVI','Store',1,1,1,NULL,'2026-01-21 18:07:00','2026-01-22 16:35:32',NULL),('a8651257-e336-40d0-af0f-79f90c4623f7','ac7e5b0f-d0dd-44a4-913c-6d365861fad6','MHASIBU  MKUU','PurchaseOrder',1,1,1,NULL,'2026-01-22 15:15:24','2026-01-22 16:23:23','2026-01-22 16:23:23'),('b01ae9e8-5184-4b7c-aa52-7e7aff36e0a7','ac7e5b0f-d0dd-44a4-913c-6d365861fad6','MENEJA MKUU','Cash',3,1,1,NULL,'2026-01-21 10:17:50','2026-01-21 10:17:50',NULL),('b64c028d-fa2a-4d7a-9469-07ba917dae82','ac7e5b0f-d0dd-44a4-913c-6d365861fad6','MENEJA MKUU','SalesOrder',3,1,1,NULL,'2026-01-22 15:24:24','2026-01-22 15:24:24',NULL),('bde7e1b7-70f7-4695-ae09-8a0737cfe5ae','ac7e5b0f-d0dd-44a4-913c-6d365861fad6','MKAGUZI MKUU WA NDANI','SalesOrder',2,1,1,NULL,'2026-01-22 15:23:06','2026-01-22 15:23:06',NULL),('c7afa57c-e5e6-4580-bf14-8953704de0b0','ac7e5b0f-d0dd-44a4-913c-6d365861fad6','MKAGUZI MKUU WA NDANI','Repair',2,1,1,NULL,'2026-01-21 11:59:58','2026-01-21 11:59:58',NULL),('d239cda1-37e7-4a8e-8f1e-2048e3dec47a','ac7e5b0f-d0dd-44a4-913c-6d365861fad6','MENEJA MKUU','PurchaseOrder',1,1,1,NULL,'2026-01-22 15:16:40','2026-01-22 16:24:23',NULL),('d621b364-1b77-4975-ae1c-57302083b26e','ac7e5b0f-d0dd-44a4-913c-6d365861fad6','MHASIBU MKUU','SalesOrder',1,1,1,NULL,'2026-01-22 15:21:20','2026-01-22 15:21:20',NULL),('f6f5e135-6735-4aa9-8741-524aa0a92458','ac7e5b0f-d0dd-44a4-913c-6d365861fad6','MKAGUZI MKUU WA NDANI','Cash',2,1,1,NULL,'2026-01-21 10:14:34','2026-01-21 10:14:34',NULL);

--
-- Table structure for table `approval_types`
--

CREATE TABLE `approval_types` (
  `organisation_id` char(36) COLLATE utf8mb4_unicode_ci NOT NULL,
  `id` char(36) COLLATE utf8mb4_unicode_ci NOT NULL,
  `code` varchar(255) COLLATE utf8mb4_unicode_ci NOT NULL,
  `name` varchar(255) COLLATE utf8mb4_unicode_ci NOT NULL,
  `model` varchar(255) COLLATE utf8mb4_unicode_ci DEFAULT NULL,
  `created_at` timestamp NULL DEFAULT NULL,
  `updated_at` timestamp NULL DEFAULT NULL,
  `deleted_at` timestamp NULL DEFAULT NULL,
  PRIMARY KEY (`id`),
  UNIQUE KEY `approval_types_code_unique` (`code`)
) ENGINE=InnoDB DEFAULT CHARSET=utf8mb4 COLLATE=utf8mb4_unicode_ci;

--
-- Dumping data for table `approval_types`
--

INSERT INTO `approval_types` VALUES ('ac7e5b0f-d0dd-44a4-913c-6d365861fad6','0e35f2c7-c80f-4ad5-89c8-d69ddb9945aa','PURCHASE_ORDER','PurchaseOrder',NULL,'2026-03-10 21:55:10','2026-03-10 21:55:10',NULL),('ac7e5b0f-d0dd-44a4-913c-6d365861fad6','136e3656-5acb-490b-8a75-930b641f13d6','ASSET_FINANCING','AssetFinancing',NULL,'2026-03-10 21:55:10','2026-03-10 21:55:10',NULL),('ac7e5b0f-d0dd-44a4-913c-6d365861fad6','1a4fbfa1-b6a7-4f0c-b813-f19f7c67ad53','MEASUREMENTS','Measurements',NULL,'2026-03-10 21:55:10','2026-03-10 21:55:10',NULL),('ac7e5b0f-d0dd-44a4-913c-6d365861fad6','2b7d09d5-e90b-41cc-824d-32fc278564ff','CASH','Cash',NULL,'2026-03-10 21:55:10','2026-03-10 21:55:10',NULL),('ac7e5b0f-d0dd-44a4-913c-6d365861fad6','2ea6a5dc-997a-47d1-ac70-37b135807596','GOODS_RECEIPT','GoodsReceipt',NULL,'2026-03-10 21:55:10','2026-03-10 21:55:10',NULL),('ac7e5b0f-d0dd-44a4-913c-6d365861fad6','40067c88-8e81-484a-a36a-838f67b3f01e','PAY_ROLL','PayRoll',NULL,'2026-03-10 21:55:10','2026-03-10 21:55:10',NULL),('ac7e5b0f-d0dd-44a4-913c-6d365861fad6','4b896b79-d094-4c0b-b396-ec4b84f181a4','BUDGET','Budget',NULL,'2026-03-10 21:55:10','2026-03-10 21:55:10',NULL),('ac7e5b0f-d0dd-44a4-913c-6d365861fad6','612db1cf-eec6-4f79-9a54-5b7ee7e1f599','SUPPLIER_LOAN','SupplierLoan',NULL,'2026-03-10 21:55:10','2026-03-10 21:55:10',NULL),('ac7e5b0f-d0dd-44a4-913c-6d365861fad6','82b36e68-67da-493a-85e0-3410dc7f2000','REPAIR','Repair',NULL,'2026-03-10 21:55:10','2026-03-10 21:55:10',NULL),('ac7e5b0f-d0dd-44a4-913c-6d365861fad6','8bf2aaf5-cd0e-4cd2-ae19-abcabee34ed1','PURCHASE_REQUEST','PurchaseRequest',NULL,'2026-03-10 21:55:10','2026-03-10 21:55:10',NULL),('ac7e5b0f-d0dd-44a4-913c-6d365861fad6','a482d08c-33cc-4e98-a2d6-fc0b81db77ba','STORE','Store',NULL,'2026-03-10 21:55:10','2026-03-10 21:55:10',NULL),('ac7e5b0f-d0dd-44a4-913c-6d365861fad6','b23441ef-a06c-4531-83fc-0cb08421671f','LEAVE_APPLICATION','LeaveApplication',NULL,'2026-03-10 21:55:10','2026-03-10 21:55:10',NULL),('ac7e5b0f-d0dd-44a4-913c-6d365861fad6','bdd3d6c3-a4a1-48d1-b952-8c69cec8a6eb','DISPOSALS','Disposals',NULL,'2026-03-10 21:55:10','2026-03-10 21:55:10',NULL),('ac7e5b0f-d0dd-44a4-913c-6d365861fad6','c828409d-2eee-4ef5-852d-7a84ff8614ca','ASSET_DISPOSAL','AssetDisposal',NULL,'2026-03-10 21:55:10','2026-03-10 21:55:10',NULL),('ac7e5b0f-d0dd-44a4-913c-6d365861fad6','cac11f92-d866-4857-9ec7-374292519108','OFFERS','Offers',NULL,'2026-03-10 21:55:10','2026-03-10 21:55:10',NULL),('ac7e5b0f-d0dd-44a4-913c-6d365861fad6','cc8fc7d6-60a2-438e-8586-cb6adefe01ec','PURCHASE_QUOTE_EVALUATION','PurchaseQuoteEvaluation',NULL,'2026-03-10 21:55:10','2026-03-10 21:55:10',NULL),('ac7e5b0f-d0dd-44a4-913c-6d365861fad6','d455c3c2-570b-41c1-82a7-b46d1caedb7b','QUALITY_ASSURANCE','QualityAssurance',NULL,'2026-03-10 21:55:10','2026-03-10 21:55:10',NULL),('ac7e5b0f-d0dd-44a4-913c-6d365861fad6','d4743110-9bb9-4239-bede-2d8863860f50','FUEL','Fuel',NULL,'2026-03-10 21:55:10','2026-03-10 21:55:10',NULL),('ac7e5b0f-d0dd-44a4-913c-6d365861fad6','dce6cd6a-7791-4687-9b1d-d450ec7631db','SALES_ORDER','SalesOrder',NULL,'2026-03-10 21:55:10','2026-03-10 21:55:10',NULL);

--
-- Table structure for table `approvers`
--

CREATE TABLE `approvers` (
  `id` char(36) COLLATE utf8mb4_unicode_ci NOT NULL,
  `approval_level_id` char(36) COLLATE utf8mb4_unicode_ci NOT NULL,
  `approver_id` char(36) COLLATE utf8mb4_unicode_ci NOT NULL,
  `approver_names` varchar(255) COLLATE utf8mb4_unicode_ci DEFAULT NULL,
  `approver_email` varchar(255) COLLATE utf8mb4_unicode_ci DEFAULT NULL,
  `rank` int NOT NULL,
  `approver_title` varchar(255) COLLATE utf8mb4_unicode_ci NOT NULL,
  `description` varchar(255) COLLATE utf8mb4_unicode_ci DEFAULT NULL,
  `created_at` timestamp NULL DEFAULT NULL,
  `updated_at` timestamp NULL DEFAULT NULL,
  `deleted_at` timestamp NULL DEFAULT NULL,
  PRIMARY KEY (`id`),
  KEY `approvers_approval_level_id_foreign` (`approval_level_id`),
  KEY `approvers_approver_id_foreign` (`approver_id`),
  CONSTRAINT `approvers_approval_level_id_foreign` FOREIGN KEY (`approval_level_id`) REFERENCES `approval_levels` (`id`) ON DELETE CASCADE,
  CONSTRAINT `approvers_approver_id_foreign` FOREIGN KEY (`approver_id`) REFERENCES `employees` (`id`) ON DELETE CASCADE
) ENGINE=InnoDB DEFAULT CHARSET=utf8mb4 COLLATE=utf8mb4_unicode_ci;

--
-- Dumping data for table `approvers`
--

INSERT INTO `approvers` VALUES ('0182b0ca-9b98-4a4c-9d01-99efd07eef06','38ad9cc6-5094-49d2-840b-51cae95c649e','96455ad8-19dc-4d71-ac7c-19e23d7b3e0c','Alpha Makasi','gm@shireculimited.co.tz',1,'MENEJA MKUU',NULL,'2026-01-21 11:47:19','2026-01-21 18:55:52','2026-01-21 18:55:52'),('042852a6-fa3d-4e88-83ee-49c1a079aac6','759aa60c-f86e-4a81-ac78-ee4e2e6d9548','c4eaf525-c9e9-465b-a06b-a40f9979dee0','Joseph Bukombe','internalauditor@shireculimited.co.tz',1,'MKAGUZI MKUU WA NDANI',NULL,'2026-01-21 15:59:17','2026-01-21 15:59:26','2026-01-21 15:59:26'),('04e225c4-2956-4a41-87ea-4f78d3ebf47e','4a1163fe-ab6f-4e04-a8a3-5c747c72d210','c4eaf525-c9e9-465b-a06b-a40f9979dee0','Joseph Bukombe','internalauditor@shireculimited.co.tz',2,'MKAGUZI MKUU WA NDANI',NULL,'2026-01-21 18:12:28','2026-01-21 18:12:28',NULL),('0bddf0b6-b526-475c-904a-3dc8cc4aafa1','8219a503-37de-49ed-9321-c37837667c3c','3de7c572-94cb-4a65-b30e-ba55d6c94893','Thomas Merengo','finance@shireculimited.co.tz',1,'MHASIBU MKUU',NULL,'2026-01-21 18:59:03','2026-01-21 18:59:03',NULL),('10c82411-7e8a-46c5-a32c-517df3b0a5d3','83ff4650-056c-493a-8804-84794c710e09','3de7c572-94cb-4a65-b30e-ba55d6c94893','Thomas Merengo','finance@shireculimited.co.tz',1,'MHASIBU MKUU',NULL,'2026-01-21 10:13:26','2026-01-21 10:13:26',NULL),('1f3577f8-17eb-4f1d-9515-d18fda6a5c0d','bde7e1b7-70f7-4695-ae09-8a0737cfe5ae','c4eaf525-c9e9-465b-a06b-a40f9979dee0','Joseph Bukombe','internalauditor@shireculimited.co.tz',2,'MKAGUZI MKUU WA NDANI',NULL,'2026-01-22 15:23:44','2026-01-22 15:23:44',NULL),('2fffb094-552d-4f3c-abd2-1166af6322f5','79caaf8f-9621-4de3-988f-5059bc72e5bb','3de7c572-94cb-4a65-b30e-ba55d6c94893','Thomas Merengo','finance@shireculimited.co.tz',1,'MHASIBU MKUU',NULL,'2026-01-22 15:27:53','2026-01-22 15:27:53',NULL),('3f01f366-8427-44ea-b549-493cf06713f5','7c6cc38b-2b48-4cc4-a7d1-d660bea09cb6','96455ad8-19dc-4d71-ac7c-19e23d7b3e0c','Alpha Makasi','gm@shireculimited.co.tz',1,'MENEJA MKUU',NULL,'2026-01-21 18:13:14','2026-01-21 18:13:14',NULL),('4024f583-13c6-4d10-a560-b211ec9894a0','8219a503-37de-49ed-9321-c37837667c3c','c4eaf525-c9e9-465b-a06b-a40f9979dee0','Joseph Bukombe','internalauditor@shireculimited.co.tz',1,'MKAGUZI MKUU WA NDANI',NULL,'2026-01-21 11:46:30','2026-01-21 18:54:47','2026-01-21 18:54:47'),('466cd1fb-2b9b-416c-aa3a-bd7be152c2dc','38ad9cc6-5094-49d2-840b-51cae95c649e','96455ad8-19dc-4d71-ac7c-19e23d7b3e0c','Alpha Makasi','gm@shireculimited.co.tz',3,'MENEJA MKUU',NULL,'2026-01-21 18:56:18','2026-01-21 18:57:39','2026-01-21 18:57:39'),('47a79332-3dbe-4beb-a14a-3d4e277c3658','759aa60c-f86e-4a81-ac78-ee4e2e6d9548','c4eaf525-c9e9-465b-a06b-a40f9979dee0','Joseph Bukombe','internalauditor@shireculimited.co.tz',1,'MKAGUZI MKUU WA NDANI',NULL,'2026-01-21 15:56:05','2026-01-21 15:57:20','2026-01-21 15:57:20'),('4ed3bd95-13e9-4d98-8b56-6d1e21f124af','78c3fcb1-d4d9-4bf5-8784-fbd185375f75','96455ad8-19dc-4d71-ac7c-19e23d7b3e0c','Alpha Makasi','gm@shireculimited.co.tz',1,'MENEJA MKUU',NULL,'2026-01-22 14:04:06','2026-01-22 14:04:06',NULL),('4f4f3bd3-c4cd-46c4-a2d5-c861a34c90e2','16399bbf-609a-4643-bcb7-bb8fe1ebe586','3de7c572-94cb-4a65-b30e-ba55d6c94893','Thomas Merengo','finance@shireculimited.co.tz',1,'MHASIBU MKUU',NULL,'2026-01-21 11:48:46','2026-01-21 11:48:46',NULL),('574cb33f-6dea-49e2-9da1-b904ba12fbd2','f6f5e135-6735-4aa9-8741-524aa0a92458','c4eaf525-c9e9-465b-a06b-a40f9979dee0','Joseph Bukombe','internalauditor@shireculimited.co.tz',1,'MKAGUZI MKUU WA NDANI',NULL,'2026-01-21 10:17:10','2026-01-21 10:17:10',NULL),('62c104a8-0fac-4783-a648-06399d632814','38ad9cc6-5094-49d2-840b-51cae95c649e','96455ad8-19dc-4d71-ac7c-19e23d7b3e0c','Alpha Makasi','gm@shireculimited.co.tz',1,'MENEJA MKUU',NULL,'2026-01-21 18:58:07','2026-01-21 18:58:07',NULL),('69a121fb-9064-4d80-badc-45eb72a487bc','3a29b85f-f3f3-4bfd-b554-02f88e5d2ce9','96455ad8-19dc-4d71-ac7c-19e23d7b3e0c','Alpha Makasi','gm@shireculimited.co.tz',1,'MENEJA MKUU',NULL,'2026-01-21 12:01:52','2026-01-21 12:01:52',NULL),('7255a28b-5cc1-4ed0-9014-3c9adfce09b4','d239cda1-37e7-4a8e-8f1e-2048e3dec47a','96455ad8-19dc-4d71-ac7c-19e23d7b3e0c','Alpha Makasi','gm@shireculimited.co.tz',1,'MENEJA MKUU',NULL,'2026-01-22 15:17:18','2026-01-22 15:17:18',NULL),('75268aab-f1af-421c-9ddf-f3eed2e9790e','11fd6571-0ecd-4f28-95f3-139a8d75d67e','96455ad8-19dc-4d71-ac7c-19e23d7b3e0c','Alpha Makasi','gm@shireculimited.co.tz',1,'MENEJA MKUU',NULL,'2026-01-21 11:50:42','2026-01-22 13:30:25','2026-01-22 13:30:25'),('81cda055-2b3e-4f83-9e03-ab3c8437d959','b01ae9e8-5184-4b7c-aa52-7e7aff36e0a7','96455ad8-19dc-4d71-ac7c-19e23d7b3e0c','Alpha Makasi','gm@shireculimited.co.tz',1,'MENEJA MKUU',NULL,'2026-01-21 10:18:22','2026-01-21 10:18:22',NULL),('8d0bce3d-1415-49e3-a9f4-23ab865bebb4','c7afa57c-e5e6-4580-bf14-8953704de0b0','c4eaf525-c9e9-465b-a06b-a40f9979dee0','Joseph Bukombe','internalauditor@shireculimited.co.tz',1,'MKAGUZI MKUU WA NDANI',NULL,'2026-01-21 12:00:33','2026-01-21 12:00:33',NULL),('90b589c4-b32a-4ca4-8da1-1f988cd079f0','79caaf8f-9621-4de3-988f-5059bc72e5bb','f3683bee-094b-4aa6-8163-8d418a27eb6a','Alfred Platin','mplat84@gmail.com',1,'test','test','2026-01-30 00:39:06','2026-01-30 00:39:06',NULL),('96770b72-e5da-4d91-88c5-f64ddbe6168c','64aebbba-df4c-4e3c-9f97-eadfd1bcedf3','96455ad8-19dc-4d71-ac7c-19e23d7b3e0c','Alpha Makasi','gm@shireculimited.co.tz',1,'MENEJA MKUU',NULL,'2026-01-22 13:33:38','2026-01-22 13:33:38',NULL),('9a28a8f6-db10-4497-adf7-eaaf5a1633e4','f6f5e135-6735-4aa9-8741-524aa0a92458','c4eaf525-c9e9-465b-a06b-a40f9979dee0','Joseph Bukombe','internalauditor@shireculimited.co.tz',1,'Chief Internal Auditor',NULL,'2026-01-21 10:15:54','2026-01-21 10:16:28','2026-01-21 10:16:28'),('ae5d6333-41ea-4675-81c9-4242e7212638','79216fe4-a0ef-4f77-ba34-9c09b201c251','3de7c572-94cb-4a65-b30e-ba55d6c94893','Thomas Merengo','finance@shireculimited.co.tz',1,'MHASIBU MKUU',NULL,'2026-01-21 11:44:28','2026-01-21 18:53:46','2026-01-21 18:53:46'),('c97de039-b95a-4675-a892-7ad24f1214d8','8219a503-37de-49ed-9321-c37837667c3c','3de7c572-94cb-4a65-b30e-ba55d6c94893','Thomas Merengo','finance@shireculimited.co.tz',2,'MHASIBU MKUU',NULL,'2026-01-21 18:55:18','2026-01-21 18:58:31','2026-01-21 18:58:31'),('c9c786ea-6554-446f-b02d-5b217edcbc83','a5c719b0-cb49-4a0f-b301-b18346e7c8f6','96455ad8-19dc-4d71-ac7c-19e23d7b3e0c','Alpha Makasi','gm@shireculimited.co.tz',3,'MENEJA MKUU',NULL,'2026-01-22 15:28:23','2026-01-22 15:28:23',NULL),('d1741396-1639-4b59-91c7-f1a9e0290912','a7db6f7f-bad4-4a28-b5aa-fd305fdb24f1','0ce29044-b626-407b-8000-d0ec38b721d4','Kelvin Mrope','procurementofficer@shireculimited.co.tz',1,'AFISA MANUNUZI NA UGAVI',NULL,'2026-01-22 16:36:10','2026-01-22 16:36:10',NULL),('d1bba45b-d683-43f9-a532-9f82c084949e','6ffb7f12-b3c7-41e0-b9fe-cd06d92af62c','c4eaf525-c9e9-465b-a06b-a40f9979dee0','Joseph Bukombe','internalauditor@shireculimited.co.tz',1,'MKAGUZI MKUU WA NDANI',NULL,'2026-01-22 15:18:34','2026-01-22 15:18:34',NULL),('d786f4ab-513c-4674-be6f-3d5d80aced15','7d93fcbe-0718-4b05-ab7c-3d72eabf0488','c4eaf525-c9e9-465b-a06b-a40f9979dee0','Joseph Bukombe','internalauditor@shireculimited.co.tz',1,'MKAGUZI MKUU WA NDANI',NULL,'2026-01-21 11:49:40','2026-01-21 11:49:40',NULL),('dc39481c-811f-4353-be02-8673ede19f44','759aa60c-f86e-4a81-ac78-ee4e2e6d9548','96455ad8-19dc-4d71-ac7c-19e23d7b3e0c','Alpha Makasi','gm@shireculimited.co.tz',1,'MENEJA MKUU',NULL,'2026-01-21 16:00:33','2026-01-21 16:00:33',NULL),('e046405f-adde-433b-a0f0-ccbb43eb74d0','d621b364-1b77-4975-ae1c-57302083b26e','3de7c572-94cb-4a65-b30e-ba55d6c94893','Thomas Merengo','finance@shireculimited.co.tz',1,'MHASIBU MKUU',NULL,'2026-01-22 15:21:47','2026-01-22 15:21:47',NULL),('e92cce02-da40-4e18-8292-b1811b2089a1','b64c028d-fa2a-4d7a-9469-07ba917dae82','96455ad8-19dc-4d71-ac7c-19e23d7b3e0c','Alpha Makasi','gm@shireculimited.co.tz',3,'MENEJA MKUU',NULL,'2026-01-22 15:24:55','2026-01-22 15:24:55',NULL),('eb2ad142-a218-4cbc-8e59-7565efb575a2','79216fe4-a0ef-4f77-ba34-9c09b201c251','0ce29044-b626-407b-8000-d0ec38b721d4','Kelvin Mrope','procurementofficer@shireculimited.co.tz',1,'AFISA MANUNUZI NA UGAVI',NULL,'2026-01-21 18:54:35','2026-01-21 18:54:35',NULL),('ed793650-43b6-4cbd-95c0-f4d6d67b709e','97c7fb33-25c4-43ac-8f60-69fbdb782958','3de7c572-94cb-4a65-b30e-ba55d6c94893','Thomas Merengo','finance@shireculimited.co.tz',1,'MHASIBU MKUU',NULL,'2026-01-21 11:52:29','2026-01-21 11:52:29',NULL),('f4441900-8bb5-46fa-ab69-22548a982480','a7db6f7f-bad4-4a28-b5aa-fd305fdb24f1','3de7c572-94cb-4a65-b30e-ba55d6c94893','Thomas Merengo','finance@shireculimited.co.tz',1,'MHASIBU MKUU',NULL,'2026-01-21 18:11:04','2026-01-22 16:36:19','2026-01-22 16:36:19'),('f4e75975-bd10-4738-8ac7-ba026d64473a','6357692d-0f71-4933-a6ab-cba1de9ff1e6','c4eaf525-c9e9-465b-a06b-a40f9979dee0','Joseph Bukombe','internalauditor@shireculimited.co.tz',2,'MKAGUZI MKUU WA NDANI',NULL,'2026-01-22 15:27:32','2026-01-22 15:27:32',NULL),('fd5bea42-bb99-4c2b-b71a-b99c332088fc','a8651257-e336-40d0-af0f-79f90c4623f7','96455ad8-19dc-4d71-ac7c-19e23d7b3e0c','Alpha Makasi','gm@shireculimited.co.tz',1,'MHASIBU MKUU',NULL,'2026-01-22 15:17:49','2026-01-22 15:17:49',NULL);

--
-- Table structure for table `asset_assignments`
--

CREATE TABLE `asset_assignments` (
  `id` char(36) COLLATE utf8mb4_unicode_ci NOT NULL,
  `asset_id` char(36) COLLATE utf8mb4_unicode_ci NOT NULL,
  `assigned_to` char(36) COLLATE utf8mb4_unicode_ci NOT NULL,
  `assigned_by` char(36) COLLATE utf8mb4_unicode_ci NOT NULL,
  `reason_for_assignment` varchar(255) COLLATE utf8mb4_unicode_ci DEFAULT NULL,
  `notes` varchar(255) COLLATE utf8mb4_unicode_ci DEFAULT NULL,
  `start_date` date DEFAULT NULL,
  `end_date` date DEFAULT NULL,
  `email` varchar(255) COLLATE utf8mb4_unicode_ci DEFAULT NULL,
  `phone` varchar(255) COLLATE utf8mb4_unicode_ci DEFAULT NULL,
  `return_condition` varchar(255) COLLATE utf8mb4_unicode_ci DEFAULT NULL,
  `status` enum('Active','Returned','Damaged','Lost') COLLATE utf8mb4_unicode_ci NOT NULL DEFAULT 'Active',
  `created_at` timestamp NULL DEFAULT NULL,
  `updated_at` timestamp NULL DEFAULT NULL,
  `deleted_at` timestamp NULL DEFAULT NULL,
  PRIMARY KEY (`id`),
  KEY `asset_assignments_assigned_by_foreign` (`assigned_by`),
  KEY `asset_assignments_asset_id_index` (`asset_id`),
  KEY `asset_assignments_assigned_to_index` (`assigned_to`),
  KEY `asset_assignments_status_index` (`status`),
  CONSTRAINT `asset_assignments_asset_id_foreign` FOREIGN KEY (`asset_id`) REFERENCES `assets` (`id`) ON DELETE CASCADE,
  CONSTRAINT `asset_assignments_assigned_by_foreign` FOREIGN KEY (`assigned_by`) REFERENCES `employees` (`id`) ON DELETE CASCADE,
  CONSTRAINT `asset_assignments_assigned_to_foreign` FOREIGN KEY (`assigned_to`) REFERENCES `employees` (`id`) ON DELETE CASCADE
) ENGINE=InnoDB DEFAULT CHARSET=utf8mb4 COLLATE=utf8mb4_unicode_ci;

--
-- Dumping data for table `asset_assignments`
--


--
-- Table structure for table `asset_attachments`
--

CREATE TABLE `asset_attachments` (
  `id` char(36) COLLATE utf8mb4_unicode_ci NOT NULL,
  `asset_id` char(36) COLLATE utf8mb4_unicode_ci NOT NULL,
  `description` varchar(255) COLLATE utf8mb4_unicode_ci DEFAULT NULL,
  `attachment` varchar(255) COLLATE utf8mb4_unicode_ci NOT NULL,
  `created_at` timestamp NULL DEFAULT NULL,
  `updated_at` timestamp NULL DEFAULT NULL,
  `deleted_at` timestamp NULL DEFAULT NULL,
  PRIMARY KEY (`id`),
  KEY `asset_attachments_asset_id_foreign` (`asset_id`),
  CONSTRAINT `asset_attachments_asset_id_foreign` FOREIGN KEY (`asset_id`) REFERENCES `assets` (`id`) ON DELETE CASCADE
) ENGINE=InnoDB DEFAULT CHARSET=utf8mb4 COLLATE=utf8mb4_unicode_ci;

--
-- Dumping data for table `asset_attachments`
--


--
-- Table structure for table `asset_categories`
--

CREATE TABLE `asset_categories` (
  `id` char(36) COLLATE utf8mb4_unicode_ci NOT NULL,
  `organisation_id` char(36) COLLATE utf8mb4_unicode_ci NOT NULL,
  `value_change_type` enum('Appreciation','Depreciation','N/A') COLLATE utf8mb4_unicode_ci NOT NULL,
  `name` varchar(255) COLLATE utf8mb4_unicode_ci NOT NULL,
  `depreciation_rate` decimal(10,2) NOT NULL DEFAULT '0.00',
  `description` varchar(255) COLLATE utf8mb4_unicode_ci DEFAULT NULL,
  `cat_order` int NOT NULL,
  `created_at` timestamp NULL DEFAULT NULL,
  `updated_at` timestamp NULL DEFAULT NULL,
  `deleted_at` timestamp NULL DEFAULT NULL,
  PRIMARY KEY (`id`)
) ENGINE=InnoDB DEFAULT CHARSET=utf8mb4 COLLATE=utf8mb4_unicode_ci;

--
-- Dumping data for table `asset_categories`
--

INSERT INTO `asset_categories` VALUES ('02624ed2-6cbd-496f-983e-51963d166c72','ac7e5b0f-d0dd-44a4-913c-6d365861fad6','Depreciation','INTANGIBLE ASSETS',10.00,'Software licenses, trademarks, patents, goodwill.',7,'2026-03-10 21:55:10','2026-03-10 21:55:10',NULL),('1fe5080d-79fc-48a9-a10c-fc2f9f01dfc4','ac7e5b0f-d0dd-44a4-913c-6d365861fad6','Depreciation','COMPUTER EQUIPMENT',10.00,'Laptops, desktops, servers, and peripherals.',2,'2026-03-10 21:55:10','2026-03-10 21:55:10',NULL),('55751c88-a585-47a4-9377-3ae41f5eda0e','ac7e5b0f-d0dd-44a4-913c-6d365861fad6','Depreciation','BUILDINGS & IMPROVEMENTS',10.00,'Offices, warehouses, renovations.',4,'2026-03-10 21:55:10','2026-03-10 21:55:10',NULL),('56bea295-a885-4565-924a-85c98ebe4e73','ac7e5b0f-d0dd-44a4-913c-6d365861fad6','Depreciation','EQUIPMENT & MACHINERY',10.00,'Industrial, manufacturing, lab, and office equipment.',1,'2026-03-10 21:55:10','2026-03-10 21:55:10',NULL),('90e0224a-7645-4855-87d0-95e8dc0944f6','ac7e5b0f-d0dd-44a4-913c-6d365861fad6','Appreciation','LAND',10.00,'Raw or developed land (non-depreciable)',5,'2026-03-10 21:55:10','2026-03-10 21:55:10',NULL),('c35138a5-3a5c-4d1a-88f5-6b4487178cda','ac7e5b0f-d0dd-44a4-913c-6d365861fad6','N/A','OTHERS',10.00,'Other assets',8,'2026-03-10 21:55:10','2026-03-10 21:55:10',NULL),('dafa7d98-8b02-4dd7-903a-f058b96057c1','ac7e5b0f-d0dd-44a4-913c-6d365861fad6','Depreciation','VEHICLES MAGARI',10.00,'Company cars, trucks, motorcycles.',6,'2026-03-10 21:55:10','2026-03-10 21:55:10',NULL),('f503dc54-84dd-4fbc-b245-421e78c66d97','ac7e5b0f-d0dd-44a4-913c-6d365861fad6','Depreciation','FURNITURE & FIXTURES',10.00,'Office desks, chairs, cabinets, fittings.',3,'2026-03-10 21:55:10','2026-03-10 21:55:10',NULL);

--
-- Table structure for table `asset_checkins`
--

CREATE TABLE `asset_checkins` (
  `id` char(36) COLLATE utf8mb4_unicode_ci NOT NULL,
  `rental_agreement_id` char(36) COLLATE utf8mb4_unicode_ci NOT NULL,
  `asset_id` char(36) COLLATE utf8mb4_unicode_ci NOT NULL,
  `checked_in_by` char(36) COLLATE utf8mb4_unicode_ci NOT NULL,
  `checkin_time` timestamp NOT NULL,
  `ending_mileage` decimal(10,2) DEFAULT NULL,
  `ending_hours` decimal(10,2) DEFAULT NULL,
  `condition_notes` text COLLATE utf8mb4_unicode_ci NOT NULL,
  `fuel_charge` decimal(10,2) DEFAULT NULL,
  `late_fee` decimal(10,2) NOT NULL DEFAULT '0.00',
  `damage_charges` decimal(10,2) NOT NULL DEFAULT '0.00',
  `cleaning_fee` decimal(10,2) NOT NULL DEFAULT '0.00',
  `charges_description` text COLLATE utf8mb4_unicode_ci,
  `created_at` timestamp NULL DEFAULT NULL,
  `updated_at` timestamp NULL DEFAULT NULL,
  `deleted_at` timestamp NULL DEFAULT NULL,
  PRIMARY KEY (`id`),
  KEY `asset_checkins_asset_id_foreign` (`asset_id`),
  KEY `asset_checkins_rental_agreement_id_foreign` (`rental_agreement_id`),
  KEY `asset_checkins_checked_in_by_foreign` (`checked_in_by`),
  CONSTRAINT `asset_checkins_asset_id_foreign` FOREIGN KEY (`asset_id`) REFERENCES `assets` (`id`) ON DELETE CASCADE,
  CONSTRAINT `asset_checkins_checked_in_by_foreign` FOREIGN KEY (`checked_in_by`) REFERENCES `employees` (`id`) ON DELETE CASCADE,
  CONSTRAINT `asset_checkins_rental_agreement_id_foreign` FOREIGN KEY (`rental_agreement_id`) REFERENCES `asset_rental_agreements` (`id`) ON DELETE CASCADE
) ENGINE=InnoDB DEFAULT CHARSET=utf8mb4 COLLATE=utf8mb4_unicode_ci;

--
-- Dumping data for table `asset_checkins`
--


--
-- Table structure for table `asset_checkouts`
--

CREATE TABLE `asset_checkouts` (
  `id` char(36) COLLATE utf8mb4_unicode_ci NOT NULL,
  `rental_agreement_id` char(36) COLLATE utf8mb4_unicode_ci NOT NULL,
  `asset_id` char(36) COLLATE utf8mb4_unicode_ci NOT NULL,
  `checked_out_by` char(36) COLLATE utf8mb4_unicode_ci NOT NULL,
  `checkout_time` timestamp NOT NULL,
  `starting_mileage` decimal(10,2) DEFAULT NULL,
  `starting_hours` decimal(10,2) DEFAULT NULL,
  `condition_notes` text COLLATE utf8mb4_unicode_ci NOT NULL,
  `fuel_level` text COLLATE utf8mb4_unicode_ci,
  `created_at` timestamp NULL DEFAULT NULL,
  `updated_at` timestamp NULL DEFAULT NULL,
  `deleted_at` timestamp NULL DEFAULT NULL,
  PRIMARY KEY (`id`),
  KEY `asset_checkouts_asset_id_foreign` (`asset_id`),
  KEY `asset_checkouts_rental_agreement_id_foreign` (`rental_agreement_id`),
  KEY `asset_checkouts_checked_out_by_foreign` (`checked_out_by`),
  CONSTRAINT `asset_checkouts_asset_id_foreign` FOREIGN KEY (`asset_id`) REFERENCES `assets` (`id`) ON DELETE CASCADE,
  CONSTRAINT `asset_checkouts_checked_out_by_foreign` FOREIGN KEY (`checked_out_by`) REFERENCES `employees` (`id`) ON DELETE CASCADE,
  CONSTRAINT `asset_checkouts_rental_agreement_id_foreign` FOREIGN KEY (`rental_agreement_id`) REFERENCES `asset_rental_agreements` (`id`) ON DELETE CASCADE
) ENGINE=InnoDB DEFAULT CHARSET=utf8mb4 COLLATE=utf8mb4_unicode_ci;

--
-- Dumping data for table `asset_checkouts`
--


--
-- Table structure for table `asset_collaterals`
--

CREATE TABLE `asset_collaterals` (
  `id` char(36) COLLATE utf8mb4_unicode_ci NOT NULL,
  `contract_id` char(36) COLLATE utf8mb4_unicode_ci NOT NULL,
  `type` enum('Asset','Property','Guarantee') COLLATE utf8mb4_unicode_ci NOT NULL,
  `description` varchar(255) COLLATE utf8mb4_unicode_ci NOT NULL,
  `value` decimal(12,2) NOT NULL,
  `ownership_proof` text COLLATE utf8mb4_unicode_ci,
  `status` enum('Held','Released','Liquidated') COLLATE utf8mb4_unicode_ci NOT NULL DEFAULT 'Held',
  `created_at` timestamp NULL DEFAULT NULL,
  `updated_at` timestamp NULL DEFAULT NULL,
  `deleted_at` timestamp NULL DEFAULT NULL,
  PRIMARY KEY (`id`),
  KEY `asset_collaterals_contract_id_foreign` (`contract_id`),
  CONSTRAINT `asset_collaterals_contract_id_foreign` FOREIGN KEY (`contract_id`) REFERENCES `financing_contracts` (`id`) ON DELETE CASCADE
) ENGINE=InnoDB DEFAULT CHARSET=utf8mb4 COLLATE=utf8mb4_unicode_ci;

--
-- Dumping data for table `asset_collaterals`
--


--
-- Table structure for table `asset_disposals`
--

CREATE TABLE `asset_disposals` (
  `id` char(36) COLLATE utf8mb4_unicode_ci NOT NULL,
  `asset_id` char(36) COLLATE utf8mb4_unicode_ci NOT NULL,
  `disposal_date` date NOT NULL,
  `disposal_type` enum('Sale','Scrap','Donation','Lost','Theft','Trade-In','Out-of-use') COLLATE utf8mb4_unicode_ci NOT NULL,
  `disposal_value` decimal(18,2) NOT NULL,
  `net_book_value` decimal(18,2) NOT NULL,
  `gain_loss` decimal(18,2) NOT NULL,
  `disposal_reference` varchar(255) COLLATE utf8mb4_unicode_ci DEFAULT NULL,
  `disposed_by` char(36) COLLATE utf8mb4_unicode_ci NOT NULL,
  `approved_by` char(36) COLLATE utf8mb4_unicode_ci DEFAULT NULL,
  `status` enum('Pending','Approved','Rejected') COLLATE utf8mb4_unicode_ci NOT NULL DEFAULT 'Pending',
  `reason` text COLLATE utf8mb4_unicode_ci,
  `notes` text COLLATE utf8mb4_unicode_ci,
  `created_at` timestamp NULL DEFAULT NULL,
  `updated_at` timestamp NULL DEFAULT NULL,
  `deleted_at` timestamp NULL DEFAULT NULL,
  PRIMARY KEY (`id`),
  KEY `asset_disposals_asset_id_foreign` (`asset_id`),
  CONSTRAINT `asset_disposals_asset_id_foreign` FOREIGN KEY (`asset_id`) REFERENCES `assets` (`id`) ON DELETE CASCADE
) ENGINE=InnoDB DEFAULT CHARSET=utf8mb4 COLLATE=utf8mb4_unicode_ci;

--
-- Dumping data for table `asset_disposals`
--


--
-- Table structure for table `asset_expenses`
--

CREATE TABLE `asset_expenses` (
  `id` char(36) COLLATE utf8mb4_unicode_ci NOT NULL,
  `asset_id` char(36) COLLATE utf8mb4_unicode_ci NOT NULL,
  `payment_method_id` char(36) COLLATE utf8mb4_unicode_ci NOT NULL,
  `amount` decimal(20,2) NOT NULL,
  `currency_id` char(36) COLLATE utf8mb4_unicode_ci NOT NULL,
  `transaction_date` datetime NOT NULL,
  `narrative` varchar(255) COLLATE utf8mb4_unicode_ci DEFAULT NULL,
  `status` enum('Active','Reversed','Deleted') COLLATE utf8mb4_unicode_ci NOT NULL DEFAULT 'Active',
  `reversed_by` char(36) COLLATE utf8mb4_unicode_ci DEFAULT NULL,
  `reverse_msg` varchar(255) COLLATE utf8mb4_unicode_ci DEFAULT NULL,
  `reversed_date` date DEFAULT NULL,
  `organisation_id` char(36) COLLATE utf8mb4_unicode_ci NOT NULL,
  `branch_id` char(36) COLLATE utf8mb4_unicode_ci DEFAULT NULL,
  `unique_id` varchar(255) COLLATE utf8mb4_unicode_ci DEFAULT NULL,
  `created_at` timestamp NULL DEFAULT NULL,
  `updated_at` timestamp NULL DEFAULT NULL,
  `deleted_at` timestamp NULL DEFAULT NULL,
  PRIMARY KEY (`id`),
  KEY `asset_expenses_asset_id_foreign` (`asset_id`),
  KEY `asset_expenses_reversed_by_foreign` (`reversed_by`),
  KEY `asset_expenses_payment_method_id_foreign` (`payment_method_id`),
  KEY `asset_expenses_currency_id_foreign` (`currency_id`),
  CONSTRAINT `asset_expenses_asset_id_foreign` FOREIGN KEY (`asset_id`) REFERENCES `assets` (`id`) ON DELETE CASCADE,
  CONSTRAINT `asset_expenses_currency_id_foreign` FOREIGN KEY (`currency_id`) REFERENCES `currencies` (`id`) ON DELETE CASCADE,
  CONSTRAINT `asset_expenses_payment_method_id_foreign` FOREIGN KEY (`payment_method_id`) REFERENCES `payment_methods` (`id`) ON DELETE CASCADE,
  CONSTRAINT `asset_expenses_reversed_by_foreign` FOREIGN KEY (`reversed_by`) REFERENCES `employees` (`id`) ON DELETE CASCADE
) ENGINE=InnoDB DEFAULT CHARSET=utf8mb4 COLLATE=utf8mb4_unicode_ci;

--
-- Dumping data for table `asset_expenses`
--


--
-- Table structure for table `asset_financing_payments`
--

CREATE TABLE `asset_financing_payments` (
  `id` char(36) COLLATE utf8mb4_unicode_ci NOT NULL,
  `contract_id` char(36) COLLATE utf8mb4_unicode_ci NOT NULL,
  `payment_schedule_id` char(36) COLLATE utf8mb4_unicode_ci DEFAULT NULL,
  `payment_date` date NOT NULL,
  `amount` decimal(12,2) NOT NULL,
  `payment_method_id` char(36) COLLATE utf8mb4_unicode_ci NOT NULL,
  `reference_number` varchar(255) COLLATE utf8mb4_unicode_ci NOT NULL,
  `notes` text COLLATE utf8mb4_unicode_ci,
  `created_at` timestamp NULL DEFAULT NULL,
  `updated_at` timestamp NULL DEFAULT NULL,
  `deleted_at` timestamp NULL DEFAULT NULL,
  PRIMARY KEY (`id`),
  KEY `asset_financing_payments_contract_id_foreign` (`contract_id`),
  KEY `asset_financing_payments_payment_method_id_foreign` (`payment_method_id`),
  KEY `asset_financing_payments_payment_schedule_id_foreign` (`payment_schedule_id`),
  CONSTRAINT `asset_financing_payments_contract_id_foreign` FOREIGN KEY (`contract_id`) REFERENCES `financing_contracts` (`id`) ON DELETE CASCADE,
  CONSTRAINT `asset_financing_payments_payment_method_id_foreign` FOREIGN KEY (`payment_method_id`) REFERENCES `payment_methods` (`id`) ON DELETE CASCADE,
  CONSTRAINT `asset_financing_payments_payment_schedule_id_foreign` FOREIGN KEY (`payment_schedule_id`) REFERENCES `payment_schedules` (`id`) ON DELETE CASCADE
) ENGINE=InnoDB DEFAULT CHARSET=utf8mb4 COLLATE=utf8mb4_unicode_ci;

--
-- Dumping data for table `asset_financing_payments`
--


--
-- Table structure for table `asset_incomes`
--

CREATE TABLE `asset_incomes` (
  `id` char(36) COLLATE utf8mb4_unicode_ci NOT NULL,
  `asset_id` char(36) COLLATE utf8mb4_unicode_ci NOT NULL,
  `payment_method_id` char(36) COLLATE utf8mb4_unicode_ci NOT NULL,
  `transaction_date` date NOT NULL,
  `amount` decimal(20,2) NOT NULL,
  `currency_id` char(36) COLLATE utf8mb4_unicode_ci NOT NULL,
  `narrative` varchar(255) COLLATE utf8mb4_unicode_ci DEFAULT NULL,
  `status` enum('Active','Reversed','Deleted') COLLATE utf8mb4_unicode_ci NOT NULL DEFAULT 'Active',
  `reversed_by` char(36) COLLATE utf8mb4_unicode_ci DEFAULT NULL,
  `reversed_date` date DEFAULT NULL,
  `reverse_msg` varchar(255) COLLATE utf8mb4_unicode_ci DEFAULT NULL,
  `created_at` timestamp NULL DEFAULT NULL,
  `updated_at` timestamp NULL DEFAULT NULL,
  `deleted_at` timestamp NULL DEFAULT NULL,
  PRIMARY KEY (`id`),
  KEY `asset_incomes_asset_id_foreign` (`asset_id`),
  KEY `asset_incomes_payment_method_id_foreign` (`payment_method_id`),
  KEY `asset_incomes_currency_id_foreign` (`currency_id`),
  KEY `asset_incomes_reversed_by_foreign` (`reversed_by`),
  CONSTRAINT `asset_incomes_asset_id_foreign` FOREIGN KEY (`asset_id`) REFERENCES `assets` (`id`) ON DELETE CASCADE,
  CONSTRAINT `asset_incomes_currency_id_foreign` FOREIGN KEY (`currency_id`) REFERENCES `currencies` (`id`) ON DELETE CASCADE,
  CONSTRAINT `asset_incomes_payment_method_id_foreign` FOREIGN KEY (`payment_method_id`) REFERENCES `payment_methods` (`id`) ON DELETE CASCADE,
  CONSTRAINT `asset_incomes_reversed_by_foreign` FOREIGN KEY (`reversed_by`) REFERENCES `employees` (`id`) ON DELETE CASCADE
) ENGINE=InnoDB DEFAULT CHARSET=utf8mb4 COLLATE=utf8mb4_unicode_ci;

--
-- Dumping data for table `asset_incomes`
--


--
-- Table structure for table `asset_insurances`
--

CREATE TABLE `asset_insurances` (
  `id` char(36) COLLATE utf8mb4_unicode_ci NOT NULL,
  `asset_id` char(36) COLLATE utf8mb4_unicode_ci NOT NULL,
  `policy_no` varchar(255) COLLATE utf8mb4_unicode_ci NOT NULL,
  `insurer` varchar(255) COLLATE utf8mb4_unicode_ci NOT NULL,
  `insurance_type` varchar(255) COLLATE utf8mb4_unicode_ci NOT NULL,
  `insured_value` decimal(15,4) NOT NULL,
  `premium_frequency` enum('Monthly','Quarterly','Annual') COLLATE utf8mb4_unicode_ci NOT NULL DEFAULT 'Monthly',
  `start_date` date DEFAULT NULL,
  `end_date` date DEFAULT NULL,
  `coverage_details` text COLLATE utf8mb4_unicode_ci NOT NULL,
  `created_at` timestamp NULL DEFAULT NULL,
  `updated_at` timestamp NULL DEFAULT NULL,
  `deleted_at` timestamp NULL DEFAULT NULL,
  PRIMARY KEY (`id`),
  KEY `asset_insurances_asset_id_foreign` (`asset_id`),
  CONSTRAINT `asset_insurances_asset_id_foreign` FOREIGN KEY (`asset_id`) REFERENCES `assets` (`id`) ON DELETE CASCADE
) ENGINE=InnoDB DEFAULT CHARSET=utf8mb4 COLLATE=utf8mb4_unicode_ci;

--
-- Dumping data for table `asset_insurances`
--


--
-- Table structure for table `asset_locations`
--

CREATE TABLE `asset_locations` (
  `id` char(36) COLLATE utf8mb4_unicode_ci NOT NULL,
  `organisation_id` char(36) COLLATE utf8mb4_unicode_ci NOT NULL,
  `name` varchar(255) COLLATE utf8mb4_unicode_ci NOT NULL,
  `address` varchar(255) COLLATE utf8mb4_unicode_ci DEFAULT NULL,
  `contact_person` varchar(255) COLLATE utf8mb4_unicode_ci DEFAULT NULL,
  `contact_phone` varchar(255) COLLATE utf8mb4_unicode_ci DEFAULT NULL,
  `created_at` timestamp NULL DEFAULT NULL,
  `updated_at` timestamp NULL DEFAULT NULL,
  PRIMARY KEY (`id`)
) ENGINE=InnoDB DEFAULT CHARSET=utf8mb4 COLLATE=utf8mb4_unicode_ci;

--
-- Dumping data for table `asset_locations`
--


--
-- Table structure for table `asset_maintenance_attachments`
--

CREATE TABLE `asset_maintenance_attachments` (
  `id` char(36) COLLATE utf8mb4_unicode_ci NOT NULL,
  `asset_maintenance_id` char(36) COLLATE utf8mb4_unicode_ci NOT NULL,
  `path` varchar(255) COLLATE utf8mb4_unicode_ci NOT NULL,
  `original_name` varchar(255) COLLATE utf8mb4_unicode_ci NOT NULL,
  `created_at` timestamp NULL DEFAULT NULL,
  `updated_at` timestamp NULL DEFAULT NULL,
  PRIMARY KEY (`id`),
  KEY `asset_maintenance_attachments_asset_maintenance_id_foreign` (`asset_maintenance_id`),
  CONSTRAINT `asset_maintenance_attachments_asset_maintenance_id_foreign` FOREIGN KEY (`asset_maintenance_id`) REFERENCES `asset_maintenances` (`id`) ON DELETE CASCADE
) ENGINE=InnoDB DEFAULT CHARSET=utf8mb4 COLLATE=utf8mb4_unicode_ci;

--
-- Dumping data for table `asset_maintenance_attachments`
--


--
-- Table structure for table `asset_maintenances`
--

CREATE TABLE `asset_maintenances` (
  `id` char(36) COLLATE utf8mb4_unicode_ci NOT NULL,
  `asset_id` char(36) COLLATE utf8mb4_unicode_ci NOT NULL,
  `start_date` date NOT NULL,
  `end_date` date DEFAULT NULL,
  `maintenance_type` enum('Preventive','Corrective','Scheduled') COLLATE utf8mb4_unicode_ci NOT NULL,
  `downtime_days` int NOT NULL,
  `description` varchar(255) COLLATE utf8mb4_unicode_ci NOT NULL,
  `cost` decimal(18,2) DEFAULT NULL,
  `service_provider_id` char(36) COLLATE utf8mb4_unicode_ci DEFAULT NULL,
  `checklist` json DEFAULT NULL,
  `status` enum('Pending','In Progress','Completed','Cancelled') COLLATE utf8mb4_unicode_ci NOT NULL DEFAULT 'Pending',
  `priority` enum('Low','Medium','High','Critical') COLLATE utf8mb4_unicode_ci NOT NULL DEFAULT 'Medium',
  `approved_by` char(36) COLLATE utf8mb4_unicode_ci DEFAULT NULL,
  `approved_at` timestamp NULL DEFAULT NULL,
  `approval_message` char(36) COLLATE utf8mb4_unicode_ci DEFAULT NULL,
  `registered_by` char(36) COLLATE utf8mb4_unicode_ci NOT NULL,
  `completion_notes` text COLLATE utf8mb4_unicode_ci,
  `is_recurring` tinyint(1) NOT NULL DEFAULT '0',
  `recurrence_pattern` varchar(255) COLLATE utf8mb4_unicode_ci DEFAULT NULL,
  `created_at` timestamp NULL DEFAULT NULL,
  `updated_at` timestamp NULL DEFAULT NULL,
  `deleted_at` timestamp NULL DEFAULT NULL,
  PRIMARY KEY (`id`),
  KEY `asset_maintenances_asset_id_foreign` (`asset_id`),
  KEY `asset_maintenances_service_provider_id_foreign` (`service_provider_id`),
  KEY `asset_maintenances_approved_by_foreign` (`approved_by`),
  KEY `asset_maintenances_registered_by_foreign` (`registered_by`),
  CONSTRAINT `asset_maintenances_approved_by_foreign` FOREIGN KEY (`approved_by`) REFERENCES `employees` (`id`) ON DELETE CASCADE,
  CONSTRAINT `asset_maintenances_asset_id_foreign` FOREIGN KEY (`asset_id`) REFERENCES `assets` (`id`) ON DELETE CASCADE,
  CONSTRAINT `asset_maintenances_registered_by_foreign` FOREIGN KEY (`registered_by`) REFERENCES `employees` (`id`) ON DELETE CASCADE,
  CONSTRAINT `asset_maintenances_service_provider_id_foreign` FOREIGN KEY (`service_provider_id`) REFERENCES `suppliers` (`id`) ON DELETE CASCADE
) ENGINE=InnoDB DEFAULT CHARSET=utf8mb4 COLLATE=utf8mb4_unicode_ci;

--
-- Dumping data for table `asset_maintenances`
--


--
-- Table structure for table `asset_movements`
--

CREATE TABLE `asset_movements` (
  `id` char(36) COLLATE utf8mb4_unicode_ci NOT NULL,
  `asset_id` char(36) COLLATE utf8mb4_unicode_ci NOT NULL,
  `from_location_id` char(36) COLLATE utf8mb4_unicode_ci DEFAULT NULL,
  `to_location_id` char(36) COLLATE utf8mb4_unicode_ci DEFAULT NULL,
  `from_assignment_id` char(36) COLLATE utf8mb4_unicode_ci DEFAULT NULL,
  `to_assignment_id` char(36) COLLATE utf8mb4_unicode_ci DEFAULT NULL,
  `movement_date` datetime NOT NULL,
  `actual_move_date` datetime DEFAULT NULL,
  `movement_type` enum('Transfer','Assignment','Return','Maintenance','Repair','Inventory','Disposal','Other') COLLATE utf8mb4_unicode_ci NOT NULL,
  `requested_by` char(36) COLLATE utf8mb4_unicode_ci DEFAULT NULL,
  `approved_by` char(36) COLLATE utf8mb4_unicode_ci DEFAULT NULL,
  `approved_at` timestamp NULL DEFAULT NULL,
  `status` enum('Pending','Approved','Completed','Rejected','Cancelled') COLLATE utf8mb4_unicode_ci NOT NULL DEFAULT 'Pending',
  `reference_number` varchar(255) COLLATE utf8mb4_unicode_ci DEFAULT NULL,
  `reason` text COLLATE utf8mb4_unicode_ci NOT NULL,
  `notes` text COLLATE utf8mb4_unicode_ci,
  `from_condition` text COLLATE utf8mb4_unicode_ci,
  `to_condition` text COLLATE utf8mb4_unicode_ci,
  `created_by` char(36) COLLATE utf8mb4_unicode_ci NOT NULL,
  `deleted_at` timestamp NULL DEFAULT NULL,
  `created_at` timestamp NULL DEFAULT NULL,
  `updated_at` timestamp NULL DEFAULT NULL,
  PRIMARY KEY (`id`),
  KEY `asset_movements_asset_id_foreign` (`asset_id`),
  KEY `asset_movements_from_location_id_foreign` (`from_location_id`),
  KEY `asset_movements_to_location_id_foreign` (`to_location_id`),
  KEY `asset_movements_from_assignment_id_foreign` (`from_assignment_id`),
  KEY `asset_movements_to_assignment_id_foreign` (`to_assignment_id`),
  KEY `asset_movements_requested_by_foreign` (`requested_by`),
  KEY `asset_movements_approved_by_foreign` (`approved_by`),
  KEY `asset_movements_created_by_foreign` (`created_by`),
  CONSTRAINT `asset_movements_approved_by_foreign` FOREIGN KEY (`approved_by`) REFERENCES `users` (`id`),
  CONSTRAINT `asset_movements_asset_id_foreign` FOREIGN KEY (`asset_id`) REFERENCES `assets` (`id`) ON DELETE CASCADE,
  CONSTRAINT `asset_movements_created_by_foreign` FOREIGN KEY (`created_by`) REFERENCES `users` (`id`),
  CONSTRAINT `asset_movements_from_assignment_id_foreign` FOREIGN KEY (`from_assignment_id`) REFERENCES `asset_assignments` (`id`),
  CONSTRAINT `asset_movements_from_location_id_foreign` FOREIGN KEY (`from_location_id`) REFERENCES `asset_locations` (`id`),
  CONSTRAINT `asset_movements_requested_by_foreign` FOREIGN KEY (`requested_by`) REFERENCES `users` (`id`),
  CONSTRAINT `asset_movements_to_assignment_id_foreign` FOREIGN KEY (`to_assignment_id`) REFERENCES `asset_assignments` (`id`),
  CONSTRAINT `asset_movements_to_location_id_foreign` FOREIGN KEY (`to_location_id`) REFERENCES `asset_locations` (`id`)
) ENGINE=InnoDB DEFAULT CHARSET=utf8mb4 COLLATE=utf8mb4_unicode_ci;

--
-- Dumping data for table `asset_movements`
--


--
-- Table structure for table `asset_payments`
--

CREATE TABLE `asset_payments` (
  `id` char(36) COLLATE utf8mb4_unicode_ci NOT NULL,
  `organisation_id` char(36) COLLATE utf8mb4_unicode_ci NOT NULL,
  `asset_id` char(36) COLLATE utf8mb4_unicode_ci NOT NULL,
  `amount` decimal(18,2) NOT NULL,
  `currency_id` char(36) COLLATE utf8mb4_unicode_ci NOT NULL,
  `transaction_date` date NOT NULL,
  `payment_method_id` char(36) COLLATE utf8mb4_unicode_ci NOT NULL,
  `narrative` text COLLATE utf8mb4_unicode_ci,
  `unique_id` char(36) COLLATE utf8mb4_unicode_ci NOT NULL,
  `created_by` char(36) COLLATE utf8mb4_unicode_ci DEFAULT NULL,
  `status` enum('active','reversed','canceled') COLLATE utf8mb4_unicode_ci NOT NULL DEFAULT 'active',
  `created_at` timestamp NULL DEFAULT NULL,
  `updated_at` timestamp NULL DEFAULT NULL,
  `deleted_at` timestamp NULL DEFAULT NULL,
  PRIMARY KEY (`id`),
  UNIQUE KEY `asset_payments_unique_id_unique` (`unique_id`),
  KEY `asset_payments_asset_id_foreign` (`asset_id`),
  KEY `asset_payments_organisation_id_foreign` (`organisation_id`),
  KEY `asset_payments_currency_id_foreign` (`currency_id`),
  KEY `asset_payments_payment_method_id_foreign` (`payment_method_id`),
  CONSTRAINT `asset_payments_asset_id_foreign` FOREIGN KEY (`asset_id`) REFERENCES `assets` (`id`) ON DELETE CASCADE,
  CONSTRAINT `asset_payments_currency_id_foreign` FOREIGN KEY (`currency_id`) REFERENCES `currencies` (`id`),
  CONSTRAINT `asset_payments_organisation_id_foreign` FOREIGN KEY (`organisation_id`) REFERENCES `organisations` (`id`) ON DELETE CASCADE,
  CONSTRAINT `asset_payments_payment_method_id_foreign` FOREIGN KEY (`payment_method_id`) REFERENCES `payment_methods` (`id`)
) ENGINE=InnoDB DEFAULT CHARSET=utf8mb4 COLLATE=utf8mb4_unicode_ci;

--
-- Dumping data for table `asset_payments`
--


--
-- Table structure for table `asset_rental_agreements`
--

CREATE TABLE `asset_rental_agreements` (
  `id` char(36) COLLATE utf8mb4_unicode_ci NOT NULL,
  `customer_id` char(36) COLLATE utf8mb4_unicode_ci NOT NULL,
  `contract_number` varchar(255) COLLATE utf8mb4_unicode_ci NOT NULL,
  `start_date` date NOT NULL,
  `end_date` date NOT NULL,
  `actual_return_date` date DEFAULT NULL,
  `status` enum('Reserved','Active','Completed','Cancelled','Overdue') COLLATE utf8mb4_unicode_ci NOT NULL DEFAULT 'Reserved',
  `total_amount` decimal(12,2) NOT NULL,
  `security_deposit` decimal(10,2) NOT NULL,
  `damage_waiver_fee` decimal(10,2) DEFAULT NULL,
  `terms_conditions` text COLLATE utf8mb4_unicode_ci NOT NULL,
  `special_instructions` text COLLATE utf8mb4_unicode_ci,
  `created_at` timestamp NULL DEFAULT NULL,
  `updated_at` timestamp NULL DEFAULT NULL,
  `deleted_at` timestamp NULL DEFAULT NULL,
  PRIMARY KEY (`id`),
  UNIQUE KEY `asset_rental_agreements_contract_number_unique` (`contract_number`),
  KEY `asset_rental_agreements_customer_id_foreign` (`customer_id`),
  CONSTRAINT `asset_rental_agreements_customer_id_foreign` FOREIGN KEY (`customer_id`) REFERENCES `rental_customers` (`id`) ON DELETE CASCADE
) ENGINE=InnoDB DEFAULT CHARSET=utf8mb4 COLLATE=utf8mb4_unicode_ci;

--
-- Dumping data for table `asset_rental_agreements`
--


--
-- Table structure for table `asset_transfers`
--

CREATE TABLE `asset_transfers` (
  `id` char(36) COLLATE utf8mb4_unicode_ci NOT NULL,
  `asset_id` char(36) COLLATE utf8mb4_unicode_ci NOT NULL,
  `from_contract_id` char(36) COLLATE utf8mb4_unicode_ci DEFAULT NULL,
  `to_contract_id` char(36) COLLATE utf8mb4_unicode_ci DEFAULT NULL,
  `transfer_date` date NOT NULL,
  `transfer_type` enum('New','Repossession','Upgrade','Disposal') COLLATE utf8mb4_unicode_ci NOT NULL,
  `notes` text COLLATE utf8mb4_unicode_ci,
  `created_at` timestamp NULL DEFAULT NULL,
  `updated_at` timestamp NULL DEFAULT NULL,
  `deleted_at` timestamp NULL DEFAULT NULL,
  PRIMARY KEY (`id`),
  KEY `asset_transfers_from_contract_id_foreign` (`from_contract_id`),
  KEY `asset_transfers_to_contract_id_foreign` (`to_contract_id`),
  KEY `asset_transfers_asset_id_foreign` (`asset_id`),
  CONSTRAINT `asset_transfers_asset_id_foreign` FOREIGN KEY (`asset_id`) REFERENCES `assets` (`id`) ON DELETE CASCADE,
  CONSTRAINT `asset_transfers_from_contract_id_foreign` FOREIGN KEY (`from_contract_id`) REFERENCES `financing_contracts` (`id`) ON DELETE CASCADE,
  CONSTRAINT `asset_transfers_to_contract_id_foreign` FOREIGN KEY (`to_contract_id`) REFERENCES `financing_contracts` (`id`) ON DELETE CASCADE
) ENGINE=InnoDB DEFAULT CHARSET=utf8mb4 COLLATE=utf8mb4_unicode_ci;

--
-- Dumping data for table `asset_transfers`
--


--
-- Table structure for table `asset_utilization`
--

CREATE TABLE `asset_utilization` (
  `id` char(36) COLLATE utf8mb4_unicode_ci NOT NULL,
  `asset_id` char(36) COLLATE utf8mb4_unicode_ci NOT NULL,
  `tracking_date` date NOT NULL,
  `days_rented` int NOT NULL,
  `days_maintenance` int NOT NULL,
  `days_available` int NOT NULL,
  `utilization_rate` decimal(5,2) NOT NULL,
  `revenue_generated` decimal(12,2) NOT NULL,
  `created_at` timestamp NULL DEFAULT NULL,
  `updated_at` timestamp NULL DEFAULT NULL,
  `deleted_at` timestamp NULL DEFAULT NULL,
  PRIMARY KEY (`id`),
  KEY `asset_utilization_asset_id_foreign` (`asset_id`),
  CONSTRAINT `asset_utilization_asset_id_foreign` FOREIGN KEY (`asset_id`) REFERENCES `assets` (`id`) ON DELETE CASCADE
) ENGINE=InnoDB DEFAULT CHARSET=utf8mb4 COLLATE=utf8mb4_unicode_ci;

--
-- Dumping data for table `asset_utilization`
--


--
-- Table structure for table `asset_valuations`
--

CREATE TABLE `asset_valuations` (
  `id` char(36) COLLATE utf8mb4_unicode_ci NOT NULL,
  `asset_id` char(36) COLLATE utf8mb4_unicode_ci NOT NULL,
  `valuation_date` date NOT NULL,
  `value` decimal(12,2) NOT NULL,
  `valued_by` varchar(255) COLLATE utf8mb4_unicode_ci NOT NULL,
  `valuation_notes` text COLLATE utf8mb4_unicode_ci,
  `created_at` timestamp NULL DEFAULT NULL,
  `updated_at` timestamp NULL DEFAULT NULL,
  `deleted_at` timestamp NULL DEFAULT NULL,
  PRIMARY KEY (`id`),
  KEY `asset_valuations_asset_id_foreign` (`asset_id`),
  CONSTRAINT `asset_valuations_asset_id_foreign` FOREIGN KEY (`asset_id`) REFERENCES `assets` (`id`) ON DELETE CASCADE
) ENGINE=InnoDB DEFAULT CHARSET=utf8mb4 COLLATE=utf8mb4_unicode_ci;

--
-- Dumping data for table `asset_valuations`
--


--
-- Table structure for table `assets`
--

CREATE TABLE `assets` (
  `id` char(36) COLLATE utf8mb4_unicode_ci NOT NULL,
  `organisation_id` char(36) COLLATE utf8mb4_unicode_ci NOT NULL,
  `name` varchar(255) COLLATE utf8mb4_unicode_ci NOT NULL,
  `identity_no` varchar(255) COLLATE utf8mb4_unicode_ci DEFAULT NULL,
  `asset_category_id` char(36) COLLATE utf8mb4_unicode_ci NOT NULL,
  `purchase_date` date NOT NULL,
  `purchase_cost` decimal(18,2) NOT NULL,
  `currency_id` char(36) COLLATE utf8mb4_unicode_ci DEFAULT NULL,
  `current_value` decimal(18,2) NOT NULL DEFAULT '0.00',
  `accumulated_depreciation` decimal(18,2) NOT NULL DEFAULT '0.00',
  `supplier` char(36) COLLATE utf8mb4_unicode_ci DEFAULT NULL,
  `date_put_to_use` date NOT NULL,
  `last_depreciation_date` date DEFAULT NULL,
  `last_appreciation_date` date DEFAULT NULL,
  `depreciation_method` enum('straight_line','declining_balance') COLLATE utf8mb4_unicode_ci NOT NULL DEFAULT 'straight_line',
  `depreciation_rate` decimal(5,2) NOT NULL DEFAULT '0.00',
  `appreciation_rate` int DEFAULT NULL,
  `depreciation_calculation_frequency` int DEFAULT NULL,
  `asset_account_id` bigint unsigned NOT NULL,
  `depreciation_account_id` bigint unsigned DEFAULT NULL,
  `depreciation_loss_account_id` bigint unsigned DEFAULT NULL,
  `depreciation_gain_account_id` bigint unsigned DEFAULT NULL,
  `appreciation_account_id` bigint unsigned DEFAULT NULL,
  `appreciation_loss_account_id` bigint unsigned DEFAULT NULL,
  `salvage_value` int DEFAULT NULL,
  `useful_life` int DEFAULT NULL,
  `description` varchar(255) COLLATE utf8mb4_unicode_ci DEFAULT NULL,
  `created_by` char(36) COLLATE utf8mb4_unicode_ci DEFAULT NULL,
  `modified_by` char(36) COLLATE utf8mb4_unicode_ci DEFAULT NULL,
  `branch_id` char(36) COLLATE utf8mb4_unicode_ci DEFAULT NULL,
  `warranty_expiry_date` date DEFAULT NULL,
  `status` enum('Available','Financed','Disposed','Under Maintenance') COLLATE utf8mb4_unicode_ci NOT NULL DEFAULT 'Available',
  `codification_number` varchar(255) COLLATE utf8mb4_unicode_ci DEFAULT NULL,
  `class` varchar(255) COLLATE utf8mb4_unicode_ci DEFAULT NULL,
  `building_cost` decimal(20,2) DEFAULT NULL,
  `condition` enum('Good','Fair','Poor','N/A') COLLATE utf8mb4_unicode_ci NOT NULL DEFAULT 'N/A',
  `remarks` enum('Good','Service','Un-Serviceable','N/A') COLLATE utf8mb4_unicode_ci NOT NULL DEFAULT 'N/A',
  `usage` enum('Warehouse','Office','Residential','Rent','Industry','N/A') COLLATE utf8mb4_unicode_ci NOT NULL DEFAULT 'N/A',
  `plot_number` varchar(255) COLLATE utf8mb4_unicode_ci DEFAULT NULL,
  `room_allocation` varchar(255) COLLATE utf8mb4_unicode_ci DEFAULT NULL,
  `region_id` char(36) COLLATE utf8mb4_unicode_ci DEFAULT NULL,
  `district_id` char(36) COLLATE utf8mb4_unicode_ci DEFAULT NULL,
  `acquistion_cost` decimal(20,2) DEFAULT NULL,
  `surveyed_status` varchar(255) COLLATE utf8mb4_unicode_ci DEFAULT NULL,
  `squire_meter` varchar(255) COLLATE utf8mb4_unicode_ci DEFAULT NULL,
  `titled_deed_number` varchar(255) COLLATE utf8mb4_unicode_ci DEFAULT NULL,
  `make` varchar(255) COLLATE utf8mb4_unicode_ci DEFAULT NULL,
  `body_type` varchar(255) COLLATE utf8mb4_unicode_ci DEFAULT NULL,
  `model` varchar(255) COLLATE utf8mb4_unicode_ci DEFAULT NULL,
  `engine_number` varchar(255) COLLATE utf8mb4_unicode_ci DEFAULT NULL,
  `chasis_number` varchar(255) COLLATE utf8mb4_unicode_ci DEFAULT NULL,
  `year_of_manufacture` int DEFAULT NULL,
  `created_at` timestamp NULL DEFAULT NULL,
  `updated_at` timestamp NULL DEFAULT NULL,
  `deleted_at` timestamp NULL DEFAULT NULL,
  PRIMARY KEY (`id`),
  KEY `assets_asset_account_id_foreign` (`asset_account_id`),
  KEY `assets_depreciation_account_id_foreign` (`depreciation_account_id`),
  KEY `assets_depreciation_loss_account_id_foreign` (`depreciation_loss_account_id`),
  KEY `assets_depreciation_gain_account_id_foreign` (`depreciation_gain_account_id`),
  KEY `assets_appreciation_account_id_foreign` (`appreciation_account_id`),
  KEY `assets_appreciation_loss_account_id_foreign` (`appreciation_loss_account_id`),
  KEY `assets_currency_id_foreign` (`currency_id`),
  KEY `assets_asset_category_id_foreign` (`asset_category_id`),
  KEY `assets_supplier_foreign` (`supplier`),
  KEY `assets_modified_by_foreign` (`modified_by`),
  KEY `assets_branch_id_foreign` (`branch_id`),
  KEY `assets_created_by_foreign` (`created_by`),
  CONSTRAINT `assets_appreciation_account_id_foreign` FOREIGN KEY (`appreciation_account_id`) REFERENCES `chart_of_accounts` (`id`),
  CONSTRAINT `assets_appreciation_loss_account_id_foreign` FOREIGN KEY (`appreciation_loss_account_id`) REFERENCES `chart_of_accounts` (`id`),
  CONSTRAINT `assets_asset_account_id_foreign` FOREIGN KEY (`asset_account_id`) REFERENCES `chart_of_accounts` (`id`),
  CONSTRAINT `assets_asset_category_id_foreign` FOREIGN KEY (`asset_category_id`) REFERENCES `asset_categories` (`id`) ON DELETE CASCADE,
  CONSTRAINT `assets_branch_id_foreign` FOREIGN KEY (`branch_id`) REFERENCES `branches` (`id`) ON DELETE CASCADE,
  CONSTRAINT `assets_created_by_foreign` FOREIGN KEY (`created_by`) REFERENCES `employees` (`id`) ON DELETE CASCADE,
  CONSTRAINT `assets_currency_id_foreign` FOREIGN KEY (`currency_id`) REFERENCES `currencies` (`id`) ON DELETE CASCADE,
  CONSTRAINT `assets_depreciation_account_id_foreign` FOREIGN KEY (`depreciation_account_id`) REFERENCES `chart_of_accounts` (`id`),
  CONSTRAINT `assets_depreciation_gain_account_id_foreign` FOREIGN KEY (`depreciation_gain_account_id`) REFERENCES `chart_of_accounts` (`id`),
  CONSTRAINT `assets_depreciation_loss_account_id_foreign` FOREIGN KEY (`depreciation_loss_account_id`) REFERENCES `chart_of_accounts` (`id`),
  CONSTRAINT `assets_modified_by_foreign` FOREIGN KEY (`modified_by`) REFERENCES `employees` (`id`) ON DELETE CASCADE,
  CONSTRAINT `assets_supplier_foreign` FOREIGN KEY (`supplier`) REFERENCES `suppliers` (`id`) ON DELETE CASCADE
) ENGINE=InnoDB DEFAULT CHARSET=utf8mb4 COLLATE=utf8mb4_unicode_ci;

--
-- Dumping data for table `assets`
--


--
-- Table structure for table `attendance_devices`
--

CREATE TABLE `attendance_devices` (
  `id` bigint unsigned NOT NULL AUTO_INCREMENT,
  `device_name` varchar(255) COLLATE utf8mb4_unicode_ci NOT NULL,
  `ip_address` varchar(255) COLLATE utf8mb4_unicode_ci DEFAULT NULL,
  `serial_number` varchar(255) COLLATE utf8mb4_unicode_ci DEFAULT NULL,
  `location` varchar(255) COLLATE utf8mb4_unicode_ci DEFAULT NULL,
  `created_at` timestamp NULL DEFAULT NULL,
  `updated_at` timestamp NULL DEFAULT NULL,
  PRIMARY KEY (`id`)
) ENGINE=InnoDB DEFAULT CHARSET=utf8mb4 COLLATE=utf8mb4_unicode_ci;

--
-- Dumping data for table `attendance_devices`
--


--
-- Table structure for table `attendance_records`
--

CREATE TABLE `attendance_records` (
  `id` char(36) COLLATE utf8mb4_unicode_ci NOT NULL,
  `organisation_id` char(36) COLLATE utf8mb4_unicode_ci NOT NULL,
  `employee_id` char(36) COLLATE utf8mb4_unicode_ci NOT NULL,
  `date` date NOT NULL,
  `status` enum('Present','Absent','Late','On Leave') COLLATE utf8mb4_unicode_ci NOT NULL DEFAULT 'Present',
  `created_at` timestamp NULL DEFAULT NULL,
  `updated_at` timestamp NULL DEFAULT NULL,
  PRIMARY KEY (`id`),
  KEY `attendance_records_employee_id_foreign` (`employee_id`),
  CONSTRAINT `attendance_records_employee_id_foreign` FOREIGN KEY (`employee_id`) REFERENCES `employees` (`id`) ON DELETE CASCADE
) ENGINE=InnoDB DEFAULT CHARSET=utf8mb4 COLLATE=utf8mb4_unicode_ci;

--
-- Dumping data for table `attendance_records`
--


--
-- Table structure for table `attendances`
--

CREATE TABLE `attendances` (
  `id` char(36) COLLATE utf8mb4_unicode_ci NOT NULL,
  `organisation_id` char(36) COLLATE utf8mb4_unicode_ci NOT NULL,
  `employee_id` char(36) COLLATE utf8mb4_unicode_ci NOT NULL,
  `biometric_user_id` varchar(255) COLLATE utf8mb4_unicode_ci DEFAULT NULL,
  `device_id` varchar(255) COLLATE utf8mb4_unicode_ci DEFAULT NULL,
  `attendance_date` date NOT NULL,
  `type` enum('check-in','check-out') COLLATE utf8mb4_unicode_ci DEFAULT NULL,
  `source` enum('biometric','web','app') COLLATE utf8mb4_unicode_ci DEFAULT NULL,
  `timestamp` timestamp NOT NULL,
  `hours_worked` decimal(5,2) DEFAULT NULL,
  `overtime_hours` decimal(8,2) NOT NULL DEFAULT '0.00',
  `overtime_amount` decimal(15,2) NOT NULL DEFAULT '0.00',
  `created_at` timestamp NULL DEFAULT NULL,
  `updated_at` timestamp NULL DEFAULT NULL,
  PRIMARY KEY (`id`),
  KEY `attendances_employee_id_foreign` (`employee_id`),
  CONSTRAINT `attendances_employee_id_foreign` FOREIGN KEY (`employee_id`) REFERENCES `employees` (`id`) ON DELETE CASCADE
) ENGINE=InnoDB DEFAULT CHARSET=utf8mb4 COLLATE=utf8mb4_unicode_ci;

--
-- Dumping data for table `attendances`
--


--
-- Table structure for table `attribute_values`
--

CREATE TABLE `attribute_values` (
  `id` char(36) COLLATE utf8mb4_unicode_ci NOT NULL,
  `attribute_id` char(36) COLLATE utf8mb4_unicode_ci NOT NULL,
  `value` varchar(255) COLLATE utf8mb4_unicode_ci NOT NULL,
  `created_at` timestamp NULL DEFAULT NULL,
  `updated_at` timestamp NULL DEFAULT NULL,
  `deleted_at` timestamp NULL DEFAULT NULL,
  PRIMARY KEY (`id`)
) ENGINE=InnoDB DEFAULT CHARSET=utf8mb4 COLLATE=utf8mb4_unicode_ci;

--
-- Dumping data for table `attribute_values`
--


--
-- Table structure for table `attributes`
--

CREATE TABLE `attributes` (
  `id` char(36) COLLATE utf8mb4_unicode_ci NOT NULL,
  `organisation_id` char(36) COLLATE utf8mb4_unicode_ci NOT NULL,
  `name` varchar(255) COLLATE utf8mb4_unicode_ci NOT NULL,
  `created_at` timestamp NULL DEFAULT NULL,
  `updated_at` timestamp NULL DEFAULT NULL,
  `deleted_at` timestamp NULL DEFAULT NULL,
  PRIMARY KEY (`id`)
) ENGINE=InnoDB DEFAULT CHARSET=utf8mb4 COLLATE=utf8mb4_unicode_ci;

--
-- Dumping data for table `attributes`
--


--
-- Table structure for table `audit_logs`
--

CREATE TABLE `audit_logs` (
  `id` char(36) COLLATE utf8mb4_unicode_ci NOT NULL,
  `user_id` char(36) COLLATE utf8mb4_unicode_ci DEFAULT NULL,
  `action` varchar(255) COLLATE utf8mb4_unicode_ci NOT NULL,
  `model_type` varchar(255) COLLATE utf8mb4_unicode_ci NOT NULL,
  `model_id` char(36) COLLATE utf8mb4_unicode_ci NOT NULL,
  `old_values` json DEFAULT NULL,
  `new_values` json DEFAULT NULL,
  `ip_address` varchar(45) COLLATE utf8mb4_unicode_ci DEFAULT NULL,
  `user_agent` varchar(255) COLLATE utf8mb4_unicode_ci DEFAULT NULL,
  `created_at` timestamp NULL DEFAULT NULL,
  `updated_at` timestamp NULL DEFAULT NULL,
  PRIMARY KEY (`id`),
  KEY `audit_logs_model_type_model_id_index` (`model_type`,`model_id`)
) ENGINE=InnoDB DEFAULT CHARSET=utf8mb4 COLLATE=utf8mb4_unicode_ci;

--
-- Dumping data for table `audit_logs`
--


--
-- Table structure for table `bank_accounts`
--

CREATE TABLE `bank_accounts` (
  `id` char(36) COLLATE utf8mb4_unicode_ci NOT NULL,
  `organisation_id` char(36) COLLATE utf8mb4_unicode_ci NOT NULL,
  `bank_id` char(36) COLLATE utf8mb4_unicode_ci DEFAULT NULL,
  `bank_branch_id` char(36) COLLATE utf8mb4_unicode_ci DEFAULT NULL,
  `chart_of_account_id` bigint unsigned NOT NULL,
  `name` varchar(255) COLLATE utf8mb4_unicode_ci NOT NULL,
  `account_no` varchar(255) COLLATE utf8mb4_unicode_ci NOT NULL,
  `branch_code` varchar(255) COLLATE utf8mb4_unicode_ci DEFAULT NULL,
  `swift_code` varchar(255) COLLATE utf8mb4_unicode_ci DEFAULT NULL,
  `description` varchar(255) COLLATE utf8mb4_unicode_ci DEFAULT NULL,
  `currency_id` char(36) COLLATE utf8mb4_unicode_ci DEFAULT NULL,
  `exchange_rate` decimal(15,6) NOT NULL DEFAULT '1.000000',
  `created_at` timestamp NULL DEFAULT NULL,
  `updated_at` timestamp NULL DEFAULT NULL,
  `deleted_at` timestamp NULL DEFAULT NULL,
  PRIMARY KEY (`id`),
  UNIQUE KEY `bank_accounts_account_no_unique` (`account_no`),
  KEY `bank_accounts_chart_of_account_id_foreign` (`chart_of_account_id`),
  KEY `bank_accounts_currency_id_foreign` (`currency_id`),
  KEY `bank_accounts_bank_branch_id_foreign` (`bank_branch_id`),
  KEY `bank_accounts_bank_id_foreign` (`bank_id`),
  KEY `bank_accounts_organisation_id_account_no_index` (`organisation_id`,`account_no`),
  CONSTRAINT `bank_accounts_bank_branch_id_foreign` FOREIGN KEY (`bank_branch_id`) REFERENCES `bank_branches` (`id`) ON DELETE CASCADE,
  CONSTRAINT `bank_accounts_bank_id_foreign` FOREIGN KEY (`bank_id`) REFERENCES `banks` (`id`) ON DELETE CASCADE,
  CONSTRAINT `bank_accounts_chart_of_account_id_foreign` FOREIGN KEY (`chart_of_account_id`) REFERENCES `chart_of_accounts` (`id`) ON DELETE CASCADE,
  CONSTRAINT `bank_accounts_currency_id_foreign` FOREIGN KEY (`currency_id`) REFERENCES `currencies` (`id`) ON DELETE CASCADE,
  CONSTRAINT `bank_accounts_organisation_id_foreign` FOREIGN KEY (`organisation_id`) REFERENCES `organisations` (`id`) ON DELETE CASCADE
) ENGINE=InnoDB DEFAULT CHARSET=utf8mb4 COLLATE=utf8mb4_unicode_ci;

--
-- Dumping data for table `bank_accounts`
--


--
-- Table structure for table `bank_branches`
--

CREATE TABLE `bank_branches` (
  `id` char(36) COLLATE utf8mb4_unicode_ci NOT NULL,
  `bank_id` char(36) COLLATE utf8mb4_unicode_ci NOT NULL,
  `name` varchar(255) COLLATE utf8mb4_unicode_ci NOT NULL,
  `contact_person` varchar(255) COLLATE utf8mb4_unicode_ci DEFAULT NULL,
  `contact_phone` varchar(255) COLLATE utf8mb4_unicode_ci DEFAULT NULL,
  `created_at` timestamp NULL DEFAULT NULL,
  `updated_at` timestamp NULL DEFAULT NULL,
  `deleted_at` timestamp NULL DEFAULT NULL,
  PRIMARY KEY (`id`),
  UNIQUE KEY `bank_branches_bank_id_name_unique` (`bank_id`,`name`),
  CONSTRAINT `bank_branches_bank_id_foreign` FOREIGN KEY (`bank_id`) REFERENCES `banks` (`id`) ON DELETE CASCADE
) ENGINE=InnoDB DEFAULT CHARSET=utf8mb4 COLLATE=utf8mb4_unicode_ci;

--
-- Dumping data for table `bank_branches`
--


--
-- Table structure for table `bank_statement_column_mappings`
--

CREATE TABLE `bank_statement_column_mappings` (
  `id` char(36) COLLATE utf8mb4_unicode_ci NOT NULL,
  `bank_id` char(36) COLLATE utf8mb4_unicode_ci NOT NULL,
  `transaction_date_col` varchar(255) COLLATE utf8mb4_unicode_ci DEFAULT NULL,
  `reference_col` varchar(255) COLLATE utf8mb4_unicode_ci DEFAULT NULL,
  `description_col` varchar(255) COLLATE utf8mb4_unicode_ci DEFAULT NULL,
  `debit_col` varchar(255) COLLATE utf8mb4_unicode_ci DEFAULT NULL,
  `credit_col` varchar(255) COLLATE utf8mb4_unicode_ci DEFAULT NULL,
  `balance_col` varchar(255) COLLATE utf8mb4_unicode_ci DEFAULT NULL,
  `created_at` timestamp NULL DEFAULT NULL,
  `updated_at` timestamp NULL DEFAULT NULL,
  `deleted_at` timestamp NULL DEFAULT NULL,
  PRIMARY KEY (`id`),
  KEY `bank_statement_column_mappings_bank_id_foreign` (`bank_id`),
  CONSTRAINT `bank_statement_column_mappings_bank_id_foreign` FOREIGN KEY (`bank_id`) REFERENCES `banks` (`id`) ON DELETE CASCADE
) ENGINE=InnoDB DEFAULT CHARSET=utf8mb4 COLLATE=utf8mb4_unicode_ci;

--
-- Dumping data for table `bank_statement_column_mappings`
--


--
-- Table structure for table `bank_statements`
--

CREATE TABLE `bank_statements` (
  `id` char(36) COLLATE utf8mb4_unicode_ci NOT NULL,
  `organisation_id` char(36) COLLATE utf8mb4_unicode_ci NOT NULL,
  `bank_account_id` char(36) COLLATE utf8mb4_unicode_ci NOT NULL,
  `statement_reference` varchar(255) COLLATE utf8mb4_unicode_ci DEFAULT NULL,
  `statement_date` date NOT NULL,
  `start_date` date NOT NULL,
  `end_date` date NOT NULL,
  `opening_balance` decimal(15,2) NOT NULL,
  `closing_balance` decimal(15,2) NOT NULL,
  `total_credits` decimal(15,2) NOT NULL DEFAULT '0.00',
  `total_debits` decimal(15,2) NOT NULL DEFAULT '0.00',
  `file_path` varchar(255) COLLATE utf8mb4_unicode_ci DEFAULT NULL,
  `file_id` char(36) COLLATE utf8mb4_unicode_ci DEFAULT NULL,
  `notes` text COLLATE utf8mb4_unicode_ci,
  `statement_period` varchar(255) COLLATE utf8mb4_unicode_ci GENERATED ALWAYS AS (concat(`start_date`,_utf8mb4' to ',`end_date`)) VIRTUAL,
  `version` int NOT NULL DEFAULT '1',
  `previous_version_id` char(36) COLLATE utf8mb4_unicode_ci DEFAULT NULL,
  `uploaded_by` char(36) COLLATE utf8mb4_unicode_ci NOT NULL,
  `created_at` timestamp NULL DEFAULT NULL,
  `updated_at` timestamp NULL DEFAULT NULL,
  `deleted_at` timestamp NULL DEFAULT NULL,
  PRIMARY KEY (`id`),
  UNIQUE KEY `bank_statements_bank_account_id_version_unique` (`bank_account_id`,`version`),
  KEY `bank_statements_file_id_foreign` (`file_id`),
  KEY `bank_statements_uploaded_by_foreign` (`uploaded_by`),
  KEY `bank_statements_bank_account_id_statement_date_index` (`bank_account_id`,`statement_date`),
  KEY `bank_statements_bank_account_id_end_date_index` (`bank_account_id`,`end_date`),
  KEY `bank_statements_organisation_id_statement_date_index` (`organisation_id`,`statement_date`),
  CONSTRAINT `bank_statements_bank_account_id_foreign` FOREIGN KEY (`bank_account_id`) REFERENCES `bank_accounts` (`id`) ON DELETE CASCADE,
  CONSTRAINT `bank_statements_file_id_foreign` FOREIGN KEY (`file_id`) REFERENCES `files` (`id`) ON DELETE CASCADE,
  CONSTRAINT `bank_statements_organisation_id_foreign` FOREIGN KEY (`organisation_id`) REFERENCES `organisations` (`id`) ON DELETE CASCADE,
  CONSTRAINT `bank_statements_uploaded_by_foreign` FOREIGN KEY (`uploaded_by`) REFERENCES `employees` (`id`) ON DELETE CASCADE
) ENGINE=InnoDB DEFAULT CHARSET=utf8mb4 COLLATE=utf8mb4_unicode_ci;

--
-- Dumping data for table `bank_statements`
--


--
-- Table structure for table `bank_transactions`
--

CREATE TABLE `bank_transactions` (
  `id` char(36) COLLATE utf8mb4_unicode_ci NOT NULL,
  `organisation_id` char(36) COLLATE utf8mb4_unicode_ci NOT NULL,
  `bank_statement_id` char(36) COLLATE utf8mb4_unicode_ci NOT NULL,
  `transaction_date` date NOT NULL,
  `reference_number` varchar(255) COLLATE utf8mb4_unicode_ci DEFAULT NULL,
  `narration` varchar(255) COLLATE utf8mb4_unicode_ci DEFAULT NULL,
  `debit` decimal(15,2) NOT NULL DEFAULT '0.00',
  `credit` decimal(15,2) NOT NULL DEFAULT '0.00',
  `balance` decimal(15,2) DEFAULT NULL,
  `journal_transaction_id` char(36) COLLATE utf8mb4_unicode_ci DEFAULT NULL,
  `is_reconciled` tinyint(1) NOT NULL DEFAULT '0',
  `reconciled_by` char(36) COLLATE utf8mb4_unicode_ci DEFAULT NULL,
  `reconciled_at` timestamp NULL DEFAULT NULL,
  `created_at` timestamp NULL DEFAULT NULL,
  `updated_at` timestamp NULL DEFAULT NULL,
  `deleted_at` timestamp NULL DEFAULT NULL,
  PRIMARY KEY (`id`),
  KEY `bank_transactions_bank_statement_id_foreign` (`bank_statement_id`),
  KEY `bank_transactions_journal_transaction_id_foreign` (`journal_transaction_id`),
  KEY `bank_transactions_transaction_date_bank_statement_id_index` (`transaction_date`,`bank_statement_id`),
  KEY `bank_transactions_reference_number_index` (`reference_number`),
  CONSTRAINT `bank_transactions_bank_statement_id_foreign` FOREIGN KEY (`bank_statement_id`) REFERENCES `bank_statements` (`id`) ON DELETE CASCADE,
  CONSTRAINT `bank_transactions_journal_transaction_id_foreign` FOREIGN KEY (`journal_transaction_id`) REFERENCES `journal_transactions` (`id`) ON DELETE CASCADE
) ENGINE=InnoDB DEFAULT CHARSET=utf8mb4 COLLATE=utf8mb4_unicode_ci;

--
-- Dumping data for table `bank_transactions`
--


--
-- Table structure for table `banks`
--

CREATE TABLE `banks` (
  `id` char(36) COLLATE utf8mb4_unicode_ci NOT NULL,
  `organisation_id` char(36) COLLATE utf8mb4_unicode_ci NOT NULL,
  `name` varchar(255) COLLATE utf8mb4_unicode_ci NOT NULL,
  `email` varchar(255) COLLATE utf8mb4_unicode_ci DEFAULT NULL,
  `description` varchar(255) COLLATE utf8mb4_unicode_ci DEFAULT NULL,
  `created_at` timestamp NULL DEFAULT NULL,
  `updated_at` timestamp NULL DEFAULT NULL,
  `deleted_at` timestamp NULL DEFAULT NULL,
  PRIMARY KEY (`id`)
) ENGINE=InnoDB DEFAULT CHARSET=utf8mb4 COLLATE=utf8mb4_unicode_ci;

--
-- Dumping data for table `banks`
--


--
-- Table structure for table `batch_dependencies`
--

CREATE TABLE `batch_dependencies` (
  `id` char(36) COLLATE utf8mb4_unicode_ci NOT NULL,
  `parent_batch_id` char(36) COLLATE utf8mb4_unicode_ci NOT NULL,
  `child_batch_id` char(36) COLLATE utf8mb4_unicode_ci NOT NULL,
  `quantity_used` decimal(15,3) NOT NULL,
  `uom_id` char(36) COLLATE utf8mb4_unicode_ci NOT NULL,
  `created_at` timestamp NULL DEFAULT NULL,
  `updated_at` timestamp NULL DEFAULT NULL,
  `deleted_at` timestamp NULL DEFAULT NULL,
  PRIMARY KEY (`id`),
  KEY `batch_dependencies_parent_batch_id_foreign` (`parent_batch_id`),
  KEY `batch_dependencies_child_batch_id_foreign` (`child_batch_id`),
  KEY `batch_dependencies_uom_id_foreign` (`uom_id`),
  CONSTRAINT `batch_dependencies_child_batch_id_foreign` FOREIGN KEY (`child_batch_id`) REFERENCES `production_batches` (`id`) ON DELETE CASCADE,
  CONSTRAINT `batch_dependencies_parent_batch_id_foreign` FOREIGN KEY (`parent_batch_id`) REFERENCES `production_batches` (`id`) ON DELETE CASCADE,
  CONSTRAINT `batch_dependencies_uom_id_foreign` FOREIGN KEY (`uom_id`) REFERENCES `unit_of_measures` (`id`)
) ENGINE=InnoDB DEFAULT CHARSET=utf8mb4 COLLATE=utf8mb4_unicode_ci;

--
-- Dumping data for table `batch_dependencies`
--


--
-- Table structure for table `batch_material_usages`
--

CREATE TABLE `batch_material_usages` (
  `id` char(36) COLLATE utf8mb4_unicode_ci NOT NULL,
  `batch_id` char(36) COLLATE utf8mb4_unicode_ci NOT NULL,
  `material_request_item_id` char(36) COLLATE utf8mb4_unicode_ci DEFAULT NULL,
  `item_id` char(36) COLLATE utf8mb4_unicode_ci NOT NULL,
  `uom_id` char(36) COLLATE utf8mb4_unicode_ci NOT NULL,
  `unit_cost` decimal(15,2) NOT NULL DEFAULT '0.00',
  `qty_issued` decimal(15,3) NOT NULL,
  `qty_returned` decimal(15,3) NOT NULL DEFAULT '0.000',
  `qty_used` decimal(15,3) GENERATED ALWAYS AS ((`qty_issued` - `qty_returned`)) STORED,
  `unique_id` varchar(255) COLLATE utf8mb4_unicode_ci DEFAULT NULL,
  `created_at` timestamp NULL DEFAULT NULL,
  `updated_at` timestamp NULL DEFAULT NULL,
  `deleted_at` timestamp NULL DEFAULT NULL,
  PRIMARY KEY (`id`),
  KEY `batch_material_usages_batch_id_foreign` (`batch_id`),
  KEY `batch_material_usages_material_request_item_id_foreign` (`material_request_item_id`),
  KEY `batch_material_usages_item_id_foreign` (`item_id`),
  KEY `batch_material_usages_uom_id_foreign` (`uom_id`),
  CONSTRAINT `batch_material_usages_batch_id_foreign` FOREIGN KEY (`batch_id`) REFERENCES `production_batches` (`id`) ON DELETE CASCADE,
  CONSTRAINT `batch_material_usages_item_id_foreign` FOREIGN KEY (`item_id`) REFERENCES `items` (`id`),
  CONSTRAINT `batch_material_usages_material_request_item_id_foreign` FOREIGN KEY (`material_request_item_id`) REFERENCES `material_request_items` (`id`) ON DELETE SET NULL,
  CONSTRAINT `batch_material_usages_uom_id_foreign` FOREIGN KEY (`uom_id`) REFERENCES `unit_of_measures` (`id`)
) ENGINE=InnoDB DEFAULT CHARSET=utf8mb4 COLLATE=utf8mb4_unicode_ci;

--
-- Dumping data for table `batch_material_usages`
--


--
-- Table structure for table `bill_of_material_items`
--

CREATE TABLE `bill_of_material_items` (
  `id` char(36) COLLATE utf8mb4_unicode_ci NOT NULL,
  `bom_id` char(36) COLLATE utf8mb4_unicode_ci NOT NULL,
  `item_id` char(36) COLLATE utf8mb4_unicode_ci NOT NULL,
  `uom_id` char(36) COLLATE utf8mb4_unicode_ci NOT NULL,
  `quantity` decimal(15,3) NOT NULL,
  `created_at` timestamp NULL DEFAULT NULL,
  `updated_at` timestamp NULL DEFAULT NULL,
  `deleted_at` timestamp NULL DEFAULT NULL,
  PRIMARY KEY (`id`),
  KEY `bill_of_material_items_bom_id_foreign` (`bom_id`),
  KEY `bill_of_material_items_item_id_foreign` (`item_id`),
  KEY `bill_of_material_items_uom_id_foreign` (`uom_id`),
  CONSTRAINT `bill_of_material_items_bom_id_foreign` FOREIGN KEY (`bom_id`) REFERENCES `bill_of_materials` (`id`) ON DELETE CASCADE,
  CONSTRAINT `bill_of_material_items_item_id_foreign` FOREIGN KEY (`item_id`) REFERENCES `items` (`id`),
  CONSTRAINT `bill_of_material_items_uom_id_foreign` FOREIGN KEY (`uom_id`) REFERENCES `unit_of_measures` (`id`)
) ENGINE=InnoDB DEFAULT CHARSET=utf8mb4 COLLATE=utf8mb4_unicode_ci;

--
-- Dumping data for table `bill_of_material_items`
--


--
-- Table structure for table `bill_of_materials`
--

CREATE TABLE `bill_of_materials` (
  `id` char(36) COLLATE utf8mb4_unicode_ci NOT NULL,
  `organisation_id` char(36) COLLATE utf8mb4_unicode_ci NOT NULL,
  `item_id` char(36) COLLATE utf8mb4_unicode_ci NOT NULL,
  `version` varchar(255) COLLATE utf8mb4_unicode_ci NOT NULL DEFAULT '1.0',
  `reference` varchar(255) COLLATE utf8mb4_unicode_ci DEFAULT NULL,
  `created_at` timestamp NULL DEFAULT NULL,
  `updated_at` timestamp NULL DEFAULT NULL,
  `deleted_at` timestamp NULL DEFAULT NULL,
  PRIMARY KEY (`id`),
  KEY `bill_of_materials_organisation_id_foreign` (`organisation_id`),
  KEY `bill_of_materials_item_id_foreign` (`item_id`),
  CONSTRAINT `bill_of_materials_item_id_foreign` FOREIGN KEY (`item_id`) REFERENCES `items` (`id`),
  CONSTRAINT `bill_of_materials_organisation_id_foreign` FOREIGN KEY (`organisation_id`) REFERENCES `organisations` (`id`)
) ENGINE=InnoDB DEFAULT CHARSET=utf8mb4 COLLATE=utf8mb4_unicode_ci;

--
-- Dumping data for table `bill_of_materials`
--


--
-- Table structure for table `billing_cycles`
--

CREATE TABLE `billing_cycles` (
  `id` char(36) COLLATE utf8mb4_unicode_ci NOT NULL,
  `name` varchar(255) COLLATE utf8mb4_unicode_ci NOT NULL,
  `description` text COLLATE utf8mb4_unicode_ci,
  `created_at` timestamp NULL DEFAULT NULL,
  `updated_at` timestamp NULL DEFAULT NULL,
  PRIMARY KEY (`id`)
) ENGINE=InnoDB DEFAULT CHARSET=utf8mb4 COLLATE=utf8mb4_unicode_ci;

--
-- Dumping data for table `billing_cycles`
--


--
-- Table structure for table `billing_terms`
--

CREATE TABLE `billing_terms` (
  `id` char(36) COLLATE utf8mb4_unicode_ci NOT NULL,
  `organisation_id` char(36) COLLATE utf8mb4_unicode_ci NOT NULL,
  `contract_id` char(36) COLLATE utf8mb4_unicode_ci NOT NULL,
  `job_order_id` char(36) COLLATE utf8mb4_unicode_ci DEFAULT NULL,
  `currency_id` char(36) COLLATE utf8mb4_unicode_ci NOT NULL,
  `billing_type` enum('hourly','daily','weekly','monthly','fixed-fee','contingency') COLLATE utf8mb4_unicode_ci NOT NULL DEFAULT 'hourly',
  `rate` decimal(12,2) NOT NULL,
  `payment_due_days` int NOT NULL DEFAULT '30',
  `fee_percentage` decimal(5,2) DEFAULT NULL,
  `min_fee` decimal(12,2) DEFAULT NULL,
  `max_fee` decimal(12,2) DEFAULT NULL,
  `expenses_billable` tinyint(1) NOT NULL DEFAULT '1',
  `expense_markup_percentage` decimal(5,2) DEFAULT NULL,
  `discount_type` enum('percentage','fixed') COLLATE utf8mb4_unicode_ci DEFAULT NULL,
  `discount_amount` decimal(12,2) DEFAULT NULL,
  `notes` text COLLATE utf8mb4_unicode_ci,
  `created_at` timestamp NULL DEFAULT NULL,
  `updated_at` timestamp NULL DEFAULT NULL,
  `deleted_at` timestamp NULL DEFAULT NULL,
  PRIMARY KEY (`id`),
  KEY `billing_terms_contract_id_foreign` (`contract_id`),
  KEY `billing_terms_job_order_id_foreign` (`job_order_id`),
  KEY `billing_terms_currency_id_foreign` (`currency_id`),
  CONSTRAINT `billing_terms_contract_id_foreign` FOREIGN KEY (`contract_id`) REFERENCES `contract_terms` (`id`) ON DELETE CASCADE,
  CONSTRAINT `billing_terms_currency_id_foreign` FOREIGN KEY (`currency_id`) REFERENCES `currencies` (`id`) ON DELETE CASCADE,
  CONSTRAINT `billing_terms_job_order_id_foreign` FOREIGN KEY (`job_order_id`) REFERENCES `job_orders` (`id`) ON DELETE SET NULL
) ENGINE=InnoDB DEFAULT CHARSET=utf8mb4 COLLATE=utf8mb4_unicode_ci;

--
-- Dumping data for table `billing_terms`
--


--
-- Table structure for table `branches`
--

CREATE TABLE `branches` (
  `id` char(36) COLLATE utf8mb4_unicode_ci NOT NULL,
  `name` varchar(255) COLLATE utf8mb4_unicode_ci NOT NULL,
  `code` varchar(255) COLLATE utf8mb4_unicode_ci NOT NULL,
  `phone_number` varchar(255) COLLATE utf8mb4_unicode_ci DEFAULT NULL,
  `postal_address` varchar(255) COLLATE utf8mb4_unicode_ci DEFAULT NULL,
  `email` varchar(255) COLLATE utf8mb4_unicode_ci NOT NULL,
  `country_id` char(36) COLLATE utf8mb4_unicode_ci DEFAULT NULL,
  `organisation_id` char(36) COLLATE utf8mb4_unicode_ci NOT NULL,
  `timezone` varchar(255) COLLATE utf8mb4_unicode_ci NOT NULL DEFAULT 'EAT — Eastern Africa Time',
  `currency` varchar(255) COLLATE utf8mb4_unicode_ci DEFAULT NULL,
  `created_at` timestamp NULL DEFAULT NULL,
  `updated_at` timestamp NULL DEFAULT NULL,
  `deleted_at` timestamp NULL DEFAULT NULL,
  PRIMARY KEY (`id`),
  KEY `branches_organisation_id_foreign` (`organisation_id`),
  CONSTRAINT `branches_organisation_id_foreign` FOREIGN KEY (`organisation_id`) REFERENCES `organisations` (`id`) ON DELETE CASCADE
) ENGINE=InnoDB DEFAULT CHARSET=utf8mb4 COLLATE=utf8mb4_unicode_ci;

--
-- Dumping data for table `branches`
--


--
-- Table structure for table `brands`
--

CREATE TABLE `brands` (
  `id` char(36) COLLATE utf8mb4_unicode_ci NOT NULL,
  `name` varchar(255) COLLATE utf8mb4_unicode_ci NOT NULL,
  `logo` varchar(255) COLLATE utf8mb4_unicode_ci DEFAULT NULL,
  `created_at` timestamp NULL DEFAULT NULL,
  `updated_at` timestamp NULL DEFAULT NULL,
  PRIMARY KEY (`id`)
) ENGINE=InnoDB DEFAULT CHARSET=utf8mb4 COLLATE=utf8mb4_unicode_ci;

--
-- Dumping data for table `brands`
--


--
-- Table structure for table `budget_allocations`
--

CREATE TABLE `budget_allocations` (
  `id` char(36) COLLATE utf8mb4_unicode_ci NOT NULL,
  `budget_id` char(36) COLLATE utf8mb4_unicode_ci NOT NULL,
  `account_category_id` bigint unsigned NOT NULL,
  `allocated_amount` decimal(20,2) NOT NULL DEFAULT '0.00',
  `committed_amount` decimal(20,2) NOT NULL DEFAULT '0.00',
  `spent_amount` decimal(20,2) NOT NULL DEFAULT '0.00',
  `remaining_amount` decimal(20,2) GENERATED ALWAYS AS ((`allocated_amount` - `spent_amount`)) STORED,
  `description` varchar(255) COLLATE utf8mb4_unicode_ci DEFAULT NULL,
  `created_at` timestamp NULL DEFAULT NULL,
  `updated_at` timestamp NULL DEFAULT NULL,
  `deleted_at` timestamp NULL DEFAULT NULL,
  PRIMARY KEY (`id`),
  KEY `budget_allocations_account_category_id_foreign` (`account_category_id`),
  KEY `budget_allocations_budget_id_index` (`budget_id`),
  CONSTRAINT `budget_allocations_account_category_id_foreign` FOREIGN KEY (`account_category_id`) REFERENCES `account_sub_categories` (`id`),
  CONSTRAINT `budget_allocations_budget_id_foreign` FOREIGN KEY (`budget_id`) REFERENCES `budgets` (`id`) ON DELETE CASCADE
) ENGINE=InnoDB DEFAULT CHARSET=utf8mb4 COLLATE=utf8mb4_unicode_ci;

--
-- Dumping data for table `budget_allocations`
--

INSERT INTO `budget_allocations` (`id`, `budget_id`, `account_category_id`, `allocated_amount`, `committed_amount`, `spent_amount`, `description`, `created_at`, `updated_at`, `deleted_at`) VALUES ('1229298b-6421-4cb6-a264-56ca4df5ff53','e78e7024-ab8d-4c2f-b968-e5e1fad6e026',37,196126000.00,0.00,0.00,NULL,'2026-03-23 15:57:27','2026-03-23 15:57:27',NULL),('139bf9fd-863c-443a-a5b2-90ea6a9d88bf','8207baab-5099-4299-b200-b0ad45b05097',35,200000.00,0.00,0.00,NULL,'2026-03-17 10:10:41','2026-03-17 10:40:23','2026-03-17 10:40:23'),('27cca90f-277e-468d-b1b0-53f20960ab17','e78e7024-ab8d-4c2f-b968-e5e1fad6e026',29,697000000.00,0.00,0.00,NULL,'2026-03-17 10:44:45','2026-03-23 15:53:41','2026-03-23 15:53:41'),('2bc307e8-8012-484d-93be-fed219529bd3','830c8954-86d0-4429-9e6b-5e519f2c2064',28,500000.00,0.00,0.00,NULL,'2026-03-13 10:33:46','2026-03-13 11:30:24','2026-03-13 11:30:24'),('334374ab-5182-477b-b88c-6bb499a0f4e6','cc98d77d-4b60-4318-a86d-96330ed757e0',22,50000.00,0.00,0.00,NULL,'2026-03-17 10:35:02','2026-03-17 10:40:29','2026-03-17 10:40:29'),('3d77c0fd-9cd9-42a6-a1ea-605b956f3c19','e78e7024-ab8d-4c2f-b968-e5e1fad6e026',28,530179353.00,0.00,0.00,NULL,'2026-03-23 15:57:27','2026-03-23 15:57:27',NULL),('5271cc96-082b-4ce0-af13-e7ebf21d253a','c03b533d-243d-4ec6-a589-5d14dd3df963',4,500000.00,0.00,0.00,'njl','2026-03-13 11:02:29','2026-03-13 11:30:32','2026-03-13 11:30:32'),('6200be67-3506-402c-a8ac-21873476965e','19e6668d-d143-4609-8299-a141833de7a6',35,500000.00,0.00,0.00,NULL,'2026-03-13 10:50:48','2026-03-13 11:30:29','2026-03-13 11:30:29'),('69e0141a-1a47-4353-ac71-8cd1139fc6f5','e78e7024-ab8d-4c2f-b968-e5e1fad6e026',29,697000000.00,0.00,0.00,NULL,'2026-03-23 15:53:42','2026-03-23 15:57:27','2026-03-23 15:57:27'),('81fadcff-0dc9-4f48-ba1d-aac77546a962','e78e7024-ab8d-4c2f-b968-e5e1fad6e026',29,697000000.00,0.00,0.00,NULL,'2026-03-23 15:57:27','2026-03-23 15:57:27',NULL),('866d94bb-b09b-4d3e-ba1d-fc75a837954f','e78e7024-ab8d-4c2f-b968-e5e1fad6e026',38,330077188.00,0.00,0.00,NULL,'2026-03-23 15:57:27','2026-03-23 15:57:27',NULL),('9e4e7781-f7b1-4886-b85d-e729ceaf386d','e78e7024-ab8d-4c2f-b968-e5e1fad6e026',38,330077188.00,0.00,0.00,NULL,'2026-03-23 15:53:42','2026-03-23 15:57:27','2026-03-23 15:57:27'),('abd5a37f-83ef-42c8-afdf-500cb6abe2b4','e78e7024-ab8d-4c2f-b968-e5e1fad6e026',28,530179353.00,0.00,0.00,NULL,'2026-03-23 15:53:42','2026-03-23 15:57:27','2026-03-23 15:57:27'),('c65099c6-731c-4a1e-90e3-9d36031c3d44','19e6668d-d143-4609-8299-a141833de7a6',28,400000.00,0.00,0.00,NULL,'2026-03-13 10:50:48','2026-03-13 11:30:29','2026-03-13 11:30:29'),('ced606d1-deb4-451a-b6f7-1b5e6987cbb0','8207baab-5099-4299-b200-b0ad45b05097',28,500000.00,0.00,0.00,NULL,'2026-03-17 10:10:41','2026-03-17 10:40:23','2026-03-17 10:40:23'),('d0c9905a-09e1-4ea0-9295-5fc90b1ccb6d','e78e7024-ab8d-4c2f-b968-e5e1fad6e026',38,330077188.00,0.00,0.00,NULL,'2026-03-17 10:44:45','2026-03-23 15:53:41','2026-03-23 15:53:41'),('debd23c1-7e4f-4ca6-9652-8b5bee02da7b','870fc436-4f0b-47c5-829b-df7846852b4e',28,1000000.00,0.00,0.00,NULL,'2026-03-17 10:34:11','2026-03-17 10:40:33','2026-03-17 10:40:33'),('e5a98763-1b67-4a58-a2ef-d77ec8e50a62','870fc436-4f0b-47c5-829b-df7846852b4e',35,400000.00,0.00,0.00,NULL,'2026-03-17 10:34:11','2026-03-17 10:40:33','2026-03-17 10:40:33');

--
-- Table structure for table `budget_approvals`
--

CREATE TABLE `budget_approvals` (
  `id` char(36) COLLATE utf8mb4_unicode_ci NOT NULL,
  `approvable_id` char(36) COLLATE utf8mb4_unicode_ci NOT NULL,
  `approvable_type` varchar(255) COLLATE utf8mb4_unicode_ci NOT NULL,
  `approver_id` char(36) COLLATE utf8mb4_unicode_ci NOT NULL,
  `approval_level_id` char(36) COLLATE utf8mb4_unicode_ci NOT NULL,
  `status` enum('pending','approved','rejected','requires_revision') COLLATE utf8mb4_unicode_ci NOT NULL DEFAULT 'pending',
  `comments` text COLLATE utf8mb4_unicode_ci,
  `approved_at` timestamp NOT NULL,
  `created_at` timestamp NULL DEFAULT NULL,
  `updated_at` timestamp NULL DEFAULT NULL,
  `deleted_at` timestamp NULL DEFAULT NULL,
  PRIMARY KEY (`id`),
  KEY `budget_approvals_approval_level_id_foreign` (`approval_level_id`),
  KEY `budget_approvals_approver_id_foreign` (`approver_id`),
  KEY `budget_approvals_approvable_id_approvable_type_index` (`approvable_id`,`approvable_type`),
  CONSTRAINT `budget_approvals_approval_level_id_foreign` FOREIGN KEY (`approval_level_id`) REFERENCES `approval_levels` (`id`) ON DELETE CASCADE,
  CONSTRAINT `budget_approvals_approver_id_foreign` FOREIGN KEY (`approver_id`) REFERENCES `employees` (`id`) ON DELETE CASCADE
) ENGINE=InnoDB DEFAULT CHARSET=utf8mb4 COLLATE=utf8mb4_unicode_ci;

--
-- Dumping data for table `budget_approvals`
--

INSERT INTO `budget_approvals` VALUES ('007f4e15-58ff-445d-b3fb-5edc13ddabc5','e78e7024-ab8d-4c2f-b968-e5e1fad6e026','App\\Models\\Accounting\\Budget','96455ad8-19dc-4d71-ac7c-19e23d7b3e0c','759aa60c-f86e-4a81-ac78-ee4e2e6d9548','approved','Approved','2026-04-13 09:40:04','2026-04-13 09:40:04','2026-04-13 09:40:04',NULL);

--
-- Table structure for table `budget_constraints`
--

CREATE TABLE `budget_constraints` (
  `id` char(36) COLLATE utf8mb4_unicode_ci NOT NULL,
  `budget_id` char(36) COLLATE utf8mb4_unicode_ci NOT NULL,
  `type` enum('max_per_transaction','category_cap','time_restriction') COLLATE utf8mb4_unicode_ci NOT NULL,
  `limit_amount` decimal(20,2) DEFAULT NULL,
  `conditions` json DEFAULT NULL,
  `created_at` timestamp NULL DEFAULT NULL,
  `updated_at` timestamp NULL DEFAULT NULL,
  PRIMARY KEY (`id`)
) ENGINE=InnoDB DEFAULT CHARSET=utf8mb4 COLLATE=utf8mb4_unicode_ci;

--
-- Dumping data for table `budget_constraints`
--


--
-- Table structure for table `budget_documents`
--

CREATE TABLE `budget_documents` (
  `id` char(36) COLLATE utf8mb4_unicode_ci NOT NULL,
  `budget_id` char(36) COLLATE utf8mb4_unicode_ci NOT NULL,
  `doc_path` varchar(255) COLLATE utf8mb4_unicode_ci NOT NULL,
  `description` varchar(255) COLLATE utf8mb4_unicode_ci DEFAULT NULL,
  PRIMARY KEY (`id`),
  KEY `budget_documents_budget_id_foreign` (`budget_id`),
  CONSTRAINT `budget_documents_budget_id_foreign` FOREIGN KEY (`budget_id`) REFERENCES `budgets` (`id`) ON DELETE CASCADE
) ENGINE=InnoDB DEFAULT CHARSET=utf8mb4 COLLATE=utf8mb4_unicode_ci;

--
-- Dumping data for table `budget_documents`
--


--
-- Table structure for table `budget_item_periods`
--

CREATE TABLE `budget_item_periods` (
  `id` char(36) COLLATE utf8mb4_unicode_ci NOT NULL,
  `budget_item_id` char(36) COLLATE utf8mb4_unicode_ci NOT NULL,
  `period_start` date NOT NULL,
  `period_end` date NOT NULL,
  `period_amount` decimal(20,2) NOT NULL,
  `period_spent` decimal(20,2) NOT NULL DEFAULT '0.00',
  `period_remaining` decimal(20,2) GENERATED ALWAYS AS ((`period_amount` - `period_spent`)) STORED,
  `frequency` enum('Weekly','Monthly','Quarterly','Yearly') COLLATE utf8mb4_unicode_ci NOT NULL DEFAULT 'Monthly',
  `label` varchar(255) COLLATE utf8mb4_unicode_ci DEFAULT NULL,
  `created_at` timestamp NULL DEFAULT NULL,
  `updated_at` timestamp NULL DEFAULT NULL,
  `deleted_at` timestamp NULL DEFAULT NULL,
  PRIMARY KEY (`id`),
  KEY `budget_item_periods_budget_item_id_period_start_period_end_index` (`budget_item_id`,`period_start`,`period_end`),
  CONSTRAINT `budget_item_periods_budget_item_id_foreign` FOREIGN KEY (`budget_item_id`) REFERENCES `budget_items` (`id`) ON DELETE CASCADE
) ENGINE=InnoDB DEFAULT CHARSET=utf8mb4 COLLATE=utf8mb4_unicode_ci;

--
-- Dumping data for table `budget_item_periods`
--

INSERT INTO `budget_item_periods` (`id`, `budget_item_id`, `period_start`, `period_end`, `period_amount`, `period_spent`, `frequency`, `label`, `created_at`, `updated_at`, `deleted_at`) VALUES ('02f55343-08ff-4875-b869-50689d577ce8','3f94d605-77af-4bdc-a1fe-336ad1df5290','2026-09-30','2026-12-30',11115000.00,0.00,'Monthly',NULL,'2026-03-23 15:57:27','2026-03-23 15:57:27',NULL),('043a8e55-1c94-4b11-8eb6-701c94f62b5c','c6168e19-1c36-45db-8826-e640a0689629','2025-12-31','2026-03-30',77000000.00,0.00,'Monthly',NULL,'2026-03-17 10:44:45','2026-03-17 10:44:45',NULL),('07d7f56f-ba15-47a2-ba02-1cb99ddd018e','4e12342b-fe95-4de7-b7c5-9c30f2589829','2025-12-31','2026-03-30',125000.00,0.00,'Monthly',NULL,'2026-03-13 11:02:29','2026-03-13 11:02:29',NULL),('0b533985-7eca-4b3b-ba93-db8263c3de7a','01be5361-5151-48f5-80c0-c30c6b67e0e9','2026-06-30','2026-09-29',125000.00,0.00,'Monthly',NULL,'2026-03-17 10:34:11','2026-03-17 10:34:11',NULL),('0c9d3bea-51fb-4a4f-9dd2-4103a7275d14','ceab53d4-66fd-4908-b83a-12bc25934c30','2026-03-31','2026-06-29',1250000.00,0.00,'Monthly',NULL,'2026-03-17 10:44:45','2026-03-17 10:44:45',NULL),('0fbad8bc-cb59-439e-a8a9-e9039e323bdc','ca13cc90-f749-4c4a-b153-a9d54542f4c2','2026-06-30','2026-09-29',125000.00,0.00,'Monthly',NULL,'2026-03-17 10:34:11','2026-03-17 10:34:11',NULL),('1106bd49-e916-4a99-806e-a9adee3d2351','01be5361-5151-48f5-80c0-c30c6b67e0e9','2025-12-31','2026-03-30',125000.00,0.00,'Monthly',NULL,'2026-03-17 10:34:11','2026-03-17 10:34:11',NULL),('11fc34c2-aeb9-4dfe-8655-959cc2e26a74','a6efbcff-c1ce-42fe-91a0-e2ce89089d28','2026-03-31','2026-06-29',11250000.00,0.00,'Monthly',NULL,'2026-03-17 10:44:45','2026-03-17 10:44:45',NULL),('14062961-a74d-4150-8113-4a9d41e87cfa','164c6c95-237f-4516-80ee-d425cd15d039','2026-06-30','2026-09-29',500000.00,0.00,'Monthly',NULL,'2026-03-17 10:44:45','2026-03-17 10:44:45',NULL),('15604b0c-dee9-466e-801f-8121a6e5082e','e9b99318-831e-430b-aee2-a92795040635','2026-06-30','2026-09-29',2500000.00,0.00,'Monthly',NULL,'2026-03-23 15:53:42','2026-03-23 15:53:42',NULL),('15e82f1f-7f80-46e2-9ae7-a55a1e3cb432','a23f0bb7-c91a-4f0b-b51d-1897b981346d','2026-09-30','2026-12-30',130044838.25,0.00,'Monthly',NULL,'2026-03-23 15:53:42','2026-03-23 15:53:42',NULL),('19851e56-8b81-4db8-90a3-44e3a17e974c','330ab6d8-f19f-41d8-8ef8-0801c225c66f','2025-12-31','2026-03-30',21786500.00,0.00,'Monthly',NULL,'2026-03-23 15:57:27','2026-03-23 15:57:27',NULL),('1c1b658e-c76f-44ef-9a5a-35e7a825be6f','a6efbcff-c1ce-42fe-91a0-e2ce89089d28','2026-09-30','2026-12-30',11250000.00,0.00,'Monthly',NULL,'2026-03-17 10:44:45','2026-03-17 10:44:45',NULL),('25caa791-8699-445e-b4e1-2e41f5c6180e','fb0cfae0-c583-4786-92ab-67bdefe1c58d','2026-09-30','2026-12-30',97250000.00,0.00,'Monthly',NULL,'2026-03-17 10:44:45','2026-03-17 10:44:45',NULL),('2a7f6af2-6ac1-4f09-b173-204b5e11fbc0','47093e5f-bf26-4377-be8b-6dce8a8d7693','2026-06-30','2026-09-29',100000.00,0.00,'Monthly',NULL,'2026-03-13 10:50:48','2026-03-13 10:50:48',NULL),('310f7728-4143-4e18-868c-40a3e9f0c316','69fdaad4-44a1-4e25-8d7f-cfcab9147418','2026-06-30','2026-09-29',69144297.00,0.00,'Monthly',NULL,'2026-03-17 10:44:45','2026-03-17 10:44:45',NULL),('33fbe981-7ee3-4c25-a6d5-789ee7d2c4bc','15213991-83bf-4e11-bfb8-70660178e70b','2026-09-30','2026-12-30',375000.00,0.00,'Monthly',NULL,'2026-03-17 10:44:45','2026-03-17 10:44:45',NULL),('34b62a7c-86e0-418e-abfd-7a357006c488','e83d792c-3e0d-4f1d-bd67-897c9e580149','2026-09-30','2026-12-30',100000.00,0.00,'Monthly',NULL,'2026-03-17 10:34:11','2026-03-17 10:34:11',NULL),('39a4a030-dd53-4f7d-aa6f-d4e60dcbc6af','a23f0bb7-c91a-4f0b-b51d-1897b981346d','2026-03-31','2026-06-29',130044838.25,0.00,'Monthly',NULL,'2026-03-23 15:53:42','2026-03-23 15:53:42',NULL),('39e23073-05ee-4e54-be38-4e299fce94cd','9344c7ae-672f-46ff-88fe-266f8c63a5f9','2026-06-30','2026-09-29',125000.00,0.00,'Monthly',NULL,'2026-03-13 10:33:46','2026-03-13 10:33:46',NULL),('3de284c7-6438-401f-aa44-282be2a9a3c2','a6efbcff-c1ce-42fe-91a0-e2ce89089d28','2026-06-30','2026-09-29',11250000.00,0.00,'Monthly',NULL,'2026-03-17 10:44:45','2026-03-17 10:44:45',NULL),('401a0241-dc57-48ab-a69e-07ff048b1a7b','5aecf51f-fa4c-4f58-8023-7bf70c00454a','2026-06-30','2026-09-29',125000.00,0.00,'Monthly',NULL,'2026-03-17 10:10:41','2026-03-17 10:10:41',NULL),('44985228-23fa-459a-b5ea-38c73f9b2992','15213991-83bf-4e11-bfb8-70660178e70b','2026-06-30','2026-09-29',375000.00,0.00,'Monthly',NULL,'2026-03-17 10:44:45','2026-03-17 10:44:45',NULL),('4664a3c2-55eb-4449-9346-9255f0b102e8','ca13cc90-f749-4c4a-b153-a9d54542f4c2','2025-12-31','2026-03-30',125000.00,0.00,'Monthly',NULL,'2026-03-17 10:34:11','2026-03-17 10:34:11',NULL),('46c9644e-fbcc-44d7-b5fd-e8a355314be4','c4ac62b9-b55f-4067-9c3c-011e39e8750b','2026-03-31','2026-06-29',125000.00,0.00,'Monthly',NULL,'2026-03-13 10:50:48','2026-03-13 10:50:48',NULL),('497b5a88-0f82-453e-8cec-7391681ad163','5aecf51f-fa4c-4f58-8023-7bf70c00454a','2026-03-31','2026-06-29',125000.00,0.00,'Monthly',NULL,'2026-03-17 10:10:41','2026-03-17 10:10:41',NULL),('4ad5208e-8a47-4ac9-9b3a-e4f702abb0c8','3f94d605-77af-4bdc-a1fe-336ad1df5290','2025-12-31','2026-03-30',11115000.00,0.00,'Monthly',NULL,'2026-03-23 15:57:27','2026-03-23 15:57:27',NULL),('4b44d050-0278-42ed-aae7-c48441f8df9b','4e12342b-fe95-4de7-b7c5-9c30f2589829','2026-03-31','2026-06-29',125000.00,0.00,'Monthly',NULL,'2026-03-13 11:02:29','2026-03-13 11:02:29',NULL),('4e66ad5e-4ef0-459e-95c3-1e9678e232c2','e9b99318-831e-430b-aee2-a92795040635','2026-09-30','2026-12-30',2500000.00,0.00,'Monthly',NULL,'2026-03-23 15:53:42','2026-03-23 15:53:42',NULL),('535af010-adc9-4685-af3e-2bf422a09a76','e9b99318-831e-430b-aee2-a92795040635','2026-03-31','2026-06-29',2500000.00,0.00,'Monthly',NULL,'2026-03-23 15:53:42','2026-03-23 15:53:42',NULL),('573f2165-c698-45fc-a120-d94f5d9aee57','164c6c95-237f-4516-80ee-d425cd15d039','2026-03-31','2026-06-29',500000.00,0.00,'Monthly',NULL,'2026-03-17 10:44:45','2026-03-17 10:44:45',NULL),('5bf4f9cb-6e21-47f3-aef9-1bf3babcdfb0','fb0cfae0-c583-4786-92ab-67bdefe1c58d','2026-03-31','2026-06-29',97250000.00,0.00,'Monthly',NULL,'2026-03-17 10:44:45','2026-03-17 10:44:45',NULL),('601c4591-dcdc-47f3-a18e-1b0f51818595','e9b99318-831e-430b-aee2-a92795040635','2025-12-31','2026-03-30',2500000.00,0.00,'Monthly',NULL,'2026-03-23 15:53:42','2026-03-23 15:53:42',NULL),('61f9efa2-1916-4270-9261-6a69bc237ab8','fb0cfae0-c583-4786-92ab-67bdefe1c58d','2026-06-30','2026-09-29',97250000.00,0.00,'Monthly',NULL,'2026-03-17 10:44:45','2026-03-17 10:44:45',NULL),('66f829e9-eb0d-46d1-9f35-300294e0e414','63bcf397-783b-4063-8fba-96268c784879','2025-12-31','2026-12-30',50000.00,0.00,'Monthly',NULL,'2026-03-17 10:35:02','2026-03-17 10:35:02',NULL),('6c402324-fd97-47ee-acd2-8cf7cb353bec','69fdaad4-44a1-4e25-8d7f-cfcab9147418','2026-03-31','2026-06-29',69144297.00,0.00,'Monthly',NULL,'2026-03-17 10:44:45','2026-03-17 10:44:45',NULL),('70ed06c4-4743-4906-823f-52f277be21d8','9344c7ae-672f-46ff-88fe-266f8c63a5f9','2026-09-30','2026-12-30',125000.00,0.00,'Monthly',NULL,'2026-03-13 10:33:46','2026-03-13 10:33:46',NULL),('7401a753-0c42-4342-9bc7-e19b9d9654e9','ca13cc90-f749-4c4a-b153-a9d54542f4c2','2026-09-30','2026-12-30',125000.00,0.00,'Monthly',NULL,'2026-03-17 10:34:11','2026-03-17 10:34:11',NULL),('78dd2398-a27d-44bf-b6b3-0571c905522a','69fdaad4-44a1-4e25-8d7f-cfcab9147418','2025-12-31','2026-03-30',69144297.00,0.00,'Monthly',NULL,'2026-03-17 10:44:45','2026-03-17 10:44:45',NULL),('79c7bef6-7146-42b5-bde4-8bee21ecb40a','9344c7ae-672f-46ff-88fe-266f8c63a5f9','2025-12-31','2026-03-30',125000.00,0.00,'Monthly',NULL,'2026-03-13 10:33:46','2026-03-13 10:33:46',NULL),('7a6fe35f-d6f2-4616-b763-0a8ec891ecf9','e8403877-d662-4b7f-8111-9ca734f5381f','2026-03-31','2026-06-29',16130000.00,0.00,'Monthly',NULL,'2026-03-23 15:57:27','2026-03-23 15:57:27',NULL),('7b822f72-fc8a-474c-b91f-d48529609edb','47093e5f-bf26-4377-be8b-6dce8a8d7693','2026-03-31','2026-06-29',100000.00,0.00,'Monthly',NULL,'2026-03-13 10:50:48','2026-03-13 10:50:48',NULL),('7ba71f66-66a6-440f-a317-b2911fff9984','47093e5f-bf26-4377-be8b-6dce8a8d7693','2026-09-30','2026-12-30',100000.00,0.00,'Monthly',NULL,'2026-03-13 10:50:48','2026-03-13 10:50:48',NULL),('7dcfca44-f58a-414d-ad13-c20114fd7772','d330e8e6-20ba-45ac-8e5e-32b5eef383a0','2026-03-31','2026-06-29',50000.00,0.00,'Monthly',NULL,'2026-03-17 10:10:41','2026-03-17 10:10:41',NULL),('7f8fc8c5-a193-46f6-b8d3-fe368c09e3e0','330ab6d8-f19f-41d8-8ef8-0801c225c66f','2026-03-31','2026-06-29',21786500.00,0.00,'Monthly',NULL,'2026-03-23 15:57:27','2026-03-23 15:57:27',NULL),('7fbcd31c-2352-4ea2-8ed1-3eaafbc50666','ceab53d4-66fd-4908-b83a-12bc25934c30','2026-09-30','2026-12-30',1250000.00,0.00,'Monthly',NULL,'2026-03-17 10:44:45','2026-03-17 10:44:45',NULL),('80215fb8-3a3d-45d6-9fb9-4e255ce47f1d','e8403877-d662-4b7f-8111-9ca734f5381f','2026-06-30','2026-09-29',16130000.00,0.00,'Monthly',NULL,'2026-03-23 15:57:27','2026-03-23 15:57:27',NULL),('83466210-d089-4c27-ac5c-aaca576ef2ea','a23f0bb7-c91a-4f0b-b51d-1897b981346d','2026-06-30','2026-09-29',130044838.25,0.00,'Monthly',NULL,'2026-03-23 15:53:42','2026-03-23 15:53:42',NULL),('853e3f30-7778-4de2-818c-66be9063ee44','e8403877-d662-4b7f-8111-9ca734f5381f','2025-12-31','2026-03-30',16130000.00,0.00,'Monthly',NULL,'2026-03-23 15:57:27','2026-03-23 15:57:27',NULL),('8559347f-8e00-4606-bdea-6a6d039c42c7','ceab53d4-66fd-4908-b83a-12bc25934c30','2025-12-31','2026-03-30',1250000.00,0.00,'Monthly',NULL,'2026-03-17 10:44:45','2026-03-17 10:44:45',NULL),('8e22089c-40a9-4e92-9c63-f0ca19fa9bfc','a23f0bb7-c91a-4f0b-b51d-1897b981346d','2025-12-31','2026-03-30',130044838.25,0.00,'Monthly',NULL,'2026-03-23 15:53:42','2026-03-23 15:53:42',NULL),('92899f75-8805-48a0-82cf-980c5dc90c0b','fb0cfae0-c583-4786-92ab-67bdefe1c58d','2025-12-31','2026-03-30',97250000.00,0.00,'Monthly',NULL,'2026-03-17 10:44:45','2026-03-17 10:44:45',NULL),('9672a704-c45c-44cc-8cf0-72f209f9558f','164c6c95-237f-4516-80ee-d425cd15d039','2026-09-30','2026-12-30',500000.00,0.00,'Monthly',NULL,'2026-03-17 10:44:45','2026-03-17 10:44:45',NULL),('97e7c0af-202e-49db-ad1b-b48f0c71bbff','15213991-83bf-4e11-bfb8-70660178e70b','2025-12-31','2026-03-30',375000.00,0.00,'Monthly',NULL,'2026-03-17 10:44:45','2026-03-17 10:44:45',NULL),('9bdf4538-c8fa-4535-8bda-89dd28f05f5e','e83d792c-3e0d-4f1d-bd67-897c9e580149','2026-06-30','2026-09-29',100000.00,0.00,'Monthly',NULL,'2026-03-17 10:34:11','2026-03-17 10:34:11',NULL),('aaabe0ee-ef6d-4ee3-a776-b7ca47a7acf4','47093e5f-bf26-4377-be8b-6dce8a8d7693','2025-12-31','2026-03-30',100000.00,0.00,'Monthly',NULL,'2026-03-13 10:50:48','2026-03-13 10:50:48',NULL),('aee84877-b23c-4869-867a-4e7c4d739403','330ab6d8-f19f-41d8-8ef8-0801c225c66f','2026-06-30','2026-09-29',21786500.00,0.00,'Monthly',NULL,'2026-03-23 15:57:27','2026-03-23 15:57:27',NULL),('b199fbc5-62b2-480a-956b-7903cb163d9f','3f94d605-77af-4bdc-a1fe-336ad1df5290','2026-06-30','2026-09-29',11115000.00,0.00,'Monthly',NULL,'2026-03-23 15:57:27','2026-03-23 15:57:27',NULL),('b8c4a54d-611e-45dd-a753-43bf37e3a8c8','4e12342b-fe95-4de7-b7c5-9c30f2589829','2026-09-30','2026-12-30',125000.00,0.00,'Monthly',NULL,'2026-03-13 11:02:29','2026-03-13 11:02:29',NULL),('bc571e1b-49dc-42f4-8f43-d5329a232ada','d330e8e6-20ba-45ac-8e5e-32b5eef383a0','2025-12-31','2026-03-30',50000.00,0.00,'Monthly',NULL,'2026-03-17 10:10:41','2026-03-17 10:10:41',NULL),('bcc3d9a9-d4e1-4b04-941b-ce8fd69610ce','c4ac62b9-b55f-4067-9c3c-011e39e8750b','2026-09-30','2026-12-30',125000.00,0.00,'Monthly',NULL,'2026-03-13 10:50:48','2026-03-13 10:50:48',NULL),('be87675f-361f-4d14-b167-143f9462bda2','5aecf51f-fa4c-4f58-8023-7bf70c00454a','2025-12-31','2026-03-30',125000.00,0.00,'Monthly',NULL,'2026-03-17 10:10:41','2026-03-17 10:10:41',NULL),('bea0e0b0-5446-455f-a7cf-82411c0c255f','c4ac62b9-b55f-4067-9c3c-011e39e8750b','2026-06-30','2026-09-29',125000.00,0.00,'Monthly',NULL,'2026-03-13 10:50:48','2026-03-13 10:50:48',NULL),('c326ae9e-bfdb-4e70-8a0b-e5c4a4ea1fb4','164c6c95-237f-4516-80ee-d425cd15d039','2025-12-31','2026-03-30',500000.00,0.00,'Monthly',NULL,'2026-03-17 10:44:45','2026-03-17 10:44:45',NULL),('c471eae3-c5d1-45eb-8900-da2082509bfa','e83d792c-3e0d-4f1d-bd67-897c9e580149','2026-03-31','2026-06-29',100000.00,0.00,'Monthly',NULL,'2026-03-17 10:34:11','2026-03-17 10:34:11',NULL),('c4c9d692-f9e3-4e7e-bbab-0faf803bddf1','4e12342b-fe95-4de7-b7c5-9c30f2589829','2026-06-30','2026-09-29',125000.00,0.00,'Monthly',NULL,'2026-03-13 11:02:29','2026-03-13 11:02:29',NULL),('c7f13bfa-fdf4-42d7-bb2e-240343829273','01be5361-5151-48f5-80c0-c30c6b67e0e9','2026-03-31','2026-06-29',125000.00,0.00,'Monthly',NULL,'2026-03-17 10:34:11','2026-03-17 10:34:11',NULL),('ca08eaee-2f2a-4ecf-9f02-46009b98e36d','e83d792c-3e0d-4f1d-bd67-897c9e580149','2025-12-31','2026-03-30',100000.00,0.00,'Monthly',NULL,'2026-03-17 10:34:11','2026-03-17 10:34:11',NULL),('cbca4e55-8aa3-4328-b2ab-0ac5bcad17dc','ca13cc90-f749-4c4a-b153-a9d54542f4c2','2026-03-31','2026-06-29',125000.00,0.00,'Monthly',NULL,'2026-03-17 10:34:11','2026-03-17 10:34:11',NULL),('ccbe2c71-4f45-4956-a0a3-67a5be3c4705','9344c7ae-672f-46ff-88fe-266f8c63a5f9','2026-03-31','2026-06-29',125000.00,0.00,'Monthly',NULL,'2026-03-13 10:33:46','2026-03-13 10:33:46',NULL),('d1cc8b7c-c420-4837-ac25-10fd4b755710','d330e8e6-20ba-45ac-8e5e-32b5eef383a0','2026-06-30','2026-09-29',50000.00,0.00,'Monthly',NULL,'2026-03-17 10:10:41','2026-03-17 10:10:41',NULL),('db6ccb0a-019f-4b99-8181-c6fd5f4cada9','c6168e19-1c36-45db-8826-e640a0689629','2026-09-30','2026-12-30',77000000.00,0.00,'Monthly',NULL,'2026-03-17 10:44:45','2026-03-17 10:44:45',NULL),('dbda3e7c-373d-4b77-9d4d-e5a031e25078','69fdaad4-44a1-4e25-8d7f-cfcab9147418','2026-09-30','2026-12-30',69144297.00,0.00,'Monthly',NULL,'2026-03-17 10:44:45','2026-03-17 10:44:45',NULL),('dbf87663-0f10-4abf-a7f9-1ab173387bb9','ceab53d4-66fd-4908-b83a-12bc25934c30','2026-06-30','2026-09-29',1250000.00,0.00,'Monthly',NULL,'2026-03-17 10:44:45','2026-03-17 10:44:45',NULL),('dc959ed3-1848-475b-a059-622957fe5b11','330ab6d8-f19f-41d8-8ef8-0801c225c66f','2026-09-30','2026-12-30',21786500.00,0.00,'Monthly',NULL,'2026-03-23 15:57:27','2026-03-23 15:57:27',NULL),('e2a5758e-97e3-4cf9-92bb-99408fd882a5','c6168e19-1c36-45db-8826-e640a0689629','2026-06-30','2026-09-29',77000000.00,0.00,'Monthly',NULL,'2026-03-17 10:44:45','2026-03-17 10:44:45',NULL),('e2d4eb80-fad6-4400-a6a5-ea1f9593da08','01be5361-5151-48f5-80c0-c30c6b67e0e9','2026-09-30','2026-12-30',125000.00,0.00,'Monthly',NULL,'2026-03-17 10:34:11','2026-03-17 10:34:11',NULL),('e36ee4ae-76f7-42c5-98c7-7d7d501dc5e3','a6efbcff-c1ce-42fe-91a0-e2ce89089d28','2025-12-31','2026-03-30',11250000.00,0.00,'Monthly',NULL,'2026-03-17 10:44:45','2026-03-17 10:44:45',NULL),('e629a238-fad2-4e7b-9e57-05f6c800ca1d','e8403877-d662-4b7f-8111-9ca734f5381f','2026-09-30','2026-12-30',16130000.00,0.00,'Monthly',NULL,'2026-03-23 15:57:27','2026-03-23 15:57:27',NULL),('eb5aca92-c751-4928-8eeb-52a10b58289a','c6168e19-1c36-45db-8826-e640a0689629','2026-03-31','2026-06-29',77000000.00,0.00,'Monthly',NULL,'2026-03-17 10:44:45','2026-03-17 10:44:45',NULL),('ed4c1409-4147-441f-a962-23b31ac79939','15213991-83bf-4e11-bfb8-70660178e70b','2026-03-31','2026-06-29',375000.00,0.00,'Monthly',NULL,'2026-03-17 10:44:45','2026-03-17 10:44:45',NULL),('f816d465-dac9-4cca-b915-578a76da8b22','d330e8e6-20ba-45ac-8e5e-32b5eef383a0','2026-09-30','2026-12-30',50000.00,0.00,'Monthly',NULL,'2026-03-17 10:10:41','2026-03-17 10:10:41',NULL),('fb9b3ac3-917d-4d29-9a24-76bfaad71813','c4ac62b9-b55f-4067-9c3c-011e39e8750b','2025-12-31','2026-03-30',125000.00,0.00,'Monthly',NULL,'2026-03-13 10:50:48','2026-03-13 10:50:48',NULL),('fcc86d03-d91b-4206-89a1-0361ea20e6e1','5aecf51f-fa4c-4f58-8023-7bf70c00454a','2026-09-30','2026-12-30',125000.00,0.00,'Monthly',NULL,'2026-03-17 10:10:41','2026-03-17 10:10:41',NULL),('fff1d624-dc3f-4a59-bcfa-bc9baec920ff','3f94d605-77af-4bdc-a1fe-336ad1df5290','2026-03-31','2026-06-29',11115000.00,0.00,'Monthly',NULL,'2026-03-23 15:57:27','2026-03-23 15:57:27',NULL);

--
-- Table structure for table `budget_items`
--

CREATE TABLE `budget_items` (
  `id` char(36) COLLATE utf8mb4_unicode_ci NOT NULL,
  `allocation_id` char(36) COLLATE utf8mb4_unicode_ci NOT NULL,
  `amount` decimal(20,2) NOT NULL,
  `type` enum('Revenue','Expense') COLLATE utf8mb4_unicode_ci NOT NULL,
  `spent_amount` decimal(20,2) NOT NULL DEFAULT '0.00',
  `remaining_amount` decimal(20,2) GENERATED ALWAYS AS ((`amount` - `spent_amount`)) STORED,
  `coa` bigint unsigned NOT NULL,
  `status` tinyint(1) NOT NULL DEFAULT '1',
  `description` varchar(255) COLLATE utf8mb4_unicode_ci DEFAULT NULL,
  `deleted_at` timestamp NULL DEFAULT NULL,
  `created_at` timestamp NULL DEFAULT NULL,
  `updated_at` timestamp NULL DEFAULT NULL,
  PRIMARY KEY (`id`),
  UNIQUE KEY `budget_items_coa_allocation_id_unique` (`coa`,`allocation_id`),
  KEY `budget_items_coa_allocation_id_index` (`coa`,`allocation_id`),
  KEY `budget_items_allocation_id_foreign` (`allocation_id`),
  CONSTRAINT `budget_items_allocation_id_foreign` FOREIGN KEY (`allocation_id`) REFERENCES `budget_allocations` (`id`) ON DELETE CASCADE,
  CONSTRAINT `budget_items_coa_foreign` FOREIGN KEY (`coa`) REFERENCES `chart_of_accounts` (`id`)
) ENGINE=InnoDB DEFAULT CHARSET=utf8mb4 COLLATE=utf8mb4_unicode_ci;

--
-- Dumping data for table `budget_items`
--

INSERT INTO `budget_items` (`id`, `allocation_id`, `amount`, `type`, `spent_amount`, `coa`, `status`, `description`, `deleted_at`, `created_at`, `updated_at`) VALUES ('01be5361-5151-48f5-80c0-c30c6b67e0e9','debd23c1-7e4f-4ca6-9652-8b5bee02da7b',500000.00,'Revenue',0.00,4,1,NULL,'2026-03-17 10:40:33','2026-03-17 10:34:11','2026-03-17 10:40:33'),('15213991-83bf-4e11-bfb8-70660178e70b','d0c9905a-09e1-4ea0-9295-5fc90b1ccb6d',1500000.00,'Expense',0.00,66,1,NULL,'2026-03-23 15:53:41','2026-03-17 10:44:45','2026-03-23 15:53:41'),('164c6c95-237f-4516-80ee-d425cd15d039','d0c9905a-09e1-4ea0-9295-5fc90b1ccb6d',2000000.00,'Expense',0.00,65,1,NULL,'2026-03-23 15:53:41','2026-03-17 10:44:45','2026-03-23 15:53:41'),('22ca3ac6-ce76-4a3a-9ea4-8b4b007ff5c4','866d94bb-b09b-4d3e-ba1d-fc75a837954f',276577188.00,'Expense',0.00,73,1,NULL,NULL,'2026-03-23 15:57:27','2026-03-23 15:57:27'),('2e7521b7-4d16-497b-9bec-d1a626b48ca2','3d77c0fd-9cd9-42a6-a1ea-605b956f3c19',520179353.00,'Revenue',0.00,2,1,NULL,NULL,'2026-03-23 15:57:27','2026-03-23 15:57:27'),('2e764902-0132-4129-8fa5-0992c05d8708','9e4e7781-f7b1-4886-b85d-e729ceaf386d',45000000.00,'Expense',0.00,71,1,NULL,'2026-03-23 15:57:27','2026-03-23 15:53:42','2026-03-23 15:57:27'),('330ab6d8-f19f-41d8-8ef8-0801c225c66f','1229298b-6421-4cb6-a264-56ca4df5ff53',87146000.00,'Expense',0.00,62,1,NULL,NULL,'2026-03-23 15:57:27','2026-03-23 15:57:27'),('3368c788-7602-4ecf-ad91-45c43c54ed5d','9e4e7781-f7b1-4886-b85d-e729ceaf386d',276577188.00,'Expense',0.00,73,1,NULL,'2026-03-23 15:57:27','2026-03-23 15:53:42','2026-03-23 15:57:27'),('3f94d605-77af-4bdc-a1fe-336ad1df5290','1229298b-6421-4cb6-a264-56ca4df5ff53',44460000.00,'Expense',200000.00,64,1,NULL,NULL,'2026-03-23 15:57:27','2026-04-23 09:24:42'),('47093e5f-bf26-4377-be8b-6dce8a8d7693','c65099c6-731c-4a1e-90e3-9d36031c3d44',400000.00,'Revenue',0.00,4,1,NULL,'2026-03-13 11:30:29','2026-03-13 10:50:48','2026-03-13 11:30:29'),('4bb5616b-5d1e-4ae1-9f52-8deb11d1a376','69e0141a-1a47-4353-ac71-8cd1139fc6f5',389000000.00,'Revenue',0.00,1,1,NULL,'2026-03-23 15:57:27','2026-03-23 15:53:42','2026-03-23 15:57:27'),('4e12342b-fe95-4de7-b7c5-9c30f2589829','5271cc96-082b-4ce0-af13-e7ebf21d253a',500000.00,'Expense',0.00,109,1,NULL,'2026-03-13 11:30:32','2026-03-13 11:02:29','2026-03-13 11:30:32'),('4e7d1257-34b3-4218-9366-47b180fbd213','69e0141a-1a47-4353-ac71-8cd1139fc6f5',308000000.00,'Revenue',0.00,747,1,NULL,'2026-03-23 15:57:27','2026-03-23 15:53:42','2026-03-23 15:57:27'),('5235524c-34eb-44e3-89a0-24f4f18d3036','866d94bb-b09b-4d3e-ba1d-fc75a837954f',45000000.00,'Expense',0.00,71,1,NULL,NULL,'2026-03-23 15:57:27','2026-03-23 15:57:27'),('5aecf51f-fa4c-4f58-8023-7bf70c00454a','ced606d1-deb4-451a-b6f7-1b5e6987cbb0',500000.00,'Revenue',0.00,2,1,NULL,'2026-03-17 10:40:23','2026-03-17 10:10:41','2026-03-17 10:40:23'),('63bcf397-783b-4063-8fba-96268c784879','334374ab-5182-477b-b88c-6bb499a0f4e6',50000.00,'Expense',0.00,534,1,NULL,'2026-03-17 10:40:29','2026-03-17 10:35:02','2026-03-17 10:40:29'),('6710d0ca-6632-4f1f-94c2-6063f1db71e4','9e4e7781-f7b1-4886-b85d-e729ceaf386d',2000000.00,'Expense',0.00,65,1,NULL,'2026-03-23 15:57:27','2026-03-23 15:53:42','2026-03-23 15:57:27'),('69fdaad4-44a1-4e25-8d7f-cfcab9147418','d0c9905a-09e1-4ea0-9295-5fc90b1ccb6d',276577188.00,'Expense',0.00,73,1,NULL,'2026-03-23 15:53:41','2026-03-17 10:44:45','2026-03-23 15:53:41'),('6c119e0b-7ffa-4823-afe8-82b5604cf984','9e4e7781-f7b1-4886-b85d-e729ceaf386d',5000000.00,'Expense',0.00,67,1,NULL,'2026-03-23 15:57:27','2026-03-23 15:53:42','2026-03-23 15:57:27'),('6da5b65a-2514-4c64-815f-96743def5991','9e4e7781-f7b1-4886-b85d-e729ceaf386d',1500000.00,'Expense',0.00,66,1,NULL,'2026-03-23 15:57:27','2026-03-23 15:53:42','2026-03-23 15:57:27'),('6eadb6c3-1b3f-456b-a3cf-f182d17bdff3','81fadcff-0dc9-4f48-ba1d-aac77546a962',308000000.00,'Revenue',0.00,747,1,NULL,NULL,'2026-03-23 15:57:27','2026-03-23 15:57:27'),('9344c7ae-672f-46ff-88fe-266f8c63a5f9','2bc307e8-8012-484d-93be-fed219529bd3',500000.00,'Revenue',0.00,2,1,NULL,'2026-03-13 11:30:24','2026-03-13 10:33:46','2026-03-13 11:30:24'),('9bc3037e-e1f0-4e73-b9be-ee7333ab932e','81fadcff-0dc9-4f48-ba1d-aac77546a962',389000000.00,'Revenue',0.00,1,1,NULL,NULL,'2026-03-23 15:57:27','2026-03-23 15:57:27'),('a23f0bb7-c91a-4f0b-b51d-1897b981346d','abd5a37f-83ef-42c8-afdf-500cb6abe2b4',520179353.00,'Revenue',0.00,2,1,NULL,'2026-03-23 15:57:27','2026-03-23 15:53:42','2026-03-23 15:57:27'),('a6efbcff-c1ce-42fe-91a0-e2ce89089d28','d0c9905a-09e1-4ea0-9295-5fc90b1ccb6d',45000000.00,'Expense',0.00,71,1,NULL,'2026-03-23 15:53:41','2026-03-17 10:44:45','2026-03-23 15:53:41'),('ac15c5ef-7d9d-4cab-8d13-746df7c5755b','866d94bb-b09b-4d3e-ba1d-fc75a837954f',5000000.00,'Expense',0.00,67,1,NULL,NULL,'2026-03-23 15:57:27','2026-03-23 15:57:27'),('b647e841-1300-4206-957c-704b0e864827','3d77c0fd-9cd9-42a6-a1ea-605b956f3c19',10000000.00,'Revenue',0.00,4,1,NULL,NULL,'2026-03-23 15:57:27','2026-03-23 15:57:27'),('c4ac62b9-b55f-4067-9c3c-011e39e8750b','6200be67-3506-402c-a8ac-21873476965e',500000.00,'Expense',0.00,28,1,NULL,'2026-03-13 11:30:29','2026-03-13 10:50:48','2026-03-13 11:30:29'),('c6168e19-1c36-45db-8826-e640a0689629','27cca90f-277e-468d-b1b0-53f20960ab17',308000000.00,'Revenue',0.00,747,1,NULL,'2026-03-23 15:53:41','2026-03-17 10:44:45','2026-03-23 15:53:41'),('ca13cc90-f749-4c4a-b153-a9d54542f4c2','debd23c1-7e4f-4ca6-9652-8b5bee02da7b',500000.00,'Revenue',0.00,2,1,NULL,'2026-03-17 10:40:33','2026-03-17 10:34:11','2026-03-17 10:40:33'),('ceab53d4-66fd-4908-b83a-12bc25934c30','d0c9905a-09e1-4ea0-9295-5fc90b1ccb6d',5000000.00,'Expense',0.00,67,1,NULL,'2026-03-23 15:53:41','2026-03-17 10:44:45','2026-03-23 15:53:41'),('d330e8e6-20ba-45ac-8e5e-32b5eef383a0','139bf9fd-863c-443a-a5b2-90ea6a9d88bf',200000.00,'Expense',0.00,27,1,NULL,'2026-03-17 10:40:23','2026-03-17 10:10:41','2026-03-17 10:40:23'),('d60c51ba-cb65-4e4b-8afd-35b35178fe2d','866d94bb-b09b-4d3e-ba1d-fc75a837954f',1500000.00,'Expense',0.00,66,1,NULL,NULL,'2026-03-23 15:57:27','2026-03-23 15:57:27'),('e83d792c-3e0d-4f1d-bd67-897c9e580149','e5a98763-1b67-4a58-a2ef-d77ec8e50a62',400000.00,'Expense',0.00,36,1,NULL,'2026-03-17 10:40:33','2026-03-17 10:34:11','2026-03-17 10:40:33'),('e8403877-d662-4b7f-8111-9ca734f5381f','1229298b-6421-4cb6-a264-56ca4df5ff53',64520000.00,'Expense',0.00,63,1,NULL,NULL,'2026-03-23 15:57:27','2026-03-23 15:57:27'),('e9b99318-831e-430b-aee2-a92795040635','abd5a37f-83ef-42c8-afdf-500cb6abe2b4',10000000.00,'Revenue',0.00,4,1,NULL,'2026-03-23 15:57:27','2026-03-23 15:53:42','2026-03-23 15:57:27'),('f08eb4f8-5b44-4a54-968b-ad316daf2cb0','866d94bb-b09b-4d3e-ba1d-fc75a837954f',2000000.00,'Expense',0.00,65,1,NULL,NULL,'2026-03-23 15:57:27','2026-03-23 15:57:27'),('fb0cfae0-c583-4786-92ab-67bdefe1c58d','27cca90f-277e-468d-b1b0-53f20960ab17',389000000.00,'Revenue',0.00,1,1,NULL,'2026-03-23 15:53:41','2026-03-17 10:44:45','2026-03-23 15:53:41');

--
-- Table structure for table `budget_revisions`
--

CREATE TABLE `budget_revisions` (
  `id` char(36) COLLATE utf8mb4_unicode_ci NOT NULL,
  `budget_id` char(36) COLLATE utf8mb4_unicode_ci NOT NULL,
  `changes` json NOT NULL,
  `revised_by` char(36) COLLATE utf8mb4_unicode_ci NOT NULL,
  `revised_at` timestamp NOT NULL,
  `created_at` timestamp NULL DEFAULT NULL,
  `updated_at` timestamp NULL DEFAULT NULL,
  PRIMARY KEY (`id`)
) ENGINE=InnoDB DEFAULT CHARSET=utf8mb4 COLLATE=utf8mb4_unicode_ci;

--
-- Dumping data for table `budget_revisions`
--

INSERT INTO `budget_revisions` VALUES ('29e05362-7fdd-4f4c-a7ca-f108459e7089','870fc436-4f0b-47c5-829b-df7846852b4e','{\"initial_creation\": true}','f3683bee-094b-4aa6-8163-8d418a27eb6a','2026-03-17 10:34:11','2026-03-17 10:34:11','2026-03-17 10:34:11'),('82d32e20-6ea4-4249-9cb5-fa4db2bfb5c8','19e6668d-d143-4609-8299-a141833de7a6','{\"initial_creation\": true}','f3683bee-094b-4aa6-8163-8d418a27eb6a','2026-03-13 10:50:48','2026-03-13 10:50:48','2026-03-13 10:50:48'),('a3385a34-6323-405a-ac4d-7624b35f1de6','c03b533d-243d-4ec6-a589-5d14dd3df963','{\"initial_creation\": true}','f3683bee-094b-4aa6-8163-8d418a27eb6a','2026-03-13 11:02:29','2026-03-13 11:02:29','2026-03-13 11:02:29'),('a8759b80-338c-4522-b742-ecf1f40020bd','cc98d77d-4b60-4318-a86d-96330ed757e0','{\"initial_creation\": true}','f3683bee-094b-4aa6-8163-8d418a27eb6a','2026-03-17 10:35:02','2026-03-17 10:35:02','2026-03-17 10:35:02'),('bdc8d923-5cbb-4753-8ebb-05ad1fe3786b','830c8954-86d0-4429-9e6b-5e519f2c2064','{\"initial_creation\": true}','f3683bee-094b-4aa6-8163-8d418a27eb6a','2026-03-13 10:33:46','2026-03-13 10:33:46','2026-03-13 10:33:46'),('c154050c-0368-44d3-8cd6-412ac6fd14d3','e78e7024-ab8d-4c2f-b968-e5e1fad6e026','{\"structure_updated\": true}','3de7c572-94cb-4a65-b30e-ba55d6c94893','2026-03-23 15:57:27','2026-03-23 15:57:27','2026-03-23 15:57:27'),('c376f17d-741d-498c-8dc2-63dffa712518','e78e7024-ab8d-4c2f-b968-e5e1fad6e026','{\"initial_creation\": true}','3de7c572-94cb-4a65-b30e-ba55d6c94893','2026-03-17 10:44:45','2026-03-17 10:44:45','2026-03-17 10:44:45'),('e51cc3a3-33b2-4b9a-ba9d-8fec43ac4ab8','8207baab-5099-4299-b200-b0ad45b05097','{\"initial_creation\": true}','f3683bee-094b-4aa6-8163-8d418a27eb6a','2026-03-17 10:10:41','2026-03-17 10:10:41','2026-03-17 10:10:41'),('ed65d102-301e-4eeb-ad2d-0edfe8e66c00','e78e7024-ab8d-4c2f-b968-e5e1fad6e026','{\"structure_updated\": true}','3de7c572-94cb-4a65-b30e-ba55d6c94893','2026-03-23 15:53:42','2026-03-23 15:53:42','2026-03-23 15:53:42');

--
-- Table structure for table `budget_templates`
--

CREATE TABLE `budget_templates` (
  `id` char(36) COLLATE utf8mb4_unicode_ci NOT NULL,
  `name` varchar(255) COLLATE utf8mb4_unicode_ci NOT NULL,
  `organisation_id` char(36) COLLATE utf8mb4_unicode_ci NOT NULL,
  `template_structure` json NOT NULL,
  `is_active` tinyint(1) NOT NULL DEFAULT '1',
  `created_at` timestamp NULL DEFAULT NULL,
  `updated_at` timestamp NULL DEFAULT NULL,
  PRIMARY KEY (`id`)
) ENGINE=InnoDB DEFAULT CHARSET=utf8mb4 COLLATE=utf8mb4_unicode_ci;

--
-- Dumping data for table `budget_templates`
--


--
-- Table structure for table `budget_transfers`
--

CREATE TABLE `budget_transfers` (
  `id` char(36) COLLATE utf8mb4_unicode_ci NOT NULL,
  `from_budget_id` char(36) COLLATE utf8mb4_unicode_ci NOT NULL,
  `to_budget_id` char(36) COLLATE utf8mb4_unicode_ci NOT NULL,
  `amount` decimal(20,2) NOT NULL,
  `reason` varchar(255) COLLATE utf8mb4_unicode_ci NOT NULL,
  `approved_by` char(36) COLLATE utf8mb4_unicode_ci DEFAULT NULL,
  `transfer_date` timestamp NOT NULL,
  `status` enum('pending','approved','rejected') COLLATE utf8mb4_unicode_ci NOT NULL,
  `created_at` timestamp NULL DEFAULT NULL,
  `updated_at` timestamp NULL DEFAULT NULL,
  PRIMARY KEY (`id`)
) ENGINE=InnoDB DEFAULT CHARSET=utf8mb4 COLLATE=utf8mb4_unicode_ci;

--
-- Dumping data for table `budget_transfers`
--


--
-- Table structure for table `budgets`
--

CREATE TABLE `budgets` (
  `id` char(36) COLLATE utf8mb4_unicode_ci NOT NULL,
  `fiscal_year_id` char(36) COLLATE utf8mb4_unicode_ci NOT NULL,
  `current_approval_level` char(36) COLLATE utf8mb4_unicode_ci DEFAULT NULL,
  `organisation_id` char(36) COLLATE utf8mb4_unicode_ci NOT NULL,
  `name` varchar(255) COLLATE utf8mb4_unicode_ci NOT NULL,
  `total_allocated_expenses` decimal(20,2) NOT NULL DEFAULT '0.00',
  `total_allocated_income` decimal(20,2) NOT NULL DEFAULT '0.00',
  `total_spent_expenses` decimal(20,2) NOT NULL DEFAULT '0.00',
  `total_spent_income` decimal(20,2) NOT NULL DEFAULT '0.00',
  `remaining_expenses` decimal(20,2) GENERATED ALWAYS AS ((`total_allocated_expenses` - `total_spent_expenses`)) STORED,
  `remaining_income` decimal(20,2) GENERATED ALWAYS AS ((`total_allocated_income` - `total_spent_income`)) STORED,
  `currency_id` char(36) COLLATE utf8mb4_unicode_ci NOT NULL,
  `description` varchar(255) COLLATE utf8mb4_unicode_ci DEFAULT NULL,
  `parent_id` char(36) COLLATE utf8mb4_unicode_ci DEFAULT NULL,
  `budget_category_id` char(36) COLLATE utf8mb4_unicode_ci DEFAULT NULL,
  `budget_category` enum('Operational','Capital Expenditure') COLLATE utf8mb4_unicode_ci NOT NULL DEFAULT 'Operational',
  `status` enum('draft','submitted','in_review','requires_revision','approved','rejected','cancelled','archived') COLLATE utf8mb4_unicode_ci NOT NULL DEFAULT 'draft',
  `submitted_at` timestamp NULL DEFAULT NULL,
  `approved_at` timestamp NULL DEFAULT NULL,
  `submitted_by` char(36) COLLATE utf8mb4_unicode_ci DEFAULT NULL,
  `approved_by` char(36) COLLATE utf8mb4_unicode_ci DEFAULT NULL,
  `original_budget_id` char(36) COLLATE utf8mb4_unicode_ci DEFAULT NULL,
  `revision_number` int NOT NULL DEFAULT '1',
  `is_latest` tinyint(1) NOT NULL DEFAULT '1',
  `version_metadata` json DEFAULT NULL,
  `created_from_version` char(36) COLLATE utf8mb4_unicode_ci DEFAULT NULL,
  `deleted_at` timestamp NULL DEFAULT NULL,
  `created_at` timestamp NULL DEFAULT NULL,
  `updated_at` timestamp NULL DEFAULT NULL,
  PRIMARY KEY (`id`),
  KEY `budgets_budget_category_id_foreign` (`budget_category_id`),
  KEY `budgets_parent_id_foreign` (`parent_id`),
  KEY `budgets_currency_id_foreign` (`currency_id`),
  KEY `budgets_fiscal_year_id_foreign` (`fiscal_year_id`),
  KEY `budgets_submitted_by_foreign` (`submitted_by`),
  KEY `budgets_approved_by_foreign` (`approved_by`),
  KEY `budgets_current_approval_level_foreign` (`current_approval_level`),
  CONSTRAINT `budgets_approved_by_foreign` FOREIGN KEY (`approved_by`) REFERENCES `employees` (`id`),
  CONSTRAINT `budgets_budget_category_id_foreign` FOREIGN KEY (`budget_category_id`) REFERENCES `budget_categories` (`id`) ON DELETE CASCADE,
  CONSTRAINT `budgets_currency_id_foreign` FOREIGN KEY (`currency_id`) REFERENCES `currencies` (`id`) ON DELETE CASCADE,
  CONSTRAINT `budgets_current_approval_level_foreign` FOREIGN KEY (`current_approval_level`) REFERENCES `approval_levels` (`id`),
  CONSTRAINT `budgets_fiscal_year_id_foreign` FOREIGN KEY (`fiscal_year_id`) REFERENCES `fiscal_years` (`id`) ON DELETE CASCADE,
  CONSTRAINT `budgets_parent_id_foreign` FOREIGN KEY (`parent_id`) REFERENCES `budgets` (`id`) ON DELETE CASCADE,
  CONSTRAINT `budgets_submitted_by_foreign` FOREIGN KEY (`submitted_by`) REFERENCES `employees` (`id`)
) ENGINE=InnoDB DEFAULT CHARSET=utf8mb4 COLLATE=utf8mb4_unicode_ci;

--
-- Dumping data for table `budgets`
--

INSERT INTO `budgets` (`id`, `fiscal_year_id`, `current_approval_level`, `organisation_id`, `name`, `total_allocated_expenses`, `total_allocated_income`, `total_spent_expenses`, `total_spent_income`, `currency_id`, `description`, `parent_id`, `budget_category_id`, `budget_category`, `status`, `submitted_at`, `approved_at`, `submitted_by`, `approved_by`, `original_budget_id`, `revision_number`, `is_latest`, `version_metadata`, `created_from_version`, `deleted_at`, `created_at`, `updated_at`) VALUES ('19e6668d-d143-4609-8299-a141833de7a6','474999f5-e3a4-473f-9ec3-6211fc872bf1','759aa60c-f86e-4a81-ac78-ee4e2e6d9548','ac7e5b0f-d0dd-44a4-913c-6d365861fad6','Operational Budget (2025/2026)',500000.00,400000.00,0.00,0.00,'0dedd890-3cdc-43ef-a08d-b25123f19e28',NULL,NULL,NULL,'Operational','draft',NULL,NULL,'f3683bee-094b-4aa6-8163-8d418a27eb6a',NULL,NULL,1,1,NULL,NULL,'2026-03-13 11:30:29','2026-03-13 10:50:48','2026-03-13 11:30:29'),('8207baab-5099-4299-b200-b0ad45b05097','474999f5-e3a4-473f-9ec3-6211fc872bf1','759aa60c-f86e-4a81-ac78-ee4e2e6d9548','ac7e5b0f-d0dd-44a4-913c-6d365861fad6','Operational Budget (2025/2026)',200000.00,500000.00,0.00,0.00,'0dedd890-3cdc-43ef-a08d-b25123f19e28',NULL,NULL,NULL,'Operational','draft',NULL,NULL,'f3683bee-094b-4aa6-8163-8d418a27eb6a',NULL,NULL,1,1,NULL,NULL,'2026-03-17 10:40:23','2026-03-17 10:10:41','2026-03-17 10:40:23'),('830c8954-86d0-4429-9e6b-5e519f2c2064','474999f5-e3a4-473f-9ec3-6211fc872bf1','759aa60c-f86e-4a81-ac78-ee4e2e6d9548','ac7e5b0f-d0dd-44a4-913c-6d365861fad6','Operational Budget (2025/2026)',0.00,500000.00,0.00,0.00,'0dedd890-3cdc-43ef-a08d-b25123f19e28',NULL,NULL,NULL,'Operational','draft',NULL,NULL,'f3683bee-094b-4aa6-8163-8d418a27eb6a',NULL,NULL,1,1,NULL,NULL,'2026-03-13 11:30:24','2026-03-13 10:33:46','2026-03-13 11:30:24'),('870fc436-4f0b-47c5-829b-df7846852b4e','474999f5-e3a4-473f-9ec3-6211fc872bf1','759aa60c-f86e-4a81-ac78-ee4e2e6d9548','ac7e5b0f-d0dd-44a4-913c-6d365861fad6','Operational Budget (2025/2026)',400000.00,1000000.00,0.00,0.00,'0dedd890-3cdc-43ef-a08d-b25123f19e28',NULL,NULL,NULL,'Operational','draft',NULL,NULL,'f3683bee-094b-4aa6-8163-8d418a27eb6a',NULL,NULL,1,1,NULL,NULL,'2026-03-17 10:40:33','2026-03-17 10:34:11','2026-03-17 10:40:33'),('c03b533d-243d-4ec6-a589-5d14dd3df963','474999f5-e3a4-473f-9ec3-6211fc872bf1','759aa60c-f86e-4a81-ac78-ee4e2e6d9548','ac7e5b0f-d0dd-44a4-913c-6d365861fad6','Capital Expenditure Budget (2025/2026)',500000.00,0.00,0.00,0.00,'0dedd890-3cdc-43ef-a08d-b25123f19e28',NULL,NULL,NULL,'Capital Expenditure','draft',NULL,NULL,'f3683bee-094b-4aa6-8163-8d418a27eb6a',NULL,NULL,1,1,NULL,NULL,'2026-03-13 11:30:32','2026-03-13 11:02:29','2026-03-13 11:30:32'),('cc98d77d-4b60-4318-a86d-96330ed757e0','474999f5-e3a4-473f-9ec3-6211fc872bf1','759aa60c-f86e-4a81-ac78-ee4e2e6d9548','ac7e5b0f-d0dd-44a4-913c-6d365861fad6','Capital Expenditure Budget (2025/2026)',50000.00,0.00,0.00,0.00,'0dedd890-3cdc-43ef-a08d-b25123f19e28',NULL,NULL,NULL,'Capital Expenditure','draft',NULL,NULL,'f3683bee-094b-4aa6-8163-8d418a27eb6a',NULL,NULL,1,1,NULL,NULL,'2026-03-17 10:40:29','2026-03-17 10:35:02','2026-03-17 10:40:29'),('e78e7024-ab8d-4c2f-b968-e5e1fad6e026','474999f5-e3a4-473f-9ec3-6211fc872bf1','759aa60c-f86e-4a81-ac78-ee4e2e6d9548','ac7e5b0f-d0dd-44a4-913c-6d365861fad6','Operational Budget (2025/2026)',526203188.00,1227179353.00,200000.00,0.00,'0dedd890-3cdc-43ef-a08d-b25123f19e28','2025/2026',NULL,NULL,'Operational','approved',NULL,NULL,'3de7c572-94cb-4a65-b30e-ba55d6c94893',NULL,NULL,1,1,NULL,NULL,NULL,'2026-03-17 10:44:45','2026-04-23 09:24:42');

--
-- Table structure for table `buyers`
--

CREATE TABLE `buyers` (
  `id` char(36) COLLATE utf8mb4_unicode_ci NOT NULL,
  `organisation_id` char(36) COLLATE utf8mb4_unicode_ci NOT NULL,
  `name` varchar(255) COLLATE utf8mb4_unicode_ci NOT NULL,
  `description` varchar(255) COLLATE utf8mb4_unicode_ci DEFAULT NULL,
  `created_at` timestamp NULL DEFAULT NULL,
  `updated_at` timestamp NULL DEFAULT NULL,
  PRIMARY KEY (`id`)
) ENGINE=InnoDB DEFAULT CHARSET=utf8mb4 COLLATE=utf8mb4_unicode_ci;

--
-- Dumping data for table `buyers`
--


--
-- Table structure for table `cache`
--

CREATE TABLE `cache` (
  `key` varchar(255) COLLATE utf8mb4_unicode_ci NOT NULL,
  `value` mediumtext COLLATE utf8mb4_unicode_ci NOT NULL,
  `expiration` int NOT NULL,
  PRIMARY KEY (`key`)
) ENGINE=InnoDB DEFAULT CHARSET=utf8mb4 COLLATE=utf8mb4_unicode_ci;

--
-- Dumping data for table `cache`
--

INSERT INTO `cache` VALUES ('shireculive_cache_account_balance_1_fiscal_20664a10-d692-43c0-8fa3-57776cb5cacc','d:322307276;',1777118069),('shireculive_cache_account_balance_10_fiscal_20664a10-d692-43c0-8fa3-57776cb5cacc','i:0;',1777118069),('shireculive_cache_account_balance_100_fiscal_20664a10-d692-43c0-8fa3-57776cb5cacc','d:3251425.8;',1777317638),('shireculive_cache_account_balance_101_fiscal_20664a10-d692-43c0-8fa3-57776cb5cacc','d:9000000;',1777317639),('shireculive_cache_account_balance_102_fiscal_20664a10-d692-43c0-8fa3-57776cb5cacc','d:45216593.17;',1777317639),('shireculive_cache_account_balance_103_fiscal_20664a10-d692-43c0-8fa3-57776cb5cacc','d:531662.5;',1777317639),('shireculive_cache_account_balance_104_fiscal_20664a10-d692-43c0-8fa3-57776cb5cacc','d:1166300;',1777317639),('shireculive_cache_account_balance_105_fiscal_20664a10-d692-43c0-8fa3-57776cb5cacc','d:7566129.8;',1777317639),('shireculive_cache_account_balance_106_fiscal_20664a10-d692-43c0-8fa3-57776cb5cacc','d:2964833;',1777317639),('shireculive_cache_account_balance_107_fiscal_20664a10-d692-43c0-8fa3-57776cb5cacc','d:142142;',1777317639),('shireculive_cache_account_balance_108_fiscal_20664a10-d692-43c0-8fa3-57776cb5cacc','d:-110883479;',1777317639),('shireculive_cache_account_balance_109_fiscal_20664a10-d692-43c0-8fa3-57776cb5cacc','d:675000;',1777317640),('shireculive_cache_account_balance_11_fiscal_20664a10-d692-43c0-8fa3-57776cb5cacc','d:899420783.09;',1777118069),('shireculive_cache_account_balance_11_fiscal_474999f5-e3a4-473f-9ec3-6211fc872bf1','d:4500000;',1776783585),('shireculive_cache_account_balance_110_fiscal_20664a10-d692-43c0-8fa3-57776cb5cacc','d:2250000;',1777317640),('shireculive_cache_account_balance_111_fiscal_20664a10-d692-43c0-8fa3-57776cb5cacc','d:10925522;',1777317640),('shireculive_cache_account_balance_112_fiscal_20664a10-d692-43c0-8fa3-57776cb5cacc','d:171375335;',1777317640),('shireculive_cache_account_balance_113_fiscal_20664a10-d692-43c0-8fa3-57776cb5cacc','d:114623255;',1777317640),('shireculive_cache_account_balance_114_fiscal_20664a10-d692-43c0-8fa3-57776cb5cacc','d:39421120;',1777317640),('shireculive_cache_account_balance_115_fiscal_20664a10-d692-43c0-8fa3-57776cb5cacc','d:1900223;',1777317640),('shireculive_cache_account_balance_116_fiscal_20664a10-d692-43c0-8fa3-57776cb5cacc','d:197335737;',1777317640),('shireculive_cache_account_balance_117_fiscal_20664a10-d692-43c0-8fa3-57776cb5cacc','d:31499400;',1777317640),('shireculive_cache_account_balance_118_fiscal_20664a10-d692-43c0-8fa3-57776cb5cacc','d:200000;',1777317640),('shireculive_cache_account_balance_119_fiscal_20664a10-d692-43c0-8fa3-57776cb5cacc','d:2006250;',1777317640),('shireculive_cache_account_balance_12_fiscal_20664a10-d692-43c0-8fa3-57776cb5cacc','d:149579999.9967;',1777118069),('shireculive_cache_account_balance_120_fiscal_20664a10-d692-43c0-8fa3-57776cb5cacc','d:19802200;',1777317640),('shireculive_cache_account_balance_121_fiscal_20664a10-d692-43c0-8fa3-57776cb5cacc','d:27516200;',1777317640),('shireculive_cache_account_balance_122_fiscal_20664a10-d692-43c0-8fa3-57776cb5cacc','d:40000;',1777317640),('shireculive_cache_account_balance_123_fiscal_20664a10-d692-43c0-8fa3-57776cb5cacc','d:1350000;',1777317640),('shireculive_cache_account_balance_124_fiscal_20664a10-d692-43c0-8fa3-57776cb5cacc','d:2353850;',1777317640),('shireculive_cache_account_balance_125_fiscal_20664a10-d692-43c0-8fa3-57776cb5cacc','d:32264600;',1777317640),('shireculive_cache_account_balance_126_fiscal_20664a10-d692-43c0-8fa3-57776cb5cacc','d:4720000;',1777317640),('shireculive_cache_account_balance_127_fiscal_20664a10-d692-43c0-8fa3-57776cb5cacc','d:17602680;',1777317640),('shireculive_cache_account_balance_128_fiscal_20664a10-d692-43c0-8fa3-57776cb5cacc','d:4449165;',1777317640),('shireculive_cache_account_balance_129_fiscal_20664a10-d692-43c0-8fa3-57776cb5cacc','d:150850;',1777317640),('shireculive_cache_account_balance_13_fiscal_20664a10-d692-43c0-8fa3-57776cb5cacc','d:155115256;',1777118070),('shireculive_cache_account_balance_130_fiscal_20664a10-d692-43c0-8fa3-57776cb5cacc','d:3773800;',1777317640),('shireculive_cache_account_balance_131_fiscal_20664a10-d692-43c0-8fa3-57776cb5cacc','d:50150;',1777317640),('shireculive_cache_account_balance_132_fiscal_20664a10-d692-43c0-8fa3-57776cb5cacc','d:195206910;',1777317640),('shireculive_cache_account_balance_133_fiscal_20664a10-d692-43c0-8fa3-57776cb5cacc','d:16759546;',1777317640),('shireculive_cache_account_balance_134_fiscal_20664a10-d692-43c0-8fa3-57776cb5cacc','d:17924200;',1777317640),('shireculive_cache_account_balance_135_fiscal_20664a10-d692-43c0-8fa3-57776cb5cacc','d:13287806;',1777317640),('shireculive_cache_account_balance_136_fiscal_20664a10-d692-43c0-8fa3-57776cb5cacc','d:183700;',1777317640),('shireculive_cache_account_balance_137_fiscal_20664a10-d692-43c0-8fa3-57776cb5cacc','d:900000;',1777317640),('shireculive_cache_account_balance_138_fiscal_20664a10-d692-43c0-8fa3-57776cb5cacc','d:37000000;',1777317640),('shireculive_cache_account_balance_139_fiscal_20664a10-d692-43c0-8fa3-57776cb5cacc','d:9586596;',1777317640),('shireculive_cache_account_balance_14_fiscal_20664a10-d692-43c0-8fa3-57776cb5cacc','d:4852278.24;',1777118070),('shireculive_cache_account_balance_140_fiscal_20664a10-d692-43c0-8fa3-57776cb5cacc','d:6212360;',1777317640),('shireculive_cache_account_balance_141_fiscal_20664a10-d692-43c0-8fa3-57776cb5cacc','d:18123932;',1777317640),('shireculive_cache_account_balance_142_fiscal_20664a10-d692-43c0-8fa3-57776cb5cacc','d:9052387;',1777317640),('shireculive_cache_account_balance_143_fiscal_20664a10-d692-43c0-8fa3-57776cb5cacc','d:66652016;',1777317640),('shireculive_cache_account_balance_144_fiscal_20664a10-d692-43c0-8fa3-57776cb5cacc','d:505250;',1777317640),('shireculive_cache_account_balance_145_fiscal_20664a10-d692-43c0-8fa3-57776cb5cacc','d:25300000;',1777317640),('shireculive_cache_account_balance_146_fiscal_20664a10-d692-43c0-8fa3-57776cb5cacc','d:1300;',1777317640),('shireculive_cache_account_balance_147_fiscal_20664a10-d692-43c0-8fa3-57776cb5cacc','d:8700;',1777317640),('shireculive_cache_account_balance_148_fiscal_20664a10-d692-43c0-8fa3-57776cb5cacc','d:496500;',1777317640),('shireculive_cache_account_balance_149_fiscal_20664a10-d692-43c0-8fa3-57776cb5cacc','d:102500;',1777317640),('shireculive_cache_account_balance_15_fiscal_20664a10-d692-43c0-8fa3-57776cb5cacc','d:10460000;',1777118070),('shireculive_cache_account_balance_150_fiscal_20664a10-d692-43c0-8fa3-57776cb5cacc','d:160000;',1777317640),('shireculive_cache_account_balance_151_fiscal_20664a10-d692-43c0-8fa3-57776cb5cacc','d:6257262;',1777317640),('shireculive_cache_account_balance_152_fiscal_20664a10-d692-43c0-8fa3-57776cb5cacc','d:100000;',1777317640),('shireculive_cache_account_balance_153_fiscal_20664a10-d692-43c0-8fa3-57776cb5cacc','d:316450;',1777317640),('shireculive_cache_account_balance_154_fiscal_20664a10-d692-43c0-8fa3-57776cb5cacc','d:642050;',1777317640),('shireculive_cache_account_balance_155_fiscal_20664a10-d692-43c0-8fa3-57776cb5cacc','d:64990640;',1777317640),('shireculive_cache_account_balance_156_fiscal_20664a10-d692-43c0-8fa3-57776cb5cacc','d:400000;',1777317640),('shireculive_cache_account_balance_157_fiscal_20664a10-d692-43c0-8fa3-57776cb5cacc','d:3271516;',1777317640),('shireculive_cache_account_balance_158_fiscal_20664a10-d692-43c0-8fa3-57776cb5cacc','d:574576;',1777317640),('shireculive_cache_account_balance_159_fiscal_20664a10-d692-43c0-8fa3-57776cb5cacc','d:900000;',1777317640),('shireculive_cache_account_balance_16_fiscal_20664a10-d692-43c0-8fa3-57776cb5cacc','d:48521000;',1777118070),('shireculive_cache_account_balance_160_fiscal_20664a10-d692-43c0-8fa3-57776cb5cacc','d:25478514;',1777317640),('shireculive_cache_account_balance_161_fiscal_20664a10-d692-43c0-8fa3-57776cb5cacc','d:34529400;',1777317640),('shireculive_cache_account_balance_162_fiscal_20664a10-d692-43c0-8fa3-57776cb5cacc','d:455360;',1777317640),('shireculive_cache_account_balance_163_fiscal_20664a10-d692-43c0-8fa3-57776cb5cacc','d:1925760;',1777317640),('shireculive_cache_account_balance_164_fiscal_20664a10-d692-43c0-8fa3-57776cb5cacc','d:4978192;',1777317640),('shireculive_cache_account_balance_165_fiscal_20664a10-d692-43c0-8fa3-57776cb5cacc','d:3587200;',1777317640),('shireculive_cache_account_balance_166_fiscal_20664a10-d692-43c0-8fa3-57776cb5cacc','d:1316000;',1777317640),('shireculive_cache_account_balance_167_fiscal_20664a10-d692-43c0-8fa3-57776cb5cacc','d:697440;',1777317640),('shireculive_cache_account_balance_168_fiscal_20664a10-d692-43c0-8fa3-57776cb5cacc','d:4457760;',1777317640),('shireculive_cache_account_balance_169_fiscal_20664a10-d692-43c0-8fa3-57776cb5cacc','d:1481250;',1777317640),('shireculive_cache_account_balance_17_fiscal_20664a10-d692-43c0-8fa3-57776cb5cacc','d:6875000;',1777118070),('shireculive_cache_account_balance_170_fiscal_20664a10-d692-43c0-8fa3-57776cb5cacc','d:1300000;',1777317640),('shireculive_cache_account_balance_171_fiscal_20664a10-d692-43c0-8fa3-57776cb5cacc','d:700000;',1777317640),('shireculive_cache_account_balance_172_fiscal_20664a10-d692-43c0-8fa3-57776cb5cacc','d:800000;',1777317640),('shireculive_cache_account_balance_173_fiscal_20664a10-d692-43c0-8fa3-57776cb5cacc','d:3300000;',1777317640),('shireculive_cache_account_balance_174_fiscal_20664a10-d692-43c0-8fa3-57776cb5cacc','d:600000;',1777317640),('shireculive_cache_account_balance_175_fiscal_20664a10-d692-43c0-8fa3-57776cb5cacc','d:1150000;',1777317640),('shireculive_cache_account_balance_176_fiscal_20664a10-d692-43c0-8fa3-57776cb5cacc','d:1285000;',1777317640),('shireculive_cache_account_balance_177_fiscal_20664a10-d692-43c0-8fa3-57776cb5cacc','d:1481250;',1777317640),('shireculive_cache_account_balance_178_fiscal_20664a10-d692-43c0-8fa3-57776cb5cacc','d:2039638.57;',1777317640),('shireculive_cache_account_balance_179_fiscal_20664a10-d692-43c0-8fa3-57776cb5cacc','d:79773120;',1777317640),('shireculive_cache_account_balance_18_fiscal_20664a10-d692-43c0-8fa3-57776cb5cacc','d:4529115;',1777118070),('shireculive_cache_account_balance_180_fiscal_20664a10-d692-43c0-8fa3-57776cb5cacc','d:3090000;',1777317640),('shireculive_cache_account_balance_181_fiscal_20664a10-d692-43c0-8fa3-57776cb5cacc','d:281250;',1777317640),('shireculive_cache_account_balance_181_fiscal_474999f5-e3a4-473f-9ec3-6211fc872bf1','d:4500000;',1776783585),('shireculive_cache_account_balance_182_fiscal_20664a10-d692-43c0-8fa3-57776cb5cacc','d:1366176;',1777317640),('shireculive_cache_account_balance_183_fiscal_20664a10-d692-43c0-8fa3-57776cb5cacc','d:1060128;',1777317640),('shireculive_cache_account_balance_184_fiscal_20664a10-d692-43c0-8fa3-57776cb5cacc','d:250000;',1777317640),('shireculive_cache_account_balance_185_fiscal_20664a10-d692-43c0-8fa3-57776cb5cacc','d:392576;',1777317640),('shireculive_cache_account_balance_186_fiscal_20664a10-d692-43c0-8fa3-57776cb5cacc','d:5142112;',1777317640),('shireculive_cache_account_balance_187_fiscal_20664a10-d692-43c0-8fa3-57776cb5cacc','d:1058720;',1777317640),('shireculive_cache_account_balance_188_fiscal_20664a10-d692-43c0-8fa3-57776cb5cacc','d:330000;',1777317640),('shireculive_cache_account_balance_189_fiscal_20664a10-d692-43c0-8fa3-57776cb5cacc','d:697819.2;',1777317640),('shireculive_cache_account_balance_19_fiscal_20664a10-d692-43c0-8fa3-57776cb5cacc','d:15511525.6;',1777118070),('shireculive_cache_account_balance_190_fiscal_20664a10-d692-43c0-8fa3-57776cb5cacc','d:240000;',1777317640),('shireculive_cache_account_balance_191_fiscal_20664a10-d692-43c0-8fa3-57776cb5cacc','d:380000;',1777317640),('shireculive_cache_account_balance_192_fiscal_20664a10-d692-43c0-8fa3-57776cb5cacc','d:800625;',1777317640),('shireculive_cache_account_balance_193_fiscal_20664a10-d692-43c0-8fa3-57776cb5cacc','d:3732480;',1777317640),('shireculive_cache_account_balance_194_fiscal_20664a10-d692-43c0-8fa3-57776cb5cacc','d:108000;',1777317640),('shireculive_cache_account_balance_195_fiscal_20664a10-d692-43c0-8fa3-57776cb5cacc','d:100000;',1777317640),('shireculive_cache_account_balance_196_fiscal_20664a10-d692-43c0-8fa3-57776cb5cacc','d:1408192;',1777317640),('shireculive_cache_account_balance_197_fiscal_20664a10-d692-43c0-8fa3-57776cb5cacc','d:19046244.8;',1777317640),('shireculive_cache_account_balance_198_fiscal_20664a10-d692-43c0-8fa3-57776cb5cacc','d:308000;',1777317640),('shireculive_cache_account_balance_199_fiscal_20664a10-d692-43c0-8fa3-57776cb5cacc','d:240000;',1777317640),('shireculive_cache_account_balance_2_fiscal_20664a10-d692-43c0-8fa3-57776cb5cacc','d:47670885.8229;',1777118069),('shireculive_cache_account_balance_20_fiscal_20664a10-d692-43c0-8fa3-57776cb5cacc','d:4905000;',1777118070),('shireculive_cache_account_balance_200_fiscal_20664a10-d692-43c0-8fa3-57776cb5cacc','d:2158160;',1777317640),('shireculive_cache_account_balance_201_fiscal_20664a10-d692-43c0-8fa3-57776cb5cacc','d:490000;',1777317640),('shireculive_cache_account_balance_202_fiscal_20664a10-d692-43c0-8fa3-57776cb5cacc','d:1650000;',1777317640),('shireculive_cache_account_balance_203_fiscal_20664a10-d692-43c0-8fa3-57776cb5cacc','d:331600;',1777317640),('shireculive_cache_account_balance_204_fiscal_20664a10-d692-43c0-8fa3-57776cb5cacc','d:245000;',1777317640),('shireculive_cache_account_balance_205_fiscal_20664a10-d692-43c0-8fa3-57776cb5cacc','d:922272;',1777317640),('shireculive_cache_account_balance_206_fiscal_20664a10-d692-43c0-8fa3-57776cb5cacc','d:360000;',1777317640),('shireculive_cache_account_balance_207_fiscal_20664a10-d692-43c0-8fa3-57776cb5cacc','d:1930000;',1777317640),('shireculive_cache_account_balance_208_fiscal_20664a10-d692-43c0-8fa3-57776cb5cacc','d:705000;',1777317640),('shireculive_cache_account_balance_209_fiscal_20664a10-d692-43c0-8fa3-57776cb5cacc','d:200000;',1777317640),('shireculive_cache_account_balance_21_fiscal_20664a10-d692-43c0-8fa3-57776cb5cacc','d:500000;',1777118070),('shireculive_cache_account_balance_210_fiscal_20664a10-d692-43c0-8fa3-57776cb5cacc','d:100000;',1777317640),('shireculive_cache_account_balance_211_fiscal_20664a10-d692-43c0-8fa3-57776cb5cacc','d:120000;',1777317640),('shireculive_cache_account_balance_212_fiscal_20664a10-d692-43c0-8fa3-57776cb5cacc','d:170000;',1777317640),('shireculive_cache_account_balance_213_fiscal_20664a10-d692-43c0-8fa3-57776cb5cacc','d:1140000;',1777317640),('shireculive_cache_account_balance_214_fiscal_20664a10-d692-43c0-8fa3-57776cb5cacc','d:50000;',1777317640),('shireculive_cache_account_balance_215_fiscal_20664a10-d692-43c0-8fa3-57776cb5cacc','d:400000;',1777317640),('shireculive_cache_account_balance_216_fiscal_20664a10-d692-43c0-8fa3-57776cb5cacc','i:0;',1777317640),('shireculive_cache_account_balance_217_fiscal_20664a10-d692-43c0-8fa3-57776cb5cacc','d:20000;',1777317641),('shireculive_cache_account_balance_218_fiscal_20664a10-d692-43c0-8fa3-57776cb5cacc','d:7830;',1777317641),('shireculive_cache_account_balance_219_fiscal_20664a10-d692-43c0-8fa3-57776cb5cacc','d:430000;',1777317641),('shireculive_cache_account_balance_22_fiscal_20664a10-d692-43c0-8fa3-57776cb5cacc','i:0;',1777118070),('shireculive_cache_account_balance_220_fiscal_20664a10-d692-43c0-8fa3-57776cb5cacc','d:41880;',1777317641),('shireculive_cache_account_balance_221_fiscal_20664a10-d692-43c0-8fa3-57776cb5cacc','d:8320;',1777317641),('shireculive_cache_account_balance_222_fiscal_20664a10-d692-43c0-8fa3-57776cb5cacc','d:400000;',1777317641),('shireculive_cache_account_balance_223_fiscal_20664a10-d692-43c0-8fa3-57776cb5cacc','d:360000;',1777317641),('shireculive_cache_account_balance_224_fiscal_20664a10-d692-43c0-8fa3-57776cb5cacc','i:0;',1777317641),('shireculive_cache_account_balance_225_fiscal_20664a10-d692-43c0-8fa3-57776cb5cacc','d:383200;',1777317641),('shireculive_cache_account_balance_226_fiscal_20664a10-d692-43c0-8fa3-57776cb5cacc','i:0;',1777317641),('shireculive_cache_account_balance_227_fiscal_20664a10-d692-43c0-8fa3-57776cb5cacc','d:430000;',1777317641),('shireculive_cache_account_balance_228_fiscal_20664a10-d692-43c0-8fa3-57776cb5cacc','d:350000;',1777317641),('shireculive_cache_account_balance_229_fiscal_20664a10-d692-43c0-8fa3-57776cb5cacc','d:20000;',1777317641),('shireculive_cache_account_balance_23_fiscal_20664a10-d692-43c0-8fa3-57776cb5cacc','d:5445308.96;',1777118070),('shireculive_cache_account_balance_230_fiscal_20664a10-d692-43c0-8fa3-57776cb5cacc','d:430000;',1777317641),('shireculive_cache_account_balance_231_fiscal_20664a10-d692-43c0-8fa3-57776cb5cacc','i:0;',1777317641),('shireculive_cache_account_balance_232_fiscal_20664a10-d692-43c0-8fa3-57776cb5cacc','d:250000;',1777317641),('shireculive_cache_account_balance_233_fiscal_20664a10-d692-43c0-8fa3-57776cb5cacc','d:440000;',1777317641),('shireculive_cache_account_balance_234_fiscal_20664a10-d692-43c0-8fa3-57776cb5cacc','d:420000;',1777317641),('shireculive_cache_account_balance_235_fiscal_20664a10-d692-43c0-8fa3-57776cb5cacc','d:700000;',1777317641),('shireculive_cache_account_balance_236_fiscal_20664a10-d692-43c0-8fa3-57776cb5cacc','d:340000;',1777317641),('shireculive_cache_account_balance_237_fiscal_20664a10-d692-43c0-8fa3-57776cb5cacc','d:640000;',1777317641),('shireculive_cache_account_balance_238_fiscal_20664a10-d692-43c0-8fa3-57776cb5cacc','d:1030000;',1777317641),('shireculive_cache_account_balance_239_fiscal_20664a10-d692-43c0-8fa3-57776cb5cacc','i:0;',1777317641),('shireculive_cache_account_balance_24_fiscal_20664a10-d692-43c0-8fa3-57776cb5cacc','d:95413141.4;',1777118070),('shireculive_cache_account_balance_240_fiscal_20664a10-d692-43c0-8fa3-57776cb5cacc','d:150000;',1777317641),('shireculive_cache_account_balance_241_fiscal_20664a10-d692-43c0-8fa3-57776cb5cacc','d:1164638;',1777317641),('shireculive_cache_account_balance_242_fiscal_20664a10-d692-43c0-8fa3-57776cb5cacc','d:170000;',1777317641),('shireculive_cache_account_balance_243_fiscal_20664a10-d692-43c0-8fa3-57776cb5cacc','d:400000;',1777317641),('shireculive_cache_account_balance_244_fiscal_20664a10-d692-43c0-8fa3-57776cb5cacc','d:400000;',1777317641),('shireculive_cache_account_balance_245_fiscal_20664a10-d692-43c0-8fa3-57776cb5cacc','d:560000;',1777317641),('shireculive_cache_account_balance_246_fiscal_20664a10-d692-43c0-8fa3-57776cb5cacc','i:0;',1777317641),('shireculive_cache_account_balance_247_fiscal_20664a10-d692-43c0-8fa3-57776cb5cacc','i:0;',1777317641),('shireculive_cache_account_balance_248_fiscal_20664a10-d692-43c0-8fa3-57776cb5cacc','d:150000;',1777317641),('shireculive_cache_account_balance_249_fiscal_20664a10-d692-43c0-8fa3-57776cb5cacc','d:250000;',1777317641),('shireculive_cache_account_balance_25_fiscal_20664a10-d692-43c0-8fa3-57776cb5cacc','d:1697525;',1777118069),('shireculive_cache_account_balance_250_fiscal_20664a10-d692-43c0-8fa3-57776cb5cacc','i:0;',1777317641),('shireculive_cache_account_balance_251_fiscal_20664a10-d692-43c0-8fa3-57776cb5cacc','i:0;',1777317641),('shireculive_cache_account_balance_252_fiscal_20664a10-d692-43c0-8fa3-57776cb5cacc','d:890000;',1777317641),('shireculive_cache_account_balance_253_fiscal_20664a10-d692-43c0-8fa3-57776cb5cacc','d:570000;',1777317641),('shireculive_cache_account_balance_254_fiscal_20664a10-d692-43c0-8fa3-57776cb5cacc','d:380000;',1777317641),('shireculive_cache_account_balance_255_fiscal_20664a10-d692-43c0-8fa3-57776cb5cacc','d:50000;',1777317641),('shireculive_cache_account_balance_256_fiscal_20664a10-d692-43c0-8fa3-57776cb5cacc','d:330000;',1777317641),('shireculive_cache_account_balance_257_fiscal_20664a10-d692-43c0-8fa3-57776cb5cacc','d:30000;',1777317641),('shireculive_cache_account_balance_258_fiscal_20664a10-d692-43c0-8fa3-57776cb5cacc','d:10000;',1777317641),('shireculive_cache_account_balance_259_fiscal_20664a10-d692-43c0-8fa3-57776cb5cacc','d:280000;',1777317641),('shireculive_cache_account_balance_26_fiscal_20664a10-d692-43c0-8fa3-57776cb5cacc','i:0;',1777118069),('shireculive_cache_account_balance_260_fiscal_20664a10-d692-43c0-8fa3-57776cb5cacc','d:430000;',1777317641),('shireculive_cache_account_balance_261_fiscal_20664a10-d692-43c0-8fa3-57776cb5cacc','d:30000;',1777317641),('shireculive_cache_account_balance_262_fiscal_20664a10-d692-43c0-8fa3-57776cb5cacc','d:6000;',1777317641),('shireculive_cache_account_balance_263_fiscal_20664a10-d692-43c0-8fa3-57776cb5cacc','d:165000;',1777317641),('shireculive_cache_account_balance_264_fiscal_20664a10-d692-43c0-8fa3-57776cb5cacc','d:150000;',1777317641),('shireculive_cache_account_balance_265_fiscal_20664a10-d692-43c0-8fa3-57776cb5cacc','d:20000;',1777317641),('shireculive_cache_account_balance_266_fiscal_20664a10-d692-43c0-8fa3-57776cb5cacc','d:430000;',1777317641),('shireculive_cache_account_balance_267_fiscal_20664a10-d692-43c0-8fa3-57776cb5cacc','i:0;',1777317641),('shireculive_cache_account_balance_268_fiscal_20664a10-d692-43c0-8fa3-57776cb5cacc','d:665000;',1777317641),('shireculive_cache_account_balance_269_fiscal_20664a10-d692-43c0-8fa3-57776cb5cacc','d:460000;',1777317641),('shireculive_cache_account_balance_27_fiscal_20664a10-d692-43c0-8fa3-57776cb5cacc','d:14557300;',1777118069),('shireculive_cache_account_balance_270_fiscal_20664a10-d692-43c0-8fa3-57776cb5cacc','d:55000;',1777317641),('shireculive_cache_account_balance_271_fiscal_20664a10-d692-43c0-8fa3-57776cb5cacc','i:0;',1777317641),('shireculive_cache_account_balance_272_fiscal_20664a10-d692-43c0-8fa3-57776cb5cacc','d:254075;',1777317641),('shireculive_cache_account_balance_273_fiscal_20664a10-d692-43c0-8fa3-57776cb5cacc','d:500000;',1777317641),('shireculive_cache_account_balance_274_fiscal_20664a10-d692-43c0-8fa3-57776cb5cacc','i:0;',1777317641),('shireculive_cache_account_balance_275_fiscal_20664a10-d692-43c0-8fa3-57776cb5cacc','i:0;',1777317641),('shireculive_cache_account_balance_276_fiscal_20664a10-d692-43c0-8fa3-57776cb5cacc','d:250000;',1777317641),('shireculive_cache_account_balance_277_fiscal_20664a10-d692-43c0-8fa3-57776cb5cacc','i:0;',1777317641),('shireculive_cache_account_balance_278_fiscal_20664a10-d692-43c0-8fa3-57776cb5cacc','i:0;',1777317641),('shireculive_cache_account_balance_279_fiscal_20664a10-d692-43c0-8fa3-57776cb5cacc','d:290000;',1777317641),('shireculive_cache_account_balance_28_fiscal_20664a10-d692-43c0-8fa3-57776cb5cacc','d:88058766.22;',1777118069),('shireculive_cache_account_balance_280_fiscal_20664a10-d692-43c0-8fa3-57776cb5cacc','d:6000;',1777317641),('shireculive_cache_account_balance_281_fiscal_20664a10-d692-43c0-8fa3-57776cb5cacc','d:380000;',1777317641),('shireculive_cache_account_balance_282_fiscal_20664a10-d692-43c0-8fa3-57776cb5cacc','d:75000;',1777317641),('shireculive_cache_account_balance_283_fiscal_20664a10-d692-43c0-8fa3-57776cb5cacc','i:0;',1777317641),('shireculive_cache_account_balance_284_fiscal_20664a10-d692-43c0-8fa3-57776cb5cacc','d:980000;',1777317641),('shireculive_cache_account_balance_285_fiscal_20664a10-d692-43c0-8fa3-57776cb5cacc','i:0;',1777317641),('shireculive_cache_account_balance_286_fiscal_20664a10-d692-43c0-8fa3-57776cb5cacc','i:0;',1777317641),('shireculive_cache_account_balance_287_fiscal_20664a10-d692-43c0-8fa3-57776cb5cacc','d:45000;',1777317641),('shireculive_cache_account_balance_288_fiscal_20664a10-d692-43c0-8fa3-57776cb5cacc','i:0;',1777317641),('shireculive_cache_account_balance_289_fiscal_20664a10-d692-43c0-8fa3-57776cb5cacc','d:105000;',1777317641),('shireculive_cache_account_balance_29_fiscal_20664a10-d692-43c0-8fa3-57776cb5cacc','d:1550000;',1777118069),('shireculive_cache_account_balance_290_fiscal_20664a10-d692-43c0-8fa3-57776cb5cacc','i:0;',1777317641),('shireculive_cache_account_balance_291_fiscal_20664a10-d692-43c0-8fa3-57776cb5cacc','i:0;',1777317641),('shireculive_cache_account_balance_292_fiscal_20664a10-d692-43c0-8fa3-57776cb5cacc','d:100000;',1777317641),('shireculive_cache_account_balance_293_fiscal_20664a10-d692-43c0-8fa3-57776cb5cacc','d:600000;',1777317641),('shireculive_cache_account_balance_294_fiscal_20664a10-d692-43c0-8fa3-57776cb5cacc','d:360000;',1777317641),('shireculive_cache_account_balance_295_fiscal_20664a10-d692-43c0-8fa3-57776cb5cacc','i:0;',1777317641),('shireculive_cache_account_balance_296_fiscal_20664a10-d692-43c0-8fa3-57776cb5cacc','d:70000;',1777317641),('shireculive_cache_account_balance_297_fiscal_20664a10-d692-43c0-8fa3-57776cb5cacc','d:540000;',1777317641),('shireculive_cache_account_balance_298_fiscal_20664a10-d692-43c0-8fa3-57776cb5cacc','d:50000;',1777317641),('shireculive_cache_account_balance_299_fiscal_20664a10-d692-43c0-8fa3-57776cb5cacc','d:430000;',1777317641),('shireculive_cache_account_balance_3_fiscal_20664a10-d692-43c0-8fa3-57776cb5cacc','d:14170358.24;',1777118069),('shireculive_cache_account_balance_30_fiscal_20664a10-d692-43c0-8fa3-57776cb5cacc','d:37543800;',1777118069),('shireculive_cache_account_balance_300_fiscal_20664a10-d692-43c0-8fa3-57776cb5cacc','i:0;',1777317641),('shireculive_cache_account_balance_301_fiscal_20664a10-d692-43c0-8fa3-57776cb5cacc','d:50000;',1777317641),('shireculive_cache_account_balance_302_fiscal_20664a10-d692-43c0-8fa3-57776cb5cacc','d:400000;',1777317641),('shireculive_cache_account_balance_303_fiscal_20664a10-d692-43c0-8fa3-57776cb5cacc','i:0;',1777317641),('shireculive_cache_account_balance_304_fiscal_20664a10-d692-43c0-8fa3-57776cb5cacc','d:125000;',1777317641),('shireculive_cache_account_balance_305_fiscal_20664a10-d692-43c0-8fa3-57776cb5cacc','d:430000;',1777317641),('shireculive_cache_account_balance_306_fiscal_20664a10-d692-43c0-8fa3-57776cb5cacc','d:65000;',1777317641),('shireculive_cache_account_balance_307_fiscal_20664a10-d692-43c0-8fa3-57776cb5cacc','d:150000;',1777317641),('shireculive_cache_account_balance_308_fiscal_20664a10-d692-43c0-8fa3-57776cb5cacc','d:400000;',1777317641),('shireculive_cache_account_balance_309_fiscal_20664a10-d692-43c0-8fa3-57776cb5cacc','d:50000;',1777317641),('shireculive_cache_account_balance_31_fiscal_20664a10-d692-43c0-8fa3-57776cb5cacc','d:7808300;',1777118069),('shireculive_cache_account_balance_310_fiscal_20664a10-d692-43c0-8fa3-57776cb5cacc','d:430000;',1777317641),('shireculive_cache_account_balance_311_fiscal_20664a10-d692-43c0-8fa3-57776cb5cacc','d:180000;',1777317641),('shireculive_cache_account_balance_312_fiscal_20664a10-d692-43c0-8fa3-57776cb5cacc','d:196000;',1777317641),('shireculive_cache_account_balance_313_fiscal_20664a10-d692-43c0-8fa3-57776cb5cacc','d:530000;',1777317641),('shireculive_cache_account_balance_314_fiscal_20664a10-d692-43c0-8fa3-57776cb5cacc','d:380000;',1777317641),('shireculive_cache_account_balance_315_fiscal_20664a10-d692-43c0-8fa3-57776cb5cacc','i:0;',1777317641),('shireculive_cache_account_balance_316_fiscal_20664a10-d692-43c0-8fa3-57776cb5cacc','i:0;',1777317641),('shireculive_cache_account_balance_317_fiscal_20664a10-d692-43c0-8fa3-57776cb5cacc','d:60000;',1777317641),('shireculive_cache_account_balance_318_fiscal_20664a10-d692-43c0-8fa3-57776cb5cacc','d:310000;',1777317641),('shireculive_cache_account_balance_319_fiscal_20664a10-d692-43c0-8fa3-57776cb5cacc','d:380000;',1777317641),('shireculive_cache_account_balance_32_fiscal_20664a10-d692-43c0-8fa3-57776cb5cacc','d:428000;',1777118069),('shireculive_cache_account_balance_320_fiscal_20664a10-d692-43c0-8fa3-57776cb5cacc','d:30000;',1777317641),('shireculive_cache_account_balance_321_fiscal_20664a10-d692-43c0-8fa3-57776cb5cacc','d:420000;',1777317641),('shireculive_cache_account_balance_322_fiscal_20664a10-d692-43c0-8fa3-57776cb5cacc','d:35000;',1777317641),('shireculive_cache_account_balance_323_fiscal_20664a10-d692-43c0-8fa3-57776cb5cacc','i:0;',1777317641),('shireculive_cache_account_balance_324_fiscal_20664a10-d692-43c0-8fa3-57776cb5cacc','d:400000;',1777317641),('shireculive_cache_account_balance_325_fiscal_20664a10-d692-43c0-8fa3-57776cb5cacc','d:250000;',1777317641),('shireculive_cache_account_balance_326_fiscal_20664a10-d692-43c0-8fa3-57776cb5cacc','d:830000;',1777317641),('shireculive_cache_account_balance_327_fiscal_20664a10-d692-43c0-8fa3-57776cb5cacc','i:0;',1777317641),('shireculive_cache_account_balance_328_fiscal_20664a10-d692-43c0-8fa3-57776cb5cacc','i:0;',1777317641),('shireculive_cache_account_balance_329_fiscal_20664a10-d692-43c0-8fa3-57776cb5cacc','d:20000;',1777317641),('shireculive_cache_account_balance_33_fiscal_20664a10-d692-43c0-8fa3-57776cb5cacc','d:10316193;',1777118069),('shireculive_cache_account_balance_330_fiscal_20664a10-d692-43c0-8fa3-57776cb5cacc','i:0;',1777317641),('shireculive_cache_account_balance_331_fiscal_20664a10-d692-43c0-8fa3-57776cb5cacc','d:310000;',1777317641),('shireculive_cache_account_balance_332_fiscal_20664a10-d692-43c0-8fa3-57776cb5cacc','d:100000;',1777317641),('shireculive_cache_account_balance_333_fiscal_20664a10-d692-43c0-8fa3-57776cb5cacc','d:1335000;',1777317641),('shireculive_cache_account_balance_334_fiscal_20664a10-d692-43c0-8fa3-57776cb5cacc','d:450000;',1777317641),('shireculive_cache_account_balance_335_fiscal_20664a10-d692-43c0-8fa3-57776cb5cacc','d:430000;',1777317641),('shireculive_cache_account_balance_336_fiscal_20664a10-d692-43c0-8fa3-57776cb5cacc','i:0;',1777317641),('shireculive_cache_account_balance_337_fiscal_20664a10-d692-43c0-8fa3-57776cb5cacc','d:20000;',1777317641),('shireculive_cache_account_balance_338_fiscal_20664a10-d692-43c0-8fa3-57776cb5cacc','d:430000;',1777317641),('shireculive_cache_account_balance_339_fiscal_20664a10-d692-43c0-8fa3-57776cb5cacc','d:575000;',1777317641),('shireculive_cache_account_balance_34_fiscal_20664a10-d692-43c0-8fa3-57776cb5cacc','d:30952180;',1777118069),('shireculive_cache_account_balance_340_fiscal_20664a10-d692-43c0-8fa3-57776cb5cacc','d:450000;',1777317641),('shireculive_cache_account_balance_341_fiscal_20664a10-d692-43c0-8fa3-57776cb5cacc','d:459500;',1777317641),('shireculive_cache_account_balance_342_fiscal_20664a10-d692-43c0-8fa3-57776cb5cacc','i:0;',1777317641),('shireculive_cache_account_balance_343_fiscal_20664a10-d692-43c0-8fa3-57776cb5cacc','d:20000;',1777317641),('shireculive_cache_account_balance_344_fiscal_20664a10-d692-43c0-8fa3-57776cb5cacc','d:60000;',1777317641),('shireculive_cache_account_balance_345_fiscal_20664a10-d692-43c0-8fa3-57776cb5cacc','d:180000;',1777317641),('shireculive_cache_account_balance_346_fiscal_20664a10-d692-43c0-8fa3-57776cb5cacc','d:2430000;',1777317641),('shireculive_cache_account_balance_347_fiscal_20664a10-d692-43c0-8fa3-57776cb5cacc','d:30000;',1777317641),('shireculive_cache_account_balance_348_fiscal_20664a10-d692-43c0-8fa3-57776cb5cacc','i:0;',1777317642),('shireculive_cache_account_balance_349_fiscal_20664a10-d692-43c0-8fa3-57776cb5cacc','i:0;',1777317642),('shireculive_cache_account_balance_35_fiscal_20664a10-d692-43c0-8fa3-57776cb5cacc','d:3455000;',1777118069),('shireculive_cache_account_balance_350_fiscal_20664a10-d692-43c0-8fa3-57776cb5cacc','d:1685000;',1777317642),('shireculive_cache_account_balance_351_fiscal_20664a10-d692-43c0-8fa3-57776cb5cacc','i:0;',1777317642),('shireculive_cache_account_balance_352_fiscal_20664a10-d692-43c0-8fa3-57776cb5cacc','d:250000;',1777317642),('shireculive_cache_account_balance_353_fiscal_20664a10-d692-43c0-8fa3-57776cb5cacc','d:430000;',1777317642),('shireculive_cache_account_balance_354_fiscal_20664a10-d692-43c0-8fa3-57776cb5cacc','d:430000;',1777317642),('shireculive_cache_account_balance_355_fiscal_20664a10-d692-43c0-8fa3-57776cb5cacc','d:400000;',1777317642),('shireculive_cache_account_balance_356_fiscal_20664a10-d692-43c0-8fa3-57776cb5cacc','d:310000;',1777317642),('shireculive_cache_account_balance_357_fiscal_20664a10-d692-43c0-8fa3-57776cb5cacc','d:180000;',1777317642),('shireculive_cache_account_balance_358_fiscal_20664a10-d692-43c0-8fa3-57776cb5cacc','d:340000;',1777317642),('shireculive_cache_account_balance_359_fiscal_20664a10-d692-43c0-8fa3-57776cb5cacc','d:430000;',1777317642),('shireculive_cache_account_balance_36_fiscal_20664a10-d692-43c0-8fa3-57776cb5cacc','d:14051800;',1777118069),('shireculive_cache_account_balance_360_fiscal_20664a10-d692-43c0-8fa3-57776cb5cacc','d:500000;',1777317642),('shireculive_cache_account_balance_361_fiscal_20664a10-d692-43c0-8fa3-57776cb5cacc','d:46000;',1777317642),('shireculive_cache_account_balance_362_fiscal_20664a10-d692-43c0-8fa3-57776cb5cacc','d:180000;',1777317642),('shireculive_cache_account_balance_363_fiscal_20664a10-d692-43c0-8fa3-57776cb5cacc','d:430000;',1777317642),('shireculive_cache_account_balance_364_fiscal_20664a10-d692-43c0-8fa3-57776cb5cacc','d:400000;',1777317642),('shireculive_cache_account_balance_365_fiscal_20664a10-d692-43c0-8fa3-57776cb5cacc','d:160000;',1777317642),('shireculive_cache_account_balance_366_fiscal_20664a10-d692-43c0-8fa3-57776cb5cacc','d:45000;',1777317642),('shireculive_cache_account_balance_367_fiscal_20664a10-d692-43c0-8fa3-57776cb5cacc','d:630000;',1777317642),('shireculive_cache_account_balance_368_fiscal_20664a10-d692-43c0-8fa3-57776cb5cacc','d:360000;',1777317642),('shireculive_cache_account_balance_369_fiscal_20664a10-d692-43c0-8fa3-57776cb5cacc','d:30000;',1777317642),('shireculive_cache_account_balance_37_fiscal_20664a10-d692-43c0-8fa3-57776cb5cacc','d:9743700;',1777118069),('shireculive_cache_account_balance_370_fiscal_20664a10-d692-43c0-8fa3-57776cb5cacc','d:420000;',1777317642),('shireculive_cache_account_balance_371_fiscal_20664a10-d692-43c0-8fa3-57776cb5cacc','d:580000;',1777317642),('shireculive_cache_account_balance_372_fiscal_20664a10-d692-43c0-8fa3-57776cb5cacc','d:700000;',1777317642),('shireculive_cache_account_balance_373_fiscal_20664a10-d692-43c0-8fa3-57776cb5cacc','d:429553;',1777317642),('shireculive_cache_account_balance_374_fiscal_20664a10-d692-43c0-8fa3-57776cb5cacc','d:430000;',1777317642),('shireculive_cache_account_balance_375_fiscal_20664a10-d692-43c0-8fa3-57776cb5cacc','d:90000;',1777317642),('shireculive_cache_account_balance_376_fiscal_20664a10-d692-43c0-8fa3-57776cb5cacc','d:20006;',1777317642),('shireculive_cache_account_balance_377_fiscal_20664a10-d692-43c0-8fa3-57776cb5cacc','d:20000;',1777317642),('shireculive_cache_account_balance_378_fiscal_20664a10-d692-43c0-8fa3-57776cb5cacc','d:260000;',1777317642),('shireculive_cache_account_balance_379_fiscal_20664a10-d692-43c0-8fa3-57776cb5cacc','d:70000;',1777317642),('shireculive_cache_account_balance_38_fiscal_20664a10-d692-43c0-8fa3-57776cb5cacc','d:14910000;',1777118069),('shireculive_cache_account_balance_380_fiscal_20664a10-d692-43c0-8fa3-57776cb5cacc','d:484000;',1777317642),('shireculive_cache_account_balance_381_fiscal_20664a10-d692-43c0-8fa3-57776cb5cacc','d:304844;',1777317642),('shireculive_cache_account_balance_382_fiscal_20664a10-d692-43c0-8fa3-57776cb5cacc','d:430000;',1777317642),('shireculive_cache_account_balance_383_fiscal_20664a10-d692-43c0-8fa3-57776cb5cacc','d:80000;',1777317642),('shireculive_cache_account_balance_384_fiscal_20664a10-d692-43c0-8fa3-57776cb5cacc','d:250000;',1777317642),('shireculive_cache_account_balance_385_fiscal_20664a10-d692-43c0-8fa3-57776cb5cacc','d:20000;',1777317642),('shireculive_cache_account_balance_386_fiscal_20664a10-d692-43c0-8fa3-57776cb5cacc','d:430000;',1777317642),('shireculive_cache_account_balance_387_fiscal_20664a10-d692-43c0-8fa3-57776cb5cacc','d:150000;',1777317642),('shireculive_cache_account_balance_388_fiscal_20664a10-d692-43c0-8fa3-57776cb5cacc','d:50000;',1777317642),('shireculive_cache_account_balance_389_fiscal_20664a10-d692-43c0-8fa3-57776cb5cacc','d:390000;',1777317642),('shireculive_cache_account_balance_39_fiscal_20664a10-d692-43c0-8fa3-57776cb5cacc','i:0;',1777118069),('shireculive_cache_account_balance_390_fiscal_20664a10-d692-43c0-8fa3-57776cb5cacc','d:783948;',1777317642),('shireculive_cache_account_balance_391_fiscal_20664a10-d692-43c0-8fa3-57776cb5cacc','d:1260000;',1777317642),('shireculive_cache_account_balance_392_fiscal_20664a10-d692-43c0-8fa3-57776cb5cacc','d:45000;',1777317642),('shireculive_cache_account_balance_393_fiscal_20664a10-d692-43c0-8fa3-57776cb5cacc','d:400000;',1777317642),('shireculive_cache_account_balance_394_fiscal_20664a10-d692-43c0-8fa3-57776cb5cacc','d:350000;',1777317642),('shireculive_cache_account_balance_395_fiscal_20664a10-d692-43c0-8fa3-57776cb5cacc','d:100000;',1777317642),('shireculive_cache_account_balance_396_fiscal_20664a10-d692-43c0-8fa3-57776cb5cacc','d:430000;',1777317642),('shireculive_cache_account_balance_397_fiscal_20664a10-d692-43c0-8fa3-57776cb5cacc','d:114000;',1777317642),('shireculive_cache_account_balance_398_fiscal_20664a10-d692-43c0-8fa3-57776cb5cacc','d:55000;',1777317642),('shireculive_cache_account_balance_399_fiscal_20664a10-d692-43c0-8fa3-57776cb5cacc','d:55000;',1777317642),('shireculive_cache_account_balance_4_fiscal_20664a10-d692-43c0-8fa3-57776cb5cacc','d:1500000.16;',1777118069),('shireculive_cache_account_balance_40_fiscal_20664a10-d692-43c0-8fa3-57776cb5cacc','d:8228439;',1777118069),('shireculive_cache_account_balance_400_fiscal_20664a10-d692-43c0-8fa3-57776cb5cacc','d:330000;',1777317642),('shireculive_cache_account_balance_401_fiscal_20664a10-d692-43c0-8fa3-57776cb5cacc','d:470000;',1777317642),('shireculive_cache_account_balance_402_fiscal_20664a10-d692-43c0-8fa3-57776cb5cacc','d:175000;',1777317642),('shireculive_cache_account_balance_403_fiscal_20664a10-d692-43c0-8fa3-57776cb5cacc','d:100000;',1777317642),('shireculive_cache_account_balance_404_fiscal_20664a10-d692-43c0-8fa3-57776cb5cacc','d:250000;',1777317642),('shireculive_cache_account_balance_405_fiscal_20664a10-d692-43c0-8fa3-57776cb5cacc','d:410000;',1777317642),('shireculive_cache_account_balance_406_fiscal_20664a10-d692-43c0-8fa3-57776cb5cacc','d:130000;',1777317642),('shireculive_cache_account_balance_407_fiscal_20664a10-d692-43c0-8fa3-57776cb5cacc','d:50000;',1777317642),('shireculive_cache_account_balance_408_fiscal_20664a10-d692-43c0-8fa3-57776cb5cacc','d:750000;',1777317642),('shireculive_cache_account_balance_409_fiscal_20664a10-d692-43c0-8fa3-57776cb5cacc','d:430000;',1777317642),('shireculive_cache_account_balance_41_fiscal_20664a10-d692-43c0-8fa3-57776cb5cacc','d:14953900;',1777118069),('shireculive_cache_account_balance_410_fiscal_20664a10-d692-43c0-8fa3-57776cb5cacc','d:90000;',1777317642),('shireculive_cache_account_balance_411_fiscal_20664a10-d692-43c0-8fa3-57776cb5cacc','d:90000;',1777317642),('shireculive_cache_account_balance_412_fiscal_20664a10-d692-43c0-8fa3-57776cb5cacc','d:50000;',1777317642),('shireculive_cache_account_balance_413_fiscal_20664a10-d692-43c0-8fa3-57776cb5cacc','d:250000;',1777317642),('shireculive_cache_account_balance_414_fiscal_20664a10-d692-43c0-8fa3-57776cb5cacc','d:580000;',1777317642),('shireculive_cache_account_balance_415_fiscal_20664a10-d692-43c0-8fa3-57776cb5cacc','d:1685000;',1777317642),('shireculive_cache_account_balance_416_fiscal_20664a10-d692-43c0-8fa3-57776cb5cacc','d:2060000;',1777317642),('shireculive_cache_account_balance_417_fiscal_20664a10-d692-43c0-8fa3-57776cb5cacc','d:430000;',1777317642),('shireculive_cache_account_balance_418_fiscal_20664a10-d692-43c0-8fa3-57776cb5cacc','d:140000;',1777317642),('shireculive_cache_account_balance_419_fiscal_20664a10-d692-43c0-8fa3-57776cb5cacc','d:150000;',1777317642),('shireculive_cache_account_balance_42_fiscal_20664a10-d692-43c0-8fa3-57776cb5cacc','d:8192800;',1777118069),('shireculive_cache_account_balance_420_fiscal_20664a10-d692-43c0-8fa3-57776cb5cacc','d:175000;',1777317642),('shireculive_cache_account_balance_421_fiscal_20664a10-d692-43c0-8fa3-57776cb5cacc','d:430000;',1777317642),('shireculive_cache_account_balance_422_fiscal_20664a10-d692-43c0-8fa3-57776cb5cacc','d:380000;',1777317642),('shireculive_cache_account_balance_423_fiscal_20664a10-d692-43c0-8fa3-57776cb5cacc','d:380000;',1777317642),('shireculive_cache_account_balance_424_fiscal_20664a10-d692-43c0-8fa3-57776cb5cacc','d:540000;',1777317642),('shireculive_cache_account_balance_425_fiscal_20664a10-d692-43c0-8fa3-57776cb5cacc','d:340000;',1777317642),('shireculive_cache_account_balance_426_fiscal_20664a10-d692-43c0-8fa3-57776cb5cacc','d:400000;',1777317642),('shireculive_cache_account_balance_427_fiscal_20664a10-d692-43c0-8fa3-57776cb5cacc','d:1582925;',1777317642),('shireculive_cache_account_balance_428_fiscal_20664a10-d692-43c0-8fa3-57776cb5cacc','d:174640;',1777317642),('shireculive_cache_account_balance_429_fiscal_20664a10-d692-43c0-8fa3-57776cb5cacc','d:270000;',1777317642),('shireculive_cache_account_balance_43_fiscal_20664a10-d692-43c0-8fa3-57776cb5cacc','d:1860000;',1777118069),('shireculive_cache_account_balance_430_fiscal_20664a10-d692-43c0-8fa3-57776cb5cacc','d:217000;',1777317642),('shireculive_cache_account_balance_431_fiscal_20664a10-d692-43c0-8fa3-57776cb5cacc','d:106000;',1777317642),('shireculive_cache_account_balance_432_fiscal_20664a10-d692-43c0-8fa3-57776cb5cacc','d:35000;',1777317642),('shireculive_cache_account_balance_433_fiscal_20664a10-d692-43c0-8fa3-57776cb5cacc','d:11000;',1777317642),('shireculive_cache_account_balance_434_fiscal_20664a10-d692-43c0-8fa3-57776cb5cacc','d:91100;',1777317642),('shireculive_cache_account_balance_435_fiscal_20664a10-d692-43c0-8fa3-57776cb5cacc','d:54000;',1777317642),('shireculive_cache_account_balance_436_fiscal_20664a10-d692-43c0-8fa3-57776cb5cacc','d:191250;',1777317642),('shireculive_cache_account_balance_437_fiscal_20664a10-d692-43c0-8fa3-57776cb5cacc','d:99000;',1777317642),('shireculive_cache_account_balance_438_fiscal_20664a10-d692-43c0-8fa3-57776cb5cacc','d:45000;',1777317642),('shireculive_cache_account_balance_439_fiscal_20664a10-d692-43c0-8fa3-57776cb5cacc','d:40000;',1777317642),('shireculive_cache_account_balance_44_fiscal_20664a10-d692-43c0-8fa3-57776cb5cacc','i:0;',1777118069),('shireculive_cache_account_balance_440_fiscal_20664a10-d692-43c0-8fa3-57776cb5cacc','d:242750;',1777317642),('shireculive_cache_account_balance_441_fiscal_20664a10-d692-43c0-8fa3-57776cb5cacc','d:684000;',1777317642),('shireculive_cache_account_balance_442_fiscal_20664a10-d692-43c0-8fa3-57776cb5cacc','d:2500;',1777317642),('shireculive_cache_account_balance_443_fiscal_20664a10-d692-43c0-8fa3-57776cb5cacc','d:28230;',1777317642),('shireculive_cache_account_balance_444_fiscal_20664a10-d692-43c0-8fa3-57776cb5cacc','d:39000;',1777317642),('shireculive_cache_account_balance_445_fiscal_20664a10-d692-43c0-8fa3-57776cb5cacc','d:30000;',1777317642),('shireculive_cache_account_balance_446_fiscal_20664a10-d692-43c0-8fa3-57776cb5cacc','d:228150;',1777317642),('shireculive_cache_account_balance_447_fiscal_20664a10-d692-43c0-8fa3-57776cb5cacc','d:183000;',1777317642),('shireculive_cache_account_balance_448_fiscal_20664a10-d692-43c0-8fa3-57776cb5cacc','d:244670;',1777317642),('shireculive_cache_account_balance_449_fiscal_20664a10-d692-43c0-8fa3-57776cb5cacc','d:20000;',1777317642),('shireculive_cache_account_balance_45_fiscal_20664a10-d692-43c0-8fa3-57776cb5cacc','d:6695000;',1777118069),('shireculive_cache_account_balance_450_fiscal_20664a10-d692-43c0-8fa3-57776cb5cacc','d:283200;',1777317642),('shireculive_cache_account_balance_451_fiscal_20664a10-d692-43c0-8fa3-57776cb5cacc','d:4000;',1777317642),('shireculive_cache_account_balance_452_fiscal_20664a10-d692-43c0-8fa3-57776cb5cacc','d:101500;',1777317642),('shireculive_cache_account_balance_453_fiscal_20664a10-d692-43c0-8fa3-57776cb5cacc','d:1142762;',1777317642),('shireculive_cache_account_balance_454_fiscal_20664a10-d692-43c0-8fa3-57776cb5cacc','d:19000;',1777317642),('shireculive_cache_account_balance_455_fiscal_20664a10-d692-43c0-8fa3-57776cb5cacc','d:951198.05;',1777317642),('shireculive_cache_account_balance_456_fiscal_20664a10-d692-43c0-8fa3-57776cb5cacc','d:48500;',1777317642),('shireculive_cache_account_balance_457_fiscal_20664a10-d692-43c0-8fa3-57776cb5cacc','d:500;',1777317642),('shireculive_cache_account_balance_458_fiscal_20664a10-d692-43c0-8fa3-57776cb5cacc','d:85000;',1777317642),('shireculive_cache_account_balance_459_fiscal_20664a10-d692-43c0-8fa3-57776cb5cacc','d:177200;',1777317642),('shireculive_cache_account_balance_46_fiscal_20664a10-d692-43c0-8fa3-57776cb5cacc','i:0;',1777118069),('shireculive_cache_account_balance_460_fiscal_20664a10-d692-43c0-8fa3-57776cb5cacc','d:176812;',1777317642),('shireculive_cache_account_balance_461_fiscal_20664a10-d692-43c0-8fa3-57776cb5cacc','d:88000;',1777317642),('shireculive_cache_account_balance_462_fiscal_20664a10-d692-43c0-8fa3-57776cb5cacc','d:782651;',1777317642),('shireculive_cache_account_balance_463_fiscal_20664a10-d692-43c0-8fa3-57776cb5cacc','d:3672400;',1777317642),('shireculive_cache_account_balance_464_fiscal_20664a10-d692-43c0-8fa3-57776cb5cacc','d:130500;',1777317642),('shireculive_cache_account_balance_465_fiscal_20664a10-d692-43c0-8fa3-57776cb5cacc','d:5000;',1777317642),('shireculive_cache_account_balance_466_fiscal_20664a10-d692-43c0-8fa3-57776cb5cacc','i:0;',1777317642),('shireculive_cache_account_balance_467_fiscal_20664a10-d692-43c0-8fa3-57776cb5cacc','d:9318;',1777317642),('shireculive_cache_account_balance_468_fiscal_20664a10-d692-43c0-8fa3-57776cb5cacc','d:6000;',1777317642),('shireculive_cache_account_balance_469_fiscal_20664a10-d692-43c0-8fa3-57776cb5cacc','d:6337723;',1777317642),('shireculive_cache_account_balance_47_fiscal_20664a10-d692-43c0-8fa3-57776cb5cacc','i:0;',1777118069),('shireculive_cache_account_balance_470_fiscal_20664a10-d692-43c0-8fa3-57776cb5cacc','d:112500;',1777317642),('shireculive_cache_account_balance_471_fiscal_20664a10-d692-43c0-8fa3-57776cb5cacc','d:1603530;',1777317642),('shireculive_cache_account_balance_472_fiscal_20664a10-d692-43c0-8fa3-57776cb5cacc','d:250000;',1777317642),('shireculive_cache_account_balance_473_fiscal_20664a10-d692-43c0-8fa3-57776cb5cacc','d:30010;',1777317642),('shireculive_cache_account_balance_474_fiscal_20664a10-d692-43c0-8fa3-57776cb5cacc','d:279000;',1777317642),('shireculive_cache_account_balance_475_fiscal_20664a10-d692-43c0-8fa3-57776cb5cacc','d:1218437.95;',1777317642),('shireculive_cache_account_balance_476_fiscal_20664a10-d692-43c0-8fa3-57776cb5cacc','d:815210;',1777317642),('shireculive_cache_account_balance_477_fiscal_20664a10-d692-43c0-8fa3-57776cb5cacc','d:904000;',1777317643),('shireculive_cache_account_balance_478_fiscal_20664a10-d692-43c0-8fa3-57776cb5cacc','d:45000;',1777317643),('shireculive_cache_account_balance_479_fiscal_20664a10-d692-43c0-8fa3-57776cb5cacc','d:760000;',1777317643),('shireculive_cache_account_balance_48_fiscal_20664a10-d692-43c0-8fa3-57776cb5cacc','d:2139000;',1777118069),('shireculive_cache_account_balance_480_fiscal_20664a10-d692-43c0-8fa3-57776cb5cacc','d:758352;',1777317643),('shireculive_cache_account_balance_481_fiscal_20664a10-d692-43c0-8fa3-57776cb5cacc','d:500000;',1777317643),('shireculive_cache_account_balance_482_fiscal_20664a10-d692-43c0-8fa3-57776cb5cacc','d:66000;',1777317643),('shireculive_cache_account_balance_483_fiscal_20664a10-d692-43c0-8fa3-57776cb5cacc','d:138500;',1777317643),('shireculive_cache_account_balance_484_fiscal_20664a10-d692-43c0-8fa3-57776cb5cacc','d:2829609;',1777317643),('shireculive_cache_account_balance_485_fiscal_20664a10-d692-43c0-8fa3-57776cb5cacc','d:8850;',1777317643),('shireculive_cache_account_balance_486_fiscal_20664a10-d692-43c0-8fa3-57776cb5cacc','d:5000;',1777317643),('shireculive_cache_account_balance_487_fiscal_20664a10-d692-43c0-8fa3-57776cb5cacc','d:871000;',1777317643),('shireculive_cache_account_balance_488_fiscal_20664a10-d692-43c0-8fa3-57776cb5cacc','d:14000;',1777317643),('shireculive_cache_account_balance_489_fiscal_20664a10-d692-43c0-8fa3-57776cb5cacc','d:262000;',1777317643),('shireculive_cache_account_balance_49_fiscal_20664a10-d692-43c0-8fa3-57776cb5cacc','d:20000000;',1777118069),('shireculive_cache_account_balance_490_fiscal_20664a10-d692-43c0-8fa3-57776cb5cacc','d:15000;',1777317643),('shireculive_cache_account_balance_491_fiscal_20664a10-d692-43c0-8fa3-57776cb5cacc','d:7500;',1777317643),('shireculive_cache_account_balance_492_fiscal_20664a10-d692-43c0-8fa3-57776cb5cacc','d:493000;',1777317643),('shireculive_cache_account_balance_493_fiscal_20664a10-d692-43c0-8fa3-57776cb5cacc','d:24805;',1777317643),('shireculive_cache_account_balance_494_fiscal_20664a10-d692-43c0-8fa3-57776cb5cacc','d:300000;',1777317643),('shireculive_cache_account_balance_495_fiscal_20664a10-d692-43c0-8fa3-57776cb5cacc','d:617000;',1777317643),('shireculive_cache_account_balance_496_fiscal_20664a10-d692-43c0-8fa3-57776cb5cacc','d:43700;',1777317643),('shireculive_cache_account_balance_497_fiscal_20664a10-d692-43c0-8fa3-57776cb5cacc','d:882680;',1777317643),('shireculive_cache_account_balance_498_fiscal_20664a10-d692-43c0-8fa3-57776cb5cacc','d:130000;',1777317643),('shireculive_cache_account_balance_499_fiscal_20664a10-d692-43c0-8fa3-57776cb5cacc','d:387000;',1777317643),('shireculive_cache_account_balance_5_fiscal_20664a10-d692-43c0-8fa3-57776cb5cacc','d:2750000.4;',1777118069),('shireculive_cache_account_balance_50_fiscal_20664a10-d692-43c0-8fa3-57776cb5cacc','i:0;',1777118069),('shireculive_cache_account_balance_500_fiscal_20664a10-d692-43c0-8fa3-57776cb5cacc','d:259500;',1777317643),('shireculive_cache_account_balance_501_fiscal_20664a10-d692-43c0-8fa3-57776cb5cacc','d:71208;',1777317643),('shireculive_cache_account_balance_502_fiscal_20664a10-d692-43c0-8fa3-57776cb5cacc','d:12000;',1777317643),('shireculive_cache_account_balance_503_fiscal_20664a10-d692-43c0-8fa3-57776cb5cacc','d:420000;',1777317643),('shireculive_cache_account_balance_504_fiscal_20664a10-d692-43c0-8fa3-57776cb5cacc','d:-1037399764.84;',1777317643),('shireculive_cache_account_balance_505_fiscal_20664a10-d692-43c0-8fa3-57776cb5cacc','d:8000000;',1777317643),('shireculive_cache_account_balance_506_fiscal_20664a10-d692-43c0-8fa3-57776cb5cacc','d:8500000;',1777317643),('shireculive_cache_account_balance_507_fiscal_20664a10-d692-43c0-8fa3-57776cb5cacc','d:2250000;',1777317643),('shireculive_cache_account_balance_508_fiscal_20664a10-d692-43c0-8fa3-57776cb5cacc','d:8500000;',1777317643),('shireculive_cache_account_balance_509_fiscal_20664a10-d692-43c0-8fa3-57776cb5cacc','d:6500000;',1777317643),('shireculive_cache_account_balance_51_fiscal_20664a10-d692-43c0-8fa3-57776cb5cacc','i:0;',1777118069),('shireculive_cache_account_balance_510_fiscal_20664a10-d692-43c0-8fa3-57776cb5cacc','d:6000000;',1777317643),('shireculive_cache_account_balance_511_fiscal_20664a10-d692-43c0-8fa3-57776cb5cacc','d:12000000;',1777317643),('shireculive_cache_account_balance_512_fiscal_20664a10-d692-43c0-8fa3-57776cb5cacc','d:8000000;',1777317643),('shireculive_cache_account_balance_513_fiscal_20664a10-d692-43c0-8fa3-57776cb5cacc','d:12000000;',1777317643),('shireculive_cache_account_balance_514_fiscal_20664a10-d692-43c0-8fa3-57776cb5cacc','d:12000000;',1777317643),('shireculive_cache_account_balance_515_fiscal_20664a10-d692-43c0-8fa3-57776cb5cacc','d:12000000;',1777317643),('shireculive_cache_account_balance_516_fiscal_20664a10-d692-43c0-8fa3-57776cb5cacc','d:12000000;',1777317643),('shireculive_cache_account_balance_517_fiscal_20664a10-d692-43c0-8fa3-57776cb5cacc','d:3000000;',1777317643),('shireculive_cache_account_balance_518_fiscal_20664a10-d692-43c0-8fa3-57776cb5cacc','d:300000;',1777317643),('shireculive_cache_account_balance_519_fiscal_20664a10-d692-43c0-8fa3-57776cb5cacc','d:300000;',1777317643),('shireculive_cache_account_balance_52_fiscal_20664a10-d692-43c0-8fa3-57776cb5cacc','i:0;',1777118069),('shireculive_cache_account_balance_520_fiscal_20664a10-d692-43c0-8fa3-57776cb5cacc','d:350000;',1777317643),('shireculive_cache_account_balance_521_fiscal_20664a10-d692-43c0-8fa3-57776cb5cacc','d:350000;',1777317643),('shireculive_cache_account_balance_522_fiscal_20664a10-d692-43c0-8fa3-57776cb5cacc','d:875000;',1777317643),('shireculive_cache_account_balance_523_fiscal_20664a10-d692-43c0-8fa3-57776cb5cacc','d:350000;',1777317643),('shireculive_cache_account_balance_524_fiscal_20664a10-d692-43c0-8fa3-57776cb5cacc','d:350000;',1777317643),('shireculive_cache_account_balance_525_fiscal_20664a10-d692-43c0-8fa3-57776cb5cacc','d:150000;',1777317643),('shireculive_cache_account_balance_526_fiscal_20664a10-d692-43c0-8fa3-57776cb5cacc','d:350000;',1777317643),('shireculive_cache_account_balance_527_fiscal_20664a10-d692-43c0-8fa3-57776cb5cacc','d:350000;',1777317643),('shireculive_cache_account_balance_528_fiscal_20664a10-d692-43c0-8fa3-57776cb5cacc','d:350000;',1777317643),('shireculive_cache_account_balance_529_fiscal_20664a10-d692-43c0-8fa3-57776cb5cacc','d:11919829.09;',1777317643),('shireculive_cache_account_balance_53_fiscal_20664a10-d692-43c0-8fa3-57776cb5cacc','d:102029151.1275;',1777118069),('shireculive_cache_account_balance_530_fiscal_20664a10-d692-43c0-8fa3-57776cb5cacc','d:385438.1365;',1777317643),('shireculive_cache_account_balance_531_fiscal_20664a10-d692-43c0-8fa3-57776cb5cacc','d:106422883.63;',1777317643),('shireculive_cache_account_balance_531_fiscal_474999f5-e3a4-473f-9ec3-6211fc872bf1','d:-10359213;',1777365528),('shireculive_cache_account_balance_532_fiscal_20664a10-d692-43c0-8fa3-57776cb5cacc','d:173830011.76;',1777317643),('shireculive_cache_account_balance_533_fiscal_20664a10-d692-43c0-8fa3-57776cb5cacc','d:25167354.76;',1777317643),('shireculive_cache_account_balance_534_fiscal_20664a10-d692-43c0-8fa3-57776cb5cacc','d:1711915000;',1777317643),('shireculive_cache_account_balance_535_fiscal_20664a10-d692-43c0-8fa3-57776cb5cacc','d:48785064012;',1777317643),('shireculive_cache_account_balance_536_fiscal_20664a10-d692-43c0-8fa3-57776cb5cacc','d:-48509935638.661;',1777317643),('shireculive_cache_account_balance_537_fiscal_20664a10-d692-43c0-8fa3-57776cb5cacc','d:15855163090;',1777317643),('shireculive_cache_account_balance_538_fiscal_20664a10-d692-43c0-8fa3-57776cb5cacc','d:107000000;',1777317643),('shireculive_cache_account_balance_539_fiscal_20664a10-d692-43c0-8fa3-57776cb5cacc','d:40465190;',1777317643),('shireculive_cache_account_balance_54_fiscal_20664a10-d692-43c0-8fa3-57776cb5cacc','d:335051036.0792;',1777118069),('shireculive_cache_account_balance_540_fiscal_20664a10-d692-43c0-8fa3-57776cb5cacc','d:321846930;',1777317643),('shireculive_cache_account_balance_541_fiscal_20664a10-d692-43c0-8fa3-57776cb5cacc','d:350565309;',1777317643),('shireculive_cache_account_balance_542_fiscal_20664a10-d692-43c0-8fa3-57776cb5cacc','d:227432907;',1777317643),('shireculive_cache_account_balance_543_fiscal_20664a10-d692-43c0-8fa3-57776cb5cacc','d:139437332;',1777317643),('shireculive_cache_account_balance_544_fiscal_20664a10-d692-43c0-8fa3-57776cb5cacc','d:1190250;',1777317643),('shireculive_cache_account_balance_545_fiscal_20664a10-d692-43c0-8fa3-57776cb5cacc','d:100000;',1777317643),('shireculive_cache_account_balance_546_fiscal_20664a10-d692-43c0-8fa3-57776cb5cacc','d:310472722.45;',1777317643),('shireculive_cache_account_balance_547_fiscal_20664a10-d692-43c0-8fa3-57776cb5cacc','d:15833333;',1777317645),('shireculive_cache_account_balance_548_fiscal_20664a10-d692-43c0-8fa3-57776cb5cacc','d:231121934;',1777317643),('shireculive_cache_account_balance_549_fiscal_20664a10-d692-43c0-8fa3-57776cb5cacc','d:2537999.99;',1777317645),('shireculive_cache_account_balance_55_fiscal_20664a10-d692-43c0-8fa3-57776cb5cacc','d:455096061.8233;',1777118070),('shireculive_cache_account_balance_550_fiscal_20664a10-d692-43c0-8fa3-57776cb5cacc','d:206483879.93;',1777317643),('shireculive_cache_account_balance_551_fiscal_20664a10-d692-43c0-8fa3-57776cb5cacc','d:17318000;',1777317645),('shireculive_cache_account_balance_552_fiscal_20664a10-d692-43c0-8fa3-57776cb5cacc','d:8165000;',1777317643),('shireculive_cache_account_balance_553_fiscal_20664a10-d692-43c0-8fa3-57776cb5cacc','d:800000;',1777317643),('shireculive_cache_account_balance_554_fiscal_20664a10-d692-43c0-8fa3-57776cb5cacc','d:3068000;',1777317643),('shireculive_cache_account_balance_555_fiscal_20664a10-d692-43c0-8fa3-57776cb5cacc','d:18489226;',1777317643),('shireculive_cache_account_balance_556_fiscal_20664a10-d692-43c0-8fa3-57776cb5cacc','d:2893000;',1777317643),('shireculive_cache_account_balance_557_fiscal_20664a10-d692-43c0-8fa3-57776cb5cacc','d:1350000;',1777317643),('shireculive_cache_account_balance_558_fiscal_20664a10-d692-43c0-8fa3-57776cb5cacc','d:1200000;',1777317643),('shireculive_cache_account_balance_559_fiscal_20664a10-d692-43c0-8fa3-57776cb5cacc','d:900000;',1777317643),('shireculive_cache_account_balance_56_fiscal_20664a10-d692-43c0-8fa3-57776cb5cacc','d:44782877.6042;',1777118070),('shireculive_cache_account_balance_560_fiscal_20664a10-d692-43c0-8fa3-57776cb5cacc','d:44485105;',1777317643),('shireculive_cache_account_balance_561_fiscal_20664a10-d692-43c0-8fa3-57776cb5cacc','d:1416000;',1777317643),('shireculive_cache_account_balance_562_fiscal_20664a10-d692-43c0-8fa3-57776cb5cacc','d:48984480;',1777317645),('shireculive_cache_account_balance_563_fiscal_20664a10-d692-43c0-8fa3-57776cb5cacc','d:46139999.66;',1777317645),('shireculive_cache_account_balance_564_fiscal_20664a10-d692-43c0-8fa3-57776cb5cacc','d:3189000.047;',1777317643),('shireculive_cache_account_balance_565_fiscal_20664a10-d692-43c0-8fa3-57776cb5cacc','d:62655507;',1777317643),('shireculive_cache_account_balance_566_fiscal_20664a10-d692-43c0-8fa3-57776cb5cacc','d:41244106;',1777317643),('shireculive_cache_account_balance_567_fiscal_20664a10-d692-43c0-8fa3-57776cb5cacc','d:240000;',1777317643),('shireculive_cache_account_balance_568_fiscal_20664a10-d692-43c0-8fa3-57776cb5cacc','d:900000;',1777317643),('shireculive_cache_account_balance_569_fiscal_20664a10-d692-43c0-8fa3-57776cb5cacc','d:40000000;',1777317643),('shireculive_cache_account_balance_57_fiscal_20664a10-d692-43c0-8fa3-57776cb5cacc','d:24478841.1458;',1777118070),('shireculive_cache_account_balance_570_fiscal_20664a10-d692-43c0-8fa3-57776cb5cacc','d:230000;',1777317643),('shireculive_cache_account_balance_571_fiscal_20664a10-d692-43c0-8fa3-57776cb5cacc','d:20000;',1777317643),('shireculive_cache_account_balance_572_fiscal_20664a10-d692-43c0-8fa3-57776cb5cacc','d:710000;',1777317643),('shireculive_cache_account_balance_573_fiscal_20664a10-d692-43c0-8fa3-57776cb5cacc','d:480000;',1777317643),('shireculive_cache_account_balance_574_fiscal_20664a10-d692-43c0-8fa3-57776cb5cacc','d:300000;',1777317643),('shireculive_cache_account_balance_575_fiscal_20664a10-d692-43c0-8fa3-57776cb5cacc','d:500;',1777317643),('shireculive_cache_account_balance_576_fiscal_20664a10-d692-43c0-8fa3-57776cb5cacc','d:20000;',1777317643),('shireculive_cache_account_balance_577_fiscal_20664a10-d692-43c0-8fa3-57776cb5cacc','d:25552;',1777317643),('shireculive_cache_account_balance_578_fiscal_20664a10-d692-43c0-8fa3-57776cb5cacc','d:8407;',1777317643),('shireculive_cache_account_balance_579_fiscal_20664a10-d692-43c0-8fa3-57776cb5cacc','i:0;',1777317643),('shireculive_cache_account_balance_58_fiscal_20664a10-d692-43c0-8fa3-57776cb5cacc','d:364518.2292;',1777118070),('shireculive_cache_account_balance_580_fiscal_20664a10-d692-43c0-8fa3-57776cb5cacc','d:20000000;',1777317644),('shireculive_cache_account_balance_581_fiscal_20664a10-d692-43c0-8fa3-57776cb5cacc','d:89260637.6;',1777317644),('shireculive_cache_account_balance_582_fiscal_20664a10-d692-43c0-8fa3-57776cb5cacc','d:89260637.9;',1777317644),('shireculive_cache_account_balance_583_fiscal_20664a10-d692-43c0-8fa3-57776cb5cacc','d:18576443.42;',1777317644),('shireculive_cache_account_balance_584_fiscal_20664a10-d692-43c0-8fa3-57776cb5cacc','d:451121;',1777317644),('shireculive_cache_account_balance_584_fiscal_474999f5-e3a4-473f-9ec3-6211fc872bf1','d:-451566;',1777365528),('shireculive_cache_account_balance_585_fiscal_20664a10-d692-43c0-8fa3-57776cb5cacc','d:528747;',1777317644),('shireculive_cache_account_balance_585_fiscal_474999f5-e3a4-473f-9ec3-6211fc872bf1','d:-528747;',1776928711),('shireculive_cache_account_balance_586_fiscal_20664a10-d692-43c0-8fa3-57776cb5cacc','i:0;',1777317644),('shireculive_cache_account_balance_587_fiscal_20664a10-d692-43c0-8fa3-57776cb5cacc','d:474175342.9333;',1777317644),('shireculive_cache_account_balance_588_fiscal_20664a10-d692-43c0-8fa3-57776cb5cacc','d:4949273.605;',1777317644),('shireculive_cache_account_balance_589_fiscal_20664a10-d692-43c0-8fa3-57776cb5cacc','d:4479637.9352;',1777317644),('shireculive_cache_account_balance_59_fiscal_20664a10-d692-43c0-8fa3-57776cb5cacc','d:126500028.75;',1777118070),('shireculive_cache_account_balance_590_fiscal_20664a10-d692-43c0-8fa3-57776cb5cacc','d:6805251.2068;',1777317644),('shireculive_cache_account_balance_591_fiscal_20664a10-d692-43c0-8fa3-57776cb5cacc','d:7582571.1067;',1777317644),('shireculive_cache_account_balance_592_fiscal_20664a10-d692-43c0-8fa3-57776cb5cacc','d:4585646.7876;',1777317644),('shireculive_cache_account_balance_593_fiscal_20664a10-d692-43c0-8fa3-57776cb5cacc','d:4778625.2084;',1777317644),('shireculive_cache_account_balance_594_fiscal_20664a10-d692-43c0-8fa3-57776cb5cacc','d:5021669.8944;',1777317644),('shireculive_cache_account_balance_595_fiscal_20664a10-d692-43c0-8fa3-57776cb5cacc','d:6769053.0621;',1777317644),('shireculive_cache_account_balance_596_fiscal_20664a10-d692-43c0-8fa3-57776cb5cacc','d:8466840.0705;',1777317644),('shireculive_cache_account_balance_597_fiscal_20664a10-d692-43c0-8fa3-57776cb5cacc','d:6374164.2107;',1777317644),('shireculive_cache_account_balance_598_fiscal_20664a10-d692-43c0-8fa3-57776cb5cacc','d:5641034.2537;',1777317644),('shireculive_cache_account_balance_599_fiscal_20664a10-d692-43c0-8fa3-57776cb5cacc','d:3067440.1855;',1777317644),('shireculive_cache_account_balance_6_fiscal_20664a10-d692-43c0-8fa3-57776cb5cacc','i:0;',1777118069),('shireculive_cache_account_balance_60_fiscal_20664a10-d692-43c0-8fa3-57776cb5cacc','d:11841110.4667;',1777118070),('shireculive_cache_account_balance_600_fiscal_20664a10-d692-43c0-8fa3-57776cb5cacc','d:7281703.4103;',1777317644),('shireculive_cache_account_balance_601_fiscal_20664a10-d692-43c0-8fa3-57776cb5cacc','d:5659133.326;',1777317644),('shireculive_cache_account_balance_602_fiscal_20664a10-d692-43c0-8fa3-57776cb5cacc','d:8866194.9268;',1777317644),('shireculive_cache_account_balance_603_fiscal_20664a10-d692-43c0-8fa3-57776cb5cacc','d:2772918.9171;',1777317644),('shireculive_cache_account_balance_604_fiscal_20664a10-d692-43c0-8fa3-57776cb5cacc','d:4882283.532;',1777317644),('shireculive_cache_account_balance_605_fiscal_20664a10-d692-43c0-8fa3-57776cb5cacc','d:6153449.549;',1777317644),('shireculive_cache_account_balance_606_fiscal_20664a10-d692-43c0-8fa3-57776cb5cacc','d:9269545.6823;',1777317644),('shireculive_cache_account_balance_607_fiscal_20664a10-d692-43c0-8fa3-57776cb5cacc','d:1245310.1994;',1777317644),('shireculive_cache_account_balance_608_fiscal_20664a10-d692-43c0-8fa3-57776cb5cacc','d:9102188.0262;',1777317644),('shireculive_cache_account_balance_609_fiscal_20664a10-d692-43c0-8fa3-57776cb5cacc','d:3685864.3332;',1777317644),('shireculive_cache_account_balance_61_fiscal_20664a10-d692-43c0-8fa3-57776cb5cacc','d:2142584.1333;',1777118070),('shireculive_cache_account_balance_610_fiscal_20664a10-d692-43c0-8fa3-57776cb5cacc','d:6060838.7113;',1777317644),('shireculive_cache_account_balance_611_fiscal_20664a10-d692-43c0-8fa3-57776cb5cacc','d:145262.6846;',1777317644),('shireculive_cache_account_balance_612_fiscal_20664a10-d692-43c0-8fa3-57776cb5cacc','d:7832197.2735;',1777317644),('shireculive_cache_account_balance_613_fiscal_20664a10-d692-43c0-8fa3-57776cb5cacc','d:2045665.2823;',1777317644),('shireculive_cache_account_balance_614_fiscal_20664a10-d692-43c0-8fa3-57776cb5cacc','d:12374829.3826;',1777317644),('shireculive_cache_account_balance_615_fiscal_20664a10-d692-43c0-8fa3-57776cb5cacc','d:4620199.5621;',1777317644),('shireculive_cache_account_balance_616_fiscal_20664a10-d692-43c0-8fa3-57776cb5cacc','d:4230246.8213;',1777317644),('shireculive_cache_account_balance_617_fiscal_20664a10-d692-43c0-8fa3-57776cb5cacc','d:2881043.2454;',1777317644),('shireculive_cache_account_balance_618_fiscal_20664a10-d692-43c0-8fa3-57776cb5cacc','d:2307749.2522;',1777317644),('shireculive_cache_account_balance_619_fiscal_20664a10-d692-43c0-8fa3-57776cb5cacc','d:2980705.6699;',1777317644),('shireculive_cache_account_balance_62_fiscal_20664a10-d692-43c0-8fa3-57776cb5cacc','d:71734880;',1777118070),('shireculive_cache_account_balance_620_fiscal_20664a10-d692-43c0-8fa3-57776cb5cacc','d:2991047.9969;',1777317644),('shireculive_cache_account_balance_621_fiscal_20664a10-d692-43c0-8fa3-57776cb5cacc','d:6790207.822;',1777317644),('shireculive_cache_account_balance_622_fiscal_20664a10-d692-43c0-8fa3-57776cb5cacc','d:14761556.4051;',1777317644),('shireculive_cache_account_balance_623_fiscal_20664a10-d692-43c0-8fa3-57776cb5cacc','d:8962801.6637;',1777317644),('shireculive_cache_account_balance_624_fiscal_20664a10-d692-43c0-8fa3-57776cb5cacc','d:14116101.1753;',1777317644),('shireculive_cache_account_balance_625_fiscal_20664a10-d692-43c0-8fa3-57776cb5cacc','d:4091095.5117;',1777317644),('shireculive_cache_account_balance_626_fiscal_20664a10-d692-43c0-8fa3-57776cb5cacc','d:8393268.5166;',1777317644),('shireculive_cache_account_balance_627_fiscal_20664a10-d692-43c0-8fa3-57776cb5cacc','d:14490540.4255;',1777317644),('shireculive_cache_account_balance_628_fiscal_20664a10-d692-43c0-8fa3-57776cb5cacc','d:6253111.9735;',1777317644),('shireculive_cache_account_balance_629_fiscal_20664a10-d692-43c0-8fa3-57776cb5cacc','d:2770803.4411;',1777317644),('shireculive_cache_account_balance_63_fiscal_20664a10-d692-43c0-8fa3-57776cb5cacc','d:41865500;',1777118070),('shireculive_cache_account_balance_630_fiscal_20664a10-d692-43c0-8fa3-57776cb5cacc','d:6656462.7289;',1777317644),('shireculive_cache_account_balance_631_fiscal_20664a10-d692-43c0-8fa3-57776cb5cacc','d:3695501.5016;',1777317644),('shireculive_cache_account_balance_632_fiscal_20664a10-d692-43c0-8fa3-57776cb5cacc','d:3192723.3746;',1777317644),('shireculive_cache_account_balance_633_fiscal_20664a10-d692-43c0-8fa3-57776cb5cacc','d:4468880.7398;',1777317644),('shireculive_cache_account_balance_634_fiscal_20664a10-d692-43c0-8fa3-57776cb5cacc','d:3347858.2806;',1777317644),('shireculive_cache_account_balance_635_fiscal_20664a10-d692-43c0-8fa3-57776cb5cacc','d:1815666.0316;',1777317644),('shireculive_cache_account_balance_636_fiscal_20664a10-d692-43c0-8fa3-57776cb5cacc','d:1312370.7883;',1777317644),('shireculive_cache_account_balance_637_fiscal_20664a10-d692-43c0-8fa3-57776cb5cacc','d:5256840.3086;',1777317644),('shireculive_cache_account_balance_638_fiscal_20664a10-d692-43c0-8fa3-57776cb5cacc','d:1180259.3127;',1777317644),('shireculive_cache_account_balance_639_fiscal_20664a10-d692-43c0-8fa3-57776cb5cacc','d:412341.5284;',1777317644),('shireculive_cache_account_balance_64_fiscal_20664a10-d692-43c0-8fa3-57776cb5cacc','d:42598000;',1777118070),('shireculive_cache_account_balance_64_fiscal_474999f5-e3a4-473f-9ec3-6211fc872bf1','d:3550000;',1776929082),('shireculive_cache_account_balance_640_fiscal_20664a10-d692-43c0-8fa3-57776cb5cacc','d:61348.8037;',1777317644),('shireculive_cache_account_balance_641_fiscal_20664a10-d692-43c0-8fa3-57776cb5cacc','d:1420318.827;',1777317644),('shireculive_cache_account_balance_642_fiscal_20664a10-d692-43c0-8fa3-57776cb5cacc','d:3135570.265;',1777317644),('shireculive_cache_account_balance_643_fiscal_20664a10-d692-43c0-8fa3-57776cb5cacc','d:216013.6039;',1777317644),('shireculive_cache_account_balance_644_fiscal_20664a10-d692-43c0-8fa3-57776cb5cacc','d:952751.6227;',1777317644),('shireculive_cache_account_balance_645_fiscal_20664a10-d692-43c0-8fa3-57776cb5cacc','d:2347155.8688;',1777317644),('shireculive_cache_account_balance_646_fiscal_20664a10-d692-43c0-8fa3-57776cb5cacc','d:331894.6775;',1777317644),('shireculive_cache_account_balance_647_fiscal_20664a10-d692-43c0-8fa3-57776cb5cacc','d:2350117.5352;',1777317644),('shireculive_cache_account_balance_648_fiscal_20664a10-d692-43c0-8fa3-57776cb5cacc','d:2076809.7899;',1777317644),('shireculive_cache_account_balance_649_fiscal_20664a10-d692-43c0-8fa3-57776cb5cacc','d:1185489.2395;',1777317644),('shireculive_cache_account_balance_65_fiscal_20664a10-d692-43c0-8fa3-57776cb5cacc','d:8570000;',1777118070),('shireculive_cache_account_balance_650_fiscal_20664a10-d692-43c0-8fa3-57776cb5cacc','d:6894594.8095;',1777317644),('shireculive_cache_account_balance_651_fiscal_20664a10-d692-43c0-8fa3-57776cb5cacc','d:110909.7051;',1777317644),('shireculive_cache_account_balance_652_fiscal_20664a10-d692-43c0-8fa3-57776cb5cacc','d:243632.3182;',1777317644),('shireculive_cache_account_balance_653_fiscal_20664a10-d692-43c0-8fa3-57776cb5cacc','d:1832237.2602;',1777317644),('shireculive_cache_account_balance_654_fiscal_20664a10-d692-43c0-8fa3-57776cb5cacc','d:137505.9393;',1777317644),('shireculive_cache_account_balance_655_fiscal_20664a10-d692-43c0-8fa3-57776cb5cacc','d:946793.032;',1777317644),('shireculive_cache_account_balance_656_fiscal_20664a10-d692-43c0-8fa3-57776cb5cacc','d:2824160.4466;',1777317644),('shireculive_cache_account_balance_657_fiscal_20664a10-d692-43c0-8fa3-57776cb5cacc','d:1103150.2129;',1777317644),('shireculive_cache_account_balance_658_fiscal_20664a10-d692-43c0-8fa3-57776cb5cacc','d:5221347.3226;',1777317644),('shireculive_cache_account_balance_659_fiscal_20664a10-d692-43c0-8fa3-57776cb5cacc','d:2014215.2059;',1777317644),('shireculive_cache_account_balance_66_fiscal_20664a10-d692-43c0-8fa3-57776cb5cacc','d:1000000;',1777118070),('shireculive_cache_account_balance_660_fiscal_20664a10-d692-43c0-8fa3-57776cb5cacc','d:2209297.3501;',1777317644),('shireculive_cache_account_balance_661_fiscal_20664a10-d692-43c0-8fa3-57776cb5cacc','d:4572953.9316;',1777317644),('shireculive_cache_account_balance_662_fiscal_20664a10-d692-43c0-8fa3-57776cb5cacc','d:3769543.1612;',1777317644),('shireculive_cache_account_balance_663_fiscal_20664a10-d692-43c0-8fa3-57776cb5cacc','d:8291255.5633;',1777317644),('shireculive_cache_account_balance_664_fiscal_20664a10-d692-43c0-8fa3-57776cb5cacc','d:3221869.9327;',1777317644),('shireculive_cache_account_balance_665_fiscal_20664a10-d692-43c0-8fa3-57776cb5cacc','d:276422.196;',1777317644),('shireculive_cache_account_balance_666_fiscal_20664a10-d692-43c0-8fa3-57776cb5cacc','d:8543467.3119;',1777317644),('shireculive_cache_account_balance_667_fiscal_20664a10-d692-43c0-8fa3-57776cb5cacc','d:609727.1909;',1777317644),('shireculive_cache_account_balance_668_fiscal_20664a10-d692-43c0-8fa3-57776cb5cacc','d:4227113.5663;',1777317644),('shireculive_cache_account_balance_669_fiscal_20664a10-d692-43c0-8fa3-57776cb5cacc','d:1314286.4693;',1777317644),('shireculive_cache_account_balance_67_fiscal_20664a10-d692-43c0-8fa3-57776cb5cacc','i:0;',1777118070),('shireculive_cache_account_balance_670_fiscal_20664a10-d692-43c0-8fa3-57776cb5cacc','d:2082956.4229;',1777317644),('shireculive_cache_account_balance_671_fiscal_20664a10-d692-43c0-8fa3-57776cb5cacc','d:1356255.1625;',1777317645),('shireculive_cache_account_balance_672_fiscal_20664a10-d692-43c0-8fa3-57776cb5cacc','d:120112.0257;',1777317645),('shireculive_cache_account_balance_673_fiscal_20664a10-d692-43c0-8fa3-57776cb5cacc','d:2944918.8677;',1777317645),('shireculive_cache_account_balance_674_fiscal_20664a10-d692-43c0-8fa3-57776cb5cacc','d:912769.1264;',1777317645),('shireculive_cache_account_balance_675_fiscal_20664a10-d692-43c0-8fa3-57776cb5cacc','d:4206388.9532;',1777317645),('shireculive_cache_account_balance_676_fiscal_20664a10-d692-43c0-8fa3-57776cb5cacc','d:640871.6985;',1777317645),('shireculive_cache_account_balance_677_fiscal_20664a10-d692-43c0-8fa3-57776cb5cacc','d:231056.9887;',1777317645),('shireculive_cache_account_balance_678_fiscal_20664a10-d692-43c0-8fa3-57776cb5cacc','d:720202.0481;',1777317645),('shireculive_cache_account_balance_679_fiscal_20664a10-d692-43c0-8fa3-57776cb5cacc','d:1840099.7793;',1777317645),('shireculive_cache_account_balance_68_fiscal_20664a10-d692-43c0-8fa3-57776cb5cacc','d:4323467.8895;',1777118070),('shireculive_cache_account_balance_680_fiscal_20664a10-d692-43c0-8fa3-57776cb5cacc','d:2851309.0551;',1777317645),('shireculive_cache_account_balance_681_fiscal_20664a10-d692-43c0-8fa3-57776cb5cacc','d:529339.1033;',1777317645),('shireculive_cache_account_balance_682_fiscal_20664a10-d692-43c0-8fa3-57776cb5cacc','d:3186141.8938;',1777317645),('shireculive_cache_account_balance_683_fiscal_20664a10-d692-43c0-8fa3-57776cb5cacc','d:1373414.0233;',1777317645),('shireculive_cache_account_balance_684_fiscal_20664a10-d692-43c0-8fa3-57776cb5cacc','d:363544.5489;',1777317645),('shireculive_cache_account_balance_685_fiscal_20664a10-d692-43c0-8fa3-57776cb5cacc','d:3325116.9137;',1777317645),('shireculive_cache_account_balance_686_fiscal_20664a10-d692-43c0-8fa3-57776cb5cacc','d:2526007.6111;',1777317645),('shireculive_cache_account_balance_687_fiscal_20664a10-d692-43c0-8fa3-57776cb5cacc','d:507244.1318;',1777317645),('shireculive_cache_account_balance_688_fiscal_20664a10-d692-43c0-8fa3-57776cb5cacc','d:2344217.7077;',1777317645),('shireculive_cache_account_balance_689_fiscal_20664a10-d692-43c0-8fa3-57776cb5cacc','d:734070.1685;',1777317645),('shireculive_cache_account_balance_69_fiscal_20664a10-d692-43c0-8fa3-57776cb5cacc','i:0;',1777118070),('shireculive_cache_account_balance_690_fiscal_20664a10-d692-43c0-8fa3-57776cb5cacc','d:359160.8125;',1777317645),('shireculive_cache_account_balance_691_fiscal_20664a10-d692-43c0-8fa3-57776cb5cacc','d:2955319.958;',1777317645),('shireculive_cache_account_balance_692_fiscal_20664a10-d692-43c0-8fa3-57776cb5cacc','d:517995;',1777317645),('shireculive_cache_account_balance_693_fiscal_20664a10-d692-43c0-8fa3-57776cb5cacc','d:237887.5;',1777317645),('shireculive_cache_account_balance_694_fiscal_20664a10-d692-43c0-8fa3-57776cb5cacc','d:30400;',1777317645),('shireculive_cache_account_balance_695_fiscal_20664a10-d692-43c0-8fa3-57776cb5cacc','d:154850;',1777317645),('shireculive_cache_account_balance_696_fiscal_20664a10-d692-43c0-8fa3-57776cb5cacc','d:30000;',1777317645),('shireculive_cache_account_balance_697_fiscal_20664a10-d692-43c0-8fa3-57776cb5cacc','d:2400;',1777317645),('shireculive_cache_account_balance_698_fiscal_20664a10-d692-43c0-8fa3-57776cb5cacc','d:40000;',1777317645),('shireculive_cache_account_balance_699_fiscal_20664a10-d692-43c0-8fa3-57776cb5cacc','d:111000;',1777317645),('shireculive_cache_account_balance_7_fiscal_20664a10-d692-43c0-8fa3-57776cb5cacc','i:0;',1777118069),('shireculive_cache_account_balance_70_fiscal_20664a10-d692-43c0-8fa3-57776cb5cacc','i:0;',1777118070),('shireculive_cache_account_balance_700_fiscal_20664a10-d692-43c0-8fa3-57776cb5cacc','d:32000;',1777317645),('shireculive_cache_account_balance_701_fiscal_20664a10-d692-43c0-8fa3-57776cb5cacc','d:10000;',1777317645),('shireculive_cache_account_balance_702_fiscal_20664a10-d692-43c0-8fa3-57776cb5cacc','d:3000;',1777317645),('shireculive_cache_account_balance_703_fiscal_20664a10-d692-43c0-8fa3-57776cb5cacc','d:10000;',1777317645),('shireculive_cache_account_balance_704_fiscal_20664a10-d692-43c0-8fa3-57776cb5cacc','d:20000;',1777317645),('shireculive_cache_account_balance_705_fiscal_20664a10-d692-43c0-8fa3-57776cb5cacc','d:6000;',1777317645),('shireculive_cache_account_balance_706_fiscal_20664a10-d692-43c0-8fa3-57776cb5cacc','d:20000;',1777317645),('shireculive_cache_account_balance_707_fiscal_20664a10-d692-43c0-8fa3-57776cb5cacc','d:90000;',1777317645),('shireculive_cache_account_balance_708_fiscal_20664a10-d692-43c0-8fa3-57776cb5cacc','d:312800;',1777317645),('shireculive_cache_account_balance_709_fiscal_20664a10-d692-43c0-8fa3-57776cb5cacc','d:10700;',1777317645),('shireculive_cache_account_balance_71_fiscal_20664a10-d692-43c0-8fa3-57776cb5cacc','d:65280767;',1777118070),('shireculive_cache_account_balance_710_fiscal_20664a10-d692-43c0-8fa3-57776cb5cacc','d:3940200;',1777317645),('shireculive_cache_account_balance_711_fiscal_20664a10-d692-43c0-8fa3-57776cb5cacc','d:101500;',1777317645),('shireculive_cache_account_balance_712_fiscal_20664a10-d692-43c0-8fa3-57776cb5cacc','d:781073;',1777317645),('shireculive_cache_account_balance_713_fiscal_20664a10-d692-43c0-8fa3-57776cb5cacc','d:456939;',1777317645),('shireculive_cache_account_balance_714_fiscal_20664a10-d692-43c0-8fa3-57776cb5cacc','d:4049;',1777317645),('shireculive_cache_account_balance_715_fiscal_20664a10-d692-43c0-8fa3-57776cb5cacc','d:385750;',1777317645),('shireculive_cache_account_balance_716_fiscal_20664a10-d692-43c0-8fa3-57776cb5cacc','d:24983;',1777317645),('shireculive_cache_account_balance_717_fiscal_20664a10-d692-43c0-8fa3-57776cb5cacc','d:119690;',1777317645),('shireculive_cache_account_balance_718_fiscal_20664a10-d692-43c0-8fa3-57776cb5cacc','d:61130;',1777317645),('shireculive_cache_account_balance_719_fiscal_20664a10-d692-43c0-8fa3-57776cb5cacc','d:664878;',1777317645),('shireculive_cache_account_balance_72_fiscal_20664a10-d692-43c0-8fa3-57776cb5cacc','i:0;',1777118070),('shireculive_cache_account_balance_720_fiscal_20664a10-d692-43c0-8fa3-57776cb5cacc','d:331000;',1777317645),('shireculive_cache_account_balance_721_fiscal_20664a10-d692-43c0-8fa3-57776cb5cacc','d:83580;',1777317645),('shireculive_cache_account_balance_722_fiscal_20664a10-d692-43c0-8fa3-57776cb5cacc','d:37734;',1777317645),('shireculive_cache_account_balance_723_fiscal_20664a10-d692-43c0-8fa3-57776cb5cacc','d:13909.8;',1777317645),('shireculive_cache_account_balance_724_fiscal_20664a10-d692-43c0-8fa3-57776cb5cacc','d:12425;',1777317645),('shireculive_cache_account_balance_725_fiscal_20664a10-d692-43c0-8fa3-57776cb5cacc','d:43588;',1777317645),('shireculive_cache_account_balance_726_fiscal_20664a10-d692-43c0-8fa3-57776cb5cacc','d:87038.5;',1777317645),('shireculive_cache_account_balance_727_fiscal_20664a10-d692-43c0-8fa3-57776cb5cacc','d:3000;',1777317645),('shireculive_cache_account_balance_728_fiscal_20664a10-d692-43c0-8fa3-57776cb5cacc','d:386579;',1777317645),('shireculive_cache_account_balance_729_fiscal_20664a10-d692-43c0-8fa3-57776cb5cacc','d:39840;',1777317645),('shireculive_cache_account_balance_73_fiscal_20664a10-d692-43c0-8fa3-57776cb5cacc','d:220876390.2916;',1777118070),('shireculive_cache_account_balance_730_fiscal_20664a10-d692-43c0-8fa3-57776cb5cacc','d:18050;',1777317645),('shireculive_cache_account_balance_731_fiscal_20664a10-d692-43c0-8fa3-57776cb5cacc','d:988637;',1777317645),('shireculive_cache_account_balance_732_fiscal_20664a10-d692-43c0-8fa3-57776cb5cacc','d:3391;',1777317645),('shireculive_cache_account_balance_733_fiscal_20664a10-d692-43c0-8fa3-57776cb5cacc','d:98983;',1777317645),('shireculive_cache_account_balance_734_fiscal_20664a10-d692-43c0-8fa3-57776cb5cacc','d:87125;',1777317645),('shireculive_cache_account_balance_735_fiscal_20664a10-d692-43c0-8fa3-57776cb5cacc','d:66931;',1777317645),('shireculive_cache_account_balance_736_fiscal_20664a10-d692-43c0-8fa3-57776cb5cacc','d:63339;',1777317645),('shireculive_cache_account_balance_737_fiscal_20664a10-d692-43c0-8fa3-57776cb5cacc','d:3307015;',1777317645),('shireculive_cache_account_balance_738_fiscal_20664a10-d692-43c0-8fa3-57776cb5cacc','d:2636963;',1777317645),('shireculive_cache_account_balance_739_fiscal_20664a10-d692-43c0-8fa3-57776cb5cacc','d:180492;',1777317645),('shireculive_cache_account_balance_74_fiscal_20664a10-d692-43c0-8fa3-57776cb5cacc','d:8931;',1777118069),('shireculive_cache_account_balance_740_fiscal_20664a10-d692-43c0-8fa3-57776cb5cacc','d:1250;',1777317645),('shireculive_cache_account_balance_741_fiscal_20664a10-d692-43c0-8fa3-57776cb5cacc','d:73500;',1777317645),('shireculive_cache_account_balance_742_fiscal_20664a10-d692-43c0-8fa3-57776cb5cacc','d:2714495;',1777317645),('shireculive_cache_account_balance_743_fiscal_20664a10-d692-43c0-8fa3-57776cb5cacc','d:127828;',1777317645),('shireculive_cache_account_balance_744_fiscal_20664a10-d692-43c0-8fa3-57776cb5cacc','d:55724.33;',1777317645),('shireculive_cache_account_balance_745_fiscal_20664a10-d692-43c0-8fa3-57776cb5cacc','d:2693655;',1777317645),('shireculive_cache_account_balance_746_fiscal_20664a10-d692-43c0-8fa3-57776cb5cacc','d:3513459870.275;',1777317645),('shireculive_cache_account_balance_747_fiscal_20664a10-d692-43c0-8fa3-57776cb5cacc','i:0;',1777118069),('shireculive_cache_account_balance_75_fiscal_20664a10-d692-43c0-8fa3-57776cb5cacc','d:2545711084.4143;',1777118070),('shireculive_cache_account_balance_76_fiscal_20664a10-d692-43c0-8fa3-57776cb5cacc','d:19758607313.734;',1777118069),('shireculive_cache_account_balance_77_fiscal_20664a10-d692-43c0-8fa3-57776cb5cacc','d:12405000000;',1777317638),('shireculive_cache_account_balance_78_fiscal_20664a10-d692-43c0-8fa3-57776cb5cacc','d:13053726707.292;',1777317638),('shireculive_cache_account_balance_79_fiscal_20664a10-d692-43c0-8fa3-57776cb5cacc','d:184526606.25;',1777317638),('shireculive_cache_account_balance_8_fiscal_20664a10-d692-43c0-8fa3-57776cb5cacc','i:0;',1777118069),('shireculive_cache_account_balance_80_fiscal_20664a10-d692-43c0-8fa3-57776cb5cacc','d:155442708.3333;',1777317638),('shireculive_cache_account_balance_81_fiscal_20664a10-d692-43c0-8fa3-57776cb5cacc','d:100854166.6667;',1777317638),('shireculive_cache_account_balance_82_fiscal_20664a10-d692-43c0-8fa3-57776cb5cacc','d:3500520.8333;',1777317638),('shireculive_cache_account_balance_83_fiscal_20664a10-d692-43c0-8fa3-57776cb5cacc','d:47249658.3333;',1777317638),('shireculive_cache_account_balance_84_fiscal_20664a10-d692-43c0-8fa3-57776cb5cacc','d:1865383.3333;',1777317638),('shireculive_cache_account_balance_85_fiscal_20664a10-d692-43c0-8fa3-57776cb5cacc','d:232077980;',1777317638),('shireculive_cache_account_balance_86_fiscal_20664a10-d692-43c0-8fa3-57776cb5cacc','d:4500000;',1777317638),('shireculive_cache_account_balance_87_fiscal_20664a10-d692-43c0-8fa3-57776cb5cacc','d:27245860.24;',1777317638),('shireculive_cache_account_balance_88_fiscal_20664a10-d692-43c0-8fa3-57776cb5cacc','d:13928720833.333;',1777317638),('shireculive_cache_account_balance_89_fiscal_20664a10-d692-43c0-8fa3-57776cb5cacc','d:12752000;',1777317638),('shireculive_cache_account_balance_9_fiscal_20664a10-d692-43c0-8fa3-57776cb5cacc','i:0;',1777118069),('shireculive_cache_account_balance_90_fiscal_20664a10-d692-43c0-8fa3-57776cb5cacc','d:2500000;',1777317638),('shireculive_cache_account_balance_91_fiscal_20664a10-d692-43c0-8fa3-57776cb5cacc','d:125664500;',1777317638),('shireculive_cache_account_balance_92_fiscal_20664a10-d692-43c0-8fa3-57776cb5cacc','d:5000000;',1777317640),('shireculive_cache_account_balance_93_fiscal_20664a10-d692-43c0-8fa3-57776cb5cacc','d:18589361.8;',1777317638),('shireculive_cache_account_balance_94_fiscal_20664a10-d692-43c0-8fa3-57776cb5cacc','d:746334.01;',1777317638),('shireculive_cache_account_balance_95_fiscal_20664a10-d692-43c0-8fa3-57776cb5cacc','d:4614128.2;',1777317638),('shireculive_cache_account_balance_96_fiscal_20664a10-d692-43c0-8fa3-57776cb5cacc','d:6138182.4;',1777317638),('shireculive_cache_account_balance_97_fiscal_20664a10-d692-43c0-8fa3-57776cb5cacc','d:26798583.18;',1777317638),('shireculive_cache_account_balance_98_fiscal_20664a10-d692-43c0-8fa3-57776cb5cacc','d:2366646.76;',1777317638),('shireculive_cache_account_balance_99_fiscal_20664a10-d692-43c0-8fa3-57776cb5cacc','d:6566639.54;',1777317638),('shireculive_cache_employees_ac7e5b0f-d0dd-44a4-913c-6d365861fad6','O:39:\"Illuminate\\Database\\Eloquent\\Collection\":2:{s:8:\"\0*\0items\";a:45:{i:0;O:22:\"App\\Models\\HR\\Employee\":30:{s:13:\"\0*\0connection\";s:5:\"mysql\";s:8:\"\0*\0table\";s:9:\"employees\";s:13:\"\0*\0primaryKey\";s:2:\"id\";s:10:\"\0*\0keyType\";s:6:\"string\";s:12:\"incrementing\";b:0;s:7:\"\0*\0with\";a:0:{}s:12:\"\0*\0withCount\";a:0:{}s:19:\"preventsLazyLoading\";b:0;s:10:\"\0*\0perPage\";i:15;s:6:\"exists\";b:1;s:18:\"wasRecentlyCreated\";b:0;s:28:\"\0*\0escapeWhenCastingToString\";b:0;s:13:\"\0*\0attributes\";a:38:{s:2:\"id\";s:36:\"0689a7df-1792-4ec3-8596-9d4ffb6efa69\";s:15:\"organisation_id\";s:36:\"ac7e5b0f-d0dd-44a4-913c-6d365861fad6\";s:17:\"biometric_user_id\";N;s:13:\"employee_code\";s:3:\"001\";s:10:\"first_name\";s:7:\"Veridco\";s:9:\"last_name\";s:7:\"Veridoc\";s:10:\"other_name\";s:8:\"nullable\";s:5:\"email\";s:13:\"veritest@2025\";s:14:\"official_email\";N;s:5:\"phone\";s:12:\"256702771124\";s:6:\"gender\";s:4:\"male\";s:13:\"date_of_birth\";s:10:\"2008-08-08\";s:14:\"marital_status\";s:7:\"married\";s:15:\"employment_type\";s:9:\"full_time\";s:10:\"salutation\";s:2:\"Mr\";s:7:\"address\";N;s:4:\"city\";N;s:5:\"state\";N;s:11:\"postal_code\";N;s:7:\"country\";N;s:5:\"photo\";N;s:9:\"hire_date\";N;s:16:\"termination_date\";N;s:25:\"tax_identification_number\";N;s:19:\"bank_account_number\";N;s:9:\"bank_name\";N;s:14:\"designation_id\";N;s:19:\"salary_structure_id\";N;s:12:\"job_title_id\";N;s:13:\"bassic_salary\";s:4:\"0.00\";s:10:\"commission\";s:4:\"0.00\";s:13:\"overtime_rate\";N;s:13:\"supervisor_id\";N;s:7:\"user_id\";s:36:\"09ba2537-d2ac-4b24-99f1-9710a9848540\";s:6:\"status\";s:6:\"active\";s:10:\"created_at\";s:19:\"2026-01-20 02:08:22\";s:10:\"updated_at\";s:19:\"2026-01-20 02:08:22\";s:10:\"deleted_at\";N;}s:11:\"\0*\0original\";a:38:{s:2:\"id\";s:36:\"0689a7df-1792-4ec3-8596-9d4ffb6efa69\";s:15:\"organisation_id\";s:36:\"ac7e5b0f-d0dd-44a4-913c-6d365861fad6\";s:17:\"biometric_user_id\";N;s:13:\"employee_code\";s:3:\"001\";s:10:\"first_name\";s:7:\"Veridco\";s:9:\"last_name\";s:7:\"Veridoc\";s:10:\"other_name\";s:8:\"nullable\";s:5:\"email\";s:13:\"veritest@2025\";s:14:\"official_email\";N;s:5:\"phone\";s:12:\"256702771124\";s:6:\"gender\";s:4:\"male\";s:13:\"date_of_birth\";s:10:\"2008-08-08\";s:14:\"marital_status\";s:7:\"married\";s:15:\"employment_type\";s:9:\"full_time\";s:10:\"salutation\";s:2:\"Mr\";s:7:\"address\";N;s:4:\"city\";N;s:5:\"state\";N;s:11:\"postal_code\";N;s:7:\"country\";N;s:5:\"photo\";N;s:9:\"hire_date\";N;s:16:\"termination_date\";N;s:25:\"tax_identification_number\";N;s:19:\"bank_account_number\";N;s:9:\"bank_name\";N;s:14:\"designation_id\";N;s:19:\"salary_structure_id\";N;s:12:\"job_title_id\";N;s:13:\"bassic_salary\";s:4:\"0.00\";s:10:\"commission\";s:4:\"0.00\";s:13:\"overtime_rate\";N;s:13:\"supervisor_id\";N;s:7:\"user_id\";s:36:\"09ba2537-d2ac-4b24-99f1-9710a9848540\";s:6:\"status\";s:6:\"active\";s:10:\"created_at\";s:19:\"2026-01-20 02:08:22\";s:10:\"updated_at\";s:19:\"2026-01-20 02:08:22\";s:10:\"deleted_at\";N;}s:10:\"\0*\0changes\";a:0:{}s:8:\"\0*\0casts\";a:0:{}s:17:\"\0*\0classCastCache\";a:0:{}s:21:\"\0*\0attributeCastCache\";a:0:{}s:13:\"\0*\0dateFormat\";N;s:10:\"\0*\0appends\";a:0:{}s:19:\"\0*\0dispatchesEvents\";a:0:{}s:14:\"\0*\0observables\";a:0:{}s:12:\"\0*\0relations\";a:7:{s:10:\"supervisor\";N;s:4:\"user\";O:15:\"App\\Models\\User\":35:{s:13:\"\0*\0connection\";s:5:\"mysql\";s:8:\"\0*\0table\";s:5:\"users\";s:13:\"\0*\0primaryKey\";s:2:\"id\";s:10:\"\0*\0keyType\";s:6:\"string\";s:12:\"incrementing\";b:0;s:7:\"\0*\0with\";a:0:{}s:12:\"\0*\0withCount\";a:0:{}s:19:\"preventsLazyLoading\";b:0;s:10:\"\0*\0perPage\";i:15;s:6:\"exists\";b:1;s:18:\"wasRecentlyCreated\";b:0;s:28:\"\0*\0escapeWhenCastingToString\";b:0;s:13:\"\0*\0attributes\";a:26:{s:2:\"id\";s:36:\"09ba2537-d2ac-4b24-99f1-9710a9848540\";s:15:\"organisation_id\";s:36:\"ac7e5b0f-d0dd-44a4-913c-6d365861fad6\";s:5:\"phone\";s:10:\"0702771124\";s:10:\"first_name\";s:7:\"Veridoc\";s:9:\"last_name\";s:4:\"User\";s:10:\"other_name\";s:1:\"M\";s:5:\"email\";s:16:\"veridoc@test.com\";s:6:\"gender\";s:4:\"male\";s:13:\"date_of_birth\";s:10:\"1988-08-08\";s:14:\"marital_status\";s:6:\"single\";s:10:\"salutation\";s:2:\"Mr\";s:17:\"email_verified_at\";N;s:8:\"password\";s:60:\"$2y$12$YIxrt6oLbXUAu0xeGgrCDOC2XAnwSYz8P5I2RooA7UNzJCpB5FhD.\";s:3:\"pin\";N;s:15:\"profile_picture\";s:0:\"\";s:9:\"signature\";N;s:17:\"verification_code\";s:4:\"JAKA\";s:13:\"login_attempt\";i:0;s:9:\"branch_id\";s:1:\"1\";s:6:\"status\";s:6:\"active\";s:14:\"is_first_login\";i:2;s:14:\"remember_token\";N;s:10:\"created_at\";s:19:\"2026-01-20 02:08:22\";s:10:\"updated_at\";s:19:\"2026-03-23 15:28:20\";s:10:\"deleted_at\";N;s:21:\"two_factor_expires_at\";N;}s:11:\"\0*\0original\";a:26:{s:2:\"id\";s:36:\"09ba2537-d2ac-4b24-99f1-9710a9848540\";s:15:\"organisation_id\";s:36:\"ac7e5b0f-d0dd-44a4-913c-6d365861fad6\";s:5:\"phone\";s:10:\"0702771124\";s:10:\"first_name\";s:7:\"Veridoc\";s:9:\"last_name\";s:4:\"User\";s:10:\"other_name\";s:1:\"M\";s:5:\"email\";s:16:\"veridoc@test.com\";s:6:\"gender\";s:4:\"male\";s:13:\"date_of_birth\";s:10:\"1988-08-08\";s:14:\"marital_status\";s:6:\"single\";s:10:\"salutation\";s:2:\"Mr\";s:17:\"email_verified_at\";N;s:8:\"password\";s:60:\"$2y$12$YIxrt6oLbXUAu0xeGgrCDOC2XAnwSYz8P5I2RooA7UNzJCpB5FhD.\";s:3:\"pin\";N;s:15:\"profile_picture\";s:0:\"\";s:9:\"signature\";N;s:17:\"verification_code\";s:4:\"JAKA\";s:13:\"login_attempt\";i:0;s:9:\"branch_id\";s:1:\"1\";s:6:\"status\";s:6:\"active\";s:14:\"is_first_login\";i:2;s:14:\"remember_token\";N;s:10:\"created_at\";s:19:\"2026-01-20 02:08:22\";s:10:\"updated_at\";s:19:\"2026-03-23 15:28:20\";s:10:\"deleted_at\";N;s:21:\"two_factor_expires_at\";N;}s:10:\"\0*\0changes\";a:0:{}s:8:\"\0*\0casts\";a:3:{s:17:\"email_verified_at\";s:8:\"datetime\";s:8:\"password\";s:6:\"hashed\";s:10:\"deleted_at\";s:8:\"datetime\";}s:17:\"\0*\0classCastCache\";a:0:{}s:21:\"\0*\0attributeCastCache\";a:0:{}s:13:\"\0*\0dateFormat\";N;s:10:\"\0*\0appends\";a:1:{i:0;s:9:\"full_name\";}s:19:\"\0*\0dispatchesEvents\";a:0:{}s:14:\"\0*\0observables\";a:0:{}s:12:\"\0*\0relations\";a:0:{}s:10:\"\0*\0touches\";a:0:{}s:10:\"timestamps\";b:1;s:13:\"usesUniqueIds\";b:0;s:9:\"\0*\0hidden\";a:3:{i:0;s:8:\"password\";i:1;s:14:\"remember_token\";i:2;s:5:\"pivot\";}s:10:\"\0*\0visible\";a:0:{}s:11:\"\0*\0fillable\";a:0:{}s:10:\"\0*\0guarded\";a:1:{i:0;s:2:\"id\";}s:19:\"\0*\0authPasswordName\";s:8:\"password\";s:20:\"\0*\0rememberTokenName\";s:14:\"remember_token\";s:13:\"\0*\0guard_name\";s:3:\"api\";s:16:\"\0*\0forceDeleting\";b:0;s:14:\"\0*\0accessToken\";N;}s:11:\"designation\";N;s:18:\"employee_structure\";O:39:\"Illuminate\\Database\\Eloquent\\Collection\":2:{s:8:\"\0*\0items\";a:0:{}s:28:\"\0*\0escapeWhenCastingToString\";b:0;}s:24:\"currentEmployeeStructure\";N;s:10:\"deductions\";O:39:\"Illuminate\\Database\\Eloquent\\Collection\":2:{s:8:\"\0*\0items\";a:0:{}s:28:\"\0*\0escapeWhenCastingToString\";b:0;}s:10:\"allowances\";O:39:\"Illuminate\\Database\\Eloquent\\Collection\":2:{s:8:\"\0*\0items\";a:0:{}s:28:\"\0*\0escapeWhenCastingToString\";b:0;}}s:10:\"\0*\0touches\";a:0:{}s:10:\"timestamps\";b:1;s:13:\"usesUniqueIds\";b:0;s:9:\"\0*\0hidden\";a:0:{}s:10:\"\0*\0visible\";a:0:{}s:11:\"\0*\0fillable\";a:0:{}s:10:\"\0*\0guarded\";a:1:{i:0;s:2:\"id\";}}i:1;O:22:\"App\\Models\\HR\\Employee\":30:{s:13:\"\0*\0connection\";s:5:\"mysql\";s:8:\"\0*\0table\";s:9:\"employees\";s:13:\"\0*\0primaryKey\";s:2:\"id\";s:10:\"\0*\0keyType\";s:6:\"string\";s:12:\"incrementing\";b:0;s:7:\"\0*\0with\";a:0:{}s:12:\"\0*\0withCount\";a:0:{}s:19:\"preventsLazyLoading\";b:0;s:10:\"\0*\0perPage\";i:15;s:6:\"exists\";b:1;s:18:\"wasRecentlyCreated\";b:0;s:28:\"\0*\0escapeWhenCastingToString\";b:0;s:13:\"\0*\0attributes\";a:38:{s:2:\"id\";s:36:\"0ce29044-b626-407b-8000-d0ec38b721d4\";s:15:\"organisation_id\";s:36:\"ac7e5b0f-d0dd-44a4-913c-6d365861fad6\";s:17:\"biometric_user_id\";N;s:13:\"employee_code\";s:10:\"EMP-WEM5UV\";s:10:\"first_name\";s:6:\"Kelvin\";s:9:\"last_name\";s:5:\"Mrope\";s:10:\"other_name\";s:5:\"Peter\";s:5:\"email\";s:39:\"procurementofficer@shireculimited.co.tz\";s:14:\"official_email\";N;s:5:\"phone\";s:16:\"+255 654 174 669\";s:6:\"gender\";s:4:\"male\";s:13:\"date_of_birth\";s:10:\"1992-11-11\";s:14:\"marital_status\";s:6:\"single\";s:15:\"employment_type\";s:9:\"full_time\";s:10:\"salutation\";s:2:\"Mr\";s:7:\"address\";s:43:\"P.O.Box 349, Shinyanga,  Miti Mirefu Street\";s:4:\"city\";N;s:5:\"state\";s:9:\"Shinyanga\";s:11:\"postal_code\";N;s:7:\"country\";s:8:\"Tanzania\";s:5:\"photo\";N;s:9:\"hire_date\";s:10:\"2024-11-18\";s:16:\"termination_date\";N;s:25:\"tax_identification_number\";N;s:19:\"bank_account_number\";N;s:9:\"bank_name\";N;s:14:\"designation_id\";s:36:\"d982aa7b-8b1b-4061-b973-214812f964fb\";s:19:\"salary_structure_id\";s:36:\"e518599c-0c07-4947-980f-154cdb9049e9\";s:12:\"job_title_id\";N;s:13:\"bassic_salary\";s:4:\"0.00\";s:10:\"commission\";s:4:\"0.00\";s:13:\"overtime_rate\";N;s:13:\"supervisor_id\";N;s:7:\"user_id\";s:36:\"db76612e-7eae-40e5-83c9-78f38ed17581\";s:6:\"status\";s:6:\"active\";s:10:\"created_at\";s:19:\"2026-01-20 17:10:35\";s:10:\"updated_at\";s:19:\"2026-01-20 17:10:35\";s:10:\"deleted_at\";N;}s:11:\"\0*\0original\";a:38:{s:2:\"id\";s:36:\"0ce29044-b626-407b-8000-d0ec38b721d4\";s:15:\"organisation_id\";s:36:\"ac7e5b0f-d0dd-44a4-913c-6d365861fad6\";s:17:\"biometric_user_id\";N;s:13:\"employee_code\";s:10:\"EMP-WEM5UV\";s:10:\"first_name\";s:6:\"Kelvin\";s:9:\"last_name\";s:5:\"Mrope\";s:10:\"other_name\";s:5:\"Peter\";s:5:\"email\";s:39:\"procurementofficer@shireculimited.co.tz\";s:14:\"official_email\";N;s:5:\"phone\";s:16:\"+255 654 174 669\";s:6:\"gender\";s:4:\"male\";s:13:\"date_of_birth\";s:10:\"1992-11-11\";s:14:\"marital_status\";s:6:\"single\";s:15:\"employment_type\";s:9:\"full_time\";s:10:\"salutation\";s:2:\"Mr\";s:7:\"address\";s:43:\"P.O.Box 349, Shinyanga,  Miti Mirefu Street\";s:4:\"city\";N;s:5:\"state\";s:9:\"Shinyanga\";s:11:\"postal_code\";N;s:7:\"country\";s:8:\"Tanzania\";s:5:\"photo\";N;s:9:\"hire_date\";s:10:\"2024-11-18\";s:16:\"termination_date\";N;s:25:\"tax_identification_number\";N;s:19:\"bank_account_number\";N;s:9:\"bank_name\";N;s:14:\"designation_id\";s:36:\"d982aa7b-8b1b-4061-b973-214812f964fb\";s:19:\"salary_structure_id\";s:36:\"e518599c-0c07-4947-980f-154cdb9049e9\";s:12:\"job_title_id\";N;s:13:\"bassic_salary\";s:4:\"0.00\";s:10:\"commission\";s:4:\"0.00\";s:13:\"overtime_rate\";N;s:13:\"supervisor_id\";N;s:7:\"user_id\";s:36:\"db76612e-7eae-40e5-83c9-78f38ed17581\";s:6:\"status\";s:6:\"active\";s:10:\"created_at\";s:19:\"2026-01-20 17:10:35\";s:10:\"updated_at\";s:19:\"2026-01-20 17:10:35\";s:10:\"deleted_at\";N;}s:10:\"\0*\0changes\";a:0:{}s:8:\"\0*\0casts\";a:0:{}s:17:\"\0*\0classCastCache\";a:0:{}s:21:\"\0*\0attributeCastCache\";a:0:{}s:13:\"\0*\0dateFormat\";N;s:10:\"\0*\0appends\";a:0:{}s:19:\"\0*\0dispatchesEvents\";a:0:{}s:14:\"\0*\0observables\";a:0:{}s:12:\"\0*\0relations\";a:7:{s:10:\"supervisor\";N;s:4:\"user\";O:15:\"App\\Models\\User\":35:{s:13:\"\0*\0connection\";s:5:\"mysql\";s:8:\"\0*\0table\";s:5:\"users\";s:13:\"\0*\0primaryKey\";s:2:\"id\";s:10:\"\0*\0keyType\";s:6:\"string\";s:12:\"incrementing\";b:0;s:7:\"\0*\0with\";a:0:{}s:12:\"\0*\0withCount\";a:0:{}s:19:\"preventsLazyLoading\";b:0;s:10:\"\0*\0perPage\";i:15;s:6:\"exists\";b:1;s:18:\"wasRecentlyCreated\";b:0;s:28:\"\0*\0escapeWhenCastingToString\";b:0;s:13:\"\0*\0attributes\";a:26:{s:2:\"id\";s:36:\"db76612e-7eae-40e5-83c9-78f38ed17581\";s:15:\"organisation_id\";s:36:\"ac7e5b0f-d0dd-44a4-913c-6d365861fad6\";s:5:\"phone\";s:16:\"+255 654 174 669\";s:10:\"first_name\";s:6:\"Kelvin\";s:9:\"last_name\";s:5:\"Mrope\";s:10:\"other_name\";s:5:\"Peter\";s:5:\"email\";s:39:\"procurementofficer@shireculimited.co.tz\";s:6:\"gender\";s:4:\"male\";s:13:\"date_of_birth\";s:10:\"1992-11-11\";s:14:\"marital_status\";s:6:\"single\";s:10:\"salutation\";s:2:\"Mr\";s:17:\"email_verified_at\";N;s:8:\"password\";s:60:\"$2y$12$HNtT3Ol8wRiAuyOvim99mORIm6nvlNjNtIMQF0aMNfo4xQCkdwT7S\";s:3:\"pin\";N;s:15:\"profile_picture\";s:53:\"profiles/xaiCoRArQXyuXe6RfpN9xAe3O3V762L6smcZWEa9.jpg\";s:9:\"signature\";s:55:\"signatures/AckimhiOTWWQPMMtyICBE3BY6rnYi526IL0fcNuu.png\";s:17:\"verification_code\";N;s:13:\"login_attempt\";i:3;s:9:\"branch_id\";N;s:6:\"status\";s:6:\"active\";s:14:\"is_first_login\";i:0;s:14:\"remember_token\";N;s:10:\"created_at\";s:19:\"2026-01-20 17:10:35\";s:10:\"updated_at\";s:19:\"2026-01-21 11:22:22\";s:10:\"deleted_at\";N;s:21:\"two_factor_expires_at\";N;}s:11:\"\0*\0original\";a:26:{s:2:\"id\";s:36:\"db76612e-7eae-40e5-83c9-78f38ed17581\";s:15:\"organisation_id\";s:36:\"ac7e5b0f-d0dd-44a4-913c-6d365861fad6\";s:5:\"phone\";s:16:\"+255 654 174 669\";s:10:\"first_name\";s:6:\"Kelvin\";s:9:\"last_name\";s:5:\"Mrope\";s:10:\"other_name\";s:5:\"Peter\";s:5:\"email\";s:39:\"procurementofficer@shireculimited.co.tz\";s:6:\"gender\";s:4:\"male\";s:13:\"date_of_birth\";s:10:\"1992-11-11\";s:14:\"marital_status\";s:6:\"single\";s:10:\"salutation\";s:2:\"Mr\";s:17:\"email_verified_at\";N;s:8:\"password\";s:60:\"$2y$12$HNtT3Ol8wRiAuyOvim99mORIm6nvlNjNtIMQF0aMNfo4xQCkdwT7S\";s:3:\"pin\";N;s:15:\"profile_picture\";s:53:\"profiles/xaiCoRArQXyuXe6RfpN9xAe3O3V762L6smcZWEa9.jpg\";s:9:\"signature\";s:55:\"signatures/AckimhiOTWWQPMMtyICBE3BY6rnYi526IL0fcNuu.png\";s:17:\"verification_code\";N;s:13:\"login_attempt\";i:3;s:9:\"branch_id\";N;s:6:\"status\";s:6:\"active\";s:14:\"is_first_login\";i:0;s:14:\"remember_token\";N;s:10:\"created_at\";s:19:\"2026-01-20 17:10:35\";s:10:\"updated_at\";s:19:\"2026-01-21 11:22:22\";s:10:\"deleted_at\";N;s:21:\"two_factor_expires_at\";N;}s:10:\"\0*\0changes\";a:0:{}s:8:\"\0*\0casts\";a:3:{s:17:\"email_verified_at\";s:8:\"datetime\";s:8:\"password\";s:6:\"hashed\";s:10:\"deleted_at\";s:8:\"datetime\";}s:17:\"\0*\0classCastCache\";a:0:{}s:21:\"\0*\0attributeCastCache\";a:0:{}s:13:\"\0*\0dateFormat\";N;s:10:\"\0*\0appends\";a:1:{i:0;s:9:\"full_name\";}s:19:\"\0*\0dispatchesEvents\";a:0:{}s:14:\"\0*\0observables\";a:0:{}s:12:\"\0*\0relations\";a:0:{}s:10:\"\0*\0touches\";a:0:{}s:10:\"timestamps\";b:1;s:13:\"usesUniqueIds\";b:0;s:9:\"\0*\0hidden\";a:3:{i:0;s:8:\"password\";i:1;s:14:\"remember_token\";i:2;s:5:\"pivot\";}s:10:\"\0*\0visible\";a:0:{}s:11:\"\0*\0fillable\";a:0:{}s:10:\"\0*\0guarded\";a:1:{i:0;s:2:\"id\";}s:19:\"\0*\0authPasswordName\";s:8:\"password\";s:20:\"\0*\0rememberTokenName\";s:14:\"remember_token\";s:13:\"\0*\0guard_name\";s:3:\"api\";s:16:\"\0*\0forceDeleting\";b:0;s:14:\"\0*\0accessToken\";N;}s:11:\"designation\";O:25:\"App\\Models\\HR\\Designation\":31:{s:13:\"\0*\0connection\";s:5:\"mysql\";s:8:\"\0*\0table\";s:12:\"designations\";s:13:\"\0*\0primaryKey\";s:2:\"id\";s:10:\"\0*\0keyType\";s:6:\"string\";s:12:\"incrementing\";b:0;s:7:\"\0*\0with\";a:0:{}s:12:\"\0*\0withCount\";a:0:{}s:19:\"preventsLazyLoading\";b:0;s:10:\"\0*\0perPage\";i:15;s:6:\"exists\";b:1;s:18:\"wasRecentlyCreated\";b:0;s:28:\"\0*\0escapeWhenCastingToString\";b:0;s:13:\"\0*\0attributes\";a:8:{s:2:\"id\";s:36:\"d982aa7b-8b1b-4061-b973-214812f964fb\";s:15:\"organisation_id\";s:36:\"ac7e5b0f-d0dd-44a4-913c-6d365861fad6\";s:13:\"department_id\";s:36:\"ee8e9b63-032e-49ca-94c1-471c51b94f48\";s:16:\"designation_name\";s:30:\"Procurement and Supply Officer\";s:11:\"description\";s:30:\"Procurement and Supply Officer\";s:10:\"created_at\";s:19:\"2026-01-20 12:25:26\";s:10:\"updated_at\";s:19:\"2026-01-20 12:25:26\";s:10:\"deleted_at\";N;}s:11:\"\0*\0original\";a:8:{s:2:\"id\";s:36:\"d982aa7b-8b1b-4061-b973-214812f964fb\";s:15:\"organisation_id\";s:36:\"ac7e5b0f-d0dd-44a4-913c-6d365861fad6\";s:13:\"department_id\";s:36:\"ee8e9b63-032e-49ca-94c1-471c51b94f48\";s:16:\"designation_name\";s:30:\"Procurement and Supply Officer\";s:11:\"description\";s:30:\"Procurement and Supply Officer\";s:10:\"created_at\";s:19:\"2026-01-20 12:25:26\";s:10:\"updated_at\";s:19:\"2026-01-20 12:25:26\";s:10:\"deleted_at\";N;}s:10:\"\0*\0changes\";a:0:{}s:8:\"\0*\0casts\";a:1:{s:10:\"deleted_at\";s:8:\"datetime\";}s:17:\"\0*\0classCastCache\";a:0:{}s:21:\"\0*\0attributeCastCache\";a:0:{}s:13:\"\0*\0dateFormat\";N;s:10:\"\0*\0appends\";a:0:{}s:19:\"\0*\0dispatchesEvents\";a:0:{}s:14:\"\0*\0observables\";a:0:{}s:12:\"\0*\0relations\";a:1:{s:10:\"department\";O:24:\"App\\Models\\HR\\Department\":31:{s:13:\"\0*\0connection\";s:5:\"mysql\";s:8:\"\0*\0table\";s:11:\"departments\";s:13:\"\0*\0primaryKey\";s:2:\"id\";s:10:\"\0*\0keyType\";s:6:\"string\";s:12:\"incrementing\";b:0;s:7:\"\0*\0with\";a:0:{}s:12:\"\0*\0withCount\";a:0:{}s:19:\"preventsLazyLoading\";b:0;s:10:\"\0*\0perPage\";i:15;s:6:\"exists\";b:1;s:18:\"wasRecentlyCreated\";b:0;s:28:\"\0*\0escapeWhenCastingToString\";b:0;s:13:\"\0*\0attributes\";a:9:{s:2:\"id\";s:36:\"ee8e9b63-032e-49ca-94c1-471c51b94f48\";s:15:\"organisation_id\";s:36:\"ac7e5b0f-d0dd-44a4-913c-6d365861fad6\";s:16:\"head_employee_id\";N;s:20:\"parent_department_id\";N;s:4:\"name\";s:22:\"Procurement and Supply\";s:11:\"description\";s:22:\"Procurement and Supply\";s:10:\"created_at\";s:19:\"2026-01-20 12:21:09\";s:10:\"updated_at\";s:19:\"2026-01-20 12:21:09\";s:10:\"deleted_at\";N;}s:11:\"\0*\0original\";a:9:{s:2:\"id\";s:36:\"ee8e9b63-032e-49ca-94c1-471c51b94f48\";s:15:\"organisation_id\";s:36:\"ac7e5b0f-d0dd-44a4-913c-6d365861fad6\";s:16:\"head_employee_id\";N;s:20:\"parent_department_id\";N;s:4:\"name\";s:22:\"Procurement and Supply\";s:11:\"description\";s:22:\"Procurement and Supply\";s:10:\"created_at\";s:19:\"2026-01-20 12:21:09\";s:10:\"updated_at\";s:19:\"2026-01-20 12:21:09\";s:10:\"deleted_at\";N;}s:10:\"\0*\0changes\";a:0:{}s:8:\"\0*\0casts\";a:1:{s:10:\"deleted_at\";s:8:\"datetime\";}s:17:\"\0*\0classCastCache\";a:0:{}s:21:\"\0*\0attributeCastCache\";a:0:{}s:13:\"\0*\0dateFormat\";N;s:10:\"\0*\0appends\";a:0:{}s:19:\"\0*\0dispatchesEvents\";a:0:{}s:14:\"\0*\0observables\";a:0:{}s:12:\"\0*\0relations\";a:0:{}s:10:\"\0*\0touches\";a:0:{}s:10:\"timestamps\";b:1;s:13:\"usesUniqueIds\";b:0;s:9:\"\0*\0hidden\";a:0:{}s:10:\"\0*\0visible\";a:0:{}s:11:\"\0*\0fillable\";a:0:{}s:10:\"\0*\0guarded\";a:1:{i:0;s:2:\"id\";}s:16:\"\0*\0forceDeleting\";b:0;}}s:10:\"\0*\0touches\";a:0:{}s:10:\"timestamps\";b:1;s:13:\"usesUniqueIds\";b:0;s:9:\"\0*\0hidden\";a:0:{}s:10:\"\0*\0visible\";a:0:{}s:11:\"\0*\0fillable\";a:0:{}s:10:\"\0*\0guarded\";a:1:{i:0;s:2:\"id\";}s:16:\"\0*\0forceDeleting\";b:0;}s:18:\"employee_structure\";O:39:\"Illuminate\\Database\\Eloquent\\Collection\":2:{s:8:\"\0*\0items\";a:1:{i:0;O:42:\"App\\Models\\Payroll\\EmployeeSalaryStructure\":31:{s:13:\"\0*\0connection\";s:5:\"mysql\";s:8:\"\0*\0table\";s:26:\"employee_salary_structures\";s:13:\"\0*\0primaryKey\";s:2:\"id\";s:10:\"\0*\0keyType\";s:6:\"string\";s:12:\"incrementing\";b:0;s:7:\"\0*\0with\";a:0:{}s:12:\"\0*\0withCount\";a:0:{}s:19:\"preventsLazyLoading\";b:0;s:10:\"\0*\0perPage\";i:15;s:6:\"exists\";b:1;s:18:\"wasRecentlyCreated\";b:0;s:28:\"\0*\0escapeWhenCastingToString\";b:0;s:13:\"\0*\0attributes\";a:10:{s:2:\"id\";s:36:\"7685efc9-2840-4344-b750-207848051bed\";s:11:\"employee_id\";s:36:\"0ce29044-b626-407b-8000-d0ec38b721d4\";s:19:\"salary_structure_id\";s:36:\"e518599c-0c07-4947-980f-154cdb9049e9\";s:11:\"base_salary\";s:9:\"657627.00\";s:14:\"effective_from\";s:10:\"2026-01-20\";s:12:\"effective_to\";N;s:6:\"status\";s:6:\"active\";s:10:\"created_at\";s:19:\"2026-01-20 17:10:35\";s:10:\"updated_at\";s:19:\"2026-01-20 17:10:35\";s:10:\"deleted_at\";N;}s:11:\"\0*\0original\";a:10:{s:2:\"id\";s:36:\"7685efc9-2840-4344-b750-207848051bed\";s:11:\"employee_id\";s:36:\"0ce29044-b626-407b-8000-d0ec38b721d4\";s:19:\"salary_structure_id\";s:36:\"e518599c-0c07-4947-980f-154cdb9049e9\";s:11:\"base_salary\";s:9:\"657627.00\";s:14:\"effective_from\";s:10:\"2026-01-20\";s:12:\"effective_to\";N;s:6:\"status\";s:6:\"active\";s:10:\"created_at\";s:19:\"2026-01-20 17:10:35\";s:10:\"updated_at\";s:19:\"2026-01-20 17:10:35\";s:10:\"deleted_at\";N;}s:10:\"\0*\0changes\";a:0:{}s:8:\"\0*\0casts\";a:1:{s:10:\"deleted_at\";s:8:\"datetime\";}s:17:\"\0*\0classCastCache\";a:0:{}s:21:\"\0*\0attributeCastCache\";a:0:{}s:13:\"\0*\0dateFormat\";N;s:10:\"\0*\0appends\";a:0:{}s:19:\"\0*\0dispatchesEvents\";a:0:{}s:14:\"\0*\0observables\";a:0:{}s:12:\"\0*\0relations\";a:1:{s:15:\"salaryStructure\";O:34:\"App\\Models\\Payroll\\SalaryStructure\":31:{s:13:\"\0*\0connection\";s:5:\"mysql\";s:8:\"\0*\0table\";s:17:\"salary_structures\";s:13:\"\0*\0primaryKey\";s:2:\"id\";s:10:\"\0*\0keyType\";s:6:\"string\";s:12:\"incrementing\";b:0;s:7:\"\0*\0with\";a:0:{}s:12:\"\0*\0withCount\";a:0:{}s:19:\"preventsLazyLoading\";b:0;s:10:\"\0*\0perPage\";i:15;s:6:\"exists\";b:1;s:18:\"wasRecentlyCreated\";b:0;s:28:\"\0*\0escapeWhenCastingToString\";b:0;s:13:\"\0*\0attributes\";a:8:{s:2:\"id\";s:36:\"e518599c-0c07-4947-980f-154cdb9049e9\";s:15:\"organisation_id\";s:36:\"ac7e5b0f-d0dd-44a4-913c-6d365861fad6\";s:4:\"name\";s:8:\"SRCU-KPM\";s:9:\"basic_pay\";s:9:\"657627.00\";s:5:\"notes\";s:18:\"Kelvin Peter Mrope\";s:10:\"created_at\";s:19:\"2026-01-20 12:35:09\";s:10:\"updated_at\";s:19:\"2026-01-20 14:09:15\";s:10:\"deleted_at\";N;}s:11:\"\0*\0original\";a:8:{s:2:\"id\";s:36:\"e518599c-0c07-4947-980f-154cdb9049e9\";s:15:\"organisation_id\";s:36:\"ac7e5b0f-d0dd-44a4-913c-6d365861fad6\";s:4:\"name\";s:8:\"SRCU-KPM\";s:9:\"basic_pay\";s:9:\"657627.00\";s:5:\"notes\";s:18:\"Kelvin Peter Mrope\";s:10:\"created_at\";s:19:\"2026-01-20 12:35:09\";s:10:\"updated_at\";s:19:\"2026-01-20 14:09:15\";s:10:\"deleted_at\";N;}s:10:\"\0*\0changes\";a:0:{}s:8:\"\0*\0casts\";a:3:{s:19:\"additional_benefits\";s:5:\"array\";s:21:\"additional_deductions\";s:5:\"array\";s:10:\"deleted_at\";s:8:\"datetime\";}s:17:\"\0*\0classCastCache\";a:0:{}s:21:\"\0*\0attributeCastCache\";a:0:{}s:13:\"\0*\0dateFormat\";N;s:10:\"\0*\0appends\";a:0:{}s:19:\"\0*\0dispatchesEvents\";a:0:{}s:14:\"\0*\0observables\";a:0:{}s:12:\"\0*\0relations\";a:0:{}s:10:\"\0*\0touches\";a:0:{}s:10:\"timestamps\";b:1;s:13:\"usesUniqueIds\";b:0;s:9:\"\0*\0hidden\";a:0:{}s:10:\"\0*\0visible\";a:0:{}s:11:\"\0*\0fillable\";a:0:{}s:10:\"\0*\0guarded\";a:1:{i:0;s:2:\"id\";}s:16:\"\0*\0forceDeleting\";b:0;}}s:10:\"\0*\0touches\";a:0:{}s:10:\"timestamps\";b:1;s:13:\"usesUniqueIds\";b:0;s:9:\"\0*\0hidden\";a:0:{}s:10:\"\0*\0visible\";a:0:{}s:11:\"\0*\0fillable\";a:0:{}s:10:\"\0*\0guarded\";a:1:{i:0;s:2:\"id\";}s:16:\"\0*\0forceDeleting\";b:0;}}s:28:\"\0*\0escapeWhenCastingToString\";b:0;}s:24:\"currentEmployeeStructure\";O:42:\"App\\Models\\Payroll\\EmployeeSalaryStructure\":31:{s:13:\"\0*\0connection\";s:5:\"mysql\";s:8:\"\0*\0table\";s:26:\"employee_salary_structures\";s:13:\"\0*\0primaryKey\";s:2:\"id\";s:10:\"\0*\0keyType\";s:6:\"string\";s:12:\"incrementing\";b:0;s:7:\"\0*\0with\";a:0:{}s:12:\"\0*\0withCount\";a:0:{}s:19:\"preventsLazyLoading\";b:0;s:10:\"\0*\0perPage\";i:15;s:6:\"exists\";b:1;s:18:\"wasRecentlyCreated\";b:0;s:28:\"\0*\0escapeWhenCastingToString\";b:0;s:13:\"\0*\0attributes\";a:10:{s:2:\"id\";s:36:\"7685efc9-2840-4344-b750-207848051bed\";s:11:\"employee_id\";s:36:\"0ce29044-b626-407b-8000-d0ec38b721d4\";s:19:\"salary_structure_id\";s:36:\"e518599c-0c07-4947-980f-154cdb9049e9\";s:11:\"base_salary\";s:9:\"657627.00\";s:14:\"effective_from\";s:10:\"2026-01-20\";s:12:\"effective_to\";N;s:6:\"status\";s:6:\"active\";s:10:\"created_at\";s:19:\"2026-01-20 17:10:35\";s:10:\"updated_at\";s:19:\"2026-01-20 17:10:35\";s:10:\"deleted_at\";N;}s:11:\"\0*\0original\";a:10:{s:2:\"id\";s:36:\"7685efc9-2840-4344-b750-207848051bed\";s:11:\"employee_id\";s:36:\"0ce29044-b626-407b-8000-d0ec38b721d4\";s:19:\"salary_structure_id\";s:36:\"e518599c-0c07-4947-980f-154cdb9049e9\";s:11:\"base_salary\";s:9:\"657627.00\";s:14:\"effective_from\";s:10:\"2026-01-20\";s:12:\"effective_to\";N;s:6:\"status\";s:6:\"active\";s:10:\"created_at\";s:19:\"2026-01-20 17:10:35\";s:10:\"updated_at\";s:19:\"2026-01-20 17:10:35\";s:10:\"deleted_at\";N;}s:10:\"\0*\0changes\";a:0:{}s:8:\"\0*\0casts\";a:1:{s:10:\"deleted_at\";s:8:\"datetime\";}s:17:\"\0*\0classCastCache\";a:0:{}s:21:\"\0*\0attributeCastCache\";a:0:{}s:13:\"\0*\0dateFormat\";N;s:10:\"\0*\0appends\";a:0:{}s:19:\"\0*\0dispatchesEvents\";a:0:{}s:14:\"\0*\0observables\";a:0:{}s:12:\"\0*\0relations\";a:1:{s:15:\"salaryStructure\";O:34:\"App\\Models\\Payroll\\SalaryStructure\":31:{s:13:\"\0*\0connection\";s:5:\"mysql\";s:8:\"\0*\0table\";s:17:\"salary_structures\";s:13:\"\0*\0primaryKey\";s:2:\"id\";s:10:\"\0*\0keyType\";s:6:\"string\";s:12:\"incrementing\";b:0;s:7:\"\0*\0with\";a:0:{}s:12:\"\0*\0withCount\";a:0:{}s:19:\"preventsLazyLoading\";b:0;s:10:\"\0*\0perPage\";i:15;s:6:\"exists\";b:1;s:18:\"wasRecentlyCreated\";b:0;s:28:\"\0*\0escapeWhenCastingToString\";b:0;s:13:\"\0*\0attributes\";a:8:{s:2:\"id\";s:36:\"e518599c-0c07-4947-980f-154cdb9049e9\";s:15:\"organisation_id\";s:36:\"ac7e5b0f-d0dd-44a4-913c-6d365861fad6\";s:4:\"name\";s:8:\"SRCU-KPM\";s:9:\"basic_pay\";s:9:\"657627.00\";s:5:\"notes\";s:18:\"Kelvin Peter Mrope\";s:10:\"created_at\";s:19:\"2026-01-20 12:35:09\";s:10:\"updated_at\";s:19:\"2026-01-20 14:09:15\";s:10:\"deleted_at\";N;}s:11:\"\0*\0original\";a:8:{s:2:\"id\";s:36:\"e518599c-0c07-4947-980f-154cdb9049e9\";s:15:\"organisation_id\";s:36:\"ac7e5b0f-d0dd-44a4-913c-6d365861fad6\";s:4:\"name\";s:8:\"SRCU-KPM\";s:9:\"basic_pay\";s:9:\"657627.00\";s:5:\"notes\";s:18:\"Kelvin Peter Mrope\";s:10:\"created_at\";s:19:\"2026-01-20 12:35:09\";s:10:\"updated_at\";s:19:\"2026-01-20 14:09:15\";s:10:\"deleted_at\";N;}s:10:\"\0*\0changes\";a:0:{}s:8:\"\0*\0casts\";a:3:{s:19:\"additional_benefits\";s:5:\"array\";s:21:\"additional_deductions\";s:5:\"array\";s:10:\"deleted_at\";s:8:\"datetime\";}s:17:\"\0*\0classCastCache\";a:0:{}s:21:\"\0*\0attributeCastCache\";a:0:{}s:13:\"\0*\0dateFormat\";N;s:10:\"\0*\0appends\";a:0:{}s:19:\"\0*\0dispatchesEvents\";a:0:{}s:14:\"\0*\0observables\";a:0:{}s:12:\"\0*\0relations\";a:0:{}s:10:\"\0*\0touches\";a:0:{}s:10:\"timestamps\";b:1;s:13:\"usesUniqueIds\";b:0;s:9:\"\0*\0hidden\";a:0:{}s:10:\"\0*\0visible\";a:0:{}s:11:\"\0*\0fillable\";a:0:{}s:10:\"\0*\0guarded\";a:1:{i:0;s:2:\"id\";}s:16:\"\0*\0forceDeleting\";b:0;}}s:10:\"\0*\0touches\";a:0:{}s:10:\"timestamps\";b:1;s:13:\"usesUniqueIds\";b:0;s:9:\"\0*\0hidden\";a:0:{}s:10:\"\0*\0visible\";a:0:{}s:11:\"\0*\0fillable\";a:0:{}s:10:\"\0*\0guarded\";a:1:{i:0;s:2:\"id\";}s:16:\"\0*\0forceDeleting\";b:0;}s:10:\"deductions\";O:39:\"Illuminate\\Database\\Eloquent\\Collection\":2:{s:8:\"\0*\0items\";a:1:{i:0;O:36:\"App\\Models\\Payroll\\EmployeeDeduction\":30:{s:13:\"\0*\0connection\";s:5:\"mysql\";s:8:\"\0*\0table\";s:19:\"employee_deductions\";s:13:\"\0*\0primaryKey\";s:2:\"id\";s:10:\"\0*\0keyType\";s:6:\"string\";s:12:\"incrementing\";b:0;s:7:\"\0*\0with\";a:0:{}s:12:\"\0*\0withCount\";a:0:{}s:19:\"preventsLazyLoading\";b:0;s:10:\"\0*\0perPage\";i:15;s:6:\"exists\";b:1;s:18:\"wasRecentlyCreated\";b:0;s:28:\"\0*\0escapeWhenCastingToString\";b:0;s:13:\"\0*\0attributes\";a:7:{s:2:\"id\";s:36:\"2e4a9599-0de4-4e8d-95ef-478e9a68a413\";s:11:\"employee_id\";s:36:\"0ce29044-b626-407b-8000-d0ec38b721d4\";s:17:\"deduction_type_id\";s:36:\"08e4769c-1dd0-4d34-8e0e-797a00a4d56b\";s:5:\"value\";s:8:\"34373.00\";s:6:\"status\";s:6:\"active\";s:10:\"created_at\";s:19:\"2026-01-20 17:10:35\";s:10:\"updated_at\";s:19:\"2026-01-20 17:10:35\";}s:11:\"\0*\0original\";a:7:{s:2:\"id\";s:36:\"2e4a9599-0de4-4e8d-95ef-478e9a68a413\";s:11:\"employee_id\";s:36:\"0ce29044-b626-407b-8000-d0ec38b721d4\";s:17:\"deduction_type_id\";s:36:\"08e4769c-1dd0-4d34-8e0e-797a00a4d56b\";s:5:\"value\";s:8:\"34373.00\";s:6:\"status\";s:6:\"active\";s:10:\"created_at\";s:19:\"2026-01-20 17:10:35\";s:10:\"updated_at\";s:19:\"2026-01-20 17:10:35\";}s:10:\"\0*\0changes\";a:0:{}s:8:\"\0*\0casts\";a:0:{}s:17:\"\0*\0classCastCache\";a:0:{}s:21:\"\0*\0attributeCastCache\";a:0:{}s:13:\"\0*\0dateFormat\";N;s:10:\"\0*\0appends\";a:0:{}s:19:\"\0*\0dispatchesEvents\";a:0:{}s:14:\"\0*\0observables\";a:0:{}s:12:\"\0*\0relations\";a:1:{s:4:\"type\";N;}s:10:\"\0*\0touches\";a:0:{}s:10:\"timestamps\";b:1;s:13:\"usesUniqueIds\";b:0;s:9:\"\0*\0hidden\";a:0:{}s:10:\"\0*\0visible\";a:0:{}s:11:\"\0*\0fillable\";a:0:{}s:10:\"\0*\0guarded\";a:1:{i:0;s:2:\"id\";}}}s:28:\"\0*\0escapeWhenCastingToString\";b:0;}s:10:\"allowances\";O:39:\"Illuminate\\Database\\Eloquent\\Collection\":2:{s:8:\"\0*\0items\";a:3:{i:0;O:36:\"App\\Models\\Payroll\\EmployeeAllowance\":30:{s:13:\"\0*\0connection\";s:5:\"mysql\";s:8:\"\0*\0table\";s:19:\"employee_allowances\";s:13:\"\0*\0primaryKey\";s:2:\"id\";s:10:\"\0*\0keyType\";s:6:\"string\";s:12:\"incrementing\";b:0;s:7:\"\0*\0with\";a:0:{}s:12:\"\0*\0withCount\";a:0:{}s:19:\"preventsLazyLoading\";b:0;s:10:\"\0*\0perPage\";i:15;s:6:\"exists\";b:1;s:18:\"wasRecentlyCreated\";b:0;s:28:\"\0*\0escapeWhenCastingToString\";b:0;s:13:\"\0*\0attributes\";a:9:{s:2:\"id\";s:36:\"0cb10501-26aa-4e61-be87-577f9f97b404\";s:11:\"employee_id\";s:36:\"0ce29044-b626-407b-8000-d0ec38b721d4\";s:17:\"allowance_type_id\";s:36:\"81e2c578-3d4e-4e23-bf3b-f7afeddc419f\";s:5:\"value\";s:8:\"60000.00\";s:6:\"status\";s:6:\"active\";s:10:\"start_date\";s:10:\"2026-01-20\";s:8:\"end_date\";N;s:10:\"created_at\";s:19:\"2026-01-20 17:10:35\";s:10:\"updated_at\";s:19:\"2026-01-20 17:10:35\";}s:11:\"\0*\0original\";a:9:{s:2:\"id\";s:36:\"0cb10501-26aa-4e61-be87-577f9f97b404\";s:11:\"employee_id\";s:36:\"0ce29044-b626-407b-8000-d0ec38b721d4\";s:17:\"allowance_type_id\";s:36:\"81e2c578-3d4e-4e23-bf3b-f7afeddc419f\";s:5:\"value\";s:8:\"60000.00\";s:6:\"status\";s:6:\"active\";s:10:\"start_date\";s:10:\"2026-01-20\";s:8:\"end_date\";N;s:10:\"created_at\";s:19:\"2026-01-20 17:10:35\";s:10:\"updated_at\";s:19:\"2026-01-20 17:10:35\";}s:10:\"\0*\0changes\";a:0:{}s:8:\"\0*\0casts\";a:0:{}s:17:\"\0*\0classCastCache\";a:0:{}s:21:\"\0*\0attributeCastCache\";a:0:{}s:13:\"\0*\0dateFormat\";N;s:10:\"\0*\0appends\";a:0:{}s:19:\"\0*\0dispatchesEvents\";a:0:{}s:14:\"\0*\0observables\";a:0:{}s:12:\"\0*\0relations\";a:1:{s:4:\"type\";O:32:\"App\\Models\\Payroll\\AllowanceType\":30:{s:13:\"\0*\0connection\";s:5:\"mysql\";s:8:\"\0*\0table\";s:15:\"allowance_types\";s:13:\"\0*\0primaryKey\";s:2:\"id\";s:10:\"\0*\0keyType\";s:6:\"string\";s:12:\"incrementing\";b:0;s:7:\"\0*\0with\";a:0:{}s:12:\"\0*\0withCount\";a:0:{}s:19:\"preventsLazyLoading\";b:0;s:10:\"\0*\0perPage\";i:15;s:6:\"exists\";b:1;s:18:\"wasRecentlyCreated\";b:0;s:28:\"\0*\0escapeWhenCastingToString\";b:0;s:13:\"\0*\0attributes\";a:13:{s:2:\"id\";s:36:\"81e2c578-3d4e-4e23-bf3b-f7afeddc419f\";s:15:\"organisation_id\";s:36:\"ac7e5b0f-d0dd-44a4-913c-6d365861fad6\";s:4:\"name\";s:42:\"Posho ya majukumu/Responsibility Allowance\";s:10:\"auto_apply\";i:1;s:16:\"calculation_type\";s:5:\"fixed\";s:9:\"frequency\";s:7:\"Monthly\";s:10:\"account_id\";i:7;s:13:\"default_value\";s:4:\"0.00\";s:10:\"is_taxable\";i:0;s:11:\"description\";N;s:10:\"created_at\";s:19:\"2026-01-20 16:15:55\";s:10:\"updated_at\";s:19:\"2026-01-20 16:17:49\";s:10:\"deleted_at\";N;}s:11:\"\0*\0original\";a:13:{s:2:\"id\";s:36:\"81e2c578-3d4e-4e23-bf3b-f7afeddc419f\";s:15:\"organisation_id\";s:36:\"ac7e5b0f-d0dd-44a4-913c-6d365861fad6\";s:4:\"name\";s:42:\"Posho ya majukumu/Responsibility Allowance\";s:10:\"auto_apply\";i:1;s:16:\"calculation_type\";s:5:\"fixed\";s:9:\"frequency\";s:7:\"Monthly\";s:10:\"account_id\";i:7;s:13:\"default_value\";s:4:\"0.00\";s:10:\"is_taxable\";i:0;s:11:\"description\";N;s:10:\"created_at\";s:19:\"2026-01-20 16:15:55\";s:10:\"updated_at\";s:19:\"2026-01-20 16:17:49\";s:10:\"deleted_at\";N;}s:10:\"\0*\0changes\";a:0:{}s:8:\"\0*\0casts\";a:0:{}s:17:\"\0*\0classCastCache\";a:0:{}s:21:\"\0*\0attributeCastCache\";a:0:{}s:13:\"\0*\0dateFormat\";N;s:10:\"\0*\0appends\";a:0:{}s:19:\"\0*\0dispatchesEvents\";a:0:{}s:14:\"\0*\0observables\";a:0:{}s:12:\"\0*\0relations\";a:0:{}s:10:\"\0*\0touches\";a:0:{}s:10:\"timestamps\";b:1;s:13:\"usesUniqueIds\";b:0;s:9:\"\0*\0hidden\";a:0:{}s:10:\"\0*\0visible\";a:0:{}s:11:\"\0*\0fillable\";a:0:{}s:10:\"\0*\0guarded\";a:1:{i:0;s:2:\"id\";}}}s:10:\"\0*\0touches\";a:0:{}s:10:\"timestamps\";b:1;s:13:\"usesUniqueIds\";b:0;s:9:\"\0*\0hidden\";a:0:{}s:10:\"\0*\0visible\";a:0:{}s:11:\"\0*\0fillable\";a:0:{}s:10:\"\0*\0guarded\";a:1:{i:0;s:2:\"id\";}}i:1;O:36:\"App\\Models\\Payroll\\EmployeeAllowance\":30:{s:13:\"\0*\0connection\";s:5:\"mysql\";s:8:\"\0*\0table\";s:19:\"employee_allowances\";s:13:\"\0*\0primaryKey\";s:2:\"id\";s:10:\"\0*\0keyType\";s:6:\"string\";s:12:\"incrementing\";b:0;s:7:\"\0*\0with\";a:0:{}s:12:\"\0*\0withCount\";a:0:{}s:19:\"preventsLazyLoading\";b:0;s:10:\"\0*\0perPage\";i:15;s:6:\"exists\";b:1;s:18:\"wasRecentlyCreated\";b:0;s:28:\"\0*\0escapeWhenCastingToString\";b:0;s:13:\"\0*\0attributes\";a:9:{s:2:\"id\";s:36:\"1a4b9fe6-841b-4c76-973a-ada2796c1d40\";s:11:\"employee_id\";s:36:\"0ce29044-b626-407b-8000-d0ec38b721d4\";s:17:\"allowance_type_id\";s:36:\"c8189025-5578-48fa-b7a5-c670b13dbda9\";s:5:\"value\";s:8:\"40000.00\";s:6:\"status\";s:6:\"active\";s:10:\"start_date\";s:10:\"2026-01-20\";s:8:\"end_date\";N;s:10:\"created_at\";s:19:\"2026-01-20 17:10:35\";s:10:\"updated_at\";s:19:\"2026-01-20 17:10:35\";}s:11:\"\0*\0original\";a:9:{s:2:\"id\";s:36:\"1a4b9fe6-841b-4c76-973a-ada2796c1d40\";s:11:\"employee_id\";s:36:\"0ce29044-b626-407b-8000-d0ec38b721d4\";s:17:\"allowance_type_id\";s:36:\"c8189025-5578-48fa-b7a5-c670b13dbda9\";s:5:\"value\";s:8:\"40000.00\";s:6:\"status\";s:6:\"active\";s:10:\"start_date\";s:10:\"2026-01-20\";s:8:\"end_date\";N;s:10:\"created_at\";s:19:\"2026-01-20 17:10:35\";s:10:\"updated_at\";s:19:\"2026-01-20 17:10:35\";}s:10:\"\0*\0changes\";a:0:{}s:8:\"\0*\0casts\";a:0:{}s:17:\"\0*\0classCastCache\";a:0:{}s:21:\"\0*\0attributeCastCache\";a:0:{}s:13:\"\0*\0dateFormat\";N;s:10:\"\0*\0appends\";a:0:{}s:19:\"\0*\0dispatchesEvents\";a:0:{}s:14:\"\0*\0observables\";a:0:{}s:12:\"\0*\0relations\";a:1:{s:4:\"type\";O:32:\"App\\Models\\Payroll\\AllowanceType\":30:{s:13:\"\0*\0connection\";s:5:\"mysql\";s:8:\"\0*\0table\";s:15:\"allowance_types\";s:13:\"\0*\0primaryKey\";s:2:\"id\";s:10:\"\0*\0keyType\";s:6:\"string\";s:12:\"incrementing\";b:0;s:7:\"\0*\0with\";a:0:{}s:12:\"\0*\0withCount\";a:0:{}s:19:\"preventsLazyLoading\";b:0;s:10:\"\0*\0perPage\";i:15;s:6:\"exists\";b:1;s:18:\"wasRecentlyCreated\";b:0;s:28:\"\0*\0escapeWhenCastingToString\";b:0;s:13:\"\0*\0attributes\";a:13:{s:2:\"id\";s:36:\"c8189025-5578-48fa-b7a5-c670b13dbda9\";s:15:\"organisation_id\";s:36:\"ac7e5b0f-d0dd-44a4-913c-6d365861fad6\";s:4:\"name\";s:44:\"Posho ya Mawasiliano/Communication Allowance\";s:10:\"auto_apply\";i:1;s:16:\"calculation_type\";s:5:\"fixed\";s:9:\"frequency\";s:7:\"Monthly\";s:10:\"account_id\";i:7;s:13:\"default_value\";s:4:\"0.00\";s:10:\"is_taxable\";i:0;s:11:\"description\";N;s:10:\"created_at\";s:19:\"2026-01-20 16:11:30\";s:10:\"updated_at\";s:19:\"2026-01-20 16:19:38\";s:10:\"deleted_at\";N;}s:11:\"\0*\0original\";a:13:{s:2:\"id\";s:36:\"c8189025-5578-48fa-b7a5-c670b13dbda9\";s:15:\"organisation_id\";s:36:\"ac7e5b0f-d0dd-44a4-913c-6d365861fad6\";s:4:\"name\";s:44:\"Posho ya Mawasiliano/Communication Allowance\";s:10:\"auto_apply\";i:1;s:16:\"calculation_type\";s:5:\"fixed\";s:9:\"frequency\";s:7:\"Monthly\";s:10:\"account_id\";i:7;s:13:\"default_value\";s:4:\"0.00\";s:10:\"is_taxable\";i:0;s:11:\"description\";N;s:10:\"created_at\";s:19:\"2026-01-20 16:11:30\";s:10:\"updated_at\";s:19:\"2026-01-20 16:19:38\";s:10:\"deleted_at\";N;}s:10:\"\0*\0changes\";a:0:{}s:8:\"\0*\0casts\";a:0:{}s:17:\"\0*\0classCastCache\";a:0:{}s:21:\"\0*\0attributeCastCache\";a:0:{}s:13:\"\0*\0dateFormat\";N;s:10:\"\0*\0appends\";a:0:{}s:19:\"\0*\0dispatchesEvents\";a:0:{}s:14:\"\0*\0observables\";a:0:{}s:12:\"\0*\0relations\";a:0:{}s:10:\"\0*\0touches\";a:0:{}s:10:\"timestamps\";b:1;s:13:\"usesUniqueIds\";b:0;s:9:\"\0*\0hidden\";a:0:{}s:10:\"\0*\0visible\";a:0:{}s:11:\"\0*\0fillable\";a:0:{}s:10:\"\0*\0guarded\";a:1:{i:0;s:2:\"id\";}}}s:10:\"\0*\0touches\";a:0:{}s:10:\"timestamps\";b:1;s:13:\"usesUniqueIds\";b:0;s:9:\"\0*\0hidden\";a:0:{}s:10:\"\0*\0visible\";a:0:{}s:11:\"\0*\0fillable\";a:0:{}s:10:\"\0*\0guarded\";a:1:{i:0;s:2:\"id\";}}i:2;O:36:\"App\\Models\\Payroll\\EmployeeAllowance\":30:{s:13:\"\0*\0connection\";s:5:\"mysql\";s:8:\"\0*\0table\";s:19:\"employee_allowances\";s:13:\"\0*\0primaryKey\";s:2:\"id\";s:10:\"\0*\0keyType\";s:6:\"string\";s:12:\"incrementing\";b:0;s:7:\"\0*\0with\";a:0:{}s:12:\"\0*\0withCount\";a:0:{}s:19:\"preventsLazyLoading\";b:0;s:10:\"\0*\0perPage\";i:15;s:6:\"exists\";b:1;s:18:\"wasRecentlyCreated\";b:0;s:28:\"\0*\0escapeWhenCastingToString\";b:0;s:13:\"\0*\0attributes\";a:9:{s:2:\"id\";s:36:\"42d1577a-5d6d-4894-9438-4d5ad2e1e01e\";s:11:\"employee_id\";s:36:\"0ce29044-b626-407b-8000-d0ec38b721d4\";s:17:\"allowance_type_id\";s:36:\"45f563ed-c8b9-417f-84f4-f59e6ca06a3f\";s:5:\"value\";s:9:\"150000.00\";s:6:\"status\";s:6:\"active\";s:10:\"start_date\";s:10:\"2026-01-20\";s:8:\"end_date\";N;s:10:\"created_at\";s:19:\"2026-01-20 17:10:35\";s:10:\"updated_at\";s:19:\"2026-01-20 17:10:35\";}s:11:\"\0*\0original\";a:9:{s:2:\"id\";s:36:\"42d1577a-5d6d-4894-9438-4d5ad2e1e01e\";s:11:\"employee_id\";s:36:\"0ce29044-b626-407b-8000-d0ec38b721d4\";s:17:\"allowance_type_id\";s:36:\"45f563ed-c8b9-417f-84f4-f59e6ca06a3f\";s:5:\"value\";s:9:\"150000.00\";s:6:\"status\";s:6:\"active\";s:10:\"start_date\";s:10:\"2026-01-20\";s:8:\"end_date\";N;s:10:\"created_at\";s:19:\"2026-01-20 17:10:35\";s:10:\"updated_at\";s:19:\"2026-01-20 17:10:35\";}s:10:\"\0*\0changes\";a:0:{}s:8:\"\0*\0casts\";a:0:{}s:17:\"\0*\0classCastCache\";a:0:{}s:21:\"\0*\0attributeCastCache\";a:0:{}s:13:\"\0*\0dateFormat\";N;s:10:\"\0*\0appends\";a:0:{}s:19:\"\0*\0dispatchesEvents\";a:0:{}s:14:\"\0*\0observables\";a:0:{}s:12:\"\0*\0relations\";a:1:{s:4:\"type\";O:32:\"App\\Models\\Payroll\\AllowanceType\":30:{s:13:\"\0*\0connection\";s:5:\"mysql\";s:8:\"\0*\0table\";s:15:\"allowance_types\";s:13:\"\0*\0primaryKey\";s:2:\"id\";s:10:\"\0*\0keyType\";s:6:\"string\";s:12:\"incrementing\";b:0;s:7:\"\0*\0with\";a:0:{}s:12:\"\0*\0withCount\";a:0:{}s:19:\"preventsLazyLoading\";b:0;s:10:\"\0*\0perPage\";i:15;s:6:\"exists\";b:1;s:18:\"wasRecentlyCreated\";b:0;s:28:\"\0*\0escapeWhenCastingToString\";b:0;s:13:\"\0*\0attributes\";a:13:{s:2:\"id\";s:36:\"45f563ed-c8b9-417f-84f4-f59e6ca06a3f\";s:15:\"organisation_id\";s:36:\"ac7e5b0f-d0dd-44a4-913c-6d365861fad6\";s:4:\"name\";s:31:\"Posho Ya Nyumba/House Allowance\";s:10:\"auto_apply\";i:0;s:16:\"calculation_type\";s:5:\"fixed\";s:9:\"frequency\";s:7:\"Monthly\";s:10:\"account_id\";i:7;s:13:\"default_value\";s:4:\"0.00\";s:10:\"is_taxable\";i:0;s:11:\"description\";N;s:10:\"created_at\";s:19:\"2026-01-20 16:10:44\";s:10:\"updated_at\";s:19:\"2026-01-20 16:18:42\";s:10:\"deleted_at\";N;}s:11:\"\0*\0original\";a:13:{s:2:\"id\";s:36:\"45f563ed-c8b9-417f-84f4-f59e6ca06a3f\";s:15:\"organisation_id\";s:36:\"ac7e5b0f-d0dd-44a4-913c-6d365861fad6\";s:4:\"name\";s:31:\"Posho Ya Nyumba/House Allowance\";s:10:\"auto_apply\";i:0;s:16:\"calculation_type\";s:5:\"fixed\";s:9:\"frequency\";s:7:\"Monthly\";s:10:\"account_id\";i:7;s:13:\"default_value\";s:4:\"0.00\";s:10:\"is_taxable\";i:0;s:11:\"description\";N;s:10:\"created_at\";s:19:\"2026-01-20 16:10:44\";s:10:\"updated_at\";s:19:\"2026-01-20 16:18:42\";s:10:\"deleted_at\";N;}s:10:\"\0*\0changes\";a:0:{}s:8:\"\0*\0casts\";a:0:{}s:17:\"\0*\0classCastCache\";a:0:{}s:21:\"\0*\0attributeCastCache\";a:0:{}s:13:\"\0*\0dateFormat\";N;s:10:\"\0*\0appends\";a:0:{}s:19:\"\0*\0dispatchesEvents\";a:0:{}s:14:\"\0*\0observables\";a:0:{}s:12:\"\0*\0relations\";a:0:{}s:10:\"\0*\0touches\";a:0:{}s:10:\"timestamps\";b:1;s:13:\"usesUniqueIds\";b:0;s:9:\"\0*\0hidden\";a:0:{}s:10:\"\0*\0visible\";a:0:{}s:11:\"\0*\0fillable\";a:0:{}s:10:\"\0*\0guarded\";a:1:{i:0;s:2:\"id\";}}}s:10:\"\0*\0touches\";a:0:{}s:10:\"timestamps\";b:1;s:13:\"usesUniqueIds\";b:0;s:9:\"\0*\0hidden\";a:0:{}s:10:\"\0*\0visible\";a:0:{}s:11:\"\0*\0fillable\";a:0:{}s:10:\"\0*\0guarded\";a:1:{i:0;s:2:\"id\";}}}s:28:\"\0*\0escapeWhenCastingToString\";b:0;}}s:10:\"\0*\0touches\";a:0:{}s:10:\"timestamps\";b:1;s:13:\"usesUniqueIds\";b:0;s:9:\"\0*\0hidden\";a:0:{}s:10:\"\0*\0visible\";a:0:{}s:11:\"\0*\0fillable\";a:0:{}s:10:\"\0*\0guarded\";a:1:{i:0;s:2:\"id\";}}i:2;O:22:\"App\\Models\\HR\\Employee\":30:{s:13:\"\0*\0connection\";s:5:\"mysql\";s:8:\"\0*\0table\";s:9:\"employees\";s:13:\"\0*\0primaryKey\";s:2:\"id\";s:10:\"\0*\0keyType\";s:6:\"string\";s:12:\"incrementing\";b:0;s:7:\"\0*\0with\";a:0:{}s:12:\"\0*\0withCount\";a:0:{}s:19:\"preventsLazyLoading\";b:0;s:10:\"\0*\0perPage\";i:15;s:6:\"exists\";b:1;s:18:\"wasRecentlyCreated\";b:0;s:28:\"\0*\0escapeWhenCastingToString\";b:0;s:13:\"\0*\0attributes\";a:38:{s:2:\"id\";s:36:\"0d907abb-d962-40ae-92e8-cbad09d41a2d\";s:15:\"organisation_id\";s:36:\"ac7e5b0f-d0dd-44a4-913c-6d365861fad6\";s:17:\"biometric_user_id\";N;s:13:\"employee_code\";s:10:\"EMP-1HJJKA\";s:10:\"first_name\";s:5:\"Kheri\";s:9:\"last_name\";s:7:\"Kakolwa\";s:10:\"other_name\";s:6:\"Hassan\";s:5:\"email\";s:21:\"kherihassan@gmail.com\";s:14:\"official_email\";N;s:5:\"phone\";s:16:\"+255 756 877 767\";s:6:\"gender\";s:4:\"male\";s:13:\"date_of_birth\";s:10:\"1969-02-19\";s:14:\"marital_status\";s:7:\"married\";s:15:\"employment_type\";s:9:\"full_time\";s:10:\"salutation\";s:2:\"Mr\";s:7:\"address\";s:43:\"P.O.Box 349, Shinyanga,  Miti Mirefu Street\";s:4:\"city\";N;s:5:\"state\";s:9:\"Shinyanga\";s:11:\"postal_code\";N;s:7:\"country\";s:8:\"Tanzania\";s:5:\"photo\";N;s:9:\"hire_date\";s:10:\"2026-01-01\";s:16:\"termination_date\";N;s:25:\"tax_identification_number\";N;s:19:\"bank_account_number\";N;s:9:\"bank_name\";N;s:14:\"designation_id\";s:36:\"fa54abc8-a873-436c-91fd-ac4de9134c67\";s:19:\"salary_structure_id\";s:36:\"e799ec36-ce06-4337-b794-550323754ff6\";s:12:\"job_title_id\";N;s:13:\"bassic_salary\";s:4:\"0.00\";s:10:\"commission\";s:4:\"0.00\";s:13:\"overtime_rate\";N;s:13:\"supervisor_id\";N;s:7:\"user_id\";s:36:\"56f0fcd2-4fa1-463a-9997-2db1a78c7b2c\";s:6:\"status\";s:6:\"active\";s:10:\"created_at\";s:19:\"2026-01-21 12:39:11\";s:10:\"updated_at\";s:19:\"2026-01-21 12:39:11\";s:10:\"deleted_at\";N;}s:11:\"\0*\0original\";a:38:{s:2:\"id\";s:36:\"0d907abb-d962-40ae-92e8-cbad09d41a2d\";s:15:\"organisation_id\";s:36:\"ac7e5b0f-d0dd-44a4-913c-6d365861fad6\";s:17:\"biometric_user_id\";N;s:13:\"employee_code\";s:10:\"EMP-1HJJKA\";s:10:\"first_name\";s:5:\"Kheri\";s:9:\"last_name\";s:7:\"Kakolwa\";s:10:\"other_name\";s:6:\"Hassan\";s:5:\"email\";s:21:\"kherihassan@gmail.com\";s:14:\"official_email\";N;s:5:\"phone\";s:16:\"+255 756 877 767\";s:6:\"gender\";s:4:\"male\";s:13:\"date_of_birth\";s:10:\"1969-02-19\";s:14:\"marital_status\";s:7:\"married\";s:15:\"employment_type\";s:9:\"full_time\";s:10:\"salutation\";s:2:\"Mr\";s:7:\"address\";s:43:\"P.O.Box 349, Shinyanga,  Miti Mirefu Street\";s:4:\"city\";N;s:5:\"state\";s:9:\"Shinyanga\";s:11:\"postal_code\";N;s:7:\"country\";s:8:\"Tanzania\";s:5:\"photo\";N;s:9:\"hire_date\";s:10:\"2026-01-01\";s:16:\"termination_date\";N;s:25:\"tax_identification_number\";N;s:19:\"bank_account_number\";N;s:9:\"bank_name\";N;s:14:\"designation_id\";s:36:\"fa54abc8-a873-436c-91fd-ac4de9134c67\";s:19:\"salary_structure_id\";s:36:\"e799ec36-ce06-4337-b794-550323754ff6\";s:12:\"job_title_id\";N;s:13:\"bassic_salary\";s:4:\"0.00\";s:10:\"commission\";s:4:\"0.00\";s:13:\"overtime_rate\";N;s:13:\"supervisor_id\";N;s:7:\"user_id\";s:36:\"56f0fcd2-4fa1-463a-9997-2db1a78c7b2c\";s:6:\"status\";s:6:\"active\";s:10:\"created_at\";s:19:\"2026-01-21 12:39:11\";s:10:\"updated_at\";s:19:\"2026-01-21 12:39:11\";s:10:\"deleted_at\";N;}s:10:\"\0*\0changes\";a:0:{}s:8:\"\0*\0casts\";a:0:{}s:17:\"\0*\0classCastCache\";a:0:{}s:21:\"\0*\0attributeCastCache\";a:0:{}s:13:\"\0*\0dateFormat\";N;s:10:\"\0*\0appends\";a:0:{}s:19:\"\0*\0dispatchesEvents\";a:0:{}s:14:\"\0*\0observables\";a:0:{}s:12:\"\0*\0relations\";a:7:{s:10:\"supervisor\";N;s:4:\"user\";O:15:\"App\\Models\\User\":35:{s:13:\"\0*\0connection\";s:5:\"mysql\";s:8:\"\0*\0table\";s:5:\"users\";s:13:\"\0*\0primaryKey\";s:2:\"id\";s:10:\"\0*\0keyType\";s:6:\"string\";s:12:\"incrementing\";b:0;s:7:\"\0*\0with\";a:0:{}s:12:\"\0*\0withCount\";a:0:{}s:19:\"preventsLazyLoading\";b:0;s:10:\"\0*\0perPage\";i:15;s:6:\"exists\";b:1;s:18:\"wasRecentlyCreated\";b:0;s:28:\"\0*\0escapeWhenCastingToString\";b:0;s:13:\"\0*\0attributes\";a:26:{s:2:\"id\";s:36:\"56f0fcd2-4fa1-463a-9997-2db1a78c7b2c\";s:15:\"organisation_id\";s:36:\"ac7e5b0f-d0dd-44a4-913c-6d365861fad6\";s:5:\"phone\";s:16:\"+255 756 877 767\";s:10:\"first_name\";s:5:\"Kheri\";s:9:\"last_name\";s:7:\"Kakolwa\";s:10:\"other_name\";s:6:\"Hassan\";s:5:\"email\";s:21:\"kherihassan@gmail.com\";s:6:\"gender\";s:4:\"male\";s:13:\"date_of_birth\";s:10:\"1969-02-19\";s:14:\"marital_status\";s:6:\"single\";s:10:\"salutation\";s:2:\"Mr\";s:17:\"email_verified_at\";N;s:8:\"password\";s:60:\"$2y$12$bjCnV2oTgLYh6aEeJngI9uT411zuMScq00hTgheNRVkOh0NlHGcci\";s:3:\"pin\";N;s:15:\"profile_picture\";N;s:9:\"signature\";N;s:17:\"verification_code\";N;s:13:\"login_attempt\";i:3;s:9:\"branch_id\";N;s:6:\"status\";s:6:\"active\";s:14:\"is_first_login\";i:1;s:14:\"remember_token\";N;s:10:\"created_at\";s:19:\"2026-01-21 12:39:11\";s:10:\"updated_at\";s:19:\"2026-01-21 12:39:11\";s:10:\"deleted_at\";N;s:21:\"two_factor_expires_at\";N;}s:11:\"\0*\0original\";a:26:{s:2:\"id\";s:36:\"56f0fcd2-4fa1-463a-9997-2db1a78c7b2c\";s:15:\"organisation_id\";s:36:\"ac7e5b0f-d0dd-44a4-913c-6d365861fad6\";s:5:\"phone\";s:16:\"+255 756 877 767\";s:10:\"first_name\";s:5:\"Kheri\";s:9:\"last_name\";s:7:\"Kakolwa\";s:10:\"other_name\";s:6:\"Hassan\";s:5:\"email\";s:21:\"kherihassan@gmail.com\";s:6:\"gender\";s:4:\"male\";s:13:\"date_of_birth\";s:10:\"1969-02-19\";s:14:\"marital_status\";s:6:\"single\";s:10:\"salutation\";s:2:\"Mr\";s:17:\"email_verified_at\";N;s:8:\"password\";s:60:\"$2y$12$bjCnV2oTgLYh6aEeJngI9uT411zuMScq00hTgheNRVkOh0NlHGcci\";s:3:\"pin\";N;s:15:\"profile_picture\";N;s:9:\"signature\";N;s:17:\"verification_code\";N;s:13:\"login_attempt\";i:3;s:9:\"branch_id\";N;s:6:\"status\";s:6:\"active\";s:14:\"is_first_login\";i:1;s:14:\"remember_token\";N;s:10:\"created_at\";s:19:\"2026-01-21 12:39:11\";s:10:\"updated_at\";s:19:\"2026-01-21 12:39:11\";s:10:\"deleted_at\";N;s:21:\"two_factor_expires_at\";N;}s:10:\"\0*\0changes\";a:0:{}s:8:\"\0*\0casts\";a:3:{s:17:\"email_verified_at\";s:8:\"datetime\";s:8:\"password\";s:6:\"hashed\";s:10:\"deleted_at\";s:8:\"datetime\";}s:17:\"\0*\0classCastCache\";a:0:{}s:21:\"\0*\0attributeCastCache\";a:0:{}s:13:\"\0*\0dateFormat\";N;s:10:\"\0*\0appends\";a:1:{i:0;s:9:\"full_name\";}s:19:\"\0*\0dispatchesEvents\";a:0:{}s:14:\"\0*\0observables\";a:0:{}s:12:\"\0*\0relations\";a:0:{}s:10:\"\0*\0touches\";a:0:{}s:10:\"timestamps\";b:1;s:13:\"usesUniqueIds\";b:0;s:9:\"\0*\0hidden\";a:3:{i:0;s:8:\"password\";i:1;s:14:\"remember_token\";i:2;s:5:\"pivot\";}s:10:\"\0*\0visible\";a:0:{}s:11:\"\0*\0fillable\";a:0:{}s:10:\"\0*\0guarded\";a:1:{i:0;s:2:\"id\";}s:19:\"\0*\0authPasswordName\";s:8:\"password\";s:20:\"\0*\0rememberTokenName\";s:14:\"remember_token\";s:13:\"\0*\0guard_name\";s:3:\"api\";s:16:\"\0*\0forceDeleting\";b:0;s:14:\"\0*\0accessToken\";N;}s:11:\"designation\";O:25:\"App\\Models\\HR\\Designation\":31:{s:13:\"\0*\0connection\";s:5:\"mysql\";s:8:\"\0*\0table\";s:12:\"designations\";s:13:\"\0*\0primaryKey\";s:2:\"id\";s:10:\"\0*\0keyType\";s:6:\"string\";s:12:\"incrementing\";b:0;s:7:\"\0*\0with\";a:0:{}s:12:\"\0*\0withCount\";a:0:{}s:19:\"preventsLazyLoading\";b:0;s:10:\"\0*\0perPage\";i:15;s:6:\"exists\";b:1;s:18:\"wasRecentlyCreated\";b:0;s:28:\"\0*\0escapeWhenCastingToString\";b:0;s:13:\"\0*\0attributes\";a:8:{s:2:\"id\";s:36:\"fa54abc8-a873-436c-91fd-ac4de9134c67\";s:15:\"organisation_id\";s:36:\"ac7e5b0f-d0dd-44a4-913c-6d365861fad6\";s:13:\"department_id\";s:36:\"11c684dc-8412-4c9a-bce4-c4260956045d\";s:16:\"designation_name\";s:6:\"Driver\";s:11:\"description\";s:6:\"Driver\";s:10:\"created_at\";s:19:\"2026-01-21 09:11:29\";s:10:\"updated_at\";s:19:\"2026-01-21 09:11:29\";s:10:\"deleted_at\";N;}s:11:\"\0*\0original\";a:8:{s:2:\"id\";s:36:\"fa54abc8-a873-436c-91fd-ac4de9134c67\";s:15:\"organisation_id\";s:36:\"ac7e5b0f-d0dd-44a4-913c-6d365861fad6\";s:13:\"department_id\";s:36:\"11c684dc-8412-4c9a-bce4-c4260956045d\";s:16:\"designation_name\";s:6:\"Driver\";s:11:\"description\";s:6:\"Driver\";s:10:\"created_at\";s:19:\"2026-01-21 09:11:29\";s:10:\"updated_at\";s:19:\"2026-01-21 09:11:29\";s:10:\"deleted_at\";N;}s:10:\"\0*\0changes\";a:0:{}s:8:\"\0*\0casts\";a:1:{s:10:\"deleted_at\";s:8:\"datetime\";}s:17:\"\0*\0classCastCache\";a:0:{}s:21:\"\0*\0attributeCastCache\";a:0:{}s:13:\"\0*\0dateFormat\";N;s:10:\"\0*\0appends\";a:0:{}s:19:\"\0*\0dispatchesEvents\";a:0:{}s:14:\"\0*\0observables\";a:0:{}s:12:\"\0*\0relations\";a:1:{s:10:\"department\";O:24:\"App\\Models\\HR\\Department\":31:{s:13:\"\0*\0connection\";s:5:\"mysql\";s:8:\"\0*\0table\";s:11:\"departments\";s:13:\"\0*\0primaryKey\";s:2:\"id\";s:10:\"\0*\0keyType\";s:6:\"string\";s:12:\"incrementing\";b:0;s:7:\"\0*\0with\";a:0:{}s:12:\"\0*\0withCount\";a:0:{}s:19:\"preventsLazyLoading\";b:0;s:10:\"\0*\0perPage\";i:15;s:6:\"exists\";b:1;s:18:\"wasRecentlyCreated\";b:0;s:28:\"\0*\0escapeWhenCastingToString\";b:0;s:13:\"\0*\0attributes\";a:9:{s:2:\"id\";s:36:\"11c684dc-8412-4c9a-bce4-c4260956045d\";s:15:\"organisation_id\";s:36:\"ac7e5b0f-d0dd-44a4-913c-6d365861fad6\";s:16:\"head_employee_id\";N;s:20:\"parent_department_id\";N;s:4:\"name\";s:23:\"Operation and Transport\";s:11:\"description\";s:23:\"Operation and Transport\";s:10:\"created_at\";s:19:\"2026-01-20 16:49:26\";s:10:\"updated_at\";s:19:\"2026-01-20 16:49:26\";s:10:\"deleted_at\";N;}s:11:\"\0*\0original\";a:9:{s:2:\"id\";s:36:\"11c684dc-8412-4c9a-bce4-c4260956045d\";s:15:\"organisation_id\";s:36:\"ac7e5b0f-d0dd-44a4-913c-6d365861fad6\";s:16:\"head_employee_id\";N;s:20:\"parent_department_id\";N;s:4:\"name\";s:23:\"Operation and Transport\";s:11:\"description\";s:23:\"Operation and Transport\";s:10:\"created_at\";s:19:\"2026-01-20 16:49:26\";s:10:\"updated_at\";s:19:\"2026-01-20 16:49:26\";s:10:\"deleted_at\";N;}s:10:\"\0*\0changes\";a:0:{}s:8:\"\0*\0casts\";a:1:{s:10:\"deleted_at\";s:8:\"datetime\";}s:17:\"\0*\0classCastCache\";a:0:{}s:21:\"\0*\0attributeCastCache\";a:0:{}s:13:\"\0*\0dateFormat\";N;s:10:\"\0*\0appends\";a:0:{}s:19:\"\0*\0dispatchesEvents\";a:0:{}s:14:\"\0*\0observables\";a:0:{}s:12:\"\0*\0relations\";a:0:{}s:10:\"\0*\0touches\";a:0:{}s:10:\"timestamps\";b:1;s:13:\"usesUniqueIds\";b:0;s:9:\"\0*\0hidden\";a:0:{}s:10:\"\0*\0visible\";a:0:{}s:11:\"\0*\0fillable\";a:0:{}s:10:\"\0*\0guarded\";a:1:{i:0;s:2:\"id\";}s:16:\"\0*\0forceDeleting\";b:0;}}s:10:\"\0*\0touches\";a:0:{}s:10:\"timestamps\";b:1;s:13:\"usesUniqueIds\";b:0;s:9:\"\0*\0hidden\";a:0:{}s:10:\"\0*\0visible\";a:0:{}s:11:\"\0*\0fillable\";a:0:{}s:10:\"\0*\0guarded\";a:1:{i:0;s:2:\"id\";}s:16:\"\0*\0forceDeleting\";b:0;}s:18:\"employee_structure\";O:39:\"Illuminate\\Database\\Eloquent\\Collection\":2:{s:8:\"\0*\0items\";a:1:{i:0;O:42:\"App\\Models\\Payroll\\EmployeeSalaryStructure\":31:{s:13:\"\0*\0connection\";s:5:\"mysql\";s:8:\"\0*\0table\";s:26:\"employee_salary_structures\";s:13:\"\0*\0primaryKey\";s:2:\"id\";s:10:\"\0*\0keyType\";s:6:\"string\";s:12:\"incrementing\";b:0;s:7:\"\0*\0with\";a:0:{}s:12:\"\0*\0withCount\";a:0:{}s:19:\"preventsLazyLoading\";b:0;s:10:\"\0*\0perPage\";i:15;s:6:\"exists\";b:1;s:18:\"wasRecentlyCreated\";b:0;s:28:\"\0*\0escapeWhenCastingToString\";b:0;s:13:\"\0*\0attributes\";a:10:{s:2:\"id\";s:36:\"bc2fa872-d9ad-482c-863d-38e98c9a1b94\";s:11:\"employee_id\";s:36:\"0d907abb-d962-40ae-92e8-cbad09d41a2d\";s:19:\"salary_structure_id\";s:36:\"e799ec36-ce06-4337-b794-550323754ff6\";s:11:\"base_salary\";s:9:\"350000.00\";s:14:\"effective_from\";s:10:\"2026-01-21\";s:12:\"effective_to\";N;s:6:\"status\";s:6:\"active\";s:10:\"created_at\";s:19:\"2026-01-21 12:39:11\";s:10:\"updated_at\";s:19:\"2026-01-21 12:39:11\";s:10:\"deleted_at\";N;}s:11:\"\0*\0original\";a:10:{s:2:\"id\";s:36:\"bc2fa872-d9ad-482c-863d-38e98c9a1b94\";s:11:\"employee_id\";s:36:\"0d907abb-d962-40ae-92e8-cbad09d41a2d\";s:19:\"salary_structure_id\";s:36:\"e799ec36-ce06-4337-b794-550323754ff6\";s:11:\"base_salary\";s:9:\"350000.00\";s:14:\"effective_from\";s:10:\"2026-01-21\";s:12:\"effective_to\";N;s:6:\"status\";s:6:\"active\";s:10:\"created_at\";s:19:\"2026-01-21 12:39:11\";s:10:\"updated_at\";s:19:\"2026-01-21 12:39:11\";s:10:\"deleted_at\";N;}s:10:\"\0*\0changes\";a:0:{}s:8:\"\0*\0casts\";a:1:{s:10:\"deleted_at\";s:8:\"datetime\";}s:17:\"\0*\0classCastCache\";a:0:{}s:21:\"\0*\0attributeCastCache\";a:0:{}s:13:\"\0*\0dateFormat\";N;s:10:\"\0*\0appends\";a:0:{}s:19:\"\0*\0dispatchesEvents\";a:0:{}s:14:\"\0*\0observables\";a:0:{}s:12:\"\0*\0relations\";a:1:{s:15:\"salaryStructure\";O:34:\"App\\Models\\Payroll\\SalaryStructure\":31:{s:13:\"\0*\0connection\";s:5:\"mysql\";s:8:\"\0*\0table\";s:17:\"salary_structures\";s:13:\"\0*\0primaryKey\";s:2:\"id\";s:10:\"\0*\0keyType\";s:6:\"string\";s:12:\"incrementing\";b:0;s:7:\"\0*\0with\";a:0:{}s:12:\"\0*\0withCount\";a:0:{}s:19:\"preventsLazyLoading\";b:0;s:10:\"\0*\0perPage\";i:15;s:6:\"exists\";b:1;s:18:\"wasRecentlyCreated\";b:0;s:28:\"\0*\0escapeWhenCastingToString\";b:0;s:13:\"\0*\0attributes\";a:8:{s:2:\"id\";s:36:\"e799ec36-ce06-4337-b794-550323754ff6\";s:15:\"organisation_id\";s:36:\"ac7e5b0f-d0dd-44a4-913c-6d365861fad6\";s:4:\"name\";s:12:\"SRCUSS–KHK\";s:9:\"basic_pay\";s:9:\"350000.00\";s:5:\"notes\";s:20:\"Kheri Hassan Kakolwa\";s:10:\"created_at\";s:19:\"2026-01-21 12:33:00\";s:10:\"updated_at\";s:19:\"2026-01-21 12:33:48\";s:10:\"deleted_at\";N;}s:11:\"\0*\0original\";a:8:{s:2:\"id\";s:36:\"e799ec36-ce06-4337-b794-550323754ff6\";s:15:\"organisation_id\";s:36:\"ac7e5b0f-d0dd-44a4-913c-6d365861fad6\";s:4:\"name\";s:12:\"SRCUSS–KHK\";s:9:\"basic_pay\";s:9:\"350000.00\";s:5:\"notes\";s:20:\"Kheri Hassan Kakolwa\";s:10:\"created_at\";s:19:\"2026-01-21 12:33:00\";s:10:\"updated_at\";s:19:\"2026-01-21 12:33:48\";s:10:\"deleted_at\";N;}s:10:\"\0*\0changes\";a:0:{}s:8:\"\0*\0casts\";a:3:{s:19:\"additional_benefits\";s:5:\"array\";s:21:\"additional_deductions\";s:5:\"array\";s:10:\"deleted_at\";s:8:\"datetime\";}s:17:\"\0*\0classCastCache\";a:0:{}s:21:\"\0*\0attributeCastCache\";a:0:{}s:13:\"\0*\0dateFormat\";N;s:10:\"\0*\0appends\";a:0:{}s:19:\"\0*\0dispatchesEvents\";a:0:{}s:14:\"\0*\0observables\";a:0:{}s:12:\"\0*\0relations\";a:0:{}s:10:\"\0*\0touches\";a:0:{}s:10:\"timestamps\";b:1;s:13:\"usesUniqueIds\";b:0;s:9:\"\0*\0hidden\";a:0:{}s:10:\"\0*\0visible\";a:0:{}s:11:\"\0*\0fillable\";a:0:{}s:10:\"\0*\0guarded\";a:1:{i:0;s:2:\"id\";}s:16:\"\0*\0forceDeleting\";b:0;}}s:10:\"\0*\0touches\";a:0:{}s:10:\"timestamps\";b:1;s:13:\"usesUniqueIds\";b:0;s:9:\"\0*\0hidden\";a:0:{}s:10:\"\0*\0visible\";a:0:{}s:11:\"\0*\0fillable\";a:0:{}s:10:\"\0*\0guarded\";a:1:{i:0;s:2:\"id\";}s:16:\"\0*\0forceDeleting\";b:0;}}s:28:\"\0*\0escapeWhenCastingToString\";b:0;}s:24:\"currentEmployeeStructure\";O:42:\"App\\Models\\Payroll\\EmployeeSalaryStructure\":31:{s:13:\"\0*\0connection\";s:5:\"mysql\";s:8:\"\0*\0table\";s:26:\"employee_salary_structures\";s:13:\"\0*\0primaryKey\";s:2:\"id\";s:10:\"\0*\0keyType\";s:6:\"string\";s:12:\"incrementing\";b:0;s:7:\"\0*\0with\";a:0:{}s:12:\"\0*\0withCount\";a:0:{}s:19:\"preventsLazyLoading\";b:0;s:10:\"\0*\0perPage\";i:15;s:6:\"exists\";b:1;s:18:\"wasRecentlyCreated\";b:0;s:28:\"\0*\0escapeWhenCastingToString\";b:0;s:13:\"\0*\0attributes\";a:10:{s:2:\"id\";s:36:\"bc2fa872-d9ad-482c-863d-38e98c9a1b94\";s:11:\"employee_id\";s:36:\"0d907abb-d962-40ae-92e8-cbad09d41a2d\";s:19:\"salary_structure_id\";s:36:\"e799ec36-ce06-4337-b794-550323754ff6\";s:11:\"base_salary\";s:9:\"350000.00\";s:14:\"effective_from\";s:10:\"2026-01-21\";s:12:\"effective_to\";N;s:6:\"status\";s:6:\"active\";s:10:\"created_at\";s:19:\"2026-01-21 12:39:11\";s:10:\"updated_at\";s:19:\"2026-01-21 12:39:11\";s:10:\"deleted_at\";N;}s:11:\"\0*\0original\";a:10:{s:2:\"id\";s:36:\"bc2fa872-d9ad-482c-863d-38e98c9a1b94\";s:11:\"employee_id\";s:36:\"0d907abb-d962-40ae-92e8-cbad09d41a2d\";s:19:\"salary_structure_id\";s:36:\"e799ec36-ce06-4337-b794-550323754ff6\";s:11:\"base_salary\";s:9:\"350000.00\";s:14:\"effective_from\";s:10:\"2026-01-21\";s:12:\"effective_to\";N;s:6:\"status\";s:6:\"active\";s:10:\"created_at\";s:19:\"2026-01-21 12:39:11\";s:10:\"updated_at\";s:19:\"2026-01-21 12:39:11\";s:10:\"deleted_at\";N;}s:10:\"\0*\0changes\";a:0:{}s:8:\"\0*\0casts\";a:1:{s:10:\"deleted_at\";s:8:\"datetime\";}s:17:\"\0*\0classCastCache\";a:0:{}s:21:\"\0*\0attributeCastCache\";a:0:{}s:13:\"\0*\0dateFormat\";N;s:10:\"\0*\0appends\";a:0:{}s:19:\"\0*\0dispatchesEvents\";a:0:{}s:14:\"\0*\0observables\";a:0:{}s:12:\"\0*\0relations\";a:1:{s:15:\"salaryStructure\";O:34:\"App\\Models\\Payroll\\SalaryStructure\":31:{s:13:\"\0*\0connection\";s:5:\"mysql\";s:8:\"\0*\0table\";s:17:\"salary_structures\";s:13:\"\0*\0primaryKey\";s:2:\"id\";s:10:\"\0*\0keyType\";s:6:\"string\";s:12:\"incrementing\";b:0;s:7:\"\0*\0with\";a:0:{}s:12:\"\0*\0withCount\";a:0:{}s:19:\"preventsLazyLoading\";b:0;s:10:\"\0*\0perPage\";i:15;s:6:\"exists\";b:1;s:18:\"wasRecentlyCreated\";b:0;s:28:\"\0*\0escapeWhenCastingToString\";b:0;s:13:\"\0*\0attributes\";a:8:{s:2:\"id\";s:36:\"e799ec36-ce06-4337-b794-550323754ff6\";s:15:\"organisation_id\";s:36:\"ac7e5b0f-d0dd-44a4-913c-6d365861fad6\";s:4:\"name\";s:12:\"SRCUSS–KHK\";s:9:\"basic_pay\";s:9:\"350000.00\";s:5:\"notes\";s:20:\"Kheri Hassan Kakolwa\";s:10:\"created_at\";s:19:\"2026-01-21 12:33:00\";s:10:\"updated_at\";s:19:\"2026-01-21 12:33:48\";s:10:\"deleted_at\";N;}s:11:\"\0*\0original\";a:8:{s:2:\"id\";s:36:\"e799ec36-ce06-4337-b794-550323754ff6\";s:15:\"organisation_id\";s:36:\"ac7e5b0f-d0dd-44a4-913c-6d365861fad6\";s:4:\"name\";s:12:\"SRCUSS–KHK\";s:9:\"basic_pay\";s:9:\"350000.00\";s:5:\"notes\";s:20:\"Kheri Hassan Kakolwa\";s:10:\"created_at\";s:19:\"2026-01-21 12:33:00\";s:10:\"updated_at\";s:19:\"2026-01-21 12:33:48\";s:10:\"deleted_at\";N;}s:10:\"\0*\0changes\";a:0:{}s:8:\"\0*\0casts\";a:3:{s:19:\"additional_benefits\";s:5:\"array\";s:21:\"additional_deductions\";s:5:\"array\";s:10:\"deleted_at\";s:8:\"datetime\";}s:17:\"\0*\0classCastCache\";a:0:{}s:21:\"\0*\0attributeCastCache\";a:0:{}s:13:\"\0*\0dateFormat\";N;s:10:\"\0*\0appends\";a:0:{}s:19:\"\0*\0dispatchesEvents\";a:0:{}s:14:\"\0*\0observables\";a:0:{}s:12:\"\0*\0relations\";a:0:{}s:10:\"\0*\0touches\";a:0:{}s:10:\"timestamps\";b:1;s:13:\"usesUniqueIds\";b:0;s:9:\"\0*\0hidden\";a:0:{}s:10:\"\0*\0visible\";a:0:{}s:11:\"\0*\0fillable\";a:0:{}s:10:\"\0*\0guarded\";a:1:{i:0;s:2:\"id\";}s:16:\"\0*\0forceDeleting\";b:0;}}s:10:\"\0*\0touches\";a:0:{}s:10:\"timestamps\";b:1;s:13:\"usesUniqueIds\";b:0;s:9:\"\0*\0hidden\";a:0:{}s:10:\"\0*\0visible\";a:0:{}s:11:\"\0*\0fillable\";a:0:{}s:10:\"\0*\0guarded\";a:1:{i:0;s:2:\"id\";}s:16:\"\0*\0forceDeleting\";b:0;}s:10:\"deductions\";O:39:\"Illuminate\\Database\\Eloquent\\Collection\":2:{s:8:\"\0*\0items\";a:0:{}s:28:\"\0*\0escapeWhenCastingToString\";b:0;}s:10:\"allowances\";O:39:\"Illuminate\\Database\\Eloquent\\Collection\":2:{s:8:\"\0*\0items\";a:0:{}s:28:\"\0*\0escapeWhenCastingToString\";b:0;}}s:10:\"\0*\0touches\";a:0:{}s:10:\"timestamps\";b:1;s:13:\"usesUniqueIds\";b:0;s:9:\"\0*\0hidden\";a:0:{}s:10:\"\0*\0visible\";a:0:{}s:11:\"\0*\0fillable\";a:0:{}s:10:\"\0*\0guarded\";a:1:{i:0;s:2:\"id\";}}i:3;O:22:\"App\\Models\\HR\\Employee\":30:{s:13:\"\0*\0connection\";s:5:\"mysql\";s:8:\"\0*\0table\";s:9:\"employees\";s:13:\"\0*\0primaryKey\";s:2:\"id\";s:10:\"\0*\0keyType\";s:6:\"string\";s:12:\"incrementing\";b:0;s:7:\"\0*\0with\";a:0:{}s:12:\"\0*\0withCount\";a:0:{}s:19:\"preventsLazyLoading\";b:0;s:10:\"\0*\0perPage\";i:15;s:6:\"exists\";b:1;s:18:\"wasRecentlyCreated\";b:0;s:28:\"\0*\0escapeWhenCastingToString\";b:0;s:13:\"\0*\0attributes\";a:38:{s:2:\"id\";s:36:\"1035d30f-a9e7-40de-bdfb-d8dfca74bf22\";s:15:\"organisation_id\";s:36:\"ac7e5b0f-d0dd-44a4-913c-6d365861fad6\";s:17:\"biometric_user_id\";N;s:13:\"employee_code\";s:10:\"EMP-D2MQZJ\";s:10:\"first_name\";s:8:\"Ramadhan\";s:9:\"last_name\";s:5:\"Katto\";s:10:\"other_name\";s:6:\"Khamis\";s:5:\"email\";s:23:\"ramadhankatto@gmail.com\";s:14:\"official_email\";N;s:5:\"phone\";s:16:\"+255 754 010 095\";s:6:\"gender\";s:4:\"male\";s:13:\"date_of_birth\";s:10:\"1964-08-20\";s:14:\"marital_status\";s:7:\"married\";s:15:\"employment_type\";s:9:\"full_time\";s:10:\"salutation\";s:2:\"Mr\";s:7:\"address\";s:43:\"P.O.Box 349, Shinyanga,  Miti Mirefu Street\";s:4:\"city\";N;s:5:\"state\";s:9:\"Shinyanga\";s:11:\"postal_code\";N;s:7:\"country\";s:8:\"Tanzania\";s:5:\"photo\";N;s:9:\"hire_date\";s:10:\"2013-07-01\";s:16:\"termination_date\";N;s:25:\"tax_identification_number\";N;s:19:\"bank_account_number\";N;s:9:\"bank_name\";N;s:14:\"designation_id\";s:36:\"0d07ec22-6f9c-4472-83aa-e7037a22d532\";s:19:\"salary_structure_id\";s:36:\"5363e2b7-8e9c-4e4a-9404-561a224e3449\";s:12:\"job_title_id\";N;s:13:\"bassic_salary\";s:4:\"0.00\";s:10:\"commission\";s:4:\"0.00\";s:13:\"overtime_rate\";N;s:13:\"supervisor_id\";N;s:7:\"user_id\";s:36:\"0541c03e-a05a-443d-bda1-4ad252451421\";s:6:\"status\";s:6:\"active\";s:10:\"created_at\";s:19:\"2026-01-22 13:26:01\";s:10:\"updated_at\";s:19:\"2026-01-22 13:26:01\";s:10:\"deleted_at\";N;}s:11:\"\0*\0original\";a:38:{s:2:\"id\";s:36:\"1035d30f-a9e7-40de-bdfb-d8dfca74bf22\";s:15:\"organisation_id\";s:36:\"ac7e5b0f-d0dd-44a4-913c-6d365861fad6\";s:17:\"biometric_user_id\";N;s:13:\"employee_code\";s:10:\"EMP-D2MQZJ\";s:10:\"first_name\";s:8:\"Ramadhan\";s:9:\"last_name\";s:5:\"Katto\";s:10:\"other_name\";s:6:\"Khamis\";s:5:\"email\";s:23:\"ramadhankatto@gmail.com\";s:14:\"official_email\";N;s:5:\"phone\";s:16:\"+255 754 010 095\";s:6:\"gender\";s:4:\"male\";s:13:\"date_of_birth\";s:10:\"1964-08-20\";s:14:\"marital_status\";s:7:\"married\";s:15:\"employment_type\";s:9:\"full_time\";s:10:\"salutation\";s:2:\"Mr\";s:7:\"address\";s:43:\"P.O.Box 349, Shinyanga,  Miti Mirefu Street\";s:4:\"city\";N;s:5:\"state\";s:9:\"Shinyanga\";s:11:\"postal_code\";N;s:7:\"country\";s:8:\"Tanzania\";s:5:\"photo\";N;s:9:\"hire_date\";s:10:\"2013-07-01\";s:16:\"termination_date\";N;s:25:\"tax_identification_number\";N;s:19:\"bank_account_number\";N;s:9:\"bank_name\";N;s:14:\"designation_id\";s:36:\"0d07ec22-6f9c-4472-83aa-e7037a22d532\";s:19:\"salary_structure_id\";s:36:\"5363e2b7-8e9c-4e4a-9404-561a224e3449\";s:12:\"job_title_id\";N;s:13:\"bassic_salary\";s:4:\"0.00\";s:10:\"commission\";s:4:\"0.00\";s:13:\"overtime_rate\";N;s:13:\"supervisor_id\";N;s:7:\"user_id\";s:36:\"0541c03e-a05a-443d-bda1-4ad252451421\";s:6:\"status\";s:6:\"active\";s:10:\"created_at\";s:19:\"2026-01-22 13:26:01\";s:10:\"updated_at\";s:19:\"2026-01-22 13:26:01\";s:10:\"deleted_at\";N;}s:10:\"\0*\0changes\";a:0:{}s:8:\"\0*\0casts\";a:0:{}s:17:\"\0*\0classCastCache\";a:0:{}s:21:\"\0*\0attributeCastCache\";a:0:{}s:13:\"\0*\0dateFormat\";N;s:10:\"\0*\0appends\";a:0:{}s:19:\"\0*\0dispatchesEvents\";a:0:{}s:14:\"\0*\0observables\";a:0:{}s:12:\"\0*\0relations\";a:7:{s:10:\"supervisor\";N;s:4:\"user\";O:15:\"App\\Models\\User\":35:{s:13:\"\0*\0connection\";s:5:\"mysql\";s:8:\"\0*\0table\";s:5:\"users\";s:13:\"\0*\0primaryKey\";s:2:\"id\";s:10:\"\0*\0keyType\";s:6:\"string\";s:12:\"incrementing\";b:0;s:7:\"\0*\0with\";a:0:{}s:12:\"\0*\0withCount\";a:0:{}s:19:\"preventsLazyLoading\";b:0;s:10:\"\0*\0perPage\";i:15;s:6:\"exists\";b:1;s:18:\"wasRecentlyCreated\";b:0;s:28:\"\0*\0escapeWhenCastingToString\";b:0;s:13:\"\0*\0attributes\";a:26:{s:2:\"id\";s:36:\"0541c03e-a05a-443d-bda1-4ad252451421\";s:15:\"organisation_id\";s:36:\"ac7e5b0f-d0dd-44a4-913c-6d365861fad6\";s:5:\"phone\";s:16:\"+255 754 010 095\";s:10:\"first_name\";s:8:\"Ramadhan\";s:9:\"last_name\";s:5:\"Katto\";s:10:\"other_name\";s:6:\"Khamis\";s:5:\"email\";s:23:\"ramadhankatto@gmail.com\";s:6:\"gender\";s:4:\"male\";s:13:\"date_of_birth\";s:10:\"1964-08-20\";s:14:\"marital_status\";s:6:\"single\";s:10:\"salutation\";s:2:\"Mr\";s:17:\"email_verified_at\";N;s:8:\"password\";s:60:\"$2y$12$shhjKdDPytxZZwPanwak5uMSjVfQtyobTT4Ck7fQOLBw4bRcVW4Eq\";s:3:\"pin\";N;s:15:\"profile_picture\";N;s:9:\"signature\";N;s:17:\"verification_code\";N;s:13:\"login_attempt\";i:3;s:9:\"branch_id\";N;s:6:\"status\";s:6:\"active\";s:14:\"is_first_login\";i:1;s:14:\"remember_token\";N;s:10:\"created_at\";s:19:\"2026-01-22 13:26:01\";s:10:\"updated_at\";s:19:\"2026-01-22 13:26:01\";s:10:\"deleted_at\";N;s:21:\"two_factor_expires_at\";N;}s:11:\"\0*\0original\";a:26:{s:2:\"id\";s:36:\"0541c03e-a05a-443d-bda1-4ad252451421\";s:15:\"organisation_id\";s:36:\"ac7e5b0f-d0dd-44a4-913c-6d365861fad6\";s:5:\"phone\";s:16:\"+255 754 010 095\";s:10:\"first_name\";s:8:\"Ramadhan\";s:9:\"last_name\";s:5:\"Katto\";s:10:\"other_name\";s:6:\"Khamis\";s:5:\"email\";s:23:\"ramadhankatto@gmail.com\";s:6:\"gender\";s:4:\"male\";s:13:\"date_of_birth\";s:10:\"1964-08-20\";s:14:\"marital_status\";s:6:\"single\";s:10:\"salutation\";s:2:\"Mr\";s:17:\"email_verified_at\";N;s:8:\"password\";s:60:\"$2y$12$shhjKdDPytxZZwPanwak5uMSjVfQtyobTT4Ck7fQOLBw4bRcVW4Eq\";s:3:\"pin\";N;s:15:\"profile_picture\";N;s:9:\"signature\";N;s:17:\"verification_code\";N;s:13:\"login_attempt\";i:3;s:9:\"branch_id\";N;s:6:\"status\";s:6:\"active\";s:14:\"is_first_login\";i:1;s:14:\"remember_token\";N;s:10:\"created_at\";s:19:\"2026-01-22 13:26:01\";s:10:\"updated_at\";s:19:\"2026-01-22 13:26:01\";s:10:\"deleted_at\";N;s:21:\"two_factor_expires_at\";N;}s:10:\"\0*\0changes\";a:0:{}s:8:\"\0*\0casts\";a:3:{s:17:\"email_verified_at\";s:8:\"datetime\";s:8:\"password\";s:6:\"hashed\";s:10:\"deleted_at\";s:8:\"datetime\";}s:17:\"\0*\0classCastCache\";a:0:{}s:21:\"\0*\0attributeCastCache\";a:0:{}s:13:\"\0*\0dateFormat\";N;s:10:\"\0*\0appends\";a:1:{i:0;s:9:\"full_name\";}s:19:\"\0*\0dispatchesEvents\";a:0:{}s:14:\"\0*\0observables\";a:0:{}s:12:\"\0*\0relations\";a:0:{}s:10:\"\0*\0touches\";a:0:{}s:10:\"timestamps\";b:1;s:13:\"usesUniqueIds\";b:0;s:9:\"\0*\0hidden\";a:3:{i:0;s:8:\"password\";i:1;s:14:\"remember_token\";i:2;s:5:\"pivot\";}s:10:\"\0*\0visible\";a:0:{}s:11:\"\0*\0fillable\";a:0:{}s:10:\"\0*\0guarded\";a:1:{i:0;s:2:\"id\";}s:19:\"\0*\0authPasswordName\";s:8:\"password\";s:20:\"\0*\0rememberTokenName\";s:14:\"remember_token\";s:13:\"\0*\0guard_name\";s:3:\"api\";s:16:\"\0*\0forceDeleting\";b:0;s:14:\"\0*\0accessToken\";N;}s:11:\"designation\";O:25:\"App\\Models\\HR\\Designation\":31:{s:13:\"\0*\0connection\";s:5:\"mysql\";s:8:\"\0*\0table\";s:12:\"designations\";s:13:\"\0*\0primaryKey\";s:2:\"id\";s:10:\"\0*\0keyType\";s:6:\"string\";s:12:\"incrementing\";b:0;s:7:\"\0*\0with\";a:0:{}s:12:\"\0*\0withCount\";a:0:{}s:19:\"preventsLazyLoading\";b:0;s:10:\"\0*\0perPage\";i:15;s:6:\"exists\";b:1;s:18:\"wasRecentlyCreated\";b:0;s:28:\"\0*\0escapeWhenCastingToString\";b:0;s:13:\"\0*\0attributes\";a:8:{s:2:\"id\";s:36:\"0d07ec22-6f9c-4472-83aa-e7037a22d532\";s:15:\"organisation_id\";s:36:\"ac7e5b0f-d0dd-44a4-913c-6d365861fad6\";s:13:\"department_id\";s:36:\"11c684dc-8412-4c9a-bce4-c4260956045d\";s:16:\"designation_name\";s:13:\"Zonal Manager\";s:11:\"description\";s:13:\"Zonal Manager\";s:10:\"created_at\";s:19:\"2026-01-21 09:10:25\";s:10:\"updated_at\";s:19:\"2026-01-21 09:10:25\";s:10:\"deleted_at\";N;}s:11:\"\0*\0original\";a:8:{s:2:\"id\";s:36:\"0d07ec22-6f9c-4472-83aa-e7037a22d532\";s:15:\"organisation_id\";s:36:\"ac7e5b0f-d0dd-44a4-913c-6d365861fad6\";s:13:\"department_id\";s:36:\"11c684dc-8412-4c9a-bce4-c4260956045d\";s:16:\"designation_name\";s:13:\"Zonal Manager\";s:11:\"description\";s:13:\"Zonal Manager\";s:10:\"created_at\";s:19:\"2026-01-21 09:10:25\";s:10:\"updated_at\";s:19:\"2026-01-21 09:10:25\";s:10:\"deleted_at\";N;}s:10:\"\0*\0changes\";a:0:{}s:8:\"\0*\0casts\";a:1:{s:10:\"deleted_at\";s:8:\"datetime\";}s:17:\"\0*\0classCastCache\";a:0:{}s:21:\"\0*\0attributeCastCache\";a:0:{}s:13:\"\0*\0dateFormat\";N;s:10:\"\0*\0appends\";a:0:{}s:19:\"\0*\0dispatchesEvents\";a:0:{}s:14:\"\0*\0observables\";a:0:{}s:12:\"\0*\0relations\";a:1:{s:10:\"department\";r:1356;}s:10:\"\0*\0touches\";a:0:{}s:10:\"timestamps\";b:1;s:13:\"usesUniqueIds\";b:0;s:9:\"\0*\0hidden\";a:0:{}s:10:\"\0*\0visible\";a:0:{}s:11:\"\0*\0fillable\";a:0:{}s:10:\"\0*\0guarded\";a:1:{i:0;s:2:\"id\";}s:16:\"\0*\0forceDeleting\";b:0;}s:18:\"employee_structure\";O:39:\"Illuminate\\Database\\Eloquent\\Collection\":2:{s:8:\"\0*\0items\";a:1:{i:0;O:42:\"App\\Models\\Payroll\\EmployeeSalaryStructure\":31:{s:13:\"\0*\0connection\";s:5:\"mysql\";s:8:\"\0*\0table\";s:26:\"employee_salary_structures\";s:13:\"\0*\0primaryKey\";s:2:\"id\";s:10:\"\0*\0keyType\";s:6:\"string\";s:12:\"incrementing\";b:0;s:7:\"\0*\0with\";a:0:{}s:12:\"\0*\0withCount\";a:0:{}s:19:\"preventsLazyLoading\";b:0;s:10:\"\0*\0perPage\";i:15;s:6:\"exists\";b:1;s:18:\"wasRecentlyCreated\";b:0;s:28:\"\0*\0escapeWhenCastingToString\";b:0;s:13:\"\0*\0attributes\";a:10:{s:2:\"id\";s:36:\"59c6a52d-bbd5-4b3f-ab51-bf39f6b37f69\";s:11:\"employee_id\";s:36:\"1035d30f-a9e7-40de-bdfb-d8dfca74bf22\";s:19:\"salary_structure_id\";s:36:\"5363e2b7-8e9c-4e4a-9404-561a224e3449\";s:11:\"base_salary\";s:9:\"657627.00\";s:14:\"effective_from\";s:10:\"2026-01-22\";s:12:\"effective_to\";N;s:6:\"status\";s:6:\"active\";s:10:\"created_at\";s:19:\"2026-01-22 13:26:01\";s:10:\"updated_at\";s:19:\"2026-01-22 13:26:01\";s:10:\"deleted_at\";N;}s:11:\"\0*\0original\";a:10:{s:2:\"id\";s:36:\"59c6a52d-bbd5-4b3f-ab51-bf39f6b37f69\";s:11:\"employee_id\";s:36:\"1035d30f-a9e7-40de-bdfb-d8dfca74bf22\";s:19:\"salary_structure_id\";s:36:\"5363e2b7-8e9c-4e4a-9404-561a224e3449\";s:11:\"base_salary\";s:9:\"657627.00\";s:14:\"effective_from\";s:10:\"2026-01-22\";s:12:\"effective_to\";N;s:6:\"status\";s:6:\"active\";s:10:\"created_at\";s:19:\"2026-01-22 13:26:01\";s:10:\"updated_at\";s:19:\"2026-01-22 13:26:01\";s:10:\"deleted_at\";N;}s:10:\"\0*\0changes\";a:0:{}s:8:\"\0*\0casts\";a:1:{s:10:\"deleted_at\";s:8:\"datetime\";}s:17:\"\0*\0classCastCache\";a:0:{}s:21:\"\0*\0attributeCastCache\";a:0:{}s:13:\"\0*\0dateFormat\";N;s:10:\"\0*\0appends\";a:0:{}s:19:\"\0*\0dispatchesEvents\";a:0:{}s:14:\"\0*\0observables\";a:0:{}s:12:\"\0*\0relations\";a:1:{s:15:\"salaryStructure\";O:34:\"App\\Models\\Payroll\\SalaryStructure\":31:{s:13:\"\0*\0connection\";s:5:\"mysql\";s:8:\"\0*\0table\";s:17:\"salary_structures\";s:13:\"\0*\0primaryKey\";s:2:\"id\";s:10:\"\0*\0keyType\";s:6:\"string\";s:12:\"incrementing\";b:0;s:7:\"\0*\0with\";a:0:{}s:12:\"\0*\0withCount\";a:0:{}s:19:\"preventsLazyLoading\";b:0;s:10:\"\0*\0perPage\";i:15;s:6:\"exists\";b:1;s:18:\"wasRecentlyCreated\";b:0;s:28:\"\0*\0escapeWhenCastingToString\";b:0;s:13:\"\0*\0attributes\";a:8:{s:2:\"id\";s:36:\"5363e2b7-8e9c-4e4a-9404-561a224e3449\";s:15:\"organisation_id\";s:36:\"ac7e5b0f-d0dd-44a4-913c-6d365861fad6\";s:4:\"name\";s:8:\"SRCU-RKK\";s:9:\"basic_pay\";s:9:\"657627.00\";s:5:\"notes\";s:21:\"Ramadhan Khamis Katto\";s:10:\"created_at\";s:19:\"2026-01-20 12:46:11\";s:10:\"updated_at\";s:19:\"2026-01-20 14:02:28\";s:10:\"deleted_at\";N;}s:11:\"\0*\0original\";a:8:{s:2:\"id\";s:36:\"5363e2b7-8e9c-4e4a-9404-561a224e3449\";s:15:\"organisation_id\";s:36:\"ac7e5b0f-d0dd-44a4-913c-6d365861fad6\";s:4:\"name\";s:8:\"SRCU-RKK\";s:9:\"basic_pay\";s:9:\"657627.00\";s:5:\"notes\";s:21:\"Ramadhan Khamis Katto\";s:10:\"created_at\";s:19:\"2026-01-20 12:46:11\";s:10:\"updated_at\";s:19:\"2026-01-20 14:02:28\";s:10:\"deleted_at\";N;}s:10:\"\0*\0changes\";a:0:{}s:8:\"\0*\0casts\";a:3:{s:19:\"additional_benefits\";s:5:\"array\";s:21:\"additional_deductions\";s:5:\"array\";s:10:\"deleted_at\";s:8:\"datetime\";}s:17:\"\0*\0classCastCache\";a:0:{}s:21:\"\0*\0attributeCastCache\";a:0:{}s:13:\"\0*\0dateFormat\";N;s:10:\"\0*\0appends\";a:0:{}s:19:\"\0*\0dispatchesEvents\";a:0:{}s:14:\"\0*\0observables\";a:0:{}s:12:\"\0*\0relations\";a:0:{}s:10:\"\0*\0touches\";a:0:{}s:10:\"timestamps\";b:1;s:13:\"usesUniqueIds\";b:0;s:9:\"\0*\0hidden\";a:0:{}s:10:\"\0*\0visible\";a:0:{}s:11:\"\0*\0fillable\";a:0:{}s:10:\"\0*\0guarded\";a:1:{i:0;s:2:\"id\";}s:16:\"\0*\0forceDeleting\";b:0;}}s:10:\"\0*\0touches\";a:0:{}s:10:\"timestamps\";b:1;s:13:\"usesUniqueIds\";b:0;s:9:\"\0*\0hidden\";a:0:{}s:10:\"\0*\0visible\";a:0:{}s:11:\"\0*\0fillable\";a:0:{}s:10:\"\0*\0guarded\";a:1:{i:0;s:2:\"id\";}s:16:\"\0*\0forceDeleting\";b:0;}}s:28:\"\0*\0escapeWhenCastingToString\";b:0;}s:24:\"currentEmployeeStructure\";O:42:\"App\\Models\\Payroll\\EmployeeSalaryStructure\":31:{s:13:\"\0*\0connection\";s:5:\"mysql\";s:8:\"\0*\0table\";s:26:\"employee_salary_structures\";s:13:\"\0*\0primaryKey\";s:2:\"id\";s:10:\"\0*\0keyType\";s:6:\"string\";s:12:\"incrementing\";b:0;s:7:\"\0*\0with\";a:0:{}s:12:\"\0*\0withCount\";a:0:{}s:19:\"preventsLazyLoading\";b:0;s:10:\"\0*\0perPage\";i:15;s:6:\"exists\";b:1;s:18:\"wasRecentlyCreated\";b:0;s:28:\"\0*\0escapeWhenCastingToString\";b:0;s:13:\"\0*\0attributes\";a:10:{s:2:\"id\";s:36:\"59c6a52d-bbd5-4b3f-ab51-bf39f6b37f69\";s:11:\"employee_id\";s:36:\"1035d30f-a9e7-40de-bdfb-d8dfca74bf22\";s:19:\"salary_structure_id\";s:36:\"5363e2b7-8e9c-4e4a-9404-561a224e3449\";s:11:\"base_salary\";s:9:\"657627.00\";s:14:\"effective_from\";s:10:\"2026-01-22\";s:12:\"effective_to\";N;s:6:\"status\";s:6:\"active\";s:10:\"created_at\";s:19:\"2026-01-22 13:26:01\";s:10:\"updated_at\";s:19:\"2026-01-22 13:26:01\";s:10:\"deleted_at\";N;}s:11:\"\0*\0original\";a:10:{s:2:\"id\";s:36:\"59c6a52d-bbd5-4b3f-ab51-bf39f6b37f69\";s:11:\"employee_id\";s:36:\"1035d30f-a9e7-40de-bdfb-d8dfca74bf22\";s:19:\"salary_structure_id\";s:36:\"5363e2b7-8e9c-4e4a-9404-561a224e3449\";s:11:\"base_salary\";s:9:\"657627.00\";s:14:\"effective_from\";s:10:\"2026-01-22\";s:12:\"effective_to\";N;s:6:\"status\";s:6:\"active\";s:10:\"created_at\";s:19:\"2026-01-22 13:26:01\";s:10:\"updated_at\";s:19:\"2026-01-22 13:26:01\";s:10:\"deleted_at\";N;}s:10:\"\0*\0changes\";a:0:{}s:8:\"\0*\0casts\";a:1:{s:10:\"deleted_at\";s:8:\"datetime\";}s:17:\"\0*\0classCastCache\";a:0:{}s:21:\"\0*\0attributeCastCache\";a:0:{}s:13:\"\0*\0dateFormat\";N;s:10:\"\0*\0appends\";a:0:{}s:19:\"\0*\0dispatchesEvents\";a:0:{}s:14:\"\0*\0observables\";a:0:{}s:12:\"\0*\0relations\";a:1:{s:15:\"salaryStructure\";O:34:\"App\\Models\\Payroll\\SalaryStructure\":31:{s:13:\"\0*\0connection\";s:5:\"mysql\";s:8:\"\0*\0table\";s:17:\"salary_structures\";s:13:\"\0*\0primaryKey\";s:2:\"id\";s:10:\"\0*\0keyType\";s:6:\"string\";s:12:\"incrementing\";b:0;s:7:\"\0*\0with\";a:0:{}s:12:\"\0*\0withCount\";a:0:{}s:19:\"preventsLazyLoading\";b:0;s:10:\"\0*\0perPage\";i:15;s:6:\"exists\";b:1;s:18:\"wasRecentlyCreated\";b:0;s:28:\"\0*\0escapeWhenCastingToString\";b:0;s:13:\"\0*\0attributes\";a:8:{s:2:\"id\";s:36:\"5363e2b7-8e9c-4e4a-9404-561a224e3449\";s:15:\"organisation_id\";s:36:\"ac7e5b0f-d0dd-44a4-913c-6d365861fad6\";s:4:\"name\";s:8:\"SRCU-RKK\";s:9:\"basic_pay\";s:9:\"657627.00\";s:5:\"notes\";s:21:\"Ramadhan Khamis Katto\";s:10:\"created_at\";s:19:\"2026-01-20 12:46:11\";s:10:\"updated_at\";s:19:\"2026-01-20 14:02:28\";s:10:\"deleted_at\";N;}s:11:\"\0*\0original\";a:8:{s:2:\"id\";s:36:\"5363e2b7-8e9c-4e4a-9404-561a224e3449\";s:15:\"organisation_id\";s:36:\"ac7e5b0f-d0dd-44a4-913c-6d365861fad6\";s:4:\"name\";s:8:\"SRCU-RKK\";s:9:\"basic_pay\";s:9:\"657627.00\";s:5:\"notes\";s:21:\"Ramadhan Khamis Katto\";s:10:\"created_at\";s:19:\"2026-01-20 12:46:11\";s:10:\"updated_at\";s:19:\"2026-01-20 14:02:28\";s:10:\"deleted_at\";N;}s:10:\"\0*\0changes\";a:0:{}s:8:\"\0*\0casts\";a:3:{s:19:\"additional_benefits\";s:5:\"array\";s:21:\"additional_deductions\";s:5:\"array\";s:10:\"deleted_at\";s:8:\"datetime\";}s:17:\"\0*\0classCastCache\";a:0:{}s:21:\"\0*\0attributeCastCache\";a:0:{}s:13:\"\0*\0dateFormat\";N;s:10:\"\0*\0appends\";a:0:{}s:19:\"\0*\0dispatchesEvents\";a:0:{}s:14:\"\0*\0observables\";a:0:{}s:12:\"\0*\0relations\";a:0:{}s:10:\"\0*\0touches\";a:0:{}s:10:\"timestamps\";b:1;s:13:\"usesUniqueIds\";b:0;s:9:\"\0*\0hidden\";a:0:{}s:10:\"\0*\0visible\";a:0:{}s:11:\"\0*\0fillable\";a:0:{}s:10:\"\0*\0guarded\";a:1:{i:0;s:2:\"id\";}s:16:\"\0*\0forceDeleting\";b:0;}}s:10:\"\0*\0touches\";a:0:{}s:10:\"timestamps\";b:1;s:13:\"usesUniqueIds\";b:0;s:9:\"\0*\0hidden\";a:0:{}s:10:\"\0*\0visible\";a:0:{}s:11:\"\0*\0fillable\";a:0:{}s:10:\"\0*\0guarded\";a:1:{i:0;s:2:\"id\";}s:16:\"\0*\0forceDeleting\";b:0;}s:10:\"deductions\";O:39:\"Illuminate\\Database\\Eloquent\\Collection\":2:{s:8:\"\0*\0items\";a:3:{i:0;O:36:\"App\\Models\\Payroll\\EmployeeDeduction\":30:{s:13:\"\0*\0connection\";s:5:\"mysql\";s:8:\"\0*\0table\";s:19:\"employee_deductions\";s:13:\"\0*\0primaryKey\";s:2:\"id\";s:10:\"\0*\0keyType\";s:6:\"string\";s:12:\"incrementing\";b:0;s:7:\"\0*\0with\";a:0:{}s:12:\"\0*\0withCount\";a:0:{}s:19:\"preventsLazyLoading\";b:0;s:10:\"\0*\0perPage\";i:15;s:6:\"exists\";b:1;s:18:\"wasRecentlyCreated\";b:0;s:28:\"\0*\0escapeWhenCastingToString\";b:0;s:13:\"\0*\0attributes\";a:7:{s:2:\"id\";s:36:\"978c7200-e8ec-4638-9915-f71a208cd046\";s:11:\"employee_id\";s:36:\"1035d30f-a9e7-40de-bdfb-d8dfca74bf22\";s:17:\"deduction_type_id\";s:36:\"1044a75b-b48f-44a9-82de-07c1e7a6a9a1\";s:5:\"value\";s:8:\"65763.00\";s:6:\"status\";s:6:\"active\";s:10:\"created_at\";s:19:\"2026-01-22 13:26:01\";s:10:\"updated_at\";s:19:\"2026-01-22 13:26:01\";}s:11:\"\0*\0original\";a:7:{s:2:\"id\";s:36:\"978c7200-e8ec-4638-9915-f71a208cd046\";s:11:\"employee_id\";s:36:\"1035d30f-a9e7-40de-bdfb-d8dfca74bf22\";s:17:\"deduction_type_id\";s:36:\"1044a75b-b48f-44a9-82de-07c1e7a6a9a1\";s:5:\"value\";s:8:\"65763.00\";s:6:\"status\";s:6:\"active\";s:10:\"created_at\";s:19:\"2026-01-22 13:26:01\";s:10:\"updated_at\";s:19:\"2026-01-22 13:26:01\";}s:10:\"\0*\0changes\";a:0:{}s:8:\"\0*\0casts\";a:0:{}s:17:\"\0*\0classCastCache\";a:0:{}s:21:\"\0*\0attributeCastCache\";a:0:{}s:13:\"\0*\0dateFormat\";N;s:10:\"\0*\0appends\";a:0:{}s:19:\"\0*\0dispatchesEvents\";a:0:{}s:14:\"\0*\0observables\";a:0:{}s:12:\"\0*\0relations\";a:1:{s:4:\"type\";N;}s:10:\"\0*\0touches\";a:0:{}s:10:\"timestamps\";b:1;s:13:\"usesUniqueIds\";b:0;s:9:\"\0*\0hidden\";a:0:{}s:10:\"\0*\0visible\";a:0:{}s:11:\"\0*\0fillable\";a:0:{}s:10:\"\0*\0guarded\";a:1:{i:0;s:2:\"id\";}}i:1;O:36:\"App\\Models\\Payroll\\EmployeeDeduction\":30:{s:13:\"\0*\0connection\";s:5:\"mysql\";s:8:\"\0*\0table\";s:19:\"employee_deductions\";s:13:\"\0*\0primaryKey\";s:2:\"id\";s:10:\"\0*\0keyType\";s:6:\"string\";s:12:\"incrementing\";b:0;s:7:\"\0*\0with\";a:0:{}s:12:\"\0*\0withCount\";a:0:{}s:19:\"preventsLazyLoading\";b:0;s:10:\"\0*\0perPage\";i:15;s:6:\"exists\";b:1;s:18:\"wasRecentlyCreated\";b:0;s:28:\"\0*\0escapeWhenCastingToString\";b:0;s:13:\"\0*\0attributes\";a:7:{s:2:\"id\";s:36:\"a0b00390-e6bf-4abe-963c-4ec24d13fa06\";s:11:\"employee_id\";s:36:\"1035d30f-a9e7-40de-bdfb-d8dfca74bf22\";s:17:\"deduction_type_id\";s:36:\"f1170465-a3af-4e4d-adb1-85d89647f8c1\";s:5:\"value\";s:8:\"13153.00\";s:6:\"status\";s:6:\"active\";s:10:\"created_at\";s:19:\"2026-01-22 13:26:01\";s:10:\"updated_at\";s:19:\"2026-01-22 13:26:01\";}s:11:\"\0*\0original\";a:7:{s:2:\"id\";s:36:\"a0b00390-e6bf-4abe-963c-4ec24d13fa06\";s:11:\"employee_id\";s:36:\"1035d30f-a9e7-40de-bdfb-d8dfca74bf22\";s:17:\"deduction_type_id\";s:36:\"f1170465-a3af-4e4d-adb1-85d89647f8c1\";s:5:\"value\";s:8:\"13153.00\";s:6:\"status\";s:6:\"active\";s:10:\"created_at\";s:19:\"2026-01-22 13:26:01\";s:10:\"updated_at\";s:19:\"2026-01-22 13:26:01\";}s:10:\"\0*\0changes\";a:0:{}s:8:\"\0*\0casts\";a:0:{}s:17:\"\0*\0classCastCache\";a:0:{}s:21:\"\0*\0attributeCastCache\";a:0:{}s:13:\"\0*\0dateFormat\";N;s:10:\"\0*\0appends\";a:0:{}s:19:\"\0*\0dispatchesEvents\";a:0:{}s:14:\"\0*\0observables\";a:0:{}s:12:\"\0*\0relations\";a:1:{s:4:\"type\";O:32:\"App\\Models\\Payroll\\DeductionType\":30:{s:13:\"\0*\0connection\";s:5:\"mysql\";s:8:\"\0*\0table\";s:15:\"deduction_types\";s:13:\"\0*\0primaryKey\";s:2:\"id\";s:10:\"\0*\0keyType\";s:6:\"string\";s:12:\"incrementing\";b:0;s:7:\"\0*\0with\";a:0:{}s:12:\"\0*\0withCount\";a:0:{}s:19:\"preventsLazyLoading\";b:0;s:10:\"\0*\0perPage\";i:15;s:6:\"exists\";b:1;s:18:\"wasRecentlyCreated\";b:0;s:28:\"\0*\0escapeWhenCastingToString\";b:0;s:13:\"\0*\0attributes\";a:14:{s:2:\"id\";s:36:\"f1170465-a3af-4e4d-adb1-85d89647f8c1\";s:15:\"organisation_id\";s:36:\"ac7e5b0f-d0dd-44a4-913c-6d365861fad6\";s:4:\"name\";s:5:\"TPAWU\";s:6:\"is_tax\";i:0;s:9:\"frequency\";s:7:\"Monthly\";s:10:\"account_id\";i:15;s:18:\"calculation_method\";s:6:\"amount\";s:12:\"deduction_is\";s:9:\"mandatory\";s:10:\"auto_apply\";i:1;s:13:\"default_value\";s:4:\"0.00\";s:11:\"description\";N;s:10:\"created_at\";s:19:\"2026-01-20 12:28:58\";s:10:\"updated_at\";s:19:\"2026-01-20 12:28:58\";s:10:\"deleted_at\";N;}s:11:\"\0*\0original\";a:14:{s:2:\"id\";s:36:\"f1170465-a3af-4e4d-adb1-85d89647f8c1\";s:15:\"organisation_id\";s:36:\"ac7e5b0f-d0dd-44a4-913c-6d365861fad6\";s:4:\"name\";s:5:\"TPAWU\";s:6:\"is_tax\";i:0;s:9:\"frequency\";s:7:\"Monthly\";s:10:\"account_id\";i:15;s:18:\"calculation_method\";s:6:\"amount\";s:12:\"deduction_is\";s:9:\"mandatory\";s:10:\"auto_apply\";i:1;s:13:\"default_value\";s:4:\"0.00\";s:11:\"description\";N;s:10:\"created_at\";s:19:\"2026-01-20 12:28:58\";s:10:\"updated_at\";s:19:\"2026-01-20 12:28:58\";s:10:\"deleted_at\";N;}s:10:\"\0*\0changes\";a:0:{}s:8:\"\0*\0casts\";a:0:{}s:17:\"\0*\0classCastCache\";a:0:{}s:21:\"\0*\0attributeCastCache\";a:0:{}s:13:\"\0*\0dateFormat\";N;s:10:\"\0*\0appends\";a:0:{}s:19:\"\0*\0dispatchesEvents\";a:0:{}s:14:\"\0*\0observables\";a:0:{}s:12:\"\0*\0relations\";a:0:{}s:10:\"\0*\0touches\";a:0:{}s:10:\"timestamps\";b:1;s:13:\"usesUniqueIds\";b:0;s:9:\"\0*\0hidden\";a:0:{}s:10:\"\0*\0visible\";a:0:{}s:11:\"\0*\0fillable\";a:0:{}s:10:\"\0*\0guarded\";a:1:{i:0;s:2:\"id\";}}}s:10:\"\0*\0touches\";a:0:{}s:10:\"timestamps\";b:1;s:13:\"usesUniqueIds\";b:0;s:9:\"\0*\0hidden\";a:0:{}s:10:\"\0*\0visible\";a:0:{}s:11:\"\0*\0fillable\";a:0:{}s:10:\"\0*\0guarded\";a:1:{i:0;s:2:\"id\";}}i:2;O:36:\"App\\Models\\Payroll\\EmployeeDeduction\":30:{s:13:\"\0*\0connection\";s:5:\"mysql\";s:8:\"\0*\0table\";s:19:\"employee_deductions\";s:13:\"\0*\0primaryKey\";s:2:\"id\";s:10:\"\0*\0keyType\";s:6:\"string\";s:12:\"incrementing\";b:0;s:7:\"\0*\0with\";a:0:{}s:12:\"\0*\0withCount\";a:0:{}s:19:\"preventsLazyLoading\";b:0;s:10:\"\0*\0perPage\";i:15;s:6:\"exists\";b:1;s:18:\"wasRecentlyCreated\";b:0;s:28:\"\0*\0escapeWhenCastingToString\";b:0;s:13:\"\0*\0attributes\";a:7:{s:2:\"id\";s:36:\"caeb0bf4-d94a-4093-a6d1-249fa926f4bb\";s:11:\"employee_id\";s:36:\"1035d30f-a9e7-40de-bdfb-d8dfca74bf22\";s:17:\"deduction_type_id\";s:36:\"08e4769c-1dd0-4d34-8e0e-797a00a4d56b\";s:5:\"value\";s:8:\"34373.00\";s:6:\"status\";s:6:\"active\";s:10:\"created_at\";s:19:\"2026-01-22 13:26:01\";s:10:\"updated_at\";s:19:\"2026-01-22 13:26:01\";}s:11:\"\0*\0original\";a:7:{s:2:\"id\";s:36:\"caeb0bf4-d94a-4093-a6d1-249fa926f4bb\";s:11:\"employee_id\";s:36:\"1035d30f-a9e7-40de-bdfb-d8dfca74bf22\";s:17:\"deduction_type_id\";s:36:\"08e4769c-1dd0-4d34-8e0e-797a00a4d56b\";s:5:\"value\";s:8:\"34373.00\";s:6:\"status\";s:6:\"active\";s:10:\"created_at\";s:19:\"2026-01-22 13:26:01\";s:10:\"updated_at\";s:19:\"2026-01-22 13:26:01\";}s:10:\"\0*\0changes\";a:0:{}s:8:\"\0*\0casts\";a:0:{}s:17:\"\0*\0classCastCache\";a:0:{}s:21:\"\0*\0attributeCastCache\";a:0:{}s:13:\"\0*\0dateFormat\";N;s:10:\"\0*\0appends\";a:0:{}s:19:\"\0*\0dispatchesEvents\";a:0:{}s:14:\"\0*\0observables\";a:0:{}s:12:\"\0*\0relations\";a:1:{s:4:\"type\";N;}s:10:\"\0*\0touches\";a:0:{}s:10:\"timestamps\";b:1;s:13:\"usesUniqueIds\";b:0;s:9:\"\0*\0hidden\";a:0:{}s:10:\"\0*\0visible\";a:0:{}s:11:\"\0*\0fillable\";a:0:{}s:10:\"\0*\0guarded\";a:1:{i:0;s:2:\"id\";}}}s:28:\"\0*\0escapeWhenCastingToString\";b:0;}s:10:\"allowances\";O:39:\"Illuminate\\Database\\Eloquent\\Collection\":2:{s:8:\"\0*\0items\";a:2:{i:0;O:36:\"App\\Models\\Payroll\\EmployeeAllowance\":30:{s:13:\"\0*\0connection\";s:5:\"mysql\";s:8:\"\0*\0table\";s:19:\"employee_allowances\";s:13:\"\0*\0primaryKey\";s:2:\"id\";s:10:\"\0*\0keyType\";s:6:\"string\";s:12:\"incrementing\";b:0;s:7:\"\0*\0with\";a:0:{}s:12:\"\0*\0withCount\";a:0:{}s:19:\"preventsLazyLoading\";b:0;s:10:\"\0*\0perPage\";i:15;s:6:\"exists\";b:1;s:18:\"wasRecentlyCreated\";b:0;s:28:\"\0*\0escapeWhenCastingToString\";b:0;s:13:\"\0*\0attributes\";a:9:{s:2:\"id\";s:36:\"727379cc-93a1-435f-966d-6b358b6f2688\";s:11:\"employee_id\";s:36:\"1035d30f-a9e7-40de-bdfb-d8dfca74bf22\";s:17:\"allowance_type_id\";s:36:\"81e2c578-3d4e-4e23-bf3b-f7afeddc419f\";s:5:\"value\";s:8:\"60000.00\";s:6:\"status\";s:6:\"active\";s:10:\"start_date\";s:10:\"2026-01-22\";s:8:\"end_date\";N;s:10:\"created_at\";s:19:\"2026-01-22 13:26:01\";s:10:\"updated_at\";s:19:\"2026-01-22 13:26:01\";}s:11:\"\0*\0original\";a:9:{s:2:\"id\";s:36:\"727379cc-93a1-435f-966d-6b358b6f2688\";s:11:\"employee_id\";s:36:\"1035d30f-a9e7-40de-bdfb-d8dfca74bf22\";s:17:\"allowance_type_id\";s:36:\"81e2c578-3d4e-4e23-bf3b-f7afeddc419f\";s:5:\"value\";s:8:\"60000.00\";s:6:\"status\";s:6:\"active\";s:10:\"start_date\";s:10:\"2026-01-22\";s:8:\"end_date\";N;s:10:\"created_at\";s:19:\"2026-01-22 13:26:01\";s:10:\"updated_at\";s:19:\"2026-01-22 13:26:01\";}s:10:\"\0*\0changes\";a:0:{}s:8:\"\0*\0casts\";a:0:{}s:17:\"\0*\0classCastCache\";a:0:{}s:21:\"\0*\0attributeCastCache\";a:0:{}s:13:\"\0*\0dateFormat\";N;s:10:\"\0*\0appends\";a:0:{}s:19:\"\0*\0dispatchesEvents\";a:0:{}s:14:\"\0*\0observables\";a:0:{}s:12:\"\0*\0relations\";a:1:{s:4:\"type\";r:827;}s:10:\"\0*\0touches\";a:0:{}s:10:\"timestamps\";b:1;s:13:\"usesUniqueIds\";b:0;s:9:\"\0*\0hidden\";a:0:{}s:10:\"\0*\0visible\";a:0:{}s:11:\"\0*\0fillable\";a:0:{}s:10:\"\0*\0guarded\";a:1:{i:0;s:2:\"id\";}}i:1;O:36:\"App\\Models\\Payroll\\EmployeeAllowance\":30:{s:13:\"\0*\0connection\";s:5:\"mysql\";s:8:\"\0*\0table\";s:19:\"employee_allowances\";s:13:\"\0*\0primaryKey\";s:2:\"id\";s:10:\"\0*\0keyType\";s:6:\"string\";s:12:\"incrementing\";b:0;s:7:\"\0*\0with\";a:0:{}s:12:\"\0*\0withCount\";a:0:{}s:19:\"preventsLazyLoading\";b:0;s:10:\"\0*\0perPage\";i:15;s:6:\"exists\";b:1;s:18:\"wasRecentlyCreated\";b:0;s:28:\"\0*\0escapeWhenCastingToString\";b:0;s:13:\"\0*\0attributes\";a:9:{s:2:\"id\";s:36:\"a0484b5c-22c3-484f-afb4-5c851f173ef7\";s:11:\"employee_id\";s:36:\"1035d30f-a9e7-40de-bdfb-d8dfca74bf22\";s:17:\"allowance_type_id\";s:36:\"c8189025-5578-48fa-b7a5-c670b13dbda9\";s:5:\"value\";s:8:\"40000.00\";s:6:\"status\";s:6:\"active\";s:10:\"start_date\";s:10:\"2026-01-22\";s:8:\"end_date\";N;s:10:\"created_at\";s:19:\"2026-01-22 13:26:01\";s:10:\"updated_at\";s:19:\"2026-01-22 13:26:01\";}s:11:\"\0*\0original\";a:9:{s:2:\"id\";s:36:\"a0484b5c-22c3-484f-afb4-5c851f173ef7\";s:11:\"employee_id\";s:36:\"1035d30f-a9e7-40de-bdfb-d8dfca74bf22\";s:17:\"allowance_type_id\";s:36:\"c8189025-5578-48fa-b7a5-c670b13dbda9\";s:5:\"value\";s:8:\"40000.00\";s:6:\"status\";s:6:\"active\";s:10:\"start_date\";s:10:\"2026-01-22\";s:8:\"end_date\";N;s:10:\"created_at\";s:19:\"2026-01-22 13:26:01\";s:10:\"updated_at\";s:19:\"2026-01-22 13:26:01\";}s:10:\"\0*\0changes\";a:0:{}s:8:\"\0*\0casts\";a:0:{}s:17:\"\0*\0classCastCache\";a:0:{}s:21:\"\0*\0attributeCastCache\";a:0:{}s:13:\"\0*\0dateFormat\";N;s:10:\"\0*\0appends\";a:0:{}s:19:\"\0*\0dispatchesEvents\";a:0:{}s:14:\"\0*\0observables\";a:0:{}s:12:\"\0*\0relations\";a:1:{s:4:\"type\";r:935;}s:10:\"\0*\0touches\";a:0:{}s:10:\"timestamps\";b:1;s:13:\"usesUniqueIds\";b:0;s:9:\"\0*\0hidden\";a:0:{}s:10:\"\0*\0visible\";a:0:{}s:11:\"\0*\0fillable\";a:0:{}s:10:\"\0*\0guarded\";a:1:{i:0;s:2:\"id\";}}}s:28:\"\0*\0escapeWhenCastingToString\";b:0;}}s:10:\"\0*\0touches\";a:0:{}s:10:\"timestamps\";b:1;s:13:\"usesUniqueIds\";b:0;s:9:\"\0*\0hidden\";a:0:{}s:10:\"\0*\0visible\";a:0:{}s:11:\"\0*\0fillable\";a:0:{}s:10:\"\0*\0guarded\";a:1:{i:0;s:2:\"id\";}}i:4;O:22:\"App\\Models\\HR\\Employee\":30:{s:13:\"\0*\0connection\";s:5:\"mysql\";s:8:\"\0*\0table\";s:9:\"employees\";s:13:\"\0*\0primaryKey\";s:2:\"id\";s:10:\"\0*\0keyType\";s:6:\"string\";s:12:\"incrementing\";b:0;s:7:\"\0*\0with\";a:0:{}s:12:\"\0*\0withCount\";a:0:{}s:19:\"preventsLazyLoading\";b:0;s:10:\"\0*\0perPage\";i:15;s:6:\"exists\";b:1;s:18:\"wasRecentlyCreated\";b:0;s:28:\"\0*\0escapeWhenCastingToString\";b:0;s:13:\"\0*\0attributes\";a:38:{s:2:\"id\";s:36:\"11bc2a55-e7ed-46b7-9c03-aa9db4edce76\";s:15:\"organisation_id\";s:36:\"ac7e5b0f-d0dd-44a4-913c-6d365861fad6\";s:17:\"biometric_user_id\";N;s:13:\"employee_code\";s:10:\"EMP-A50I1N\";s:10:\"first_name\";s:5:\"Marco\";s:9:\"last_name\";s:7:\"Kambilo\";s:10:\"other_name\";s:6:\"Mazoya\";s:5:\"email\";s:21:\"marcomazoya@gmail.com\";s:14:\"official_email\";N;s:5:\"phone\";s:10:\"0765786745\";s:6:\"gender\";s:4:\"male\";s:13:\"date_of_birth\";s:10:\"1999-05-26\";s:14:\"marital_status\";s:7:\"married\";s:15:\"employment_type\";s:9:\"full_time\";s:10:\"salutation\";s:2:\"Mr\";s:7:\"address\";s:43:\"P.O.Box 349, Shinyanga,  Miti Mirefu Street\";s:4:\"city\";N;s:5:\"state\";s:9:\"Shinyanga\";s:11:\"postal_code\";N;s:7:\"country\";s:8:\"Tanzania\";s:5:\"photo\";N;s:9:\"hire_date\";s:10:\"2020-04-01\";s:16:\"termination_date\";N;s:25:\"tax_identification_number\";N;s:19:\"bank_account_number\";N;s:9:\"bank_name\";N;s:14:\"designation_id\";s:36:\"1334f6c9-ba92-4d16-9122-9b7d84905d28\";s:19:\"salary_structure_id\";s:36:\"097cfb86-381a-4e26-b266-267eea6be00b\";s:12:\"job_title_id\";N;s:13:\"bassic_salary\";s:4:\"0.00\";s:10:\"commission\";s:4:\"0.00\";s:13:\"overtime_rate\";N;s:13:\"supervisor_id\";N;s:7:\"user_id\";s:36:\"74577dd5-601a-4d0f-82fc-a1481f8d90bf\";s:6:\"status\";s:6:\"active\";s:10:\"created_at\";s:19:\"2026-03-28 10:18:22\";s:10:\"updated_at\";s:19:\"2026-03-28 10:18:22\";s:10:\"deleted_at\";N;}s:11:\"\0*\0original\";a:38:{s:2:\"id\";s:36:\"11bc2a55-e7ed-46b7-9c03-aa9db4edce76\";s:15:\"organisation_id\";s:36:\"ac7e5b0f-d0dd-44a4-913c-6d365861fad6\";s:17:\"biometric_user_id\";N;s:13:\"employee_code\";s:10:\"EMP-A50I1N\";s:10:\"first_name\";s:5:\"Marco\";s:9:\"last_name\";s:7:\"Kambilo\";s:10:\"other_name\";s:6:\"Mazoya\";s:5:\"email\";s:21:\"marcomazoya@gmail.com\";s:14:\"official_email\";N;s:5:\"phone\";s:10:\"0765786745\";s:6:\"gender\";s:4:\"male\";s:13:\"date_of_birth\";s:10:\"1999-05-26\";s:14:\"marital_status\";s:7:\"married\";s:15:\"employment_type\";s:9:\"full_time\";s:10:\"salutation\";s:2:\"Mr\";s:7:\"address\";s:43:\"P.O.Box 349, Shinyanga,  Miti Mirefu Street\";s:4:\"city\";N;s:5:\"state\";s:9:\"Shinyanga\";s:11:\"postal_code\";N;s:7:\"country\";s:8:\"Tanzania\";s:5:\"photo\";N;s:9:\"hire_date\";s:10:\"2020-04-01\";s:16:\"termination_date\";N;s:25:\"tax_identification_number\";N;s:19:\"bank_account_number\";N;s:9:\"bank_name\";N;s:14:\"designation_id\";s:36:\"1334f6c9-ba92-4d16-9122-9b7d84905d28\";s:19:\"salary_structure_id\";s:36:\"097cfb86-381a-4e26-b266-267eea6be00b\";s:12:\"job_title_id\";N;s:13:\"bassic_salary\";s:4:\"0.00\";s:10:\"commission\";s:4:\"0.00\";s:13:\"overtime_rate\";N;s:13:\"supervisor_id\";N;s:7:\"user_id\";s:36:\"74577dd5-601a-4d0f-82fc-a1481f8d90bf\";s:6:\"status\";s:6:\"active\";s:10:\"created_at\";s:19:\"2026-03-28 10:18:22\";s:10:\"updated_at\";s:19:\"2026-03-28 10:18:22\";s:10:\"deleted_at\";N;}s:10:\"\0*\0changes\";a:0:{}s:8:\"\0*\0casts\";a:0:{}s:17:\"\0*\0classCastCache\";a:0:{}s:21:\"\0*\0attributeCastCache\";a:0:{}s:13:\"\0*\0dateFormat\";N;s:10:\"\0*\0appends\";a:0:{}s:19:\"\0*\0dispatchesEvents\";a:0:{}s:14:\"\0*\0observables\";a:0:{}s:12:\"\0*\0relations\";a:7:{s:10:\"supervisor\";N;s:4:\"user\";O:15:\"App\\Models\\User\":35:{s:13:\"\0*\0connection\";s:5:\"mysql\";s:8:\"\0*\0table\";s:5:\"users\";s:13:\"\0*\0primaryKey\";s:2:\"id\";s:10:\"\0*\0keyType\";s:6:\"string\";s:12:\"incrementing\";b:0;s:7:\"\0*\0with\";a:0:{}s:12:\"\0*\0withCount\";a:0:{}s:19:\"preventsLazyLoading\";b:0;s:10:\"\0*\0perPage\";i:15;s:6:\"exists\";b:1;s:18:\"wasRecentlyCreated\";b:0;s:28:\"\0*\0escapeWhenCastingToString\";b:0;s:13:\"\0*\0attributes\";a:26:{s:2:\"id\";s:36:\"74577dd5-601a-4d0f-82fc-a1481f8d90bf\";s:15:\"organisation_id\";s:36:\"ac7e5b0f-d0dd-44a4-913c-6d365861fad6\";s:5:\"phone\";s:10:\"0765786745\";s:10:\"first_name\";s:5:\"Marco\";s:9:\"last_name\";s:7:\"Kambilo\";s:10:\"other_name\";s:6:\"Mazoya\";s:5:\"email\";s:21:\"marcomazoya@gmail.com\";s:6:\"gender\";s:4:\"male\";s:13:\"date_of_birth\";s:10:\"1999-05-26\";s:14:\"marital_status\";s:6:\"single\";s:10:\"salutation\";s:2:\"Mr\";s:17:\"email_verified_at\";N;s:8:\"password\";s:60:\"$2y$12$lIALvqeMiuzdFw9UbuoZ6OTXSD9oxstIJsvufAaBxHo8wikV6xZ52\";s:3:\"pin\";N;s:15:\"profile_picture\";N;s:9:\"signature\";N;s:17:\"verification_code\";N;s:13:\"login_attempt\";i:3;s:9:\"branch_id\";N;s:6:\"status\";s:6:\"active\";s:14:\"is_first_login\";i:1;s:14:\"remember_token\";N;s:10:\"created_at\";s:19:\"2026-03-28 10:18:22\";s:10:\"updated_at\";s:19:\"2026-03-28 10:18:22\";s:10:\"deleted_at\";N;s:21:\"two_factor_expires_at\";N;}s:11:\"\0*\0original\";a:26:{s:2:\"id\";s:36:\"74577dd5-601a-4d0f-82fc-a1481f8d90bf\";s:15:\"organisation_id\";s:36:\"ac7e5b0f-d0dd-44a4-913c-6d365861fad6\";s:5:\"phone\";s:10:\"0765786745\";s:10:\"first_name\";s:5:\"Marco\";s:9:\"last_name\";s:7:\"Kambilo\";s:10:\"other_name\";s:6:\"Mazoya\";s:5:\"email\";s:21:\"marcomazoya@gmail.com\";s:6:\"gender\";s:4:\"male\";s:13:\"date_of_birth\";s:10:\"1999-05-26\";s:14:\"marital_status\";s:6:\"single\";s:10:\"salutation\";s:2:\"Mr\";s:17:\"email_verified_at\";N;s:8:\"password\";s:60:\"$2y$12$lIALvqeMiuzdFw9UbuoZ6OTXSD9oxstIJsvufAaBxHo8wikV6xZ52\";s:3:\"pin\";N;s:15:\"profile_picture\";N;s:9:\"signature\";N;s:17:\"verification_code\";N;s:13:\"login_attempt\";i:3;s:9:\"branch_id\";N;s:6:\"status\";s:6:\"active\";s:14:\"is_first_login\";i:1;s:14:\"remember_token\";N;s:10:\"created_at\";s:19:\"2026-03-28 10:18:22\";s:10:\"updated_at\";s:19:\"2026-03-28 10:18:22\";s:10:\"deleted_at\";N;s:21:\"two_factor_expires_at\";N;}s:10:\"\0*\0changes\";a:0:{}s:8:\"\0*\0casts\";a:3:{s:17:\"email_verified_at\";s:8:\"datetime\";s:8:\"password\";s:6:\"hashed\";s:10:\"deleted_at\";s:8:\"datetime\";}s:17:\"\0*\0classCastCache\";a:0:{}s:21:\"\0*\0attributeCastCache\";a:0:{}s:13:\"\0*\0dateFormat\";N;s:10:\"\0*\0appends\";a:1:{i:0;s:9:\"full_name\";}s:19:\"\0*\0dispatchesEvents\";a:0:{}s:14:\"\0*\0observables\";a:0:{}s:12:\"\0*\0relations\";a:0:{}s:10:\"\0*\0touches\";a:0:{}s:10:\"timestamps\";b:1;s:13:\"usesUniqueIds\";b:0;s:9:\"\0*\0hidden\";a:3:{i:0;s:8:\"password\";i:1;s:14:\"remember_token\";i:2;s:5:\"pivot\";}s:10:\"\0*\0visible\";a:0:{}s:11:\"\0*\0fillable\";a:0:{}s:10:\"\0*\0guarded\";a:1:{i:0;s:2:\"id\";}s:19:\"\0*\0authPasswordName\";s:8:\"password\";s:20:\"\0*\0rememberTokenName\";s:14:\"remember_token\";s:13:\"\0*\0guard_name\";s:3:\"api\";s:16:\"\0*\0forceDeleting\";b:0;s:14:\"\0*\0accessToken\";N;}s:11:\"designation\";O:25:\"App\\Models\\HR\\Designation\":31:{s:13:\"\0*\0connection\";s:5:\"mysql\";s:8:\"\0*\0table\";s:12:\"designations\";s:13:\"\0*\0primaryKey\";s:2:\"id\";s:10:\"\0*\0keyType\";s:6:\"string\";s:12:\"incrementing\";b:0;s:7:\"\0*\0with\";a:0:{}s:12:\"\0*\0withCount\";a:0:{}s:19:\"preventsLazyLoading\";b:0;s:10:\"\0*\0perPage\";i:15;s:6:\"exists\";b:1;s:18:\"wasRecentlyCreated\";b:0;s:28:\"\0*\0escapeWhenCastingToString\";b:0;s:13:\"\0*\0attributes\";a:8:{s:2:\"id\";s:36:\"1334f6c9-ba92-4d16-9122-9b7d84905d28\";s:15:\"organisation_id\";s:36:\"ac7e5b0f-d0dd-44a4-913c-6d365861fad6\";s:13:\"department_id\";s:36:\"b75eb4df-23d1-4f95-b0dd-fd76ef7a30b3\";s:16:\"designation_name\";s:14:\"Security Guard\";s:11:\"description\";s:14:\"Security Guard\";s:10:\"created_at\";s:19:\"2026-01-21 09:12:44\";s:10:\"updated_at\";s:19:\"2026-01-21 09:12:44\";s:10:\"deleted_at\";N;}s:11:\"\0*\0original\";a:8:{s:2:\"id\";s:36:\"1334f6c9-ba92-4d16-9122-9b7d84905d28\";s:15:\"organisation_id\";s:36:\"ac7e5b0f-d0dd-44a4-913c-6d365861fad6\";s:13:\"department_id\";s:36:\"b75eb4df-23d1-4f95-b0dd-fd76ef7a30b3\";s:16:\"designation_name\";s:14:\"Security Guard\";s:11:\"description\";s:14:\"Security Guard\";s:10:\"created_at\";s:19:\"2026-01-21 09:12:44\";s:10:\"updated_at\";s:19:\"2026-01-21 09:12:44\";s:10:\"deleted_at\";N;}s:10:\"\0*\0changes\";a:0:{}s:8:\"\0*\0casts\";a:1:{s:10:\"deleted_at\";s:8:\"datetime\";}s:17:\"\0*\0classCastCache\";a:0:{}s:21:\"\0*\0attributeCastCache\";a:0:{}s:13:\"\0*\0dateFormat\";N;s:10:\"\0*\0appends\";a:0:{}s:19:\"\0*\0dispatchesEvents\";a:0:{}s:14:\"\0*\0observables\";a:0:{}s:12:\"\0*\0relations\";a:1:{s:10:\"department\";O:24:\"App\\Models\\HR\\Department\":31:{s:13:\"\0*\0connection\";s:5:\"mysql\";s:8:\"\0*\0table\";s:11:\"departments\";s:13:\"\0*\0primaryKey\";s:2:\"id\";s:10:\"\0*\0keyType\";s:6:\"string\";s:12:\"incrementing\";b:0;s:7:\"\0*\0with\";a:0:{}s:12:\"\0*\0withCount\";a:0:{}s:19:\"preventsLazyLoading\";b:0;s:10:\"\0*\0perPage\";i:15;s:6:\"exists\";b:1;s:18:\"wasRecentlyCreated\";b:0;s:28:\"\0*\0escapeWhenCastingToString\";b:0;s:13:\"\0*\0attributes\";a:9:{s:2:\"id\";s:36:\"b75eb4df-23d1-4f95-b0dd-fd76ef7a30b3\";s:15:\"organisation_id\";s:36:\"ac7e5b0f-d0dd-44a4-913c-6d365861fad6\";s:16:\"head_employee_id\";N;s:20:\"parent_department_id\";N;s:4:\"name\";s:33:\"Human Resource and Administration\";s:11:\"description\";s:33:\"Human Resource and Administration\";s:10:\"created_at\";s:19:\"2026-01-20 12:22:11\";s:10:\"updated_at\";s:19:\"2026-01-20 12:22:11\";s:10:\"deleted_at\";N;}s:11:\"\0*\0original\";a:9:{s:2:\"id\";s:36:\"b75eb4df-23d1-4f95-b0dd-fd76ef7a30b3\";s:15:\"organisation_id\";s:36:\"ac7e5b0f-d0dd-44a4-913c-6d365861fad6\";s:16:\"head_employee_id\";N;s:20:\"parent_department_id\";N;s:4:\"name\";s:33:\"Human Resource and Administration\";s:11:\"description\";s:33:\"Human Resource and Administration\";s:10:\"created_at\";s:19:\"2026-01-20 12:22:11\";s:10:\"updated_at\";s:19:\"2026-01-20 12:22:11\";s:10:\"deleted_at\";N;}s:10:\"\0*\0changes\";a:0:{}s:8:\"\0*\0casts\";a:1:{s:10:\"deleted_at\";s:8:\"datetime\";}s:17:\"\0*\0classCastCache\";a:0:{}s:21:\"\0*\0attributeCastCache\";a:0:{}s:13:\"\0*\0dateFormat\";N;s:10:\"\0*\0appends\";a:0:{}s:19:\"\0*\0dispatchesEvents\";a:0:{}s:14:\"\0*\0observables\";a:0:{}s:12:\"\0*\0relations\";a:0:{}s:10:\"\0*\0touches\";a:0:{}s:10:\"timestamps\";b:1;s:13:\"usesUniqueIds\";b:0;s:9:\"\0*\0hidden\";a:0:{}s:10:\"\0*\0visible\";a:0:{}s:11:\"\0*\0fillable\";a:0:{}s:10:\"\0*\0guarded\";a:1:{i:0;s:2:\"id\";}s:16:\"\0*\0forceDeleting\";b:0;}}s:10:\"\0*\0touches\";a:0:{}s:10:\"timestamps\";b:1;s:13:\"usesUniqueIds\";b:0;s:9:\"\0*\0hidden\";a:0:{}s:10:\"\0*\0visible\";a:0:{}s:11:\"\0*\0fillable\";a:0:{}s:10:\"\0*\0guarded\";a:1:{i:0;s:2:\"id\";}s:16:\"\0*\0forceDeleting\";b:0;}s:18:\"employee_structure\";O:39:\"Illuminate\\Database\\Eloquent\\Collection\":2:{s:8:\"\0*\0items\";a:1:{i:0;O:42:\"App\\Models\\Payroll\\EmployeeSalaryStructure\":31:{s:13:\"\0*\0connection\";s:5:\"mysql\";s:8:\"\0*\0table\";s:26:\"employee_salary_structures\";s:13:\"\0*\0primaryKey\";s:2:\"id\";s:10:\"\0*\0keyType\";s:6:\"string\";s:12:\"incrementing\";b:0;s:7:\"\0*\0with\";a:0:{}s:12:\"\0*\0withCount\";a:0:{}s:19:\"preventsLazyLoading\";b:0;s:10:\"\0*\0perPage\";i:15;s:6:\"exists\";b:1;s:18:\"wasRecentlyCreated\";b:0;s:28:\"\0*\0escapeWhenCastingToString\";b:0;s:13:\"\0*\0attributes\";a:10:{s:2:\"id\";s:36:\"9d199118-80e7-4563-bfaf-2c017108cee0\";s:11:\"employee_id\";s:36:\"11bc2a55-e7ed-46b7-9c03-aa9db4edce76\";s:19:\"salary_structure_id\";s:36:\"097cfb86-381a-4e26-b266-267eea6be00b\";s:11:\"base_salary\";s:9:\"334368.00\";s:14:\"effective_from\";s:10:\"2026-03-28\";s:12:\"effective_to\";N;s:6:\"status\";s:6:\"active\";s:10:\"created_at\";s:19:\"2026-03-28 10:18:22\";s:10:\"updated_at\";s:19:\"2026-03-28 10:18:22\";s:10:\"deleted_at\";N;}s:11:\"\0*\0original\";a:10:{s:2:\"id\";s:36:\"9d199118-80e7-4563-bfaf-2c017108cee0\";s:11:\"employee_id\";s:36:\"11bc2a55-e7ed-46b7-9c03-aa9db4edce76\";s:19:\"salary_structure_id\";s:36:\"097cfb86-381a-4e26-b266-267eea6be00b\";s:11:\"base_salary\";s:9:\"334368.00\";s:14:\"effective_from\";s:10:\"2026-03-28\";s:12:\"effective_to\";N;s:6:\"status\";s:6:\"active\";s:10:\"created_at\";s:19:\"2026-03-28 10:18:22\";s:10:\"updated_at\";s:19:\"2026-03-28 10:18:22\";s:10:\"deleted_at\";N;}s:10:\"\0*\0changes\";a:0:{}s:8:\"\0*\0casts\";a:1:{s:10:\"deleted_at\";s:8:\"datetime\";}s:17:\"\0*\0classCastCache\";a:0:{}s:21:\"\0*\0attributeCastCache\";a:0:{}s:13:\"\0*\0dateFormat\";N;s:10:\"\0*\0appends\";a:0:{}s:19:\"\0*\0dispatchesEvents\";a:0:{}s:14:\"\0*\0observables\";a:0:{}s:12:\"\0*\0relations\";a:1:{s:15:\"salaryStructure\";O:34:\"App\\Models\\Payroll\\SalaryStructure\":31:{s:13:\"\0*\0connection\";s:5:\"mysql\";s:8:\"\0*\0table\";s:17:\"salary_structures\";s:13:\"\0*\0primaryKey\";s:2:\"id\";s:10:\"\0*\0keyType\";s:6:\"string\";s:12:\"incrementing\";b:0;s:7:\"\0*\0with\";a:0:{}s:12:\"\0*\0withCount\";a:0:{}s:19:\"preventsLazyLoading\";b:0;s:10:\"\0*\0perPage\";i:15;s:6:\"exists\";b:1;s:18:\"wasRecentlyCreated\";b:0;s:28:\"\0*\0escapeWhenCastingToString\";b:0;s:13:\"\0*\0attributes\";a:8:{s:2:\"id\";s:36:\"097cfb86-381a-4e26-b266-267eea6be00b\";s:15:\"organisation_id\";s:36:\"ac7e5b0f-d0dd-44a4-913c-6d365861fad6\";s:4:\"name\";s:11:\"SRCU-MMKMBL\";s:9:\"basic_pay\";s:9:\"334368.00\";s:5:\"notes\";s:20:\"Marco Mazoya Kambilo\";s:10:\"created_at\";s:19:\"2026-01-20 13:53:12\";s:10:\"updated_at\";s:19:\"2026-03-28 08:55:46\";s:10:\"deleted_at\";N;}s:11:\"\0*\0original\";a:8:{s:2:\"id\";s:36:\"097cfb86-381a-4e26-b266-267eea6be00b\";s:15:\"organisation_id\";s:36:\"ac7e5b0f-d0dd-44a4-913c-6d365861fad6\";s:4:\"name\";s:11:\"SRCU-MMKMBL\";s:9:\"basic_pay\";s:9:\"334368.00\";s:5:\"notes\";s:20:\"Marco Mazoya Kambilo\";s:10:\"created_at\";s:19:\"2026-01-20 13:53:12\";s:10:\"updated_at\";s:19:\"2026-03-28 08:55:46\";s:10:\"deleted_at\";N;}s:10:\"\0*\0changes\";a:0:{}s:8:\"\0*\0casts\";a:3:{s:19:\"additional_benefits\";s:5:\"array\";s:21:\"additional_deductions\";s:5:\"array\";s:10:\"deleted_at\";s:8:\"datetime\";}s:17:\"\0*\0classCastCache\";a:0:{}s:21:\"\0*\0attributeCastCache\";a:0:{}s:13:\"\0*\0dateFormat\";N;s:10:\"\0*\0appends\";a:0:{}s:19:\"\0*\0dispatchesEvents\";a:0:{}s:14:\"\0*\0observables\";a:0:{}s:12:\"\0*\0relations\";a:0:{}s:10:\"\0*\0touches\";a:0:{}s:10:\"timestamps\";b:1;s:13:\"usesUniqueIds\";b:0;s:9:\"\0*\0hidden\";a:0:{}s:10:\"\0*\0visible\";a:0:{}s:11:\"\0*\0fillable\";a:0:{}s:10:\"\0*\0guarded\";a:1:{i:0;s:2:\"id\";}s:16:\"\0*\0forceDeleting\";b:0;}}s:10:\"\0*\0touches\";a:0:{}s:10:\"timestamps\";b:1;s:13:\"usesUniqueIds\";b:0;s:9:\"\0*\0hidden\";a:0:{}s:10:\"\0*\0visible\";a:0:{}s:11:\"\0*\0fillable\";a:0:{}s:10:\"\0*\0guarded\";a:1:{i:0;s:2:\"id\";}s:16:\"\0*\0forceDeleting\";b:0;}}s:28:\"\0*\0escapeWhenCastingToString\";b:0;}s:24:\"currentEmployeeStructure\";O:42:\"App\\Models\\Payroll\\EmployeeSalaryStructure\":31:{s:13:\"\0*\0connection\";s:5:\"mysql\";s:8:\"\0*\0table\";s:26:\"employee_salary_structures\";s:13:\"\0*\0primaryKey\";s:2:\"id\";s:10:\"\0*\0keyType\";s:6:\"string\";s:12:\"incrementing\";b:0;s:7:\"\0*\0with\";a:0:{}s:12:\"\0*\0withCount\";a:0:{}s:19:\"preventsLazyLoading\";b:0;s:10:\"\0*\0perPage\";i:15;s:6:\"exists\";b:1;s:18:\"wasRecentlyCreated\";b:0;s:28:\"\0*\0escapeWhenCastingToString\";b:0;s:13:\"\0*\0attributes\";a:10:{s:2:\"id\";s:36:\"9d199118-80e7-4563-bfaf-2c017108cee0\";s:11:\"employee_id\";s:36:\"11bc2a55-e7ed-46b7-9c03-aa9db4edce76\";s:19:\"salary_structure_id\";s:36:\"097cfb86-381a-4e26-b266-267eea6be00b\";s:11:\"base_salary\";s:9:\"334368.00\";s:14:\"effective_from\";s:10:\"2026-03-28\";s:12:\"effective_to\";N;s:6:\"status\";s:6:\"active\";s:10:\"created_at\";s:19:\"2026-03-28 10:18:22\";s:10:\"updated_at\";s:19:\"2026-03-28 10:18:22\";s:10:\"deleted_at\";N;}s:11:\"\0*\0original\";a:10:{s:2:\"id\";s:36:\"9d199118-80e7-4563-bfaf-2c017108cee0\";s:11:\"employee_id\";s:36:\"11bc2a55-e7ed-46b7-9c03-aa9db4edce76\";s:19:\"salary_structure_id\";s:36:\"097cfb86-381a-4e26-b266-267eea6be00b\";s:11:\"base_salary\";s:9:\"334368.00\";s:14:\"effective_from\";s:10:\"2026-03-28\";s:12:\"effective_to\";N;s:6:\"status\";s:6:\"active\";s:10:\"created_at\";s:19:\"2026-03-28 10:18:22\";s:10:\"updated_at\";s:19:\"2026-03-28 10:18:22\";s:10:\"deleted_at\";N;}s:10:\"\0*\0changes\";a:0:{}s:8:\"\0*\0casts\";a:1:{s:10:\"deleted_at\";s:8:\"datetime\";}s:17:\"\0*\0classCastCache\";a:0:{}s:21:\"\0*\0attributeCastCache\";a:0:{}s:13:\"\0*\0dateFormat\";N;s:10:\"\0*\0appends\";a:0:{}s:19:\"\0*\0dispatchesEvents\";a:0:{}s:14:\"\0*\0observables\";a:0:{}s:12:\"\0*\0relations\";a:1:{s:15:\"salaryStructure\";O:34:\"App\\Models\\Payroll\\SalaryStructure\":31:{s:13:\"\0*\0connection\";s:5:\"mysql\";s:8:\"\0*\0table\";s:17:\"salary_structures\";s:13:\"\0*\0primaryKey\";s:2:\"id\";s:10:\"\0*\0keyType\";s:6:\"string\";s:12:\"incrementing\";b:0;s:7:\"\0*\0with\";a:0:{}s:12:\"\0*\0withCount\";a:0:{}s:19:\"preventsLazyLoading\";b:0;s:10:\"\0*\0perPage\";i:15;s:6:\"exists\";b:1;s:18:\"wasRecentlyCreated\";b:0;s:28:\"\0*\0escapeWhenCastingToString\";b:0;s:13:\"\0*\0attributes\";a:8:{s:2:\"id\";s:36:\"097cfb86-381a-4e26-b266-267eea6be00b\";s:15:\"organisation_id\";s:36:\"ac7e5b0f-d0dd-44a4-913c-6d365861fad6\";s:4:\"name\";s:11:\"SRCU-MMKMBL\";s:9:\"basic_pay\";s:9:\"334368.00\";s:5:\"notes\";s:20:\"Marco Mazoya Kambilo\";s:10:\"created_at\";s:19:\"2026-01-20 13:53:12\";s:10:\"updated_at\";s:19:\"2026-03-28 08:55:46\";s:10:\"deleted_at\";N;}s:11:\"\0*\0original\";a:8:{s:2:\"id\";s:36:\"097cfb86-381a-4e26-b266-267eea6be00b\";s:15:\"organisation_id\";s:36:\"ac7e5b0f-d0dd-44a4-913c-6d365861fad6\";s:4:\"name\";s:11:\"SRCU-MMKMBL\";s:9:\"basic_pay\";s:9:\"334368.00\";s:5:\"notes\";s:20:\"Marco Mazoya Kambilo\";s:10:\"created_at\";s:19:\"2026-01-20 13:53:12\";s:10:\"updated_at\";s:19:\"2026-03-28 08:55:46\";s:10:\"deleted_at\";N;}s:10:\"\0*\0changes\";a:0:{}s:8:\"\0*\0casts\";a:3:{s:19:\"additional_benefits\";s:5:\"array\";s:21:\"additional_deductions\";s:5:\"array\";s:10:\"deleted_at\";s:8:\"datetime\";}s:17:\"\0*\0classCastCache\";a:0:{}s:21:\"\0*\0attributeCastCache\";a:0:{}s:13:\"\0*\0dateFormat\";N;s:10:\"\0*\0appends\";a:0:{}s:19:\"\0*\0dispatchesEvents\";a:0:{}s:14:\"\0*\0observables\";a:0:{}s:12:\"\0*\0relations\";a:0:{}s:10:\"\0*\0touches\";a:0:{}s:10:\"timestamps\";b:1;s:13:\"usesUniqueIds\";b:0;s:9:\"\0*\0hidden\";a:0:{}s:10:\"\0*\0visible\";a:0:{}s:11:\"\0*\0fillable\";a:0:{}s:10:\"\0*\0guarded\";a:1:{i:0;s:2:\"id\";}s:16:\"\0*\0forceDeleting\";b:0;}}s:10:\"\0*\0touches\";a:0:{}s:10:\"timestamps\";b:1;s:13:\"usesUniqueIds\";b:0;s:9:\"\0*\0hidden\";a:0:{}s:10:\"\0*\0visible\";a:0:{}s:11:\"\0*\0fillable\";a:0:{}s:10:\"\0*\0guarded\";a:1:{i:0;s:2:\"id\";}s:16:\"\0*\0forceDeleting\";b:0;}s:10:\"deductions\";O:39:\"Illuminate\\Database\\Eloquent\\Collection\":2:{s:8:\"\0*\0items\";a:3:{i:0;O:36:\"App\\Models\\Payroll\\EmployeeDeduction\":30:{s:13:\"\0*\0connection\";s:5:\"mysql\";s:8:\"\0*\0table\";s:19:\"employee_deductions\";s:13:\"\0*\0primaryKey\";s:2:\"id\";s:10:\"\0*\0keyType\";s:6:\"string\";s:12:\"incrementing\";b:0;s:7:\"\0*\0with\";a:0:{}s:12:\"\0*\0withCount\";a:0:{}s:19:\"preventsLazyLoading\";b:0;s:10:\"\0*\0perPage\";i:15;s:6:\"exists\";b:1;s:18:\"wasRecentlyCreated\";b:0;s:28:\"\0*\0escapeWhenCastingToString\";b:0;s:13:\"\0*\0attributes\";a:7:{s:2:\"id\";s:36:\"7101174b-bbb2-4acc-b470-0c7f3981d468\";s:11:\"employee_id\";s:36:\"11bc2a55-e7ed-46b7-9c03-aa9db4edce76\";s:17:\"deduction_type_id\";s:36:\"f1170465-a3af-4e4d-adb1-85d89647f8c1\";s:5:\"value\";s:7:\"6687.00\";s:6:\"status\";s:6:\"active\";s:10:\"created_at\";s:19:\"2026-03-28 10:18:22\";s:10:\"updated_at\";s:19:\"2026-03-28 10:18:22\";}s:11:\"\0*\0original\";a:7:{s:2:\"id\";s:36:\"7101174b-bbb2-4acc-b470-0c7f3981d468\";s:11:\"employee_id\";s:36:\"11bc2a55-e7ed-46b7-9c03-aa9db4edce76\";s:17:\"deduction_type_id\";s:36:\"f1170465-a3af-4e4d-adb1-85d89647f8c1\";s:5:\"value\";s:7:\"6687.00\";s:6:\"status\";s:6:\"active\";s:10:\"created_at\";s:19:\"2026-03-28 10:18:22\";s:10:\"updated_at\";s:19:\"2026-03-28 10:18:22\";}s:10:\"\0*\0changes\";a:0:{}s:8:\"\0*\0casts\";a:0:{}s:17:\"\0*\0classCastCache\";a:0:{}s:21:\"\0*\0attributeCastCache\";a:0:{}s:13:\"\0*\0dateFormat\";N;s:10:\"\0*\0appends\";a:0:{}s:19:\"\0*\0dispatchesEvents\";a:0:{}s:14:\"\0*\0observables\";a:0:{}s:12:\"\0*\0relations\";a:1:{s:4:\"type\";r:2196;}s:10:\"\0*\0touches\";a:0:{}s:10:\"timestamps\";b:1;s:13:\"usesUniqueIds\";b:0;s:9:\"\0*\0hidden\";a:0:{}s:10:\"\0*\0visible\";a:0:{}s:11:\"\0*\0fillable\";a:0:{}s:10:\"\0*\0guarded\";a:1:{i:0;s:2:\"id\";}}i:1;O:36:\"App\\Models\\Payroll\\EmployeeDeduction\":30:{s:13:\"\0*\0connection\";s:5:\"mysql\";s:8:\"\0*\0table\";s:19:\"employee_deductions\";s:13:\"\0*\0primaryKey\";s:2:\"id\";s:10:\"\0*\0keyType\";s:6:\"string\";s:12:\"incrementing\";b:0;s:7:\"\0*\0with\";a:0:{}s:12:\"\0*\0withCount\";a:0:{}s:19:\"preventsLazyLoading\";b:0;s:10:\"\0*\0perPage\";i:15;s:6:\"exists\";b:1;s:18:\"wasRecentlyCreated\";b:0;s:28:\"\0*\0escapeWhenCastingToString\";b:0;s:13:\"\0*\0attributes\";a:7:{s:2:\"id\";s:36:\"9e4e1fbd-d044-4d98-957e-beee77b566c7\";s:11:\"employee_id\";s:36:\"11bc2a55-e7ed-46b7-9c03-aa9db4edce76\";s:17:\"deduction_type_id\";s:36:\"cb05eca5-cfb0-45d1-8e16-f9dc50f3e1d0\";s:5:\"value\";s:7:\"2474.00\";s:6:\"status\";s:6:\"active\";s:10:\"created_at\";s:19:\"2026-03-28 10:18:22\";s:10:\"updated_at\";s:19:\"2026-03-28 10:18:22\";}s:11:\"\0*\0original\";a:7:{s:2:\"id\";s:36:\"9e4e1fbd-d044-4d98-957e-beee77b566c7\";s:11:\"employee_id\";s:36:\"11bc2a55-e7ed-46b7-9c03-aa9db4edce76\";s:17:\"deduction_type_id\";s:36:\"cb05eca5-cfb0-45d1-8e16-f9dc50f3e1d0\";s:5:\"value\";s:7:\"2474.00\";s:6:\"status\";s:6:\"active\";s:10:\"created_at\";s:19:\"2026-03-28 10:18:22\";s:10:\"updated_at\";s:19:\"2026-03-28 10:18:22\";}s:10:\"\0*\0changes\";a:0:{}s:8:\"\0*\0casts\";a:0:{}s:17:\"\0*\0classCastCache\";a:0:{}s:21:\"\0*\0attributeCastCache\";a:0:{}s:13:\"\0*\0dateFormat\";N;s:10:\"\0*\0appends\";a:0:{}s:19:\"\0*\0dispatchesEvents\";a:0:{}s:14:\"\0*\0observables\";a:0:{}s:12:\"\0*\0relations\";a:1:{s:4:\"type\";O:32:\"App\\Models\\Payroll\\DeductionType\":30:{s:13:\"\0*\0connection\";s:5:\"mysql\";s:8:\"\0*\0table\";s:15:\"deduction_types\";s:13:\"\0*\0primaryKey\";s:2:\"id\";s:10:\"\0*\0keyType\";s:6:\"string\";s:12:\"incrementing\";b:0;s:7:\"\0*\0with\";a:0:{}s:12:\"\0*\0withCount\";a:0:{}s:19:\"preventsLazyLoading\";b:0;s:10:\"\0*\0perPage\";i:15;s:6:\"exists\";b:1;s:18:\"wasRecentlyCreated\";b:0;s:28:\"\0*\0escapeWhenCastingToString\";b:0;s:13:\"\0*\0attributes\";a:14:{s:2:\"id\";s:36:\"cb05eca5-cfb0-45d1-8e16-f9dc50f3e1d0\";s:15:\"organisation_id\";s:36:\"ac7e5b0f-d0dd-44a4-913c-6d365861fad6\";s:4:\"name\";s:17:\"PAYE (Income Tax)\";s:6:\"is_tax\";i:0;s:9:\"frequency\";s:7:\"Monthly\";s:10:\"account_id\";N;s:18:\"calculation_method\";s:6:\"amount\";s:12:\"deduction_is\";s:9:\"mandatory\";s:10:\"auto_apply\";i:0;s:13:\"default_value\";s:4:\"0.00\";s:11:\"description\";N;s:10:\"created_at\";s:19:\"2026-03-10 21:55:10\";s:10:\"updated_at\";s:19:\"2026-03-10 21:55:10\";s:10:\"deleted_at\";N;}s:11:\"\0*\0original\";a:14:{s:2:\"id\";s:36:\"cb05eca5-cfb0-45d1-8e16-f9dc50f3e1d0\";s:15:\"organisation_id\";s:36:\"ac7e5b0f-d0dd-44a4-913c-6d365861fad6\";s:4:\"name\";s:17:\"PAYE (Income Tax)\";s:6:\"is_tax\";i:0;s:9:\"frequency\";s:7:\"Monthly\";s:10:\"account_id\";N;s:18:\"calculation_method\";s:6:\"amount\";s:12:\"deduction_is\";s:9:\"mandatory\";s:10:\"auto_apply\";i:0;s:13:\"default_value\";s:4:\"0.00\";s:11:\"description\";N;s:10:\"created_at\";s:19:\"2026-03-10 21:55:10\";s:10:\"updated_at\";s:19:\"2026-03-10 21:55:10\";s:10:\"deleted_at\";N;}s:10:\"\0*\0changes\";a:0:{}s:8:\"\0*\0casts\";a:0:{}s:17:\"\0*\0classCastCache\";a:0:{}s:21:\"\0*\0attributeCastCache\";a:0:{}s:13:\"\0*\0dateFormat\";N;s:10:\"\0*\0appends\";a:0:{}s:19:\"\0*\0dispatchesEvents\";a:0:{}s:14:\"\0*\0observables\";a:0:{}s:12:\"\0*\0relations\";a:0:{}s:10:\"\0*\0touches\";a:0:{}s:10:\"timestamps\";b:1;s:13:\"usesUniqueIds\";b:0;s:9:\"\0*\0hidden\";a:0:{}s:10:\"\0*\0visible\";a:0:{}s:11:\"\0*\0fillable\";a:0:{}s:10:\"\0*\0guarded\";a:1:{i:0;s:2:\"id\";}}}s:10:\"\0*\0touches\";a:0:{}s:10:\"timestamps\";b:1;s:13:\"usesUniqueIds\";b:0;s:9:\"\0*\0hidden\";a:0:{}s:10:\"\0*\0visible\";a:0:{}s:11:\"\0*\0fillable\";a:0:{}s:10:\"\0*\0guarded\";a:1:{i:0;s:2:\"id\";}}i:2;O:36:\"App\\Models\\Payroll\\EmployeeDeduction\":30:{s:13:\"\0*\0connection\";s:5:\"mysql\";s:8:\"\0*\0table\";s:19:\"employee_deductions\";s:13:\"\0*\0primaryKey\";s:2:\"id\";s:10:\"\0*\0keyType\";s:6:\"string\";s:12:\"incrementing\";b:0;s:7:\"\0*\0with\";a:0:{}s:12:\"\0*\0withCount\";a:0:{}s:19:\"preventsLazyLoading\";b:0;s:10:\"\0*\0perPage\";i:15;s:6:\"exists\";b:1;s:18:\"wasRecentlyCreated\";b:0;s:28:\"\0*\0escapeWhenCastingToString\";b:0;s:13:\"\0*\0attributes\";a:7:{s:2:\"id\";s:36:\"b0e2e055-b0de-4a2a-8e1b-1692fa89f209\";s:11:\"employee_id\";s:36:\"11bc2a55-e7ed-46b7-9c03-aa9db4edce76\";s:17:\"deduction_type_id\";s:36:\"38d3ad00-1f9c-49c3-bfba-cfdd02ed626d\";s:5:\"value\";s:8:\"33437.00\";s:6:\"status\";s:6:\"active\";s:10:\"created_at\";s:19:\"2026-03-28 10:18:22\";s:10:\"updated_at\";s:19:\"2026-03-28 10:18:22\";}s:11:\"\0*\0original\";a:7:{s:2:\"id\";s:36:\"b0e2e055-b0de-4a2a-8e1b-1692fa89f209\";s:11:\"employee_id\";s:36:\"11bc2a55-e7ed-46b7-9c03-aa9db4edce76\";s:17:\"deduction_type_id\";s:36:\"38d3ad00-1f9c-49c3-bfba-cfdd02ed626d\";s:5:\"value\";s:8:\"33437.00\";s:6:\"status\";s:6:\"active\";s:10:\"created_at\";s:19:\"2026-03-28 10:18:22\";s:10:\"updated_at\";s:19:\"2026-03-28 10:18:22\";}s:10:\"\0*\0changes\";a:0:{}s:8:\"\0*\0casts\";a:0:{}s:17:\"\0*\0classCastCache\";a:0:{}s:21:\"\0*\0attributeCastCache\";a:0:{}s:13:\"\0*\0dateFormat\";N;s:10:\"\0*\0appends\";a:0:{}s:19:\"\0*\0dispatchesEvents\";a:0:{}s:14:\"\0*\0observables\";a:0:{}s:12:\"\0*\0relations\";a:1:{s:4:\"type\";O:32:\"App\\Models\\Payroll\\DeductionType\":30:{s:13:\"\0*\0connection\";s:5:\"mysql\";s:8:\"\0*\0table\";s:15:\"deduction_types\";s:13:\"\0*\0primaryKey\";s:2:\"id\";s:10:\"\0*\0keyType\";s:6:\"string\";s:12:\"incrementing\";b:0;s:7:\"\0*\0with\";a:0:{}s:12:\"\0*\0withCount\";a:0:{}s:19:\"preventsLazyLoading\";b:0;s:10:\"\0*\0perPage\";i:15;s:6:\"exists\";b:1;s:18:\"wasRecentlyCreated\";b:0;s:28:\"\0*\0escapeWhenCastingToString\";b:0;s:13:\"\0*\0attributes\";a:14:{s:2:\"id\";s:36:\"38d3ad00-1f9c-49c3-bfba-cfdd02ed626d\";s:15:\"organisation_id\";s:36:\"ac7e5b0f-d0dd-44a4-913c-6d365861fad6\";s:4:\"name\";s:17:\"NSSF Contribution\";s:6:\"is_tax\";i:0;s:9:\"frequency\";s:7:\"Monthly\";s:10:\"account_id\";N;s:18:\"calculation_method\";s:6:\"amount\";s:12:\"deduction_is\";s:9:\"mandatory\";s:10:\"auto_apply\";i:0;s:13:\"default_value\";s:4:\"0.00\";s:11:\"description\";N;s:10:\"created_at\";s:19:\"2026-03-10 21:55:10\";s:10:\"updated_at\";s:19:\"2026-03-10 21:55:10\";s:10:\"deleted_at\";N;}s:11:\"\0*\0original\";a:14:{s:2:\"id\";s:36:\"38d3ad00-1f9c-49c3-bfba-cfdd02ed626d\";s:15:\"organisation_id\";s:36:\"ac7e5b0f-d0dd-44a4-913c-6d365861fad6\";s:4:\"name\";s:17:\"NSSF Contribution\";s:6:\"is_tax\";i:0;s:9:\"frequency\";s:7:\"Monthly\";s:10:\"account_id\";N;s:18:\"calculation_method\";s:6:\"amount\";s:12:\"deduction_is\";s:9:\"mandatory\";s:10:\"auto_apply\";i:0;s:13:\"default_value\";s:4:\"0.00\";s:11:\"description\";N;s:10:\"created_at\";s:19:\"2026-03-10 21:55:10\";s:10:\"updated_at\";s:19:\"2026-03-10 21:55:10\";s:10:\"deleted_at\";N;}s:10:\"\0*\0changes\";a:0:{}s:8:\"\0*\0casts\";a:0:{}s:17:\"\0*\0classCastCache\";a:0:{}s:21:\"\0*\0attributeCastCache\";a:0:{}s:13:\"\0*\0dateFormat\";N;s:10:\"\0*\0appends\";a:0:{}s:19:\"\0*\0dispatchesEvents\";a:0:{}s:14:\"\0*\0observables\";a:0:{}s:12:\"\0*\0relations\";a:0:{}s:10:\"\0*\0touches\";a:0:{}s:10:\"timestamps\";b:1;s:13:\"usesUniqueIds\";b:0;s:9:\"\0*\0hidden\";a:0:{}s:10:\"\0*\0visible\";a:0:{}s:11:\"\0*\0fillable\";a:0:{}s:10:\"\0*\0guarded\";a:1:{i:0;s:2:\"id\";}}}s:10:\"\0*\0touches\";a:0:{}s:10:\"timestamps\";b:1;s:13:\"usesUniqueIds\";b:0;s:9:\"\0*\0hidden\";a:0:{}s:10:\"\0*\0visible\";a:0:{}s:11:\"\0*\0fillable\";a:0:{}s:10:\"\0*\0guarded\";a:1:{i:0;s:2:\"id\";}}}s:28:\"\0*\0escapeWhenCastingToString\";b:0;}s:10:\"allowances\";O:39:\"Illuminate\\Database\\Eloquent\\Collection\":2:{s:8:\"\0*\0items\";a:0:{}s:28:\"\0*\0escapeWhenCastingToString\";b:0;}}s:10:\"\0*\0touches\";a:0:{}s:10:\"timestamps\";b:1;s:13:\"usesUniqueIds\";b:0;s:9:\"\0*\0hidden\";a:0:{}s:10:\"\0*\0visible\";a:0:{}s:11:\"\0*\0fillable\";a:0:{}s:10:\"\0*\0guarded\";a:1:{i:0;s:2:\"id\";}}i:5;O:22:\"App\\Models\\HR\\Employee\":30:{s:13:\"\0*\0connection\";s:5:\"mysql\";s:8:\"\0*\0table\";s:9:\"employees\";s:13:\"\0*\0primaryKey\";s:2:\"id\";s:10:\"\0*\0keyType\";s:6:\"string\";s:12:\"incrementing\";b:0;s:7:\"\0*\0with\";a:0:{}s:12:\"\0*\0withCount\";a:0:{}s:19:\"preventsLazyLoading\";b:0;s:10:\"\0*\0perPage\";i:15;s:6:\"exists\";b:1;s:18:\"wasRecentlyCreated\";b:0;s:28:\"\0*\0escapeWhenCastingToString\";b:0;s:13:\"\0*\0attributes\";a:38:{s:2:\"id\";s:36:\"19620d50-9361-419d-b9af-b1ffca33c082\";s:15:\"organisation_id\";s:36:\"ac7e5b0f-d0dd-44a4-913c-6d365861fad6\";s:17:\"biometric_user_id\";N;s:13:\"employee_code\";s:10:\"EMP-B6TLLV\";s:10:\"first_name\";s:6:\"Rachel\";s:9:\"last_name\";s:6:\"Mahona\";s:10:\"other_name\";s:7:\"Matondo\";s:5:\"email\";s:22:\"rachelmahona@gmail.com\";s:14:\"official_email\";N;s:5:\"phone\";s:10:\"0753975990\";s:6:\"gender\";s:6:\"female\";s:13:\"date_of_birth\";s:10:\"1972-03-11\";s:14:\"marital_status\";s:7:\"married\";s:15:\"employment_type\";s:9:\"full_time\";s:10:\"salutation\";s:4:\"Miss\";s:7:\"address\";s:43:\"P.O.Box 349, Shinyanga,  Miti Mirefu Street\";s:4:\"city\";N;s:5:\"state\";s:9:\"Shinyanga\";s:11:\"postal_code\";N;s:7:\"country\";s:8:\"Tanzania\";s:5:\"photo\";N;s:9:\"hire_date\";s:10:\"2008-06-12\";s:16:\"termination_date\";N;s:25:\"tax_identification_number\";N;s:19:\"bank_account_number\";N;s:9:\"bank_name\";N;s:14:\"designation_id\";s:36:\"baa5d666-a262-4918-a4c5-81a4d1d79411\";s:19:\"salary_structure_id\";s:36:\"50ddf3de-259b-43ec-88b5-da62b3b36202\";s:12:\"job_title_id\";N;s:13:\"bassic_salary\";s:4:\"0.00\";s:10:\"commission\";s:4:\"0.00\";s:13:\"overtime_rate\";N;s:13:\"supervisor_id\";N;s:7:\"user_id\";s:36:\"b71ed933-ddb0-4b55-8bb9-370c5bd726e6\";s:6:\"status\";s:6:\"active\";s:10:\"created_at\";s:19:\"2026-03-23 16:38:10\";s:10:\"updated_at\";s:19:\"2026-03-23 16:38:10\";s:10:\"deleted_at\";N;}s:11:\"\0*\0original\";a:38:{s:2:\"id\";s:36:\"19620d50-9361-419d-b9af-b1ffca33c082\";s:15:\"organisation_id\";s:36:\"ac7e5b0f-d0dd-44a4-913c-6d365861fad6\";s:17:\"biometric_user_id\";N;s:13:\"employee_code\";s:10:\"EMP-B6TLLV\";s:10:\"first_name\";s:6:\"Rachel\";s:9:\"last_name\";s:6:\"Mahona\";s:10:\"other_name\";s:7:\"Matondo\";s:5:\"email\";s:22:\"rachelmahona@gmail.com\";s:14:\"official_email\";N;s:5:\"phone\";s:10:\"0753975990\";s:6:\"gender\";s:6:\"female\";s:13:\"date_of_birth\";s:10:\"1972-03-11\";s:14:\"marital_status\";s:7:\"married\";s:15:\"employment_type\";s:9:\"full_time\";s:10:\"salutation\";s:4:\"Miss\";s:7:\"address\";s:43:\"P.O.Box 349, Shinyanga,  Miti Mirefu Street\";s:4:\"city\";N;s:5:\"state\";s:9:\"Shinyanga\";s:11:\"postal_code\";N;s:7:\"country\";s:8:\"Tanzania\";s:5:\"photo\";N;s:9:\"hire_date\";s:10:\"2008-06-12\";s:16:\"termination_date\";N;s:25:\"tax_identification_number\";N;s:19:\"bank_account_number\";N;s:9:\"bank_name\";N;s:14:\"designation_id\";s:36:\"baa5d666-a262-4918-a4c5-81a4d1d79411\";s:19:\"salary_structure_id\";s:36:\"50ddf3de-259b-43ec-88b5-da62b3b36202\";s:12:\"job_title_id\";N;s:13:\"bassic_salary\";s:4:\"0.00\";s:10:\"commission\";s:4:\"0.00\";s:13:\"overtime_rate\";N;s:13:\"supervisor_id\";N;s:7:\"user_id\";s:36:\"b71ed933-ddb0-4b55-8bb9-370c5bd726e6\";s:6:\"status\";s:6:\"active\";s:10:\"created_at\";s:19:\"2026-03-23 16:38:10\";s:10:\"updated_at\";s:19:\"2026-03-23 16:38:10\";s:10:\"deleted_at\";N;}s:10:\"\0*\0changes\";a:0:{}s:8:\"\0*\0casts\";a:0:{}s:17:\"\0*\0classCastCache\";a:0:{}s:21:\"\0*\0attributeCastCache\";a:0:{}s:13:\"\0*\0dateFormat\";N;s:10:\"\0*\0appends\";a:0:{}s:19:\"\0*\0dispatchesEvents\";a:0:{}s:14:\"\0*\0observables\";a:0:{}s:12:\"\0*\0relations\";a:7:{s:10:\"supervisor\";N;s:4:\"user\";O:15:\"App\\Models\\User\":35:{s:13:\"\0*\0connection\";s:5:\"mysql\";s:8:\"\0*\0table\";s:5:\"users\";s:13:\"\0*\0primaryKey\";s:2:\"id\";s:10:\"\0*\0keyType\";s:6:\"string\";s:12:\"incrementing\";b:0;s:7:\"\0*\0with\";a:0:{}s:12:\"\0*\0withCount\";a:0:{}s:19:\"preventsLazyLoading\";b:0;s:10:\"\0*\0perPage\";i:15;s:6:\"exists\";b:1;s:18:\"wasRecentlyCreated\";b:0;s:28:\"\0*\0escapeWhenCastingToString\";b:0;s:13:\"\0*\0attributes\";a:26:{s:2:\"id\";s:36:\"b71ed933-ddb0-4b55-8bb9-370c5bd726e6\";s:15:\"organisation_id\";s:36:\"ac7e5b0f-d0dd-44a4-913c-6d365861fad6\";s:5:\"phone\";s:10:\"0753975990\";s:10:\"first_name\";s:6:\"Rachel\";s:9:\"last_name\";s:6:\"Mahona\";s:10:\"other_name\";s:7:\"Matondo\";s:5:\"email\";s:22:\"rachelmahona@gmail.com\";s:6:\"gender\";s:6:\"female\";s:13:\"date_of_birth\";s:10:\"1972-03-11\";s:14:\"marital_status\";s:6:\"single\";s:10:\"salutation\";s:4:\"Miss\";s:17:\"email_verified_at\";N;s:8:\"password\";s:60:\"$2y$12$KBog9QJFRNTeFmmJ8FJATOZqT.aKsGSUf5eWdB2vMUc.xot9hh11W\";s:3:\"pin\";N;s:15:\"profile_picture\";N;s:9:\"signature\";N;s:17:\"verification_code\";N;s:13:\"login_attempt\";i:3;s:9:\"branch_id\";N;s:6:\"status\";s:6:\"active\";s:14:\"is_first_login\";i:1;s:14:\"remember_token\";N;s:10:\"created_at\";s:19:\"2026-03-23 16:38:10\";s:10:\"updated_at\";s:19:\"2026-03-23 16:38:10\";s:10:\"deleted_at\";N;s:21:\"two_factor_expires_at\";N;}s:11:\"\0*\0original\";a:26:{s:2:\"id\";s:36:\"b71ed933-ddb0-4b55-8bb9-370c5bd726e6\";s:15:\"organisation_id\";s:36:\"ac7e5b0f-d0dd-44a4-913c-6d365861fad6\";s:5:\"phone\";s:10:\"0753975990\";s:10:\"first_name\";s:6:\"Rachel\";s:9:\"last_name\";s:6:\"Mahona\";s:10:\"other_name\";s:7:\"Matondo\";s:5:\"email\";s:22:\"rachelmahona@gmail.com\";s:6:\"gender\";s:6:\"female\";s:13:\"date_of_birth\";s:10:\"1972-03-11\";s:14:\"marital_status\";s:6:\"single\";s:10:\"salutation\";s:4:\"Miss\";s:17:\"email_verified_at\";N;s:8:\"password\";s:60:\"$2y$12$KBog9QJFRNTeFmmJ8FJATOZqT.aKsGSUf5eWdB2vMUc.xot9hh11W\";s:3:\"pin\";N;s:15:\"profile_picture\";N;s:9:\"signature\";N;s:17:\"verification_code\";N;s:13:\"login_attempt\";i:3;s:9:\"branch_id\";N;s:6:\"status\";s:6:\"active\";s:14:\"is_first_login\";i:1;s:14:\"remember_token\";N;s:10:\"created_at\";s:19:\"2026-03-23 16:38:10\";s:10:\"updated_at\";s:19:\"2026-03-23 16:38:10\";s:10:\"deleted_at\";N;s:21:\"two_factor_expires_at\";N;}s:10:\"\0*\0changes\";a:0:{}s:8:\"\0*\0casts\";a:3:{s:17:\"email_verified_at\";s:8:\"datetime\";s:8:\"password\";s:6:\"hashed\";s:10:\"deleted_at\";s:8:\"datetime\";}s:17:\"\0*\0classCastCache\";a:0:{}s:21:\"\0*\0attributeCastCache\";a:0:{}s:13:\"\0*\0dateFormat\";N;s:10:\"\0*\0appends\";a:1:{i:0;s:9:\"full_name\";}s:19:\"\0*\0dispatchesEvents\";a:0:{}s:14:\"\0*\0observables\";a:0:{}s:12:\"\0*\0relations\";a:0:{}s:10:\"\0*\0touches\";a:0:{}s:10:\"timestamps\";b:1;s:13:\"usesUniqueIds\";b:0;s:9:\"\0*\0hidden\";a:3:{i:0;s:8:\"password\";i:1;s:14:\"remember_token\";i:2;s:5:\"pivot\";}s:10:\"\0*\0visible\";a:0:{}s:11:\"\0*\0fillable\";a:0:{}s:10:\"\0*\0guarded\";a:1:{i:0;s:2:\"id\";}s:19:\"\0*\0authPasswordName\";s:8:\"password\";s:20:\"\0*\0rememberTokenName\";s:14:\"remember_token\";s:13:\"\0*\0guard_name\";s:3:\"api\";s:16:\"\0*\0forceDeleting\";b:0;s:14:\"\0*\0accessToken\";N;}s:11:\"designation\";O:25:\"App\\Models\\HR\\Designation\":31:{s:13:\"\0*\0connection\";s:5:\"mysql\";s:8:\"\0*\0table\";s:12:\"designations\";s:13:\"\0*\0primaryKey\";s:2:\"id\";s:10:\"\0*\0keyType\";s:6:\"string\";s:12:\"incrementing\";b:0;s:7:\"\0*\0with\";a:0:{}s:12:\"\0*\0withCount\";a:0:{}s:19:\"preventsLazyLoading\";b:0;s:10:\"\0*\0perPage\";i:15;s:6:\"exists\";b:1;s:18:\"wasRecentlyCreated\";b:0;s:28:\"\0*\0escapeWhenCastingToString\";b:0;s:13:\"\0*\0attributes\";a:8:{s:2:\"id\";s:36:\"baa5d666-a262-4918-a4c5-81a4d1d79411\";s:15:\"organisation_id\";s:36:\"ac7e5b0f-d0dd-44a4-913c-6d365861fad6\";s:13:\"department_id\";s:36:\"c4cdef40-63ec-45db-b1b2-4864e6af1784\";s:16:\"designation_name\";s:20:\"Assistant Accountant\";s:11:\"description\";s:20:\"Assistant Accountant\";s:10:\"created_at\";s:19:\"2026-01-21 09:17:59\";s:10:\"updated_at\";s:19:\"2026-01-21 09:17:59\";s:10:\"deleted_at\";N;}s:11:\"\0*\0original\";a:8:{s:2:\"id\";s:36:\"baa5d666-a262-4918-a4c5-81a4d1d79411\";s:15:\"organisation_id\";s:36:\"ac7e5b0f-d0dd-44a4-913c-6d365861fad6\";s:13:\"department_id\";s:36:\"c4cdef40-63ec-45db-b1b2-4864e6af1784\";s:16:\"designation_name\";s:20:\"Assistant Accountant\";s:11:\"description\";s:20:\"Assistant Accountant\";s:10:\"created_at\";s:19:\"2026-01-21 09:17:59\";s:10:\"updated_at\";s:19:\"2026-01-21 09:17:59\";s:10:\"deleted_at\";N;}s:10:\"\0*\0changes\";a:0:{}s:8:\"\0*\0casts\";a:1:{s:10:\"deleted_at\";s:8:\"datetime\";}s:17:\"\0*\0classCastCache\";a:0:{}s:21:\"\0*\0attributeCastCache\";a:0:{}s:13:\"\0*\0dateFormat\";N;s:10:\"\0*\0appends\";a:0:{}s:19:\"\0*\0dispatchesEvents\";a:0:{}s:14:\"\0*\0observables\";a:0:{}s:12:\"\0*\0relations\";a:1:{s:10:\"department\";O:24:\"App\\Models\\HR\\Department\":31:{s:13:\"\0*\0connection\";s:5:\"mysql\";s:8:\"\0*\0table\";s:11:\"departments\";s:13:\"\0*\0primaryKey\";s:2:\"id\";s:10:\"\0*\0keyType\";s:6:\"string\";s:12:\"incrementing\";b:0;s:7:\"\0*\0with\";a:0:{}s:12:\"\0*\0withCount\";a:0:{}s:19:\"preventsLazyLoading\";b:0;s:10:\"\0*\0perPage\";i:15;s:6:\"exists\";b:1;s:18:\"wasRecentlyCreated\";b:0;s:28:\"\0*\0escapeWhenCastingToString\";b:0;s:13:\"\0*\0attributes\";a:9:{s:2:\"id\";s:36:\"c4cdef40-63ec-45db-b1b2-4864e6af1784\";s:15:\"organisation_id\";s:36:\"ac7e5b0f-d0dd-44a4-913c-6d365861fad6\";s:16:\"head_employee_id\";N;s:20:\"parent_department_id\";N;s:4:\"name\";s:8:\"Accounts\";s:11:\"description\";s:7:\"Account\";s:10:\"created_at\";s:19:\"2026-01-20 02:08:20\";s:10:\"updated_at\";s:19:\"2026-01-20 02:08:20\";s:10:\"deleted_at\";N;}s:11:\"\0*\0original\";a:9:{s:2:\"id\";s:36:\"c4cdef40-63ec-45db-b1b2-4864e6af1784\";s:15:\"organisation_id\";s:36:\"ac7e5b0f-d0dd-44a4-913c-6d365861fad6\";s:16:\"head_employee_id\";N;s:20:\"parent_department_id\";N;s:4:\"name\";s:8:\"Accounts\";s:11:\"description\";s:7:\"Account\";s:10:\"created_at\";s:19:\"2026-01-20 02:08:20\";s:10:\"updated_at\";s:19:\"2026-01-20 02:08:20\";s:10:\"deleted_at\";N;}s:10:\"\0*\0changes\";a:0:{}s:8:\"\0*\0casts\";a:1:{s:10:\"deleted_at\";s:8:\"datetime\";}s:17:\"\0*\0classCastCache\";a:0:{}s:21:\"\0*\0attributeCastCache\";a:0:{}s:13:\"\0*\0dateFormat\";N;s:10:\"\0*\0appends\";a:0:{}s:19:\"\0*\0dispatchesEvents\";a:0:{}s:14:\"\0*\0observables\";a:0:{}s:12:\"\0*\0relations\";a:0:{}s:10:\"\0*\0touches\";a:0:{}s:10:\"timestamps\";b:1;s:13:\"usesUniqueIds\";b:0;s:9:\"\0*\0hidden\";a:0:{}s:10:\"\0*\0visible\";a:0:{}s:11:\"\0*\0fillable\";a:0:{}s:10:\"\0*\0guarded\";a:1:{i:0;s:2:\"id\";}s:16:\"\0*\0forceDeleting\";b:0;}}s:10:\"\0*\0touches\";a:0:{}s:10:\"timestamps\";b:1;s:13:\"usesUniqueIds\";b:0;s:9:\"\0*\0hidden\";a:0:{}s:10:\"\0*\0visible\";a:0:{}s:11:\"\0*\0fillable\";a:0:{}s:10:\"\0*\0guarded\";a:1:{i:0;s:2:\"id\";}s:16:\"\0*\0forceDeleting\";b:0;}s:18:\"employee_structure\";O:39:\"Illuminate\\Database\\Eloquent\\Collection\":2:{s:8:\"\0*\0items\";a:1:{i:0;O:42:\"App\\Models\\Payroll\\EmployeeSalaryStructure\":31:{s:13:\"\0*\0connection\";s:5:\"mysql\";s:8:\"\0*\0table\";s:26:\"employee_salary_structures\";s:13:\"\0*\0primaryKey\";s:2:\"id\";s:10:\"\0*\0keyType\";s:6:\"string\";s:12:\"incrementing\";b:0;s:7:\"\0*\0with\";a:0:{}s:12:\"\0*\0withCount\";a:0:{}s:19:\"preventsLazyLoading\";b:0;s:10:\"\0*\0perPage\";i:15;s:6:\"exists\";b:1;s:18:\"wasRecentlyCreated\";b:0;s:28:\"\0*\0escapeWhenCastingToString\";b:0;s:13:\"\0*\0attributes\";a:10:{s:2:\"id\";s:36:\"8a27d21e-62db-42a8-8881-c2d48a8f60de\";s:11:\"employee_id\";s:36:\"19620d50-9361-419d-b9af-b1ffca33c082\";s:19:\"salary_structure_id\";s:36:\"50ddf3de-259b-43ec-88b5-da62b3b36202\";s:11:\"base_salary\";s:9:\"939181.00\";s:14:\"effective_from\";s:10:\"2026-03-23\";s:12:\"effective_to\";N;s:6:\"status\";s:6:\"active\";s:10:\"created_at\";s:19:\"2026-03-23 16:38:10\";s:10:\"updated_at\";s:19:\"2026-03-23 16:38:10\";s:10:\"deleted_at\";N;}s:11:\"\0*\0original\";a:10:{s:2:\"id\";s:36:\"8a27d21e-62db-42a8-8881-c2d48a8f60de\";s:11:\"employee_id\";s:36:\"19620d50-9361-419d-b9af-b1ffca33c082\";s:19:\"salary_structure_id\";s:36:\"50ddf3de-259b-43ec-88b5-da62b3b36202\";s:11:\"base_salary\";s:9:\"939181.00\";s:14:\"effective_from\";s:10:\"2026-03-23\";s:12:\"effective_to\";N;s:6:\"status\";s:6:\"active\";s:10:\"created_at\";s:19:\"2026-03-23 16:38:10\";s:10:\"updated_at\";s:19:\"2026-03-23 16:38:10\";s:10:\"deleted_at\";N;}s:10:\"\0*\0changes\";a:0:{}s:8:\"\0*\0casts\";a:1:{s:10:\"deleted_at\";s:8:\"datetime\";}s:17:\"\0*\0classCastCache\";a:0:{}s:21:\"\0*\0attributeCastCache\";a:0:{}s:13:\"\0*\0dateFormat\";N;s:10:\"\0*\0appends\";a:0:{}s:19:\"\0*\0dispatchesEvents\";a:0:{}s:14:\"\0*\0observables\";a:0:{}s:12:\"\0*\0relations\";a:1:{s:15:\"salaryStructure\";O:34:\"App\\Models\\Payroll\\SalaryStructure\":31:{s:13:\"\0*\0connection\";s:5:\"mysql\";s:8:\"\0*\0table\";s:17:\"salary_structures\";s:13:\"\0*\0primaryKey\";s:2:\"id\";s:10:\"\0*\0keyType\";s:6:\"string\";s:12:\"incrementing\";b:0;s:7:\"\0*\0with\";a:0:{}s:12:\"\0*\0withCount\";a:0:{}s:19:\"preventsLazyLoading\";b:0;s:10:\"\0*\0perPage\";i:15;s:6:\"exists\";b:1;s:18:\"wasRecentlyCreated\";b:0;s:28:\"\0*\0escapeWhenCastingToString\";b:0;s:13:\"\0*\0attributes\";a:8:{s:2:\"id\";s:36:\"50ddf3de-259b-43ec-88b5-da62b3b36202\";s:15:\"organisation_id\";s:36:\"ac7e5b0f-d0dd-44a4-913c-6d365861fad6\";s:4:\"name\";s:8:\"SRCU-RMM\";s:9:\"basic_pay\";s:9:\"939181.00\";s:5:\"notes\";s:21:\"Rachel Matondo Mahona\";s:10:\"created_at\";s:19:\"2026-01-20 12:41:08\";s:10:\"updated_at\";s:19:\"2026-01-20 14:02:01\";s:10:\"deleted_at\";N;}s:11:\"\0*\0original\";a:8:{s:2:\"id\";s:36:\"50ddf3de-259b-43ec-88b5-da62b3b36202\";s:15:\"organisation_id\";s:36:\"ac7e5b0f-d0dd-44a4-913c-6d365861fad6\";s:4:\"name\";s:8:\"SRCU-RMM\";s:9:\"basic_pay\";s:9:\"939181.00\";s:5:\"notes\";s:21:\"Rachel Matondo Mahona\";s:10:\"created_at\";s:19:\"2026-01-20 12:41:08\";s:10:\"updated_at\";s:19:\"2026-01-20 14:02:01\";s:10:\"deleted_at\";N;}s:10:\"\0*\0changes\";a:0:{}s:8:\"\0*\0casts\";a:3:{s:19:\"additional_benefits\";s:5:\"array\";s:21:\"additional_deductions\";s:5:\"array\";s:10:\"deleted_at\";s:8:\"datetime\";}s:17:\"\0*\0classCastCache\";a:0:{}s:21:\"\0*\0attributeCastCache\";a:0:{}s:13:\"\0*\0dateFormat\";N;s:10:\"\0*\0appends\";a:0:{}s:19:\"\0*\0dispatchesEvents\";a:0:{}s:14:\"\0*\0observables\";a:0:{}s:12:\"\0*\0relations\";a:0:{}s:10:\"\0*\0touches\";a:0:{}s:10:\"timestamps\";b:1;s:13:\"usesUniqueIds\";b:0;s:9:\"\0*\0hidden\";a:0:{}s:10:\"\0*\0visible\";a:0:{}s:11:\"\0*\0fillable\";a:0:{}s:10:\"\0*\0guarded\";a:1:{i:0;s:2:\"id\";}s:16:\"\0*\0forceDeleting\";b:0;}}s:10:\"\0*\0touches\";a:0:{}s:10:\"timestamps\";b:1;s:13:\"usesUniqueIds\";b:0;s:9:\"\0*\0hidden\";a:0:{}s:10:\"\0*\0visible\";a:0:{}s:11:\"\0*\0fillable\";a:0:{}s:10:\"\0*\0guarded\";a:1:{i:0;s:2:\"id\";}s:16:\"\0*\0forceDeleting\";b:0;}}s:28:\"\0*\0escapeWhenCastingToString\";b:0;}s:24:\"currentEmployeeStructure\";O:42:\"App\\Models\\Payroll\\EmployeeSalaryStructure\":31:{s:13:\"\0*\0connection\";s:5:\"mysql\";s:8:\"\0*\0table\";s:26:\"employee_salary_structures\";s:13:\"\0*\0primaryKey\";s:2:\"id\";s:10:\"\0*\0keyType\";s:6:\"string\";s:12:\"incrementing\";b:0;s:7:\"\0*\0with\";a:0:{}s:12:\"\0*\0withCount\";a:0:{}s:19:\"preventsLazyLoading\";b:0;s:10:\"\0*\0perPage\";i:15;s:6:\"exists\";b:1;s:18:\"wasRecentlyCreated\";b:0;s:28:\"\0*\0escapeWhenCastingToString\";b:0;s:13:\"\0*\0attributes\";a:10:{s:2:\"id\";s:36:\"8a27d21e-62db-42a8-8881-c2d48a8f60de\";s:11:\"employee_id\";s:36:\"19620d50-9361-419d-b9af-b1ffca33c082\";s:19:\"salary_structure_id\";s:36:\"50ddf3de-259b-43ec-88b5-da62b3b36202\";s:11:\"base_salary\";s:9:\"939181.00\";s:14:\"effective_from\";s:10:\"2026-03-23\";s:12:\"effective_to\";N;s:6:\"status\";s:6:\"active\";s:10:\"created_at\";s:19:\"2026-03-23 16:38:10\";s:10:\"updated_at\";s:19:\"2026-03-23 16:38:10\";s:10:\"deleted_at\";N;}s:11:\"\0*\0original\";a:10:{s:2:\"id\";s:36:\"8a27d21e-62db-42a8-8881-c2d48a8f60de\";s:11:\"employee_id\";s:36:\"19620d50-9361-419d-b9af-b1ffca33c082\";s:19:\"salary_structure_id\";s:36:\"50ddf3de-259b-43ec-88b5-da62b3b36202\";s:11:\"base_salary\";s:9:\"939181.00\";s:14:\"effective_from\";s:10:\"2026-03-23\";s:12:\"effective_to\";N;s:6:\"status\";s:6:\"active\";s:10:\"created_at\";s:19:\"2026-03-23 16:38:10\";s:10:\"updated_at\";s:19:\"2026-03-23 16:38:10\";s:10:\"deleted_at\";N;}s:10:\"\0*\0changes\";a:0:{}s:8:\"\0*\0casts\";a:1:{s:10:\"deleted_at\";s:8:\"datetime\";}s:17:\"\0*\0classCastCache\";a:0:{}s:21:\"\0*\0attributeCastCache\";a:0:{}s:13:\"\0*\0dateFormat\";N;s:10:\"\0*\0appends\";a:0:{}s:19:\"\0*\0dispatchesEvents\";a:0:{}s:14:\"\0*\0observables\";a:0:{}s:12:\"\0*\0relations\";a:1:{s:15:\"salaryStructure\";O:34:\"App\\Models\\Payroll\\SalaryStructure\":31:{s:13:\"\0*\0connection\";s:5:\"mysql\";s:8:\"\0*\0table\";s:17:\"salary_structures\";s:13:\"\0*\0primaryKey\";s:2:\"id\";s:10:\"\0*\0keyType\";s:6:\"string\";s:12:\"incrementing\";b:0;s:7:\"\0*\0with\";a:0:{}s:12:\"\0*\0withCount\";a:0:{}s:19:\"preventsLazyLoading\";b:0;s:10:\"\0*\0perPage\";i:15;s:6:\"exists\";b:1;s:18:\"wasRecentlyCreated\";b:0;s:28:\"\0*\0escapeWhenCastingToString\";b:0;s:13:\"\0*\0attributes\";a:8:{s:2:\"id\";s:36:\"50ddf3de-259b-43ec-88b5-da62b3b36202\";s:15:\"organisation_id\";s:36:\"ac7e5b0f-d0dd-44a4-913c-6d365861fad6\";s:4:\"name\";s:8:\"SRCU-RMM\";s:9:\"basic_pay\";s:9:\"939181.00\";s:5:\"notes\";s:21:\"Rachel Matondo Mahona\";s:10:\"created_at\";s:19:\"2026-01-20 12:41:08\";s:10:\"updated_at\";s:19:\"2026-01-20 14:02:01\";s:10:\"deleted_at\";N;}s:11:\"\0*\0original\";a:8:{s:2:\"id\";s:36:\"50ddf3de-259b-43ec-88b5-da62b3b36202\";s:15:\"organisation_id\";s:36:\"ac7e5b0f-d0dd-44a4-913c-6d365861fad6\";s:4:\"name\";s:8:\"SRCU-RMM\";s:9:\"basic_pay\";s:9:\"939181.00\";s:5:\"notes\";s:21:\"Rachel Matondo Mahona\";s:10:\"created_at\";s:19:\"2026-01-20 12:41:08\";s:10:\"updated_at\";s:19:\"2026-01-20 14:02:01\";s:10:\"deleted_at\";N;}s:10:\"\0*\0changes\";a:0:{}s:8:\"\0*\0casts\";a:3:{s:19:\"additional_benefits\";s:5:\"array\";s:21:\"additional_deductions\";s:5:\"array\";s:10:\"deleted_at\";s:8:\"datetime\";}s:17:\"\0*\0classCastCache\";a:0:{}s:21:\"\0*\0attributeCastCache\";a:0:{}s:13:\"\0*\0dateFormat\";N;s:10:\"\0*\0appends\";a:0:{}s:19:\"\0*\0dispatchesEvents\";a:0:{}s:14:\"\0*\0observables\";a:0:{}s:12:\"\0*\0relations\";a:0:{}s:10:\"\0*\0touches\";a:0:{}s:10:\"timestamps\";b:1;s:13:\"usesUniqueIds\";b:0;s:9:\"\0*\0hidden\";a:0:{}s:10:\"\0*\0visible\";a:0:{}s:11:\"\0*\0fillable\";a:0:{}s:10:\"\0*\0guarded\";a:1:{i:0;s:2:\"id\";}s:16:\"\0*\0forceDeleting\";b:0;}}s:10:\"\0*\0touches\";a:0:{}s:10:\"timestamps\";b:1;s:13:\"usesUniqueIds\";b:0;s:9:\"\0*\0hidden\";a:0:{}s:10:\"\0*\0visible\";a:0:{}s:11:\"\0*\0fillable\";a:0:{}s:10:\"\0*\0guarded\";a:1:{i:0;s:2:\"id\";}s:16:\"\0*\0forceDeleting\";b:0;}s:10:\"deductions\";O:39:\"Illuminate\\Database\\Eloquent\\Collection\":2:{s:8:\"\0*\0items\";a:3:{i:0;O:36:\"App\\Models\\Payroll\\EmployeeDeduction\":30:{s:13:\"\0*\0connection\";s:5:\"mysql\";s:8:\"\0*\0table\";s:19:\"employee_deductions\";s:13:\"\0*\0primaryKey\";s:2:\"id\";s:10:\"\0*\0keyType\";s:6:\"string\";s:12:\"incrementing\";b:0;s:7:\"\0*\0with\";a:0:{}s:12:\"\0*\0withCount\";a:0:{}s:19:\"preventsLazyLoading\";b:0;s:10:\"\0*\0perPage\";i:15;s:6:\"exists\";b:1;s:18:\"wasRecentlyCreated\";b:0;s:28:\"\0*\0escapeWhenCastingToString\";b:0;s:13:\"\0*\0attributes\";a:7:{s:2:\"id\";s:36:\"bdbade78-2e20-4e35-bd13-3340c6caef85\";s:11:\"employee_id\";s:36:\"19620d50-9361-419d-b9af-b1ffca33c082\";s:17:\"deduction_type_id\";s:36:\"38d3ad00-1f9c-49c3-bfba-cfdd02ed626d\";s:5:\"value\";s:8:\"93918.00\";s:6:\"status\";s:6:\"active\";s:10:\"created_at\";s:19:\"2026-03-23 16:38:10\";s:10:\"updated_at\";s:19:\"2026-03-23 16:38:10\";}s:11:\"\0*\0original\";a:7:{s:2:\"id\";s:36:\"bdbade78-2e20-4e35-bd13-3340c6caef85\";s:11:\"employee_id\";s:36:\"19620d50-9361-419d-b9af-b1ffca33c082\";s:17:\"deduction_type_id\";s:36:\"38d3ad00-1f9c-49c3-bfba-cfdd02ed626d\";s:5:\"value\";s:8:\"93918.00\";s:6:\"status\";s:6:\"active\";s:10:\"created_at\";s:19:\"2026-03-23 16:38:10\";s:10:\"updated_at\";s:19:\"2026-03-23 16:38:10\";}s:10:\"\0*\0changes\";a:0:{}s:8:\"\0*\0casts\";a:0:{}s:17:\"\0*\0classCastCache\";a:0:{}s:21:\"\0*\0attributeCastCache\";a:0:{}s:13:\"\0*\0dateFormat\";N;s:10:\"\0*\0appends\";a:0:{}s:19:\"\0*\0dispatchesEvents\";a:0:{}s:14:\"\0*\0observables\";a:0:{}s:12:\"\0*\0relations\";a:1:{s:4:\"type\";r:3132;}s:10:\"\0*\0touches\";a:0:{}s:10:\"timestamps\";b:1;s:13:\"usesUniqueIds\";b:0;s:9:\"\0*\0hidden\";a:0:{}s:10:\"\0*\0visible\";a:0:{}s:11:\"\0*\0fillable\";a:0:{}s:10:\"\0*\0guarded\";a:1:{i:0;s:2:\"id\";}}i:1;O:36:\"App\\Models\\Payroll\\EmployeeDeduction\":30:{s:13:\"\0*\0connection\";s:5:\"mysql\";s:8:\"\0*\0table\";s:19:\"employee_deductions\";s:13:\"\0*\0primaryKey\";s:2:\"id\";s:10:\"\0*\0keyType\";s:6:\"string\";s:12:\"incrementing\";b:0;s:7:\"\0*\0with\";a:0:{}s:12:\"\0*\0withCount\";a:0:{}s:19:\"preventsLazyLoading\";b:0;s:10:\"\0*\0perPage\";i:15;s:6:\"exists\";b:1;s:18:\"wasRecentlyCreated\";b:0;s:28:\"\0*\0escapeWhenCastingToString\";b:0;s:13:\"\0*\0attributes\";a:7:{s:2:\"id\";s:36:\"c59cecb1-ba34-4d80-944b-80f3dbfcf067\";s:11:\"employee_id\";s:36:\"19620d50-9361-419d-b9af-b1ffca33c082\";s:17:\"deduction_type_id\";s:36:\"cb05eca5-cfb0-45d1-8e16-f9dc50f3e1d0\";s:5:\"value\";s:8:\"89316.00\";s:6:\"status\";s:6:\"active\";s:10:\"created_at\";s:19:\"2026-03-23 16:38:10\";s:10:\"updated_at\";s:19:\"2026-03-23 16:38:10\";}s:11:\"\0*\0original\";a:7:{s:2:\"id\";s:36:\"c59cecb1-ba34-4d80-944b-80f3dbfcf067\";s:11:\"employee_id\";s:36:\"19620d50-9361-419d-b9af-b1ffca33c082\";s:17:\"deduction_type_id\";s:36:\"cb05eca5-cfb0-45d1-8e16-f9dc50f3e1d0\";s:5:\"value\";s:8:\"89316.00\";s:6:\"status\";s:6:\"active\";s:10:\"created_at\";s:19:\"2026-03-23 16:38:10\";s:10:\"updated_at\";s:19:\"2026-03-23 16:38:10\";}s:10:\"\0*\0changes\";a:0:{}s:8:\"\0*\0casts\";a:0:{}s:17:\"\0*\0classCastCache\";a:0:{}s:21:\"\0*\0attributeCastCache\";a:0:{}s:13:\"\0*\0dateFormat\";N;s:10:\"\0*\0appends\";a:0:{}s:19:\"\0*\0dispatchesEvents\";a:0:{}s:14:\"\0*\0observables\";a:0:{}s:12:\"\0*\0relations\";a:1:{s:4:\"type\";r:3026;}s:10:\"\0*\0touches\";a:0:{}s:10:\"timestamps\";b:1;s:13:\"usesUniqueIds\";b:0;s:9:\"\0*\0hidden\";a:0:{}s:10:\"\0*\0visible\";a:0:{}s:11:\"\0*\0fillable\";a:0:{}s:10:\"\0*\0guarded\";a:1:{i:0;s:2:\"id\";}}i:2;O:36:\"App\\Models\\Payroll\\EmployeeDeduction\":30:{s:13:\"\0*\0connection\";s:5:\"mysql\";s:8:\"\0*\0table\";s:19:\"employee_deductions\";s:13:\"\0*\0primaryKey\";s:2:\"id\";s:10:\"\0*\0keyType\";s:6:\"string\";s:12:\"incrementing\";b:0;s:7:\"\0*\0with\";a:0:{}s:12:\"\0*\0withCount\";a:0:{}s:19:\"preventsLazyLoading\";b:0;s:10:\"\0*\0perPage\";i:15;s:6:\"exists\";b:1;s:18:\"wasRecentlyCreated\";b:0;s:28:\"\0*\0escapeWhenCastingToString\";b:0;s:13:\"\0*\0attributes\";a:7:{s:2:\"id\";s:36:\"ed86b8eb-e635-46fc-80f8-e162de086948\";s:11:\"employee_id\";s:36:\"19620d50-9361-419d-b9af-b1ffca33c082\";s:17:\"deduction_type_id\";s:36:\"f1170465-a3af-4e4d-adb1-85d89647f8c1\";s:5:\"value\";s:8:\"18784.00\";s:6:\"status\";s:6:\"active\";s:10:\"created_at\";s:19:\"2026-03-23 16:38:10\";s:10:\"updated_at\";s:19:\"2026-03-23 16:38:10\";}s:11:\"\0*\0original\";a:7:{s:2:\"id\";s:36:\"ed86b8eb-e635-46fc-80f8-e162de086948\";s:11:\"employee_id\";s:36:\"19620d50-9361-419d-b9af-b1ffca33c082\";s:17:\"deduction_type_id\";s:36:\"f1170465-a3af-4e4d-adb1-85d89647f8c1\";s:5:\"value\";s:8:\"18784.00\";s:6:\"status\";s:6:\"active\";s:10:\"created_at\";s:19:\"2026-03-23 16:38:10\";s:10:\"updated_at\";s:19:\"2026-03-23 16:38:10\";}s:10:\"\0*\0changes\";a:0:{}s:8:\"\0*\0casts\";a:0:{}s:17:\"\0*\0classCastCache\";a:0:{}s:21:\"\0*\0attributeCastCache\";a:0:{}s:13:\"\0*\0dateFormat\";N;s:10:\"\0*\0appends\";a:0:{}s:19:\"\0*\0dispatchesEvents\";a:0:{}s:14:\"\0*\0observables\";a:0:{}s:12:\"\0*\0relations\";a:1:{s:4:\"type\";r:2196;}s:10:\"\0*\0touches\";a:0:{}s:10:\"timestamps\";b:1;s:13:\"usesUniqueIds\";b:0;s:9:\"\0*\0hidden\";a:0:{}s:10:\"\0*\0visible\";a:0:{}s:11:\"\0*\0fillable\";a:0:{}s:10:\"\0*\0guarded\";a:1:{i:0;s:2:\"id\";}}}s:28:\"\0*\0escapeWhenCastingToString\";b:0;}s:10:\"allowances\";O:39:\"Illuminate\\Database\\Eloquent\\Collection\":2:{s:8:\"\0*\0items\";a:2:{i:0;O:36:\"App\\Models\\Payroll\\EmployeeAllowance\":30:{s:13:\"\0*\0connection\";s:5:\"mysql\";s:8:\"\0*\0table\";s:19:\"employee_allowances\";s:13:\"\0*\0primaryKey\";s:2:\"id\";s:10:\"\0*\0keyType\";s:6:\"string\";s:12:\"incrementing\";b:0;s:7:\"\0*\0with\";a:0:{}s:12:\"\0*\0withCount\";a:0:{}s:19:\"preventsLazyLoading\";b:0;s:10:\"\0*\0perPage\";i:15;s:6:\"exists\";b:1;s:18:\"wasRecentlyCreated\";b:0;s:28:\"\0*\0escapeWhenCastingToString\";b:0;s:13:\"\0*\0attributes\";a:9:{s:2:\"id\";s:36:\"8f515649-e148-4943-904a-f71d25814381\";s:11:\"employee_id\";s:36:\"19620d50-9361-419d-b9af-b1ffca33c082\";s:17:\"allowance_type_id\";s:36:\"c8189025-5578-48fa-b7a5-c670b13dbda9\";s:5:\"value\";s:8:\"40000.00\";s:6:\"status\";s:6:\"active\";s:10:\"start_date\";s:10:\"2026-03-23\";s:8:\"end_date\";N;s:10:\"created_at\";s:19:\"2026-03-23 16:38:10\";s:10:\"updated_at\";s:19:\"2026-03-23 16:38:10\";}s:11:\"\0*\0original\";a:9:{s:2:\"id\";s:36:\"8f515649-e148-4943-904a-f71d25814381\";s:11:\"employee_id\";s:36:\"19620d50-9361-419d-b9af-b1ffca33c082\";s:17:\"allowance_type_id\";s:36:\"c8189025-5578-48fa-b7a5-c670b13dbda9\";s:5:\"value\";s:8:\"40000.00\";s:6:\"status\";s:6:\"active\";s:10:\"start_date\";s:10:\"2026-03-23\";s:8:\"end_date\";N;s:10:\"created_at\";s:19:\"2026-03-23 16:38:10\";s:10:\"updated_at\";s:19:\"2026-03-23 16:38:10\";}s:10:\"\0*\0changes\";a:0:{}s:8:\"\0*\0casts\";a:0:{}s:17:\"\0*\0classCastCache\";a:0:{}s:21:\"\0*\0attributeCastCache\";a:0:{}s:13:\"\0*\0dateFormat\";N;s:10:\"\0*\0appends\";a:0:{}s:19:\"\0*\0dispatchesEvents\";a:0:{}s:14:\"\0*\0observables\";a:0:{}s:12:\"\0*\0relations\";a:1:{s:4:\"type\";r:935;}s:10:\"\0*\0touches\";a:0:{}s:10:\"timestamps\";b:1;s:13:\"usesUniqueIds\";b:0;s:9:\"\0*\0hidden\";a:0:{}s:10:\"\0*\0visible\";a:0:{}s:11:\"\0*\0fillable\";a:0:{}s:10:\"\0*\0guarded\";a:1:{i:0;s:2:\"id\";}}i:1;O:36:\"App\\Models\\Payroll\\EmployeeAllowance\":30:{s:13:\"\0*\0connection\";s:5:\"mysql\";s:8:\"\0*\0table\";s:19:\"employee_allowances\";s:13:\"\0*\0primaryKey\";s:2:\"id\";s:10:\"\0*\0keyType\";s:6:\"string\";s:12:\"incrementing\";b:0;s:7:\"\0*\0with\";a:0:{}s:12:\"\0*\0withCount\";a:0:{}s:19:\"preventsLazyLoading\";b:0;s:10:\"\0*\0perPage\";i:15;s:6:\"exists\";b:1;s:18:\"wasRecentlyCreated\";b:0;s:28:\"\0*\0escapeWhenCastingToString\";b:0;s:13:\"\0*\0attributes\";a:9:{s:2:\"id\";s:36:\"ff2f584d-8994-4121-b48a-f33136cca96e\";s:11:\"employee_id\";s:36:\"19620d50-9361-419d-b9af-b1ffca33c082\";s:17:\"allowance_type_id\";s:36:\"81e2c578-3d4e-4e23-bf3b-f7afeddc419f\";s:5:\"value\";s:8:\"60000.00\";s:6:\"status\";s:6:\"active\";s:10:\"start_date\";s:10:\"2026-03-23\";s:8:\"end_date\";N;s:10:\"created_at\";s:19:\"2026-03-23 16:38:10\";s:10:\"updated_at\";s:19:\"2026-03-23 16:38:10\";}s:11:\"\0*\0original\";a:9:{s:2:\"id\";s:36:\"ff2f584d-8994-4121-b48a-f33136cca96e\";s:11:\"employee_id\";s:36:\"19620d50-9361-419d-b9af-b1ffca33c082\";s:17:\"allowance_type_id\";s:36:\"81e2c578-3d4e-4e23-bf3b-f7afeddc419f\";s:5:\"value\";s:8:\"60000.00\";s:6:\"status\";s:6:\"active\";s:10:\"start_date\";s:10:\"2026-03-23\";s:8:\"end_date\";N;s:10:\"created_at\";s:19:\"2026-03-23 16:38:10\";s:10:\"updated_at\";s:19:\"2026-03-23 16:38:10\";}s:10:\"\0*\0changes\";a:0:{}s:8:\"\0*\0casts\";a:0:{}s:17:\"\0*\0classCastCache\";a:0:{}s:21:\"\0*\0attributeCastCache\";a:0:{}s:13:\"\0*\0dateFormat\";N;s:10:\"\0*\0appends\";a:0:{}s:19:\"\0*\0dispatchesEvents\";a:0:{}s:14:\"\0*\0observables\";a:0:{}s:12:\"\0*\0relations\";a:1:{s:4:\"type\";r:827;}s:10:\"\0*\0touches\";a:0:{}s:10:\"timestamps\";b:1;s:13:\"usesUniqueIds\";b:0;s:9:\"\0*\0hidden\";a:0:{}s:10:\"\0*\0visible\";a:0:{}s:11:\"\0*\0fillable\";a:0:{}s:10:\"\0*\0guarded\";a:1:{i:0;s:2:\"id\";}}}s:28:\"\0*\0escapeWhenCastingToString\";b:0;}}s:10:\"\0*\0touches\";a:0:{}s:10:\"timestamps\";b:1;s:13:\"usesUniqueIds\";b:0;s:9:\"\0*\0hidden\";a:0:{}s:10:\"\0*\0visible\";a:0:{}s:11:\"\0*\0fillable\";a:0:{}s:10:\"\0*\0guarded\";a:1:{i:0;s:2:\"id\";}}i:6;O:22:\"App\\Models\\HR\\Employee\":30:{s:13:\"\0*\0connection\";s:5:\"mysql\";s:8:\"\0*\0table\";s:9:\"employees\";s:13:\"\0*\0primaryKey\";s:2:\"id\";s:10:\"\0*\0keyType\";s:6:\"string\";s:12:\"incrementing\";b:0;s:7:\"\0*\0with\";a:0:{}s:12:\"\0*\0withCount\";a:0:{}s:19:\"preventsLazyLoading\";b:0;s:10:\"\0*\0perPage\";i:15;s:6:\"exists\";b:1;s:18:\"wasRecentlyCreated\";b:0;s:28:\"\0*\0escapeWhenCastingToString\";b:0;s:13:\"\0*\0attributes\";a:38:{s:2:\"id\";s:36:\"2ace294d-a1ba-4d55-8431-5f6c8c001575\";s:15:\"organisation_id\";s:36:\"ac7e5b0f-d0dd-44a4-913c-6d365861fad6\";s:17:\"biometric_user_id\";N;s:13:\"employee_code\";s:10:\"EMP-KGJVIA\";s:10:\"first_name\";s:5:\"Petro\";s:9:\"last_name\";s:5:\"Petro\";s:10:\"other_name\";s:4:\"Yona\";s:5:\"email\";s:19:\"petroyona@gmail.com\";s:14:\"official_email\";N;s:5:\"phone\";s:10:\"0786453421\";s:6:\"gender\";s:4:\"male\";s:13:\"date_of_birth\";s:10:\"1977-05-17\";s:14:\"marital_status\";s:7:\"married\";s:15:\"employment_type\";s:9:\"full_time\";s:10:\"salutation\";s:2:\"Mr\";s:7:\"address\";s:43:\"P.O.Box 349, Shinyanga,  Miti Mirefu Street\";s:4:\"city\";N;s:5:\"state\";s:9:\"Shinyanga\";s:11:\"postal_code\";N;s:7:\"country\";s:8:\"Tanzania\";s:5:\"photo\";N;s:9:\"hire_date\";s:10:\"2020-04-01\";s:16:\"termination_date\";N;s:25:\"tax_identification_number\";N;s:19:\"bank_account_number\";N;s:9:\"bank_name\";N;s:14:\"designation_id\";s:36:\"1334f6c9-ba92-4d16-9122-9b7d84905d28\";s:19:\"salary_structure_id\";s:36:\"6dc66e08-eed7-4f3b-aab2-b305731c9994\";s:12:\"job_title_id\";N;s:13:\"bassic_salary\";s:4:\"0.00\";s:10:\"commission\";s:4:\"0.00\";s:13:\"overtime_rate\";N;s:13:\"supervisor_id\";N;s:7:\"user_id\";s:36:\"70e07d4e-6f13-48bc-a1e6-4c559574b384\";s:6:\"status\";s:6:\"active\";s:10:\"created_at\";s:19:\"2026-03-28 09:20:45\";s:10:\"updated_at\";s:19:\"2026-03-28 09:20:45\";s:10:\"deleted_at\";N;}s:11:\"\0*\0original\";a:38:{s:2:\"id\";s:36:\"2ace294d-a1ba-4d55-8431-5f6c8c001575\";s:15:\"organisation_id\";s:36:\"ac7e5b0f-d0dd-44a4-913c-6d365861fad6\";s:17:\"biometric_user_id\";N;s:13:\"employee_code\";s:10:\"EMP-KGJVIA\";s:10:\"first_name\";s:5:\"Petro\";s:9:\"last_name\";s:5:\"Petro\";s:10:\"other_name\";s:4:\"Yona\";s:5:\"email\";s:19:\"petroyona@gmail.com\";s:14:\"official_email\";N;s:5:\"phone\";s:10:\"0786453421\";s:6:\"gender\";s:4:\"male\";s:13:\"date_of_birth\";s:10:\"1977-05-17\";s:14:\"marital_status\";s:7:\"married\";s:15:\"employment_type\";s:9:\"full_time\";s:10:\"salutation\";s:2:\"Mr\";s:7:\"address\";s:43:\"P.O.Box 349, Shinyanga,  Miti Mirefu Street\";s:4:\"city\";N;s:5:\"state\";s:9:\"Shinyanga\";s:11:\"postal_code\";N;s:7:\"country\";s:8:\"Tanzania\";s:5:\"photo\";N;s:9:\"hire_date\";s:10:\"2020-04-01\";s:16:\"termination_date\";N;s:25:\"tax_identification_number\";N;s:19:\"bank_account_number\";N;s:9:\"bank_name\";N;s:14:\"designation_id\";s:36:\"1334f6c9-ba92-4d16-9122-9b7d84905d28\";s:19:\"salary_structure_id\";s:36:\"6dc66e08-eed7-4f3b-aab2-b305731c9994\";s:12:\"job_title_id\";N;s:13:\"bassic_salary\";s:4:\"0.00\";s:10:\"commission\";s:4:\"0.00\";s:13:\"overtime_rate\";N;s:13:\"supervisor_id\";N;s:7:\"user_id\";s:36:\"70e07d4e-6f13-48bc-a1e6-4c559574b384\";s:6:\"status\";s:6:\"active\";s:10:\"created_at\";s:19:\"2026-03-28 09:20:45\";s:10:\"updated_at\";s:19:\"2026-03-28 09:20:45\";s:10:\"deleted_at\";N;}s:10:\"\0*\0changes\";a:0:{}s:8:\"\0*\0casts\";a:0:{}s:17:\"\0*\0classCastCache\";a:0:{}s:21:\"\0*\0attributeCastCache\";a:0:{}s:13:\"\0*\0dateFormat\";N;s:10:\"\0*\0appends\";a:0:{}s:19:\"\0*\0dispatchesEvents\";a:0:{}s:14:\"\0*\0observables\";a:0:{}s:12:\"\0*\0relations\";a:7:{s:10:\"supervisor\";N;s:4:\"user\";O:15:\"App\\Models\\User\":35:{s:13:\"\0*\0connection\";s:5:\"mysql\";s:8:\"\0*\0table\";s:5:\"users\";s:13:\"\0*\0primaryKey\";s:2:\"id\";s:10:\"\0*\0keyType\";s:6:\"string\";s:12:\"incrementing\";b:0;s:7:\"\0*\0with\";a:0:{}s:12:\"\0*\0withCount\";a:0:{}s:19:\"preventsLazyLoading\";b:0;s:10:\"\0*\0perPage\";i:15;s:6:\"exists\";b:1;s:18:\"wasRecentlyCreated\";b:0;s:28:\"\0*\0escapeWhenCastingToString\";b:0;s:13:\"\0*\0attributes\";a:26:{s:2:\"id\";s:36:\"70e07d4e-6f13-48bc-a1e6-4c559574b384\";s:15:\"organisation_id\";s:36:\"ac7e5b0f-d0dd-44a4-913c-6d365861fad6\";s:5:\"phone\";s:10:\"0786453421\";s:10:\"first_name\";s:5:\"Petro\";s:9:\"last_name\";s:5:\"Petro\";s:10:\"other_name\";s:4:\"Yona\";s:5:\"email\";s:19:\"petroyona@gmail.com\";s:6:\"gender\";s:4:\"male\";s:13:\"date_of_birth\";s:10:\"1977-05-17\";s:14:\"marital_status\";s:6:\"single\";s:10:\"salutation\";s:2:\"Mr\";s:17:\"email_verified_at\";N;s:8:\"password\";s:60:\"$2y$12$Tke2fd3AHMfwa.nsrn/lL.IfJWMyeDUaNihumyzUC1yTRK4QW5UHK\";s:3:\"pin\";N;s:15:\"profile_picture\";N;s:9:\"signature\";N;s:17:\"verification_code\";N;s:13:\"login_attempt\";i:3;s:9:\"branch_id\";N;s:6:\"status\";s:6:\"active\";s:14:\"is_first_login\";i:1;s:14:\"remember_token\";N;s:10:\"created_at\";s:19:\"2026-03-28 09:20:45\";s:10:\"updated_at\";s:19:\"2026-03-28 09:20:45\";s:10:\"deleted_at\";N;s:21:\"two_factor_expires_at\";N;}s:11:\"\0*\0original\";a:26:{s:2:\"id\";s:36:\"70e07d4e-6f13-48bc-a1e6-4c559574b384\";s:15:\"organisation_id\";s:36:\"ac7e5b0f-d0dd-44a4-913c-6d365861fad6\";s:5:\"phone\";s:10:\"0786453421\";s:10:\"first_name\";s:5:\"Petro\";s:9:\"last_name\";s:5:\"Petro\";s:10:\"other_name\";s:4:\"Yona\";s:5:\"email\";s:19:\"petroyona@gmail.com\";s:6:\"gender\";s:4:\"male\";s:13:\"date_of_birth\";s:10:\"1977-05-17\";s:14:\"marital_status\";s:6:\"single\";s:10:\"salutation\";s:2:\"Mr\";s:17:\"email_verified_at\";N;s:8:\"password\";s:60:\"$2y$12$Tke2fd3AHMfwa.nsrn/lL.IfJWMyeDUaNihumyzUC1yTRK4QW5UHK\";s:3:\"pin\";N;s:15:\"profile_picture\";N;s:9:\"signature\";N;s:17:\"verification_code\";N;s:13:\"login_attempt\";i:3;s:9:\"branch_id\";N;s:6:\"status\";s:6:\"active\";s:14:\"is_first_login\";i:1;s:14:\"remember_token\";N;s:10:\"created_at\";s:19:\"2026-03-28 09:20:45\";s:10:\"updated_at\";s:19:\"2026-03-28 09:20:45\";s:10:\"deleted_at\";N;s:21:\"two_factor_expires_at\";N;}s:10:\"\0*\0changes\";a:0:{}s:8:\"\0*\0casts\";a:3:{s:17:\"email_verified_at\";s:8:\"datetime\";s:8:\"password\";s:6:\"hashed\";s:10:\"deleted_at\";s:8:\"datetime\";}s:17:\"\0*\0classCastCache\";a:0:{}s:21:\"\0*\0attributeCastCache\";a:0:{}s:13:\"\0*\0dateFormat\";N;s:10:\"\0*\0appends\";a:1:{i:0;s:9:\"full_name\";}s:19:\"\0*\0dispatchesEvents\";a:0:{}s:14:\"\0*\0observables\";a:0:{}s:12:\"\0*\0relations\";a:0:{}s:10:\"\0*\0touches\";a:0:{}s:10:\"timestamps\";b:1;s:13:\"usesUniqueIds\";b:0;s:9:\"\0*\0hidden\";a:3:{i:0;s:8:\"password\";i:1;s:14:\"remember_token\";i:2;s:5:\"pivot\";}s:10:\"\0*\0visible\";a:0:{}s:11:\"\0*\0fillable\";a:0:{}s:10:\"\0*\0guarded\";a:1:{i:0;s:2:\"id\";}s:19:\"\0*\0authPasswordName\";s:8:\"password\";s:20:\"\0*\0rememberTokenName\";s:14:\"remember_token\";s:13:\"\0*\0guard_name\";s:3:\"api\";s:16:\"\0*\0forceDeleting\";b:0;s:14:\"\0*\0accessToken\";N;}s:11:\"designation\";r:2622;s:18:\"employee_structure\";O:39:\"Illuminate\\Database\\Eloquent\\Collection\":2:{s:8:\"\0*\0items\";a:1:{i:0;O:42:\"App\\Models\\Payroll\\EmployeeSalaryStructure\":31:{s:13:\"\0*\0connection\";s:5:\"mysql\";s:8:\"\0*\0table\";s:26:\"employee_salary_structures\";s:13:\"\0*\0primaryKey\";s:2:\"id\";s:10:\"\0*\0keyType\";s:6:\"string\";s:12:\"incrementing\";b:0;s:7:\"\0*\0with\";a:0:{}s:12:\"\0*\0withCount\";a:0:{}s:19:\"preventsLazyLoading\";b:0;s:10:\"\0*\0perPage\";i:15;s:6:\"exists\";b:1;s:18:\"wasRecentlyCreated\";b:0;s:28:\"\0*\0escapeWhenCastingToString\";b:0;s:13:\"\0*\0attributes\";a:10:{s:2:\"id\";s:36:\"57023fbb-4367-40e0-9ee1-648c442f02d0\";s:11:\"employee_id\";s:36:\"2ace294d-a1ba-4d55-8431-5f6c8c001575\";s:19:\"salary_structure_id\";s:36:\"6dc66e08-eed7-4f3b-aab2-b305731c9994\";s:11:\"base_salary\";s:9:\"334368.00\";s:14:\"effective_from\";s:10:\"2026-03-28\";s:12:\"effective_to\";N;s:6:\"status\";s:6:\"active\";s:10:\"created_at\";s:19:\"2026-03-28 09:20:45\";s:10:\"updated_at\";s:19:\"2026-03-28 09:20:45\";s:10:\"deleted_at\";N;}s:11:\"\0*\0original\";a:10:{s:2:\"id\";s:36:\"57023fbb-4367-40e0-9ee1-648c442f02d0\";s:11:\"employee_id\";s:36:\"2ace294d-a1ba-4d55-8431-5f6c8c001575\";s:19:\"salary_structure_id\";s:36:\"6dc66e08-eed7-4f3b-aab2-b305731c9994\";s:11:\"base_salary\";s:9:\"334368.00\";s:14:\"effective_from\";s:10:\"2026-03-28\";s:12:\"effective_to\";N;s:6:\"status\";s:6:\"active\";s:10:\"created_at\";s:19:\"2026-03-28 09:20:45\";s:10:\"updated_at\";s:19:\"2026-03-28 09:20:45\";s:10:\"deleted_at\";N;}s:10:\"\0*\0changes\";a:0:{}s:8:\"\0*\0casts\";a:1:{s:10:\"deleted_at\";s:8:\"datetime\";}s:17:\"\0*\0classCastCache\";a:0:{}s:21:\"\0*\0attributeCastCache\";a:0:{}s:13:\"\0*\0dateFormat\";N;s:10:\"\0*\0appends\";a:0:{}s:19:\"\0*\0dispatchesEvents\";a:0:{}s:14:\"\0*\0observables\";a:0:{}s:12:\"\0*\0relations\";a:1:{s:15:\"salaryStructure\";O:34:\"App\\Models\\Payroll\\SalaryStructure\":31:{s:13:\"\0*\0connection\";s:5:\"mysql\";s:8:\"\0*\0table\";s:17:\"salary_structures\";s:13:\"\0*\0primaryKey\";s:2:\"id\";s:10:\"\0*\0keyType\";s:6:\"string\";s:12:\"incrementing\";b:0;s:7:\"\0*\0with\";a:0:{}s:12:\"\0*\0withCount\";a:0:{}s:19:\"preventsLazyLoading\";b:0;s:10:\"\0*\0perPage\";i:15;s:6:\"exists\";b:1;s:18:\"wasRecentlyCreated\";b:0;s:28:\"\0*\0escapeWhenCastingToString\";b:0;s:13:\"\0*\0attributes\";a:8:{s:2:\"id\";s:36:\"6dc66e08-eed7-4f3b-aab2-b305731c9994\";s:15:\"organisation_id\";s:36:\"ac7e5b0f-d0dd-44a4-913c-6d365861fad6\";s:4:\"name\";s:8:\"SRCU-PYP\";s:9:\"basic_pay\";s:9:\"334368.00\";s:5:\"notes\";s:16:\"Petro Yona Petro\";s:10:\"created_at\";s:19:\"2026-01-20 13:44:10\";s:10:\"updated_at\";s:19:\"2026-01-20 13:44:10\";s:10:\"deleted_at\";N;}s:11:\"\0*\0original\";a:8:{s:2:\"id\";s:36:\"6dc66e08-eed7-4f3b-aab2-b305731c9994\";s:15:\"organisation_id\";s:36:\"ac7e5b0f-d0dd-44a4-913c-6d365861fad6\";s:4:\"name\";s:8:\"SRCU-PYP\";s:9:\"basic_pay\";s:9:\"334368.00\";s:5:\"notes\";s:16:\"Petro Yona Petro\";s:10:\"created_at\";s:19:\"2026-01-20 13:44:10\";s:10:\"updated_at\";s:19:\"2026-01-20 13:44:10\";s:10:\"deleted_at\";N;}s:10:\"\0*\0changes\";a:0:{}s:8:\"\0*\0casts\";a:3:{s:19:\"additional_benefits\";s:5:\"array\";s:21:\"additional_deductions\";s:5:\"array\";s:10:\"deleted_at\";s:8:\"datetime\";}s:17:\"\0*\0classCastCache\";a:0:{}s:21:\"\0*\0attributeCastCache\";a:0:{}s:13:\"\0*\0dateFormat\";N;s:10:\"\0*\0appends\";a:0:{}s:19:\"\0*\0dispatchesEvents\";a:0:{}s:14:\"\0*\0observables\";a:0:{}s:12:\"\0*\0relations\";a:0:{}s:10:\"\0*\0touches\";a:0:{}s:10:\"timestamps\";b:1;s:13:\"usesUniqueIds\";b:0;s:9:\"\0*\0hidden\";a:0:{}s:10:\"\0*\0visible\";a:0:{}s:11:\"\0*\0fillable\";a:0:{}s:10:\"\0*\0guarded\";a:1:{i:0;s:2:\"id\";}s:16:\"\0*\0forceDeleting\";b:0;}}s:10:\"\0*\0touches\";a:0:{}s:10:\"timestamps\";b:1;s:13:\"usesUniqueIds\";b:0;s:9:\"\0*\0hidden\";a:0:{}s:10:\"\0*\0visible\";a:0:{}s:11:\"\0*\0fillable\";a:0:{}s:10:\"\0*\0guarded\";a:1:{i:0;s:2:\"id\";}s:16:\"\0*\0forceDeleting\";b:0;}}s:28:\"\0*\0escapeWhenCastingToString\";b:0;}s:24:\"currentEmployeeStructure\";O:42:\"App\\Models\\Payroll\\EmployeeSalaryStructure\":31:{s:13:\"\0*\0connection\";s:5:\"mysql\";s:8:\"\0*\0table\";s:26:\"employee_salary_structures\";s:13:\"\0*\0primaryKey\";s:2:\"id\";s:10:\"\0*\0keyType\";s:6:\"string\";s:12:\"incrementing\";b:0;s:7:\"\0*\0with\";a:0:{}s:12:\"\0*\0withCount\";a:0:{}s:19:\"preventsLazyLoading\";b:0;s:10:\"\0*\0perPage\";i:15;s:6:\"exists\";b:1;s:18:\"wasRecentlyCreated\";b:0;s:28:\"\0*\0escapeWhenCastingToString\";b:0;s:13:\"\0*\0attributes\";a:10:{s:2:\"id\";s:36:\"57023fbb-4367-40e0-9ee1-648c442f02d0\";s:11:\"employee_id\";s:36:\"2ace294d-a1ba-4d55-8431-5f6c8c001575\";s:19:\"salary_structure_id\";s:36:\"6dc66e08-eed7-4f3b-aab2-b305731c9994\";s:11:\"base_salary\";s:9:\"334368.00\";s:14:\"effective_from\";s:10:\"2026-03-28\";s:12:\"effective_to\";N;s:6:\"status\";s:6:\"active\";s:10:\"created_at\";s:19:\"2026-03-28 09:20:45\";s:10:\"updated_at\";s:19:\"2026-03-28 09:20:45\";s:10:\"deleted_at\";N;}s:11:\"\0*\0original\";a:10:{s:2:\"id\";s:36:\"57023fbb-4367-40e0-9ee1-648c442f02d0\";s:11:\"employee_id\";s:36:\"2ace294d-a1ba-4d55-8431-5f6c8c001575\";s:19:\"salary_structure_id\";s:36:\"6dc66e08-eed7-4f3b-aab2-b305731c9994\";s:11:\"base_salary\";s:9:\"334368.00\";s:14:\"effective_from\";s:10:\"2026-03-28\";s:12:\"effective_to\";N;s:6:\"status\";s:6:\"active\";s:10:\"created_at\";s:19:\"2026-03-28 09:20:45\";s:10:\"updated_at\";s:19:\"2026-03-28 09:20:45\";s:10:\"deleted_at\";N;}s:10:\"\0*\0changes\";a:0:{}s:8:\"\0*\0casts\";a:1:{s:10:\"deleted_at\";s:8:\"datetime\";}s:17:\"\0*\0classCastCache\";a:0:{}s:21:\"\0*\0attributeCastCache\";a:0:{}s:13:\"\0*\0dateFormat\";N;s:10:\"\0*\0appends\";a:0:{}s:19:\"\0*\0dispatchesEvents\";a:0:{}s:14:\"\0*\0observables\";a:0:{}s:12:\"\0*\0relations\";a:1:{s:15:\"salaryStructure\";O:34:\"App\\Models\\Payroll\\SalaryStructure\":31:{s:13:\"\0*\0connection\";s:5:\"mysql\";s:8:\"\0*\0table\";s:17:\"salary_structures\";s:13:\"\0*\0primaryKey\";s:2:\"id\";s:10:\"\0*\0keyType\";s:6:\"string\";s:12:\"incrementing\";b:0;s:7:\"\0*\0with\";a:0:{}s:12:\"\0*\0withCount\";a:0:{}s:19:\"preventsLazyLoading\";b:0;s:10:\"\0*\0perPage\";i:15;s:6:\"exists\";b:1;s:18:\"wasRecentlyCreated\";b:0;s:28:\"\0*\0escapeWhenCastingToString\";b:0;s:13:\"\0*\0attributes\";a:8:{s:2:\"id\";s:36:\"6dc66e08-eed7-4f3b-aab2-b305731c9994\";s:15:\"organisation_id\";s:36:\"ac7e5b0f-d0dd-44a4-913c-6d365861fad6\";s:4:\"name\";s:8:\"SRCU-PYP\";s:9:\"basic_pay\";s:9:\"334368.00\";s:5:\"notes\";s:16:\"Petro Yona Petro\";s:10:\"created_at\";s:19:\"2026-01-20 13:44:10\";s:10:\"updated_at\";s:19:\"2026-01-20 13:44:10\";s:10:\"deleted_at\";N;}s:11:\"\0*\0original\";a:8:{s:2:\"id\";s:36:\"6dc66e08-eed7-4f3b-aab2-b305731c9994\";s:15:\"organisation_id\";s:36:\"ac7e5b0f-d0dd-44a4-913c-6d365861fad6\";s:4:\"name\";s:8:\"SRCU-PYP\";s:9:\"basic_pay\";s:9:\"334368.00\";s:5:\"notes\";s:16:\"Petro Yona Petro\";s:10:\"created_at\";s:19:\"2026-01-20 13:44:10\";s:10:\"updated_at\";s:19:\"2026-01-20 13:44:10\";s:10:\"deleted_at\";N;}s:10:\"\0*\0changes\";a:0:{}s:8:\"\0*\0casts\";a:3:{s:19:\"additional_benefits\";s:5:\"array\";s:21:\"additional_deductions\";s:5:\"array\";s:10:\"deleted_at\";s:8:\"datetime\";}s:17:\"\0*\0classCastCache\";a:0:{}s:21:\"\0*\0attributeCastCache\";a:0:{}s:13:\"\0*\0dateFormat\";N;s:10:\"\0*\0appends\";a:0:{}s:19:\"\0*\0dispatchesEvents\";a:0:{}s:14:\"\0*\0observables\";a:0:{}s:12:\"\0*\0relations\";a:0:{}s:10:\"\0*\0touches\";a:0:{}s:10:\"timestamps\";b:1;s:13:\"usesUniqueIds\";b:0;s:9:\"\0*\0hidden\";a:0:{}s:10:\"\0*\0visible\";a:0:{}s:11:\"\0*\0fillable\";a:0:{}s:10:\"\0*\0guarded\";a:1:{i:0;s:2:\"id\";}s:16:\"\0*\0forceDeleting\";b:0;}}s:10:\"\0*\0touches\";a:0:{}s:10:\"timestamps\";b:1;s:13:\"usesUniqueIds\";b:0;s:9:\"\0*\0hidden\";a:0:{}s:10:\"\0*\0visible\";a:0:{}s:11:\"\0*\0fillable\";a:0:{}s:10:\"\0*\0guarded\";a:1:{i:0;s:2:\"id\";}s:16:\"\0*\0forceDeleting\";b:0;}s:10:\"deductions\";O:39:\"Illuminate\\Database\\Eloquent\\Collection\":2:{s:8:\"\0*\0items\";a:3:{i:0;O:36:\"App\\Models\\Payroll\\EmployeeDeduction\":30:{s:13:\"\0*\0connection\";s:5:\"mysql\";s:8:\"\0*\0table\";s:19:\"employee_deductions\";s:13:\"\0*\0primaryKey\";s:2:\"id\";s:10:\"\0*\0keyType\";s:6:\"string\";s:12:\"incrementing\";b:0;s:7:\"\0*\0with\";a:0:{}s:12:\"\0*\0withCount\";a:0:{}s:19:\"preventsLazyLoading\";b:0;s:10:\"\0*\0perPage\";i:15;s:6:\"exists\";b:1;s:18:\"wasRecentlyCreated\";b:0;s:28:\"\0*\0escapeWhenCastingToString\";b:0;s:13:\"\0*\0attributes\";a:7:{s:2:\"id\";s:36:\"20a1bf34-6a66-4c1e-aa95-3eb7bae1fc85\";s:11:\"employee_id\";s:36:\"2ace294d-a1ba-4d55-8431-5f6c8c001575\";s:17:\"deduction_type_id\";s:36:\"f1170465-a3af-4e4d-adb1-85d89647f8c1\";s:5:\"value\";s:7:\"6687.00\";s:6:\"status\";s:6:\"active\";s:10:\"created_at\";s:19:\"2026-03-28 09:20:45\";s:10:\"updated_at\";s:19:\"2026-03-28 09:20:45\";}s:11:\"\0*\0original\";a:7:{s:2:\"id\";s:36:\"20a1bf34-6a66-4c1e-aa95-3eb7bae1fc85\";s:11:\"employee_id\";s:36:\"2ace294d-a1ba-4d55-8431-5f6c8c001575\";s:17:\"deduction_type_id\";s:36:\"f1170465-a3af-4e4d-adb1-85d89647f8c1\";s:5:\"value\";s:7:\"6687.00\";s:6:\"status\";s:6:\"active\";s:10:\"created_at\";s:19:\"2026-03-28 09:20:45\";s:10:\"updated_at\";s:19:\"2026-03-28 09:20:45\";}s:10:\"\0*\0changes\";a:0:{}s:8:\"\0*\0casts\";a:0:{}s:17:\"\0*\0classCastCache\";a:0:{}s:21:\"\0*\0attributeCastCache\";a:0:{}s:13:\"\0*\0dateFormat\";N;s:10:\"\0*\0appends\";a:0:{}s:19:\"\0*\0dispatchesEvents\";a:0:{}s:14:\"\0*\0observables\";a:0:{}s:12:\"\0*\0relations\";a:1:{s:4:\"type\";r:2196;}s:10:\"\0*\0touches\";a:0:{}s:10:\"timestamps\";b:1;s:13:\"usesUniqueIds\";b:0;s:9:\"\0*\0hidden\";a:0:{}s:10:\"\0*\0visible\";a:0:{}s:11:\"\0*\0fillable\";a:0:{}s:10:\"\0*\0guarded\";a:1:{i:0;s:2:\"id\";}}i:1;O:36:\"App\\Models\\Payroll\\EmployeeDeduction\":30:{s:13:\"\0*\0connection\";s:5:\"mysql\";s:8:\"\0*\0table\";s:19:\"employee_deductions\";s:13:\"\0*\0primaryKey\";s:2:\"id\";s:10:\"\0*\0keyType\";s:6:\"string\";s:12:\"incrementing\";b:0;s:7:\"\0*\0with\";a:0:{}s:12:\"\0*\0withCount\";a:0:{}s:19:\"preventsLazyLoading\";b:0;s:10:\"\0*\0perPage\";i:15;s:6:\"exists\";b:1;s:18:\"wasRecentlyCreated\";b:0;s:28:\"\0*\0escapeWhenCastingToString\";b:0;s:13:\"\0*\0attributes\";a:7:{s:2:\"id\";s:36:\"81389f4d-57e0-4ed4-9aeb-aa0a1856eb40\";s:11:\"employee_id\";s:36:\"2ace294d-a1ba-4d55-8431-5f6c8c001575\";s:17:\"deduction_type_id\";s:36:\"38d3ad00-1f9c-49c3-bfba-cfdd02ed626d\";s:5:\"value\";s:8:\"33437.00\";s:6:\"status\";s:6:\"active\";s:10:\"created_at\";s:19:\"2026-03-28 09:20:45\";s:10:\"updated_at\";s:19:\"2026-03-28 09:20:45\";}s:11:\"\0*\0original\";a:7:{s:2:\"id\";s:36:\"81389f4d-57e0-4ed4-9aeb-aa0a1856eb40\";s:11:\"employee_id\";s:36:\"2ace294d-a1ba-4d55-8431-5f6c8c001575\";s:17:\"deduction_type_id\";s:36:\"38d3ad00-1f9c-49c3-bfba-cfdd02ed626d\";s:5:\"value\";s:8:\"33437.00\";s:6:\"status\";s:6:\"active\";s:10:\"created_at\";s:19:\"2026-03-28 09:20:45\";s:10:\"updated_at\";s:19:\"2026-03-28 09:20:45\";}s:10:\"\0*\0changes\";a:0:{}s:8:\"\0*\0casts\";a:0:{}s:17:\"\0*\0classCastCache\";a:0:{}s:21:\"\0*\0attributeCastCache\";a:0:{}s:13:\"\0*\0dateFormat\";N;s:10:\"\0*\0appends\";a:0:{}s:19:\"\0*\0dispatchesEvents\";a:0:{}s:14:\"\0*\0observables\";a:0:{}s:12:\"\0*\0relations\";a:1:{s:4:\"type\";r:3132;}s:10:\"\0*\0touches\";a:0:{}s:10:\"timestamps\";b:1;s:13:\"usesUniqueIds\";b:0;s:9:\"\0*\0hidden\";a:0:{}s:10:\"\0*\0visible\";a:0:{}s:11:\"\0*\0fillable\";a:0:{}s:10:\"\0*\0guarded\";a:1:{i:0;s:2:\"id\";}}i:2;O:36:\"App\\Models\\Payroll\\EmployeeDeduction\":30:{s:13:\"\0*\0connection\";s:5:\"mysql\";s:8:\"\0*\0table\";s:19:\"employee_deductions\";s:13:\"\0*\0primaryKey\";s:2:\"id\";s:10:\"\0*\0keyType\";s:6:\"string\";s:12:\"incrementing\";b:0;s:7:\"\0*\0with\";a:0:{}s:12:\"\0*\0withCount\";a:0:{}s:19:\"preventsLazyLoading\";b:0;s:10:\"\0*\0perPage\";i:15;s:6:\"exists\";b:1;s:18:\"wasRecentlyCreated\";b:0;s:28:\"\0*\0escapeWhenCastingToString\";b:0;s:13:\"\0*\0attributes\";a:7:{s:2:\"id\";s:36:\"ca06f998-8401-4281-93f4-b626d993eeb6\";s:11:\"employee_id\";s:36:\"2ace294d-a1ba-4d55-8431-5f6c8c001575\";s:17:\"deduction_type_id\";s:36:\"cb05eca5-cfb0-45d1-8e16-f9dc50f3e1d0\";s:5:\"value\";s:7:\"2474.00\";s:6:\"status\";s:6:\"active\";s:10:\"created_at\";s:19:\"2026-03-28 09:20:45\";s:10:\"updated_at\";s:19:\"2026-03-28 09:20:45\";}s:11:\"\0*\0original\";a:7:{s:2:\"id\";s:36:\"ca06f998-8401-4281-93f4-b626d993eeb6\";s:11:\"employee_id\";s:36:\"2ace294d-a1ba-4d55-8431-5f6c8c001575\";s:17:\"deduction_type_id\";s:36:\"cb05eca5-cfb0-45d1-8e16-f9dc50f3e1d0\";s:5:\"value\";s:7:\"2474.00\";s:6:\"status\";s:6:\"active\";s:10:\"created_at\";s:19:\"2026-03-28 09:20:45\";s:10:\"updated_at\";s:19:\"2026-03-28 09:20:45\";}s:10:\"\0*\0changes\";a:0:{}s:8:\"\0*\0casts\";a:0:{}s:17:\"\0*\0classCastCache\";a:0:{}s:21:\"\0*\0attributeCastCache\";a:0:{}s:13:\"\0*\0dateFormat\";N;s:10:\"\0*\0appends\";a:0:{}s:19:\"\0*\0dispatchesEvents\";a:0:{}s:14:\"\0*\0observables\";a:0:{}s:12:\"\0*\0relations\";a:1:{s:4:\"type\";r:3026;}s:10:\"\0*\0touches\";a:0:{}s:10:\"timestamps\";b:1;s:13:\"usesUniqueIds\";b:0;s:9:\"\0*\0hidden\";a:0:{}s:10:\"\0*\0visible\";a:0:{}s:11:\"\0*\0fillable\";a:0:{}s:10:\"\0*\0guarded\";a:1:{i:0;s:2:\"id\";}}}s:28:\"\0*\0escapeWhenCastingToString\";b:0;}s:10:\"allowances\";O:39:\"Illuminate\\Database\\Eloquent\\Collection\":2:{s:8:\"\0*\0items\";a:0:{}s:28:\"\0*\0escapeWhenCastingToString\";b:0;}}s:10:\"\0*\0touches\";a:0:{}s:10:\"timestamps\";b:1;s:13:\"usesUniqueIds\";b:0;s:9:\"\0*\0hidden\";a:0:{}s:10:\"\0*\0visible\";a:0:{}s:11:\"\0*\0fillable\";a:0:{}s:10:\"\0*\0guarded\";a:1:{i:0;s:2:\"id\";}}i:7;O:22:\"App\\Models\\HR\\Employee\":30:{s:13:\"\0*\0connection\";s:5:\"mysql\";s:8:\"\0*\0table\";s:9:\"employees\";s:13:\"\0*\0primaryKey\";s:2:\"id\";s:10:\"\0*\0keyType\";s:6:\"string\";s:12:\"incrementing\";b:0;s:7:\"\0*\0with\";a:0:{}s:12:\"\0*\0withCount\";a:0:{}s:19:\"preventsLazyLoading\";b:0;s:10:\"\0*\0perPage\";i:15;s:6:\"exists\";b:1;s:18:\"wasRecentlyCreated\";b:0;s:28:\"\0*\0escapeWhenCastingToString\";b:0;s:13:\"\0*\0attributes\";a:38:{s:2:\"id\";s:36:\"32b66d4d-b771-4092-8897-c827b37e1d1d\";s:15:\"organisation_id\";s:36:\"ac7e5b0f-d0dd-44a4-913c-6d365861fad6\";s:17:\"biometric_user_id\";N;s:13:\"employee_code\";s:10:\"EMP-0RN71K\";s:10:\"first_name\";s:7:\"Francis\";s:9:\"last_name\";s:6:\"Kilala\";s:10:\"other_name\";s:6:\"Lolela\";s:5:\"email\";s:23:\"francislolela@gmail.com\";s:14:\"official_email\";N;s:5:\"phone\";s:16:\"+255 753 232 471\";s:6:\"gender\";s:4:\"male\";s:13:\"date_of_birth\";s:10:\"1972-08-07\";s:14:\"marital_status\";s:7:\"married\";s:15:\"employment_type\";s:9:\"full_time\";s:10:\"salutation\";s:2:\"Mr\";s:7:\"address\";s:43:\"P.O.Box 349, Shinyanga,  Miti Mirefu Street\";s:4:\"city\";N;s:5:\"state\";s:9:\"Shinyanga\";s:11:\"postal_code\";N;s:7:\"country\";s:8:\"Tanzania\";s:5:\"photo\";N;s:9:\"hire_date\";s:10:\"2009-08-17\";s:16:\"termination_date\";N;s:25:\"tax_identification_number\";N;s:19:\"bank_account_number\";N;s:9:\"bank_name\";N;s:14:\"designation_id\";s:36:\"0d07ec22-6f9c-4472-83aa-e7037a22d532\";s:19:\"salary_structure_id\";s:36:\"110cfbfe-01ce-4213-bf58-e6f129b93be7\";s:12:\"job_title_id\";N;s:13:\"bassic_salary\";s:4:\"0.00\";s:10:\"commission\";s:4:\"0.00\";s:13:\"overtime_rate\";N;s:13:\"supervisor_id\";N;s:7:\"user_id\";s:36:\"4da4c3ce-1098-40fa-aac2-30fb73b43301\";s:6:\"status\";s:6:\"active\";s:10:\"created_at\";s:19:\"2026-01-21 09:56:11\";s:10:\"updated_at\";s:19:\"2026-01-21 09:56:11\";s:10:\"deleted_at\";N;}s:11:\"\0*\0original\";a:38:{s:2:\"id\";s:36:\"32b66d4d-b771-4092-8897-c827b37e1d1d\";s:15:\"organisation_id\";s:36:\"ac7e5b0f-d0dd-44a4-913c-6d365861fad6\";s:17:\"biometric_user_id\";N;s:13:\"employee_code\";s:10:\"EMP-0RN71K\";s:10:\"first_name\";s:7:\"Francis\";s:9:\"last_name\";s:6:\"Kilala\";s:10:\"other_name\";s:6:\"Lolela\";s:5:\"email\";s:23:\"francislolela@gmail.com\";s:14:\"official_email\";N;s:5:\"phone\";s:16:\"+255 753 232 471\";s:6:\"gender\";s:4:\"male\";s:13:\"date_of_birth\";s:10:\"1972-08-07\";s:14:\"marital_status\";s:7:\"married\";s:15:\"employment_type\";s:9:\"full_time\";s:10:\"salutation\";s:2:\"Mr\";s:7:\"address\";s:43:\"P.O.Box 349, Shinyanga,  Miti Mirefu Street\";s:4:\"city\";N;s:5:\"state\";s:9:\"Shinyanga\";s:11:\"postal_code\";N;s:7:\"country\";s:8:\"Tanzania\";s:5:\"photo\";N;s:9:\"hire_date\";s:10:\"2009-08-17\";s:16:\"termination_date\";N;s:25:\"tax_identification_number\";N;s:19:\"bank_account_number\";N;s:9:\"bank_name\";N;s:14:\"designation_id\";s:36:\"0d07ec22-6f9c-4472-83aa-e7037a22d532\";s:19:\"salary_structure_id\";s:36:\"110cfbfe-01ce-4213-bf58-e6f129b93be7\";s:12:\"job_title_id\";N;s:13:\"bassic_salary\";s:4:\"0.00\";s:10:\"commission\";s:4:\"0.00\";s:13:\"overtime_rate\";N;s:13:\"supervisor_id\";N;s:7:\"user_id\";s:36:\"4da4c3ce-1098-40fa-aac2-30fb73b43301\";s:6:\"status\";s:6:\"active\";s:10:\"created_at\";s:19:\"2026-01-21 09:56:11\";s:10:\"updated_at\";s:19:\"2026-01-21 09:56:11\";s:10:\"deleted_at\";N;}s:10:\"\0*\0changes\";a:0:{}s:8:\"\0*\0casts\";a:0:{}s:17:\"\0*\0classCastCache\";a:0:{}s:21:\"\0*\0attributeCastCache\";a:0:{}s:13:\"\0*\0dateFormat\";N;s:10:\"\0*\0appends\";a:0:{}s:19:\"\0*\0dispatchesEvents\";a:0:{}s:14:\"\0*\0observables\";a:0:{}s:12:\"\0*\0relations\";a:7:{s:10:\"supervisor\";N;s:4:\"user\";O:15:\"App\\Models\\User\":35:{s:13:\"\0*\0connection\";s:5:\"mysql\";s:8:\"\0*\0table\";s:5:\"users\";s:13:\"\0*\0primaryKey\";s:2:\"id\";s:10:\"\0*\0keyType\";s:6:\"string\";s:12:\"incrementing\";b:0;s:7:\"\0*\0with\";a:0:{}s:12:\"\0*\0withCount\";a:0:{}s:19:\"preventsLazyLoading\";b:0;s:10:\"\0*\0perPage\";i:15;s:6:\"exists\";b:1;s:18:\"wasRecentlyCreated\";b:0;s:28:\"\0*\0escapeWhenCastingToString\";b:0;s:13:\"\0*\0attributes\";a:26:{s:2:\"id\";s:36:\"4da4c3ce-1098-40fa-aac2-30fb73b43301\";s:15:\"organisation_id\";s:36:\"ac7e5b0f-d0dd-44a4-913c-6d365861fad6\";s:5:\"phone\";s:16:\"+255 753 232 471\";s:10:\"first_name\";s:7:\"Francis\";s:9:\"last_name\";s:6:\"Kilala\";s:10:\"other_name\";s:6:\"Lolela\";s:5:\"email\";s:23:\"francislolela@gmail.com\";s:6:\"gender\";s:4:\"male\";s:13:\"date_of_birth\";s:10:\"1972-08-07\";s:14:\"marital_status\";s:6:\"single\";s:10:\"salutation\";s:2:\"Mr\";s:17:\"email_verified_at\";N;s:8:\"password\";s:60:\"$2y$12$byoD7xQBvB0zebzkeom0XOIZzdlF61m3ceJ.ovLqbSD8UVXz4TL4m\";s:3:\"pin\";N;s:15:\"profile_picture\";N;s:9:\"signature\";N;s:17:\"verification_code\";N;s:13:\"login_attempt\";i:3;s:9:\"branch_id\";N;s:6:\"status\";s:6:\"active\";s:14:\"is_first_login\";i:1;s:14:\"remember_token\";N;s:10:\"created_at\";s:19:\"2026-01-21 09:56:11\";s:10:\"updated_at\";s:19:\"2026-01-21 09:56:11\";s:10:\"deleted_at\";N;s:21:\"two_factor_expires_at\";N;}s:11:\"\0*\0original\";a:26:{s:2:\"id\";s:36:\"4da4c3ce-1098-40fa-aac2-30fb73b43301\";s:15:\"organisation_id\";s:36:\"ac7e5b0f-d0dd-44a4-913c-6d365861fad6\";s:5:\"phone\";s:16:\"+255 753 232 471\";s:10:\"first_name\";s:7:\"Francis\";s:9:\"last_name\";s:6:\"Kilala\";s:10:\"other_name\";s:6:\"Lolela\";s:5:\"email\";s:23:\"francislolela@gmail.com\";s:6:\"gender\";s:4:\"male\";s:13:\"date_of_birth\";s:10:\"1972-08-07\";s:14:\"marital_status\";s:6:\"single\";s:10:\"salutation\";s:2:\"Mr\";s:17:\"email_verified_at\";N;s:8:\"password\";s:60:\"$2y$12$byoD7xQBvB0zebzkeom0XOIZzdlF61m3ceJ.ovLqbSD8UVXz4TL4m\";s:3:\"pin\";N;s:15:\"profile_picture\";N;s:9:\"signature\";N;s:17:\"verification_code\";N;s:13:\"login_attempt\";i:3;s:9:\"branch_id\";N;s:6:\"status\";s:6:\"active\";s:14:\"is_first_login\";i:1;s:14:\"remember_token\";N;s:10:\"created_at\";s:19:\"2026-01-21 09:56:11\";s:10:\"updated_at\";s:19:\"2026-01-21 09:56:11\";s:10:\"deleted_at\";N;s:21:\"two_factor_expires_at\";N;}s:10:\"\0*\0changes\";a:0:{}s:8:\"\0*\0casts\";a:3:{s:17:\"email_verified_at\";s:8:\"datetime\";s:8:\"password\";s:6:\"hashed\";s:10:\"deleted_at\";s:8:\"datetime\";}s:17:\"\0*\0classCastCache\";a:0:{}s:21:\"\0*\0attributeCastCache\";a:0:{}s:13:\"\0*\0dateFormat\";N;s:10:\"\0*\0appends\";a:1:{i:0;s:9:\"full_name\";}s:19:\"\0*\0dispatchesEvents\";a:0:{}s:14:\"\0*\0observables\";a:0:{}s:12:\"\0*\0relations\";a:0:{}s:10:\"\0*\0touches\";a:0:{}s:10:\"timestamps\";b:1;s:13:\"usesUniqueIds\";b:0;s:9:\"\0*\0hidden\";a:3:{i:0;s:8:\"password\";i:1;s:14:\"remember_token\";i:2;s:5:\"pivot\";}s:10:\"\0*\0visible\";a:0:{}s:11:\"\0*\0fillable\";a:0:{}s:10:\"\0*\0guarded\";a:1:{i:0;s:2:\"id\";}s:19:\"\0*\0authPasswordName\";s:8:\"password\";s:20:\"\0*\0rememberTokenName\";s:14:\"remember_token\";s:13:\"\0*\0guard_name\";s:3:\"api\";s:16:\"\0*\0forceDeleting\";b:0;s:14:\"\0*\0accessToken\";N;}s:11:\"designation\";r:1843;s:18:\"employee_structure\";O:39:\"Illuminate\\Database\\Eloquent\\Collection\":2:{s:8:\"\0*\0items\";a:1:{i:0;O:42:\"App\\Models\\Payroll\\EmployeeSalaryStructure\":31:{s:13:\"\0*\0connection\";s:5:\"mysql\";s:8:\"\0*\0table\";s:26:\"employee_salary_structures\";s:13:\"\0*\0primaryKey\";s:2:\"id\";s:10:\"\0*\0keyType\";s:6:\"string\";s:12:\"incrementing\";b:0;s:7:\"\0*\0with\";a:0:{}s:12:\"\0*\0withCount\";a:0:{}s:19:\"preventsLazyLoading\";b:0;s:10:\"\0*\0perPage\";i:15;s:6:\"exists\";b:1;s:18:\"wasRecentlyCreated\";b:0;s:28:\"\0*\0escapeWhenCastingToString\";b:0;s:13:\"\0*\0attributes\";a:10:{s:2:\"id\";s:36:\"23b8fb0a-1072-48b9-bc38-6c53064483bc\";s:11:\"employee_id\";s:36:\"32b66d4d-b771-4092-8897-c827b37e1d1d\";s:19:\"salary_structure_id\";s:36:\"110cfbfe-01ce-4213-bf58-e6f129b93be7\";s:11:\"base_salary\";s:9:\"448058.00\";s:14:\"effective_from\";s:10:\"2026-01-21\";s:12:\"effective_to\";N;s:6:\"status\";s:6:\"active\";s:10:\"created_at\";s:19:\"2026-01-21 09:56:11\";s:10:\"updated_at\";s:19:\"2026-01-21 09:56:11\";s:10:\"deleted_at\";N;}s:11:\"\0*\0original\";a:10:{s:2:\"id\";s:36:\"23b8fb0a-1072-48b9-bc38-6c53064483bc\";s:11:\"employee_id\";s:36:\"32b66d4d-b771-4092-8897-c827b37e1d1d\";s:19:\"salary_structure_id\";s:36:\"110cfbfe-01ce-4213-bf58-e6f129b93be7\";s:11:\"base_salary\";s:9:\"448058.00\";s:14:\"effective_from\";s:10:\"2026-01-21\";s:12:\"effective_to\";N;s:6:\"status\";s:6:\"active\";s:10:\"created_at\";s:19:\"2026-01-21 09:56:11\";s:10:\"updated_at\";s:19:\"2026-01-21 09:56:11\";s:10:\"deleted_at\";N;}s:10:\"\0*\0changes\";a:0:{}s:8:\"\0*\0casts\";a:1:{s:10:\"deleted_at\";s:8:\"datetime\";}s:17:\"\0*\0classCastCache\";a:0:{}s:21:\"\0*\0attributeCastCache\";a:0:{}s:13:\"\0*\0dateFormat\";N;s:10:\"\0*\0appends\";a:0:{}s:19:\"\0*\0dispatchesEvents\";a:0:{}s:14:\"\0*\0observables\";a:0:{}s:12:\"\0*\0relations\";a:1:{s:15:\"salaryStructure\";O:34:\"App\\Models\\Payroll\\SalaryStructure\":31:{s:13:\"\0*\0connection\";s:5:\"mysql\";s:8:\"\0*\0table\";s:17:\"salary_structures\";s:13:\"\0*\0primaryKey\";s:2:\"id\";s:10:\"\0*\0keyType\";s:6:\"string\";s:12:\"incrementing\";b:0;s:7:\"\0*\0with\";a:0:{}s:12:\"\0*\0withCount\";a:0:{}s:19:\"preventsLazyLoading\";b:0;s:10:\"\0*\0perPage\";i:15;s:6:\"exists\";b:1;s:18:\"wasRecentlyCreated\";b:0;s:28:\"\0*\0escapeWhenCastingToString\";b:0;s:13:\"\0*\0attributes\";a:8:{s:2:\"id\";s:36:\"110cfbfe-01ce-4213-bf58-e6f129b93be7\";s:15:\"organisation_id\";s:36:\"ac7e5b0f-d0dd-44a4-913c-6d365861fad6\";s:4:\"name\";s:8:\"SRCU-FLK\";s:9:\"basic_pay\";s:9:\"448058.00\";s:5:\"notes\";s:21:\"Francis Lolela Kilala\";s:10:\"created_at\";s:19:\"2026-01-20 12:45:40\";s:10:\"updated_at\";s:19:\"2026-01-20 13:59:29\";s:10:\"deleted_at\";N;}s:11:\"\0*\0original\";a:8:{s:2:\"id\";s:36:\"110cfbfe-01ce-4213-bf58-e6f129b93be7\";s:15:\"organisation_id\";s:36:\"ac7e5b0f-d0dd-44a4-913c-6d365861fad6\";s:4:\"name\";s:8:\"SRCU-FLK\";s:9:\"basic_pay\";s:9:\"448058.00\";s:5:\"notes\";s:21:\"Francis Lolela Kilala\";s:10:\"created_at\";s:19:\"2026-01-20 12:45:40\";s:10:\"updated_at\";s:19:\"2026-01-20 13:59:29\";s:10:\"deleted_at\";N;}s:10:\"\0*\0changes\";a:0:{}s:8:\"\0*\0casts\";a:3:{s:19:\"additional_benefits\";s:5:\"array\";s:21:\"additional_deductions\";s:5:\"array\";s:10:\"deleted_at\";s:8:\"datetime\";}s:17:\"\0*\0classCastCache\";a:0:{}s:21:\"\0*\0attributeCastCache\";a:0:{}s:13:\"\0*\0dateFormat\";N;s:10:\"\0*\0appends\";a:0:{}s:19:\"\0*\0dispatchesEvents\";a:0:{}s:14:\"\0*\0observables\";a:0:{}s:12:\"\0*\0relations\";a:0:{}s:10:\"\0*\0touches\";a:0:{}s:10:\"timestamps\";b:1;s:13:\"usesUniqueIds\";b:0;s:9:\"\0*\0hidden\";a:0:{}s:10:\"\0*\0visible\";a:0:{}s:11:\"\0*\0fillable\";a:0:{}s:10:\"\0*\0guarded\";a:1:{i:0;s:2:\"id\";}s:16:\"\0*\0forceDeleting\";b:0;}}s:10:\"\0*\0touches\";a:0:{}s:10:\"timestamps\";b:1;s:13:\"usesUniqueIds\";b:0;s:9:\"\0*\0hidden\";a:0:{}s:10:\"\0*\0visible\";a:0:{}s:11:\"\0*\0fillable\";a:0:{}s:10:\"\0*\0guarded\";a:1:{i:0;s:2:\"id\";}s:16:\"\0*\0forceDeleting\";b:0;}}s:28:\"\0*\0escapeWhenCastingToString\";b:0;}s:24:\"currentEmployeeStructure\";O:42:\"App\\Models\\Payroll\\EmployeeSalaryStructure\":31:{s:13:\"\0*\0connection\";s:5:\"mysql\";s:8:\"\0*\0table\";s:26:\"employee_salary_structures\";s:13:\"\0*\0primaryKey\";s:2:\"id\";s:10:\"\0*\0keyType\";s:6:\"string\";s:12:\"incrementing\";b:0;s:7:\"\0*\0with\";a:0:{}s:12:\"\0*\0withCount\";a:0:{}s:19:\"preventsLazyLoading\";b:0;s:10:\"\0*\0perPage\";i:15;s:6:\"exists\";b:1;s:18:\"wasRecentlyCreated\";b:0;s:28:\"\0*\0escapeWhenCastingToString\";b:0;s:13:\"\0*\0attributes\";a:10:{s:2:\"id\";s:36:\"23b8fb0a-1072-48b9-bc38-6c53064483bc\";s:11:\"employee_id\";s:36:\"32b66d4d-b771-4092-8897-c827b37e1d1d\";s:19:\"salary_structure_id\";s:36:\"110cfbfe-01ce-4213-bf58-e6f129b93be7\";s:11:\"base_salary\";s:9:\"448058.00\";s:14:\"effective_from\";s:10:\"2026-01-21\";s:12:\"effective_to\";N;s:6:\"status\";s:6:\"active\";s:10:\"created_at\";s:19:\"2026-01-21 09:56:11\";s:10:\"updated_at\";s:19:\"2026-01-21 09:56:11\";s:10:\"deleted_at\";N;}s:11:\"\0*\0original\";a:10:{s:2:\"id\";s:36:\"23b8fb0a-1072-48b9-bc38-6c53064483bc\";s:11:\"employee_id\";s:36:\"32b66d4d-b771-4092-8897-c827b37e1d1d\";s:19:\"salary_structure_id\";s:36:\"110cfbfe-01ce-4213-bf58-e6f129b93be7\";s:11:\"base_salary\";s:9:\"448058.00\";s:14:\"effective_from\";s:10:\"2026-01-21\";s:12:\"effective_to\";N;s:6:\"status\";s:6:\"active\";s:10:\"created_at\";s:19:\"2026-01-21 09:56:11\";s:10:\"updated_at\";s:19:\"2026-01-21 09:56:11\";s:10:\"deleted_at\";N;}s:10:\"\0*\0changes\";a:0:{}s:8:\"\0*\0casts\";a:1:{s:10:\"deleted_at\";s:8:\"datetime\";}s:17:\"\0*\0classCastCache\";a:0:{}s:21:\"\0*\0attributeCastCache\";a:0:{}s:13:\"\0*\0dateFormat\";N;s:10:\"\0*\0appends\";a:0:{}s:19:\"\0*\0dispatchesEvents\";a:0:{}s:14:\"\0*\0observables\";a:0:{}s:12:\"\0*\0relations\";a:1:{s:15:\"salaryStructure\";O:34:\"App\\Models\\Payroll\\SalaryStructure\":31:{s:13:\"\0*\0connection\";s:5:\"mysql\";s:8:\"\0*\0table\";s:17:\"salary_structures\";s:13:\"\0*\0primaryKey\";s:2:\"id\";s:10:\"\0*\0keyType\";s:6:\"string\";s:12:\"incrementing\";b:0;s:7:\"\0*\0with\";a:0:{}s:12:\"\0*\0withCount\";a:0:{}s:19:\"preventsLazyLoading\";b:0;s:10:\"\0*\0perPage\";i:15;s:6:\"exists\";b:1;s:18:\"wasRecentlyCreated\";b:0;s:28:\"\0*\0escapeWhenCastingToString\";b:0;s:13:\"\0*\0attributes\";a:8:{s:2:\"id\";s:36:\"110cfbfe-01ce-4213-bf58-e6f129b93be7\";s:15:\"organisation_id\";s:36:\"ac7e5b0f-d0dd-44a4-913c-6d365861fad6\";s:4:\"name\";s:8:\"SRCU-FLK\";s:9:\"basic_pay\";s:9:\"448058.00\";s:5:\"notes\";s:21:\"Francis Lolela Kilala\";s:10:\"created_at\";s:19:\"2026-01-20 12:45:40\";s:10:\"updated_at\";s:19:\"2026-01-20 13:59:29\";s:10:\"deleted_at\";N;}s:11:\"\0*\0original\";a:8:{s:2:\"id\";s:36:\"110cfbfe-01ce-4213-bf58-e6f129b93be7\";s:15:\"organisation_id\";s:36:\"ac7e5b0f-d0dd-44a4-913c-6d365861fad6\";s:4:\"name\";s:8:\"SRCU-FLK\";s:9:\"basic_pay\";s:9:\"448058.00\";s:5:\"notes\";s:21:\"Francis Lolela Kilala\";s:10:\"created_at\";s:19:\"2026-01-20 12:45:40\";s:10:\"updated_at\";s:19:\"2026-01-20 13:59:29\";s:10:\"deleted_at\";N;}s:10:\"\0*\0changes\";a:0:{}s:8:\"\0*\0casts\";a:3:{s:19:\"additional_benefits\";s:5:\"array\";s:21:\"additional_deductions\";s:5:\"array\";s:10:\"deleted_at\";s:8:\"datetime\";}s:17:\"\0*\0classCastCache\";a:0:{}s:21:\"\0*\0attributeCastCache\";a:0:{}s:13:\"\0*\0dateFormat\";N;s:10:\"\0*\0appends\";a:0:{}s:19:\"\0*\0dispatchesEvents\";a:0:{}s:14:\"\0*\0observables\";a:0:{}s:12:\"\0*\0relations\";a:0:{}s:10:\"\0*\0touches\";a:0:{}s:10:\"timestamps\";b:1;s:13:\"usesUniqueIds\";b:0;s:9:\"\0*\0hidden\";a:0:{}s:10:\"\0*\0visible\";a:0:{}s:11:\"\0*\0fillable\";a:0:{}s:10:\"\0*\0guarded\";a:1:{i:0;s:2:\"id\";}s:16:\"\0*\0forceDeleting\";b:0;}}s:10:\"\0*\0touches\";a:0:{}s:10:\"timestamps\";b:1;s:13:\"usesUniqueIds\";b:0;s:9:\"\0*\0hidden\";a:0:{}s:10:\"\0*\0visible\";a:0:{}s:11:\"\0*\0fillable\";a:0:{}s:10:\"\0*\0guarded\";a:1:{i:0;s:2:\"id\";}s:16:\"\0*\0forceDeleting\";b:0;}s:10:\"deductions\";O:39:\"Illuminate\\Database\\Eloquent\\Collection\":2:{s:8:\"\0*\0items\";a:3:{i:0;O:36:\"App\\Models\\Payroll\\EmployeeDeduction\":30:{s:13:\"\0*\0connection\";s:5:\"mysql\";s:8:\"\0*\0table\";s:19:\"employee_deductions\";s:13:\"\0*\0primaryKey\";s:2:\"id\";s:10:\"\0*\0keyType\";s:6:\"string\";s:12:\"incrementing\";b:0;s:7:\"\0*\0with\";a:0:{}s:12:\"\0*\0withCount\";a:0:{}s:19:\"preventsLazyLoading\";b:0;s:10:\"\0*\0perPage\";i:15;s:6:\"exists\";b:1;s:18:\"wasRecentlyCreated\";b:0;s:28:\"\0*\0escapeWhenCastingToString\";b:0;s:13:\"\0*\0attributes\";a:7:{s:2:\"id\";s:36:\"563645a6-cd49-42c4-91ed-c959ec77081f\";s:11:\"employee_id\";s:36:\"32b66d4d-b771-4092-8897-c827b37e1d1d\";s:17:\"deduction_type_id\";s:36:\"1044a75b-b48f-44a9-82de-07c1e7a6a9a1\";s:5:\"value\";s:8:\"44806.00\";s:6:\"status\";s:6:\"active\";s:10:\"created_at\";s:19:\"2026-01-21 09:56:11\";s:10:\"updated_at\";s:19:\"2026-01-21 09:56:11\";}s:11:\"\0*\0original\";a:7:{s:2:\"id\";s:36:\"563645a6-cd49-42c4-91ed-c959ec77081f\";s:11:\"employee_id\";s:36:\"32b66d4d-b771-4092-8897-c827b37e1d1d\";s:17:\"deduction_type_id\";s:36:\"1044a75b-b48f-44a9-82de-07c1e7a6a9a1\";s:5:\"value\";s:8:\"44806.00\";s:6:\"status\";s:6:\"active\";s:10:\"created_at\";s:19:\"2026-01-21 09:56:11\";s:10:\"updated_at\";s:19:\"2026-01-21 09:56:11\";}s:10:\"\0*\0changes\";a:0:{}s:8:\"\0*\0casts\";a:0:{}s:17:\"\0*\0classCastCache\";a:0:{}s:21:\"\0*\0attributeCastCache\";a:0:{}s:13:\"\0*\0dateFormat\";N;s:10:\"\0*\0appends\";a:0:{}s:19:\"\0*\0dispatchesEvents\";a:0:{}s:14:\"\0*\0observables\";a:0:{}s:12:\"\0*\0relations\";a:1:{s:4:\"type\";N;}s:10:\"\0*\0touches\";a:0:{}s:10:\"timestamps\";b:1;s:13:\"usesUniqueIds\";b:0;s:9:\"\0*\0hidden\";a:0:{}s:10:\"\0*\0visible\";a:0:{}s:11:\"\0*\0fillable\";a:0:{}s:10:\"\0*\0guarded\";a:1:{i:0;s:2:\"id\";}}i:1;O:36:\"App\\Models\\Payroll\\EmployeeDeduction\":30:{s:13:\"\0*\0connection\";s:5:\"mysql\";s:8:\"\0*\0table\";s:19:\"employee_deductions\";s:13:\"\0*\0primaryKey\";s:2:\"id\";s:10:\"\0*\0keyType\";s:6:\"string\";s:12:\"incrementing\";b:0;s:7:\"\0*\0with\";a:0:{}s:12:\"\0*\0withCount\";a:0:{}s:19:\"preventsLazyLoading\";b:0;s:10:\"\0*\0perPage\";i:15;s:6:\"exists\";b:1;s:18:\"wasRecentlyCreated\";b:0;s:28:\"\0*\0escapeWhenCastingToString\";b:0;s:13:\"\0*\0attributes\";a:7:{s:2:\"id\";s:36:\"5ee87d20-9b6e-4e9f-b18d-023f060c512a\";s:11:\"employee_id\";s:36:\"32b66d4d-b771-4092-8897-c827b37e1d1d\";s:17:\"deduction_type_id\";s:36:\"f1170465-a3af-4e4d-adb1-85d89647f8c1\";s:5:\"value\";s:7:\"8961.00\";s:6:\"status\";s:6:\"active\";s:10:\"created_at\";s:19:\"2026-01-21 09:56:11\";s:10:\"updated_at\";s:19:\"2026-01-21 09:56:11\";}s:11:\"\0*\0original\";a:7:{s:2:\"id\";s:36:\"5ee87d20-9b6e-4e9f-b18d-023f060c512a\";s:11:\"employee_id\";s:36:\"32b66d4d-b771-4092-8897-c827b37e1d1d\";s:17:\"deduction_type_id\";s:36:\"f1170465-a3af-4e4d-adb1-85d89647f8c1\";s:5:\"value\";s:7:\"8961.00\";s:6:\"status\";s:6:\"active\";s:10:\"created_at\";s:19:\"2026-01-21 09:56:11\";s:10:\"updated_at\";s:19:\"2026-01-21 09:56:11\";}s:10:\"\0*\0changes\";a:0:{}s:8:\"\0*\0casts\";a:0:{}s:17:\"\0*\0classCastCache\";a:0:{}s:21:\"\0*\0attributeCastCache\";a:0:{}s:13:\"\0*\0dateFormat\";N;s:10:\"\0*\0appends\";a:0:{}s:19:\"\0*\0dispatchesEvents\";a:0:{}s:14:\"\0*\0observables\";a:0:{}s:12:\"\0*\0relations\";a:1:{s:4:\"type\";r:2196;}s:10:\"\0*\0touches\";a:0:{}s:10:\"timestamps\";b:1;s:13:\"usesUniqueIds\";b:0;s:9:\"\0*\0hidden\";a:0:{}s:10:\"\0*\0visible\";a:0:{}s:11:\"\0*\0fillable\";a:0:{}s:10:\"\0*\0guarded\";a:1:{i:0;s:2:\"id\";}}i:2;O:36:\"App\\Models\\Payroll\\EmployeeDeduction\":30:{s:13:\"\0*\0connection\";s:5:\"mysql\";s:8:\"\0*\0table\";s:19:\"employee_deductions\";s:13:\"\0*\0primaryKey\";s:2:\"id\";s:10:\"\0*\0keyType\";s:6:\"string\";s:12:\"incrementing\";b:0;s:7:\"\0*\0with\";a:0:{}s:12:\"\0*\0withCount\";a:0:{}s:19:\"preventsLazyLoading\";b:0;s:10:\"\0*\0perPage\";i:15;s:6:\"exists\";b:1;s:18:\"wasRecentlyCreated\";b:0;s:28:\"\0*\0escapeWhenCastingToString\";b:0;s:13:\"\0*\0attributes\";a:7:{s:2:\"id\";s:36:\"f6746dee-2347-42f6-b835-0c2860cef96a\";s:11:\"employee_id\";s:36:\"32b66d4d-b771-4092-8897-c827b37e1d1d\";s:17:\"deduction_type_id\";s:36:\"08e4769c-1dd0-4d34-8e0e-797a00a4d56b\";s:5:\"value\";s:8:\"10660.00\";s:6:\"status\";s:6:\"active\";s:10:\"created_at\";s:19:\"2026-01-21 09:56:11\";s:10:\"updated_at\";s:19:\"2026-01-21 09:56:11\";}s:11:\"\0*\0original\";a:7:{s:2:\"id\";s:36:\"f6746dee-2347-42f6-b835-0c2860cef96a\";s:11:\"employee_id\";s:36:\"32b66d4d-b771-4092-8897-c827b37e1d1d\";s:17:\"deduction_type_id\";s:36:\"08e4769c-1dd0-4d34-8e0e-797a00a4d56b\";s:5:\"value\";s:8:\"10660.00\";s:6:\"status\";s:6:\"active\";s:10:\"created_at\";s:19:\"2026-01-21 09:56:11\";s:10:\"updated_at\";s:19:\"2026-01-21 09:56:11\";}s:10:\"\0*\0changes\";a:0:{}s:8:\"\0*\0casts\";a:0:{}s:17:\"\0*\0classCastCache\";a:0:{}s:21:\"\0*\0attributeCastCache\";a:0:{}s:13:\"\0*\0dateFormat\";N;s:10:\"\0*\0appends\";a:0:{}s:19:\"\0*\0dispatchesEvents\";a:0:{}s:14:\"\0*\0observables\";a:0:{}s:12:\"\0*\0relations\";a:1:{s:4:\"type\";N;}s:10:\"\0*\0touches\";a:0:{}s:10:\"timestamps\";b:1;s:13:\"usesUniqueIds\";b:0;s:9:\"\0*\0hidden\";a:0:{}s:10:\"\0*\0visible\";a:0:{}s:11:\"\0*\0fillable\";a:0:{}s:10:\"\0*\0guarded\";a:1:{i:0;s:2:\"id\";}}}s:28:\"\0*\0escapeWhenCastingToString\";b:0;}s:10:\"allowances\";O:39:\"Illuminate\\Database\\Eloquent\\Collection\":2:{s:8:\"\0*\0items\";a:2:{i:0;O:36:\"App\\Models\\Payroll\\EmployeeAllowance\":30:{s:13:\"\0*\0connection\";s:5:\"mysql\";s:8:\"\0*\0table\";s:19:\"employee_allowances\";s:13:\"\0*\0primaryKey\";s:2:\"id\";s:10:\"\0*\0keyType\";s:6:\"string\";s:12:\"incrementing\";b:0;s:7:\"\0*\0with\";a:0:{}s:12:\"\0*\0withCount\";a:0:{}s:19:\"preventsLazyLoading\";b:0;s:10:\"\0*\0perPage\";i:15;s:6:\"exists\";b:1;s:18:\"wasRecentlyCreated\";b:0;s:28:\"\0*\0escapeWhenCastingToString\";b:0;s:13:\"\0*\0attributes\";a:9:{s:2:\"id\";s:36:\"850d71f6-5209-4526-b555-baca2133a629\";s:11:\"employee_id\";s:36:\"32b66d4d-b771-4092-8897-c827b37e1d1d\";s:17:\"allowance_type_id\";s:36:\"81e2c578-3d4e-4e23-bf3b-f7afeddc419f\";s:5:\"value\";s:8:\"60000.00\";s:6:\"status\";s:6:\"active\";s:10:\"start_date\";s:10:\"2026-01-21\";s:8:\"end_date\";N;s:10:\"created_at\";s:19:\"2026-01-21 09:56:11\";s:10:\"updated_at\";s:19:\"2026-01-21 09:56:11\";}s:11:\"\0*\0original\";a:9:{s:2:\"id\";s:36:\"850d71f6-5209-4526-b555-baca2133a629\";s:11:\"employee_id\";s:36:\"32b66d4d-b771-4092-8897-c827b37e1d1d\";s:17:\"allowance_type_id\";s:36:\"81e2c578-3d4e-4e23-bf3b-f7afeddc419f\";s:5:\"value\";s:8:\"60000.00\";s:6:\"status\";s:6:\"active\";s:10:\"start_date\";s:10:\"2026-01-21\";s:8:\"end_date\";N;s:10:\"created_at\";s:19:\"2026-01-21 09:56:11\";s:10:\"updated_at\";s:19:\"2026-01-21 09:56:11\";}s:10:\"\0*\0changes\";a:0:{}s:8:\"\0*\0casts\";a:0:{}s:17:\"\0*\0classCastCache\";a:0:{}s:21:\"\0*\0attributeCastCache\";a:0:{}s:13:\"\0*\0dateFormat\";N;s:10:\"\0*\0appends\";a:0:{}s:19:\"\0*\0dispatchesEvents\";a:0:{}s:14:\"\0*\0observables\";a:0:{}s:12:\"\0*\0relations\";a:1:{s:4:\"type\";r:827;}s:10:\"\0*\0touches\";a:0:{}s:10:\"timestamps\";b:1;s:13:\"usesUniqueIds\";b:0;s:9:\"\0*\0hidden\";a:0:{}s:10:\"\0*\0visible\";a:0:{}s:11:\"\0*\0fillable\";a:0:{}s:10:\"\0*\0guarded\";a:1:{i:0;s:2:\"id\";}}i:1;O:36:\"App\\Models\\Payroll\\EmployeeAllowance\":30:{s:13:\"\0*\0connection\";s:5:\"mysql\";s:8:\"\0*\0table\";s:19:\"employee_allowances\";s:13:\"\0*\0primaryKey\";s:2:\"id\";s:10:\"\0*\0keyType\";s:6:\"string\";s:12:\"incrementing\";b:0;s:7:\"\0*\0with\";a:0:{}s:12:\"\0*\0withCount\";a:0:{}s:19:\"preventsLazyLoading\";b:0;s:10:\"\0*\0perPage\";i:15;s:6:\"exists\";b:1;s:18:\"wasRecentlyCreated\";b:0;s:28:\"\0*\0escapeWhenCastingToString\";b:0;s:13:\"\0*\0attributes\";a:9:{s:2:\"id\";s:36:\"ebb3ddf2-2d3f-4d7f-9063-7dce2db51152\";s:11:\"employee_id\";s:36:\"32b66d4d-b771-4092-8897-c827b37e1d1d\";s:17:\"allowance_type_id\";s:36:\"c8189025-5578-48fa-b7a5-c670b13dbda9\";s:5:\"value\";s:8:\"40000.00\";s:6:\"status\";s:6:\"active\";s:10:\"start_date\";s:10:\"2026-01-21\";s:8:\"end_date\";N;s:10:\"created_at\";s:19:\"2026-01-21 09:56:11\";s:10:\"updated_at\";s:19:\"2026-01-21 09:56:11\";}s:11:\"\0*\0original\";a:9:{s:2:\"id\";s:36:\"ebb3ddf2-2d3f-4d7f-9063-7dce2db51152\";s:11:\"employee_id\";s:36:\"32b66d4d-b771-4092-8897-c827b37e1d1d\";s:17:\"allowance_type_id\";s:36:\"c8189025-5578-48fa-b7a5-c670b13dbda9\";s:5:\"value\";s:8:\"40000.00\";s:6:\"status\";s:6:\"active\";s:10:\"start_date\";s:10:\"2026-01-21\";s:8:\"end_date\";N;s:10:\"created_at\";s:19:\"2026-01-21 09:56:11\";s:10:\"updated_at\";s:19:\"2026-01-21 09:56:11\";}s:10:\"\0*\0changes\";a:0:{}s:8:\"\0*\0casts\";a:0:{}s:17:\"\0*\0classCastCache\";a:0:{}s:21:\"\0*\0attributeCastCache\";a:0:{}s:13:\"\0*\0dateFormat\";N;s:10:\"\0*\0appends\";a:0:{}s:19:\"\0*\0dispatchesEvents\";a:0:{}s:14:\"\0*\0observables\";a:0:{}s:12:\"\0*\0relations\";a:1:{s:4:\"type\";r:935;}s:10:\"\0*\0touches\";a:0:{}s:10:\"timestamps\";b:1;s:13:\"usesUniqueIds\";b:0;s:9:\"\0*\0hidden\";a:0:{}s:10:\"\0*\0visible\";a:0:{}s:11:\"\0*\0fillable\";a:0:{}s:10:\"\0*\0guarded\";a:1:{i:0;s:2:\"id\";}}}s:28:\"\0*\0escapeWhenCastingToString\";b:0;}}s:10:\"\0*\0touches\";a:0:{}s:10:\"timestamps\";b:1;s:13:\"usesUniqueIds\";b:0;s:9:\"\0*\0hidden\";a:0:{}s:10:\"\0*\0visible\";a:0:{}s:11:\"\0*\0fillable\";a:0:{}s:10:\"\0*\0guarded\";a:1:{i:0;s:2:\"id\";}}i:8;O:22:\"App\\Models\\HR\\Employee\":30:{s:13:\"\0*\0connection\";s:5:\"mysql\";s:8:\"\0*\0table\";s:9:\"employees\";s:13:\"\0*\0primaryKey\";s:2:\"id\";s:10:\"\0*\0keyType\";s:6:\"string\";s:12:\"incrementing\";b:0;s:7:\"\0*\0with\";a:0:{}s:12:\"\0*\0withCount\";a:0:{}s:19:\"preventsLazyLoading\";b:0;s:10:\"\0*\0perPage\";i:15;s:6:\"exists\";b:1;s:18:\"wasRecentlyCreated\";b:0;s:28:\"\0*\0escapeWhenCastingToString\";b:0;s:13:\"\0*\0attributes\";a:38:{s:2:\"id\";s:36:\"38299f6f-f7a0-4a56-992e-0801c3465bee\";s:15:\"organisation_id\";s:36:\"ac7e5b0f-d0dd-44a4-913c-6d365861fad6\";s:17:\"biometric_user_id\";N;s:13:\"employee_code\";s:10:\"EMP-P9W8B1\";s:10:\"first_name\";s:6:\"Esther\";s:9:\"last_name\";s:5:\"Damas\";s:10:\"other_name\";s:7:\"Manyama\";s:5:\"email\";s:21:\"estherdamas@gmail.com\";s:14:\"official_email\";N;s:5:\"phone\";s:10:\"0759931606\";s:6:\"gender\";s:6:\"female\";s:13:\"date_of_birth\";s:10:\"1993-12-24\";s:14:\"marital_status\";s:6:\"single\";s:15:\"employment_type\";s:9:\"full_time\";s:10:\"salutation\";s:4:\"Miss\";s:7:\"address\";s:43:\"P.O.Box 349, Shinyanga,  Miti Mirefu Street\";s:4:\"city\";N;s:5:\"state\";s:9:\"Shinyanga\";s:11:\"postal_code\";N;s:7:\"country\";s:8:\"Tanzania\";s:5:\"photo\";N;s:9:\"hire_date\";s:10:\"2020-04-20\";s:16:\"termination_date\";N;s:25:\"tax_identification_number\";N;s:19:\"bank_account_number\";N;s:9:\"bank_name\";N;s:14:\"designation_id\";s:36:\"f70758e2-c758-4584-8379-988acc55408d\";s:19:\"salary_structure_id\";s:36:\"6498fbe8-3bfc-43dc-a1cf-7e46c115f165\";s:12:\"job_title_id\";N;s:13:\"bassic_salary\";s:4:\"0.00\";s:10:\"commission\";s:4:\"0.00\";s:13:\"overtime_rate\";N;s:13:\"supervisor_id\";N;s:7:\"user_id\";s:36:\"97014f95-e102-4f16-9495-0447d9813b2d\";s:6:\"status\";s:6:\"active\";s:10:\"created_at\";s:19:\"2026-03-28 08:14:10\";s:10:\"updated_at\";s:19:\"2026-03-28 08:14:10\";s:10:\"deleted_at\";N;}s:11:\"\0*\0original\";a:38:{s:2:\"id\";s:36:\"38299f6f-f7a0-4a56-992e-0801c3465bee\";s:15:\"organisation_id\";s:36:\"ac7e5b0f-d0dd-44a4-913c-6d365861fad6\";s:17:\"biometric_user_id\";N;s:13:\"employee_code\";s:10:\"EMP-P9W8B1\";s:10:\"first_name\";s:6:\"Esther\";s:9:\"last_name\";s:5:\"Damas\";s:10:\"other_name\";s:7:\"Manyama\";s:5:\"email\";s:21:\"estherdamas@gmail.com\";s:14:\"official_email\";N;s:5:\"phone\";s:10:\"0759931606\";s:6:\"gender\";s:6:\"female\";s:13:\"date_of_birth\";s:10:\"1993-12-24\";s:14:\"marital_status\";s:6:\"single\";s:15:\"employment_type\";s:9:\"full_time\";s:10:\"salutation\";s:4:\"Miss\";s:7:\"address\";s:43:\"P.O.Box 349, Shinyanga,  Miti Mirefu Street\";s:4:\"city\";N;s:5:\"state\";s:9:\"Shinyanga\";s:11:\"postal_code\";N;s:7:\"country\";s:8:\"Tanzania\";s:5:\"photo\";N;s:9:\"hire_date\";s:10:\"2020-04-20\";s:16:\"termination_date\";N;s:25:\"tax_identification_number\";N;s:19:\"bank_account_number\";N;s:9:\"bank_name\";N;s:14:\"designation_id\";s:36:\"f70758e2-c758-4584-8379-988acc55408d\";s:19:\"salary_structure_id\";s:36:\"6498fbe8-3bfc-43dc-a1cf-7e46c115f165\";s:12:\"job_title_id\";N;s:13:\"bassic_salary\";s:4:\"0.00\";s:10:\"commission\";s:4:\"0.00\";s:13:\"overtime_rate\";N;s:13:\"supervisor_id\";N;s:7:\"user_id\";s:36:\"97014f95-e102-4f16-9495-0447d9813b2d\";s:6:\"status\";s:6:\"active\";s:10:\"created_at\";s:19:\"2026-03-28 08:14:10\";s:10:\"updated_at\";s:19:\"2026-03-28 08:14:10\";s:10:\"deleted_at\";N;}s:10:\"\0*\0changes\";a:0:{}s:8:\"\0*\0casts\";a:0:{}s:17:\"\0*\0classCastCache\";a:0:{}s:21:\"\0*\0attributeCastCache\";a:0:{}s:13:\"\0*\0dateFormat\";N;s:10:\"\0*\0appends\";a:0:{}s:19:\"\0*\0dispatchesEvents\";a:0:{}s:14:\"\0*\0observables\";a:0:{}s:12:\"\0*\0relations\";a:7:{s:10:\"supervisor\";N;s:4:\"user\";O:15:\"App\\Models\\User\":35:{s:13:\"\0*\0connection\";s:5:\"mysql\";s:8:\"\0*\0table\";s:5:\"users\";s:13:\"\0*\0primaryKey\";s:2:\"id\";s:10:\"\0*\0keyType\";s:6:\"string\";s:12:\"incrementing\";b:0;s:7:\"\0*\0with\";a:0:{}s:12:\"\0*\0withCount\";a:0:{}s:19:\"preventsLazyLoading\";b:0;s:10:\"\0*\0perPage\";i:15;s:6:\"exists\";b:1;s:18:\"wasRecentlyCreated\";b:0;s:28:\"\0*\0escapeWhenCastingToString\";b:0;s:13:\"\0*\0attributes\";a:26:{s:2:\"id\";s:36:\"97014f95-e102-4f16-9495-0447d9813b2d\";s:15:\"organisation_id\";s:36:\"ac7e5b0f-d0dd-44a4-913c-6d365861fad6\";s:5:\"phone\";s:10:\"0759931606\";s:10:\"first_name\";s:6:\"Esther\";s:9:\"last_name\";s:5:\"Damas\";s:10:\"other_name\";s:7:\"Manyama\";s:5:\"email\";s:21:\"estherdamas@gmail.com\";s:6:\"gender\";s:6:\"female\";s:13:\"date_of_birth\";s:10:\"1993-12-24\";s:14:\"marital_status\";s:6:\"single\";s:10:\"salutation\";s:4:\"Miss\";s:17:\"email_verified_at\";N;s:8:\"password\";s:60:\"$2y$12$Rm1BxQhJexl6/SXdfdippOSZYBZ92TXp9XZeUvt3Ei2D62VSJ06o6\";s:3:\"pin\";N;s:15:\"profile_picture\";N;s:9:\"signature\";N;s:17:\"verification_code\";N;s:13:\"login_attempt\";i:3;s:9:\"branch_id\";N;s:6:\"status\";s:6:\"active\";s:14:\"is_first_login\";i:1;s:14:\"remember_token\";N;s:10:\"created_at\";s:19:\"2026-03-28 08:14:10\";s:10:\"updated_at\";s:19:\"2026-03-28 08:14:10\";s:10:\"deleted_at\";N;s:21:\"two_factor_expires_at\";N;}s:11:\"\0*\0original\";a:26:{s:2:\"id\";s:36:\"97014f95-e102-4f16-9495-0447d9813b2d\";s:15:\"organisation_id\";s:36:\"ac7e5b0f-d0dd-44a4-913c-6d365861fad6\";s:5:\"phone\";s:10:\"0759931606\";s:10:\"first_name\";s:6:\"Esther\";s:9:\"last_name\";s:5:\"Damas\";s:10:\"other_name\";s:7:\"Manyama\";s:5:\"email\";s:21:\"estherdamas@gmail.com\";s:6:\"gender\";s:6:\"female\";s:13:\"date_of_birth\";s:10:\"1993-12-24\";s:14:\"marital_status\";s:6:\"single\";s:10:\"salutation\";s:4:\"Miss\";s:17:\"email_verified_at\";N;s:8:\"password\";s:60:\"$2y$12$Rm1BxQhJexl6/SXdfdippOSZYBZ92TXp9XZeUvt3Ei2D62VSJ06o6\";s:3:\"pin\";N;s:15:\"profile_picture\";N;s:9:\"signature\";N;s:17:\"verification_code\";N;s:13:\"login_attempt\";i:3;s:9:\"branch_id\";N;s:6:\"status\";s:6:\"active\";s:14:\"is_first_login\";i:1;s:14:\"remember_token\";N;s:10:\"created_at\";s:19:\"2026-03-28 08:14:10\";s:10:\"updated_at\";s:19:\"2026-03-28 08:14:10\";s:10:\"deleted_at\";N;s:21:\"two_factor_expires_at\";N;}s:10:\"\0*\0changes\";a:0:{}s:8:\"\0*\0casts\";a:3:{s:17:\"email_verified_at\";s:8:\"datetime\";s:8:\"password\";s:6:\"hashed\";s:10:\"deleted_at\";s:8:\"datetime\";}s:17:\"\0*\0classCastCache\";a:0:{}s:21:\"\0*\0attributeCastCache\";a:0:{}s:13:\"\0*\0dateFormat\";N;s:10:\"\0*\0appends\";a:1:{i:0;s:9:\"full_name\";}s:19:\"\0*\0dispatchesEvents\";a:0:{}s:14:\"\0*\0observables\";a:0:{}s:12:\"\0*\0relations\";a:0:{}s:10:\"\0*\0touches\";a:0:{}s:10:\"timestamps\";b:1;s:13:\"usesUniqueIds\";b:0;s:9:\"\0*\0hidden\";a:3:{i:0;s:8:\"password\";i:1;s:14:\"remember_token\";i:2;s:5:\"pivot\";}s:10:\"\0*\0visible\";a:0:{}s:11:\"\0*\0fillable\";a:0:{}s:10:\"\0*\0guarded\";a:1:{i:0;s:2:\"id\";}s:19:\"\0*\0authPasswordName\";s:8:\"password\";s:20:\"\0*\0rememberTokenName\";s:14:\"remember_token\";s:13:\"\0*\0guard_name\";s:3:\"api\";s:16:\"\0*\0forceDeleting\";b:0;s:14:\"\0*\0accessToken\";N;}s:11:\"designation\";O:25:\"App\\Models\\HR\\Designation\":31:{s:13:\"\0*\0connection\";s:5:\"mysql\";s:8:\"\0*\0table\";s:12:\"designations\";s:13:\"\0*\0primaryKey\";s:2:\"id\";s:10:\"\0*\0keyType\";s:6:\"string\";s:12:\"incrementing\";b:0;s:7:\"\0*\0with\";a:0:{}s:12:\"\0*\0withCount\";a:0:{}s:19:\"preventsLazyLoading\";b:0;s:10:\"\0*\0perPage\";i:15;s:6:\"exists\";b:1;s:18:\"wasRecentlyCreated\";b:0;s:28:\"\0*\0escapeWhenCastingToString\";b:0;s:13:\"\0*\0attributes\";a:8:{s:2:\"id\";s:36:\"f70758e2-c758-4584-8379-988acc55408d\";s:15:\"organisation_id\";s:36:\"ac7e5b0f-d0dd-44a4-913c-6d365861fad6\";s:13:\"department_id\";s:36:\"b75eb4df-23d1-4f95-b0dd-fd76ef7a30b3\";s:16:\"designation_name\";s:16:\"Office attendant\";s:11:\"description\";s:16:\"Office attendant\";s:10:\"created_at\";s:19:\"2026-01-21 09:20:06\";s:10:\"updated_at\";s:19:\"2026-01-21 09:20:06\";s:10:\"deleted_at\";N;}s:11:\"\0*\0original\";a:8:{s:2:\"id\";s:36:\"f70758e2-c758-4584-8379-988acc55408d\";s:15:\"organisation_id\";s:36:\"ac7e5b0f-d0dd-44a4-913c-6d365861fad6\";s:13:\"department_id\";s:36:\"b75eb4df-23d1-4f95-b0dd-fd76ef7a30b3\";s:16:\"designation_name\";s:16:\"Office attendant\";s:11:\"description\";s:16:\"Office attendant\";s:10:\"created_at\";s:19:\"2026-01-21 09:20:06\";s:10:\"updated_at\";s:19:\"2026-01-21 09:20:06\";s:10:\"deleted_at\";N;}s:10:\"\0*\0changes\";a:0:{}s:8:\"\0*\0casts\";a:1:{s:10:\"deleted_at\";s:8:\"datetime\";}s:17:\"\0*\0classCastCache\";a:0:{}s:21:\"\0*\0attributeCastCache\";a:0:{}s:13:\"\0*\0dateFormat\";N;s:10:\"\0*\0appends\";a:0:{}s:19:\"\0*\0dispatchesEvents\";a:0:{}s:14:\"\0*\0observables\";a:0:{}s:12:\"\0*\0relations\";a:1:{s:10:\"department\";r:2663;}s:10:\"\0*\0touches\";a:0:{}s:10:\"timestamps\";b:1;s:13:\"usesUniqueIds\";b:0;s:9:\"\0*\0hidden\";a:0:{}s:10:\"\0*\0visible\";a:0:{}s:11:\"\0*\0fillable\";a:0:{}s:10:\"\0*\0guarded\";a:1:{i:0;s:2:\"id\";}s:16:\"\0*\0forceDeleting\";b:0;}s:18:\"employee_structure\";O:39:\"Illuminate\\Database\\Eloquent\\Collection\":2:{s:8:\"\0*\0items\";a:1:{i:0;O:42:\"App\\Models\\Payroll\\EmployeeSalaryStructure\":31:{s:13:\"\0*\0connection\";s:5:\"mysql\";s:8:\"\0*\0table\";s:26:\"employee_salary_structures\";s:13:\"\0*\0primaryKey\";s:2:\"id\";s:10:\"\0*\0keyType\";s:6:\"string\";s:12:\"incrementing\";b:0;s:7:\"\0*\0with\";a:0:{}s:12:\"\0*\0withCount\";a:0:{}s:19:\"preventsLazyLoading\";b:0;s:10:\"\0*\0perPage\";i:15;s:6:\"exists\";b:1;s:18:\"wasRecentlyCreated\";b:0;s:28:\"\0*\0escapeWhenCastingToString\";b:0;s:13:\"\0*\0attributes\";a:10:{s:2:\"id\";s:36:\"83ec6957-76bb-4d3b-83bb-3f54110ba6c1\";s:11:\"employee_id\";s:36:\"38299f6f-f7a0-4a56-992e-0801c3465bee\";s:19:\"salary_structure_id\";s:36:\"6498fbe8-3bfc-43dc-a1cf-7e46c115f165\";s:11:\"base_salary\";s:9:\"290250.00\";s:14:\"effective_from\";s:10:\"2026-03-28\";s:12:\"effective_to\";N;s:6:\"status\";s:6:\"active\";s:10:\"created_at\";s:19:\"2026-03-28 08:14:10\";s:10:\"updated_at\";s:19:\"2026-03-28 08:14:10\";s:10:\"deleted_at\";N;}s:11:\"\0*\0original\";a:10:{s:2:\"id\";s:36:\"83ec6957-76bb-4d3b-83bb-3f54110ba6c1\";s:11:\"employee_id\";s:36:\"38299f6f-f7a0-4a56-992e-0801c3465bee\";s:19:\"salary_structure_id\";s:36:\"6498fbe8-3bfc-43dc-a1cf-7e46c115f165\";s:11:\"base_salary\";s:9:\"290250.00\";s:14:\"effective_from\";s:10:\"2026-03-28\";s:12:\"effective_to\";N;s:6:\"status\";s:6:\"active\";s:10:\"created_at\";s:19:\"2026-03-28 08:14:10\";s:10:\"updated_at\";s:19:\"2026-03-28 08:14:10\";s:10:\"deleted_at\";N;}s:10:\"\0*\0changes\";a:0:{}s:8:\"\0*\0casts\";a:1:{s:10:\"deleted_at\";s:8:\"datetime\";}s:17:\"\0*\0classCastCache\";a:0:{}s:21:\"\0*\0attributeCastCache\";a:0:{}s:13:\"\0*\0dateFormat\";N;s:10:\"\0*\0appends\";a:0:{}s:19:\"\0*\0dispatchesEvents\";a:0:{}s:14:\"\0*\0observables\";a:0:{}s:12:\"\0*\0relations\";a:1:{s:15:\"salaryStructure\";O:34:\"App\\Models\\Payroll\\SalaryStructure\":31:{s:13:\"\0*\0connection\";s:5:\"mysql\";s:8:\"\0*\0table\";s:17:\"salary_structures\";s:13:\"\0*\0primaryKey\";s:2:\"id\";s:10:\"\0*\0keyType\";s:6:\"string\";s:12:\"incrementing\";b:0;s:7:\"\0*\0with\";a:0:{}s:12:\"\0*\0withCount\";a:0:{}s:19:\"preventsLazyLoading\";b:0;s:10:\"\0*\0perPage\";i:15;s:6:\"exists\";b:1;s:18:\"wasRecentlyCreated\";b:0;s:28:\"\0*\0escapeWhenCastingToString\";b:0;s:13:\"\0*\0attributes\";a:8:{s:2:\"id\";s:36:\"6498fbe8-3bfc-43dc-a1cf-7e46c115f165\";s:15:\"organisation_id\";s:36:\"ac7e5b0f-d0dd-44a4-913c-6d365861fad6\";s:4:\"name\";s:8:\"SRCU-EDM\";s:9:\"basic_pay\";s:9:\"290250.00\";s:5:\"notes\";s:20:\"Esther Damas Manyama\";s:10:\"created_at\";s:19:\"2026-01-20 13:02:47\";s:10:\"updated_at\";s:19:\"2026-01-20 14:07:39\";s:10:\"deleted_at\";N;}s:11:\"\0*\0original\";a:8:{s:2:\"id\";s:36:\"6498fbe8-3bfc-43dc-a1cf-7e46c115f165\";s:15:\"organisation_id\";s:36:\"ac7e5b0f-d0dd-44a4-913c-6d365861fad6\";s:4:\"name\";s:8:\"SRCU-EDM\";s:9:\"basic_pay\";s:9:\"290250.00\";s:5:\"notes\";s:20:\"Esther Damas Manyama\";s:10:\"created_at\";s:19:\"2026-01-20 13:02:47\";s:10:\"updated_at\";s:19:\"2026-01-20 14:07:39\";s:10:\"deleted_at\";N;}s:10:\"\0*\0changes\";a:0:{}s:8:\"\0*\0casts\";a:3:{s:19:\"additional_benefits\";s:5:\"array\";s:21:\"additional_deductions\";s:5:\"array\";s:10:\"deleted_at\";s:8:\"datetime\";}s:17:\"\0*\0classCastCache\";a:0:{}s:21:\"\0*\0attributeCastCache\";a:0:{}s:13:\"\0*\0dateFormat\";N;s:10:\"\0*\0appends\";a:0:{}s:19:\"\0*\0dispatchesEvents\";a:0:{}s:14:\"\0*\0observables\";a:0:{}s:12:\"\0*\0relations\";a:0:{}s:10:\"\0*\0touches\";a:0:{}s:10:\"timestamps\";b:1;s:13:\"usesUniqueIds\";b:0;s:9:\"\0*\0hidden\";a:0:{}s:10:\"\0*\0visible\";a:0:{}s:11:\"\0*\0fillable\";a:0:{}s:10:\"\0*\0guarded\";a:1:{i:0;s:2:\"id\";}s:16:\"\0*\0forceDeleting\";b:0;}}s:10:\"\0*\0touches\";a:0:{}s:10:\"timestamps\";b:1;s:13:\"usesUniqueIds\";b:0;s:9:\"\0*\0hidden\";a:0:{}s:10:\"\0*\0visible\";a:0:{}s:11:\"\0*\0fillable\";a:0:{}s:10:\"\0*\0guarded\";a:1:{i:0;s:2:\"id\";}s:16:\"\0*\0forceDeleting\";b:0;}}s:28:\"\0*\0escapeWhenCastingToString\";b:0;}s:24:\"currentEmployeeStructure\";O:42:\"App\\Models\\Payroll\\EmployeeSalaryStructure\":31:{s:13:\"\0*\0connection\";s:5:\"mysql\";s:8:\"\0*\0table\";s:26:\"employee_salary_structures\";s:13:\"\0*\0primaryKey\";s:2:\"id\";s:10:\"\0*\0keyType\";s:6:\"string\";s:12:\"incrementing\";b:0;s:7:\"\0*\0with\";a:0:{}s:12:\"\0*\0withCount\";a:0:{}s:19:\"preventsLazyLoading\";b:0;s:10:\"\0*\0perPage\";i:15;s:6:\"exists\";b:1;s:18:\"wasRecentlyCreated\";b:0;s:28:\"\0*\0escapeWhenCastingToString\";b:0;s:13:\"\0*\0attributes\";a:10:{s:2:\"id\";s:36:\"83ec6957-76bb-4d3b-83bb-3f54110ba6c1\";s:11:\"employee_id\";s:36:\"38299f6f-f7a0-4a56-992e-0801c3465bee\";s:19:\"salary_structure_id\";s:36:\"6498fbe8-3bfc-43dc-a1cf-7e46c115f165\";s:11:\"base_salary\";s:9:\"290250.00\";s:14:\"effective_from\";s:10:\"2026-03-28\";s:12:\"effective_to\";N;s:6:\"status\";s:6:\"active\";s:10:\"created_at\";s:19:\"2026-03-28 08:14:10\";s:10:\"updated_at\";s:19:\"2026-03-28 08:14:10\";s:10:\"deleted_at\";N;}s:11:\"\0*\0original\";a:10:{s:2:\"id\";s:36:\"83ec6957-76bb-4d3b-83bb-3f54110ba6c1\";s:11:\"employee_id\";s:36:\"38299f6f-f7a0-4a56-992e-0801c3465bee\";s:19:\"salary_structure_id\";s:36:\"6498fbe8-3bfc-43dc-a1cf-7e46c115f165\";s:11:\"base_salary\";s:9:\"290250.00\";s:14:\"effective_from\";s:10:\"2026-03-28\";s:12:\"effective_to\";N;s:6:\"status\";s:6:\"active\";s:10:\"created_at\";s:19:\"2026-03-28 08:14:10\";s:10:\"updated_at\";s:19:\"2026-03-28 08:14:10\";s:10:\"deleted_at\";N;}s:10:\"\0*\0changes\";a:0:{}s:8:\"\0*\0casts\";a:1:{s:10:\"deleted_at\";s:8:\"datetime\";}s:17:\"\0*\0classCastCache\";a:0:{}s:21:\"\0*\0attributeCastCache\";a:0:{}s:13:\"\0*\0dateFormat\";N;s:10:\"\0*\0appends\";a:0:{}s:19:\"\0*\0dispatchesEvents\";a:0:{}s:14:\"\0*\0observables\";a:0:{}s:12:\"\0*\0relations\";a:1:{s:15:\"salaryStructure\";O:34:\"App\\Models\\Payroll\\SalaryStructure\":31:{s:13:\"\0*\0connection\";s:5:\"mysql\";s:8:\"\0*\0table\";s:17:\"salary_structures\";s:13:\"\0*\0primaryKey\";s:2:\"id\";s:10:\"\0*\0keyType\";s:6:\"string\";s:12:\"incrementing\";b:0;s:7:\"\0*\0with\";a:0:{}s:12:\"\0*\0withCount\";a:0:{}s:19:\"preventsLazyLoading\";b:0;s:10:\"\0*\0perPage\";i:15;s:6:\"exists\";b:1;s:18:\"wasRecentlyCreated\";b:0;s:28:\"\0*\0escapeWhenCastingToString\";b:0;s:13:\"\0*\0attributes\";a:8:{s:2:\"id\";s:36:\"6498fbe8-3bfc-43dc-a1cf-7e46c115f165\";s:15:\"organisation_id\";s:36:\"ac7e5b0f-d0dd-44a4-913c-6d365861fad6\";s:4:\"name\";s:8:\"SRCU-EDM\";s:9:\"basic_pay\";s:9:\"290250.00\";s:5:\"notes\";s:20:\"Esther Damas Manyama\";s:10:\"created_at\";s:19:\"2026-01-20 13:02:47\";s:10:\"updated_at\";s:19:\"2026-01-20 14:07:39\";s:10:\"deleted_at\";N;}s:11:\"\0*\0original\";a:8:{s:2:\"id\";s:36:\"6498fbe8-3bfc-43dc-a1cf-7e46c115f165\";s:15:\"organisation_id\";s:36:\"ac7e5b0f-d0dd-44a4-913c-6d365861fad6\";s:4:\"name\";s:8:\"SRCU-EDM\";s:9:\"basic_pay\";s:9:\"290250.00\";s:5:\"notes\";s:20:\"Esther Damas Manyama\";s:10:\"created_at\";s:19:\"2026-01-20 13:02:47\";s:10:\"updated_at\";s:19:\"2026-01-20 14:07:39\";s:10:\"deleted_at\";N;}s:10:\"\0*\0changes\";a:0:{}s:8:\"\0*\0casts\";a:3:{s:19:\"additional_benefits\";s:5:\"array\";s:21:\"additional_deductions\";s:5:\"array\";s:10:\"deleted_at\";s:8:\"datetime\";}s:17:\"\0*\0classCastCache\";a:0:{}s:21:\"\0*\0attributeCastCache\";a:0:{}s:13:\"\0*\0dateFormat\";N;s:10:\"\0*\0appends\";a:0:{}s:19:\"\0*\0dispatchesEvents\";a:0:{}s:14:\"\0*\0observables\";a:0:{}s:12:\"\0*\0relations\";a:0:{}s:10:\"\0*\0touches\";a:0:{}s:10:\"timestamps\";b:1;s:13:\"usesUniqueIds\";b:0;s:9:\"\0*\0hidden\";a:0:{}s:10:\"\0*\0visible\";a:0:{}s:11:\"\0*\0fillable\";a:0:{}s:10:\"\0*\0guarded\";a:1:{i:0;s:2:\"id\";}s:16:\"\0*\0forceDeleting\";b:0;}}s:10:\"\0*\0touches\";a:0:{}s:10:\"timestamps\";b:1;s:13:\"usesUniqueIds\";b:0;s:9:\"\0*\0hidden\";a:0:{}s:10:\"\0*\0visible\";a:0:{}s:11:\"\0*\0fillable\";a:0:{}s:10:\"\0*\0guarded\";a:1:{i:0;s:2:\"id\";}s:16:\"\0*\0forceDeleting\";b:0;}s:10:\"deductions\";O:39:\"Illuminate\\Database\\Eloquent\\Collection\":2:{s:8:\"\0*\0items\";a:2:{i:0;O:36:\"App\\Models\\Payroll\\EmployeeDeduction\":30:{s:13:\"\0*\0connection\";s:5:\"mysql\";s:8:\"\0*\0table\";s:19:\"employee_deductions\";s:13:\"\0*\0primaryKey\";s:2:\"id\";s:10:\"\0*\0keyType\";s:6:\"string\";s:12:\"incrementing\";b:0;s:7:\"\0*\0with\";a:0:{}s:12:\"\0*\0withCount\";a:0:{}s:19:\"preventsLazyLoading\";b:0;s:10:\"\0*\0perPage\";i:15;s:6:\"exists\";b:1;s:18:\"wasRecentlyCreated\";b:0;s:28:\"\0*\0escapeWhenCastingToString\";b:0;s:13:\"\0*\0attributes\";a:7:{s:2:\"id\";s:36:\"102b13e2-7b4f-4291-bb0c-281cd4b022aa\";s:11:\"employee_id\";s:36:\"38299f6f-f7a0-4a56-992e-0801c3465bee\";s:17:\"deduction_type_id\";s:36:\"38d3ad00-1f9c-49c3-bfba-cfdd02ed626d\";s:5:\"value\";s:8:\"29025.00\";s:6:\"status\";s:6:\"active\";s:10:\"created_at\";s:19:\"2026-03-28 08:14:10\";s:10:\"updated_at\";s:19:\"2026-03-28 08:14:10\";}s:11:\"\0*\0original\";a:7:{s:2:\"id\";s:36:\"102b13e2-7b4f-4291-bb0c-281cd4b022aa\";s:11:\"employee_id\";s:36:\"38299f6f-f7a0-4a56-992e-0801c3465bee\";s:17:\"deduction_type_id\";s:36:\"38d3ad00-1f9c-49c3-bfba-cfdd02ed626d\";s:5:\"value\";s:8:\"29025.00\";s:6:\"status\";s:6:\"active\";s:10:\"created_at\";s:19:\"2026-03-28 08:14:10\";s:10:\"updated_at\";s:19:\"2026-03-28 08:14:10\";}s:10:\"\0*\0changes\";a:0:{}s:8:\"\0*\0casts\";a:0:{}s:17:\"\0*\0classCastCache\";a:0:{}s:21:\"\0*\0attributeCastCache\";a:0:{}s:13:\"\0*\0dateFormat\";N;s:10:\"\0*\0appends\";a:0:{}s:19:\"\0*\0dispatchesEvents\";a:0:{}s:14:\"\0*\0observables\";a:0:{}s:12:\"\0*\0relations\";a:1:{s:4:\"type\";r:3132;}s:10:\"\0*\0touches\";a:0:{}s:10:\"timestamps\";b:1;s:13:\"usesUniqueIds\";b:0;s:9:\"\0*\0hidden\";a:0:{}s:10:\"\0*\0visible\";a:0:{}s:11:\"\0*\0fillable\";a:0:{}s:10:\"\0*\0guarded\";a:1:{i:0;s:2:\"id\";}}i:1;O:36:\"App\\Models\\Payroll\\EmployeeDeduction\":30:{s:13:\"\0*\0connection\";s:5:\"mysql\";s:8:\"\0*\0table\";s:19:\"employee_deductions\";s:13:\"\0*\0primaryKey\";s:2:\"id\";s:10:\"\0*\0keyType\";s:6:\"string\";s:12:\"incrementing\";b:0;s:7:\"\0*\0with\";a:0:{}s:12:\"\0*\0withCount\";a:0:{}s:19:\"preventsLazyLoading\";b:0;s:10:\"\0*\0perPage\";i:15;s:6:\"exists\";b:1;s:18:\"wasRecentlyCreated\";b:0;s:28:\"\0*\0escapeWhenCastingToString\";b:0;s:13:\"\0*\0attributes\";a:7:{s:2:\"id\";s:36:\"55741f80-e874-4d7c-8e50-7a66ea3c2cdb\";s:11:\"employee_id\";s:36:\"38299f6f-f7a0-4a56-992e-0801c3465bee\";s:17:\"deduction_type_id\";s:36:\"f1170465-a3af-4e4d-adb1-85d89647f8c1\";s:5:\"value\";s:7:\"5805.00\";s:6:\"status\";s:6:\"active\";s:10:\"created_at\";s:19:\"2026-03-28 08:14:10\";s:10:\"updated_at\";s:19:\"2026-03-28 08:14:10\";}s:11:\"\0*\0original\";a:7:{s:2:\"id\";s:36:\"55741f80-e874-4d7c-8e50-7a66ea3c2cdb\";s:11:\"employee_id\";s:36:\"38299f6f-f7a0-4a56-992e-0801c3465bee\";s:17:\"deduction_type_id\";s:36:\"f1170465-a3af-4e4d-adb1-85d89647f8c1\";s:5:\"value\";s:7:\"5805.00\";s:6:\"status\";s:6:\"active\";s:10:\"created_at\";s:19:\"2026-03-28 08:14:10\";s:10:\"updated_at\";s:19:\"2026-03-28 08:14:10\";}s:10:\"\0*\0changes\";a:0:{}s:8:\"\0*\0casts\";a:0:{}s:17:\"\0*\0classCastCache\";a:0:{}s:21:\"\0*\0attributeCastCache\";a:0:{}s:13:\"\0*\0dateFormat\";N;s:10:\"\0*\0appends\";a:0:{}s:19:\"\0*\0dispatchesEvents\";a:0:{}s:14:\"\0*\0observables\";a:0:{}s:12:\"\0*\0relations\";a:1:{s:4:\"type\";r:2196;}s:10:\"\0*\0touches\";a:0:{}s:10:\"timestamps\";b:1;s:13:\"usesUniqueIds\";b:0;s:9:\"\0*\0hidden\";a:0:{}s:10:\"\0*\0visible\";a:0:{}s:11:\"\0*\0fillable\";a:0:{}s:10:\"\0*\0guarded\";a:1:{i:0;s:2:\"id\";}}}s:28:\"\0*\0escapeWhenCastingToString\";b:0;}s:10:\"allowances\";O:39:\"Illuminate\\Database\\Eloquent\\Collection\":2:{s:8:\"\0*\0items\";a:0:{}s:28:\"\0*\0escapeWhenCastingToString\";b:0;}}s:10:\"\0*\0touches\";a:0:{}s:10:\"timestamps\";b:1;s:13:\"usesUniqueIds\";b:0;s:9:\"\0*\0hidden\";a:0:{}s:10:\"\0*\0visible\";a:0:{}s:11:\"\0*\0fillable\";a:0:{}s:10:\"\0*\0guarded\";a:1:{i:0;s:2:\"id\";}}i:9;O:22:\"App\\Models\\HR\\Employee\":30:{s:13:\"\0*\0connection\";s:5:\"mysql\";s:8:\"\0*\0table\";s:9:\"employees\";s:13:\"\0*\0primaryKey\";s:2:\"id\";s:10:\"\0*\0keyType\";s:6:\"string\";s:12:\"incrementing\";b:0;s:7:\"\0*\0with\";a:0:{}s:12:\"\0*\0withCount\";a:0:{}s:19:\"preventsLazyLoading\";b:0;s:10:\"\0*\0perPage\";i:15;s:6:\"exists\";b:1;s:18:\"wasRecentlyCreated\";b:0;s:28:\"\0*\0escapeWhenCastingToString\";b:0;s:13:\"\0*\0attributes\";a:38:{s:2:\"id\";s:36:\"3de7c572-94cb-4a65-b30e-ba55d6c94893\";s:15:\"organisation_id\";s:36:\"ac7e5b0f-d0dd-44a4-913c-6d365861fad6\";s:17:\"biometric_user_id\";N;s:13:\"employee_code\";s:10:\"EMP-1S6QLZ\";s:10:\"first_name\";s:6:\"Thomas\";s:9:\"last_name\";s:7:\"Merengo\";s:10:\"other_name\";s:6:\"Ernest\";s:5:\"email\";s:28:\"finance@shireculimited.co.tz\";s:14:\"official_email\";N;s:5:\"phone\";s:16:\"+255 746 067 712\";s:6:\"gender\";s:4:\"male\";s:13:\"date_of_birth\";s:10:\"1986-11-06\";s:14:\"marital_status\";s:7:\"married\";s:15:\"employment_type\";s:9:\"full_time\";s:10:\"salutation\";s:2:\"Mr\";s:7:\"address\";s:43:\"P.O.Box 349, Shinyanga,  Miti Mirefu Street\";s:4:\"city\";N;s:5:\"state\";s:9:\"Shinyanga\";s:11:\"postal_code\";N;s:7:\"country\";s:8:\"Tanzania\";s:5:\"photo\";N;s:9:\"hire_date\";s:10:\"2024-11-18\";s:16:\"termination_date\";N;s:25:\"tax_identification_number\";N;s:19:\"bank_account_number\";N;s:9:\"bank_name\";N;s:14:\"designation_id\";s:36:\"f2fc0c62-ef2b-4a7e-9f64-7373362afa9a\";s:19:\"salary_structure_id\";s:36:\"0b4c3c30-afcb-4cf4-ba03-79fe8d409d7d\";s:12:\"job_title_id\";N;s:13:\"bassic_salary\";s:4:\"0.00\";s:10:\"commission\";s:4:\"0.00\";s:13:\"overtime_rate\";N;s:13:\"supervisor_id\";N;s:7:\"user_id\";s:36:\"cc10bd7e-9f0e-453d-bece-e76872f0854f\";s:6:\"status\";s:6:\"active\";s:10:\"created_at\";s:19:\"2026-01-21 08:46:21\";s:10:\"updated_at\";s:19:\"2026-01-21 08:46:21\";s:10:\"deleted_at\";N;}s:11:\"\0*\0original\";a:38:{s:2:\"id\";s:36:\"3de7c572-94cb-4a65-b30e-ba55d6c94893\";s:15:\"organisation_id\";s:36:\"ac7e5b0f-d0dd-44a4-913c-6d365861fad6\";s:17:\"biometric_user_id\";N;s:13:\"employee_code\";s:10:\"EMP-1S6QLZ\";s:10:\"first_name\";s:6:\"Thomas\";s:9:\"last_name\";s:7:\"Merengo\";s:10:\"other_name\";s:6:\"Ernest\";s:5:\"email\";s:28:\"finance@shireculimited.co.tz\";s:14:\"official_email\";N;s:5:\"phone\";s:16:\"+255 746 067 712\";s:6:\"gender\";s:4:\"male\";s:13:\"date_of_birth\";s:10:\"1986-11-06\";s:14:\"marital_status\";s:7:\"married\";s:15:\"employment_type\";s:9:\"full_time\";s:10:\"salutation\";s:2:\"Mr\";s:7:\"address\";s:43:\"P.O.Box 349, Shinyanga,  Miti Mirefu Street\";s:4:\"city\";N;s:5:\"state\";s:9:\"Shinyanga\";s:11:\"postal_code\";N;s:7:\"country\";s:8:\"Tanzania\";s:5:\"photo\";N;s:9:\"hire_date\";s:10:\"2024-11-18\";s:16:\"termination_date\";N;s:25:\"tax_identification_number\";N;s:19:\"bank_account_number\";N;s:9:\"bank_name\";N;s:14:\"designation_id\";s:36:\"f2fc0c62-ef2b-4a7e-9f64-7373362afa9a\";s:19:\"salary_structure_id\";s:36:\"0b4c3c30-afcb-4cf4-ba03-79fe8d409d7d\";s:12:\"job_title_id\";N;s:13:\"bassic_salary\";s:4:\"0.00\";s:10:\"commission\";s:4:\"0.00\";s:13:\"overtime_rate\";N;s:13:\"supervisor_id\";N;s:7:\"user_id\";s:36:\"cc10bd7e-9f0e-453d-bece-e76872f0854f\";s:6:\"status\";s:6:\"active\";s:10:\"created_at\";s:19:\"2026-01-21 08:46:21\";s:10:\"updated_at\";s:19:\"2026-01-21 08:46:21\";s:10:\"deleted_at\";N;}s:10:\"\0*\0changes\";a:0:{}s:8:\"\0*\0casts\";a:0:{}s:17:\"\0*\0classCastCache\";a:0:{}s:21:\"\0*\0attributeCastCache\";a:0:{}s:13:\"\0*\0dateFormat\";N;s:10:\"\0*\0appends\";a:0:{}s:19:\"\0*\0dispatchesEvents\";a:0:{}s:14:\"\0*\0observables\";a:0:{}s:12:\"\0*\0relations\";a:7:{s:10:\"supervisor\";N;s:4:\"user\";O:15:\"App\\Models\\User\":35:{s:13:\"\0*\0connection\";s:5:\"mysql\";s:8:\"\0*\0table\";s:5:\"users\";s:13:\"\0*\0primaryKey\";s:2:\"id\";s:10:\"\0*\0keyType\";s:6:\"string\";s:12:\"incrementing\";b:0;s:7:\"\0*\0with\";a:0:{}s:12:\"\0*\0withCount\";a:0:{}s:19:\"preventsLazyLoading\";b:0;s:10:\"\0*\0perPage\";i:15;s:6:\"exists\";b:1;s:18:\"wasRecentlyCreated\";b:0;s:28:\"\0*\0escapeWhenCastingToString\";b:0;s:13:\"\0*\0attributes\";a:26:{s:2:\"id\";s:36:\"cc10bd7e-9f0e-453d-bece-e76872f0854f\";s:15:\"organisation_id\";s:36:\"ac7e5b0f-d0dd-44a4-913c-6d365861fad6\";s:5:\"phone\";s:16:\"+255 746 067 712\";s:10:\"first_name\";s:6:\"Thomas\";s:9:\"last_name\";s:7:\"Merengo\";s:10:\"other_name\";s:6:\"Ernest\";s:5:\"email\";s:28:\"finance@shireculimited.co.tz\";s:6:\"gender\";s:4:\"male\";s:13:\"date_of_birth\";s:10:\"1986-11-06\";s:14:\"marital_status\";s:6:\"single\";s:10:\"salutation\";s:2:\"Mr\";s:17:\"email_verified_at\";N;s:8:\"password\";s:60:\"$2y$12$dFhVUTtncqZuUjZXDH9Fm.Ny0Y2kgo9XInplpyYNy2QXd1ScckTxC\";s:3:\"pin\";N;s:15:\"profile_picture\";s:53:\"profiles/pU3mJKupCkL3zppfnRCQYoGtG3UXErXE2r938vLh.png\";s:9:\"signature\";s:55:\"signatures/vEe2Oq5RdhH6ug3sc2mY05l4yN2xJJTcs4fM2K9x.png\";s:17:\"verification_code\";N;s:13:\"login_attempt\";i:3;s:9:\"branch_id\";N;s:6:\"status\";s:6:\"active\";s:14:\"is_first_login\";i:0;s:14:\"remember_token\";N;s:10:\"created_at\";s:19:\"2026-01-21 08:46:21\";s:10:\"updated_at\";s:19:\"2026-01-21 11:20:31\";s:10:\"deleted_at\";N;s:21:\"two_factor_expires_at\";N;}s:11:\"\0*\0original\";a:26:{s:2:\"id\";s:36:\"cc10bd7e-9f0e-453d-bece-e76872f0854f\";s:15:\"organisation_id\";s:36:\"ac7e5b0f-d0dd-44a4-913c-6d365861fad6\";s:5:\"phone\";s:16:\"+255 746 067 712\";s:10:\"first_name\";s:6:\"Thomas\";s:9:\"last_name\";s:7:\"Merengo\";s:10:\"other_name\";s:6:\"Ernest\";s:5:\"email\";s:28:\"finance@shireculimited.co.tz\";s:6:\"gender\";s:4:\"male\";s:13:\"date_of_birth\";s:10:\"1986-11-06\";s:14:\"marital_status\";s:6:\"single\";s:10:\"salutation\";s:2:\"Mr\";s:17:\"email_verified_at\";N;s:8:\"password\";s:60:\"$2y$12$dFhVUTtncqZuUjZXDH9Fm.Ny0Y2kgo9XInplpyYNy2QXd1ScckTxC\";s:3:\"pin\";N;s:15:\"profile_picture\";s:53:\"profiles/pU3mJKupCkL3zppfnRCQYoGtG3UXErXE2r938vLh.png\";s:9:\"signature\";s:55:\"signatures/vEe2Oq5RdhH6ug3sc2mY05l4yN2xJJTcs4fM2K9x.png\";s:17:\"verification_code\";N;s:13:\"login_attempt\";i:3;s:9:\"branch_id\";N;s:6:\"status\";s:6:\"active\";s:14:\"is_first_login\";i:0;s:14:\"remember_token\";N;s:10:\"created_at\";s:19:\"2026-01-21 08:46:21\";s:10:\"updated_at\";s:19:\"2026-01-21 11:20:31\";s:10:\"deleted_at\";N;s:21:\"two_factor_expires_at\";N;}s:10:\"\0*\0changes\";a:0:{}s:8:\"\0*\0casts\";a:3:{s:17:\"email_verified_at\";s:8:\"datetime\";s:8:\"password\";s:6:\"hashed\";s:10:\"deleted_at\";s:8:\"datetime\";}s:17:\"\0*\0classCastCache\";a:0:{}s:21:\"\0*\0attributeCastCache\";a:0:{}s:13:\"\0*\0dateFormat\";N;s:10:\"\0*\0appends\";a:1:{i:0;s:9:\"full_name\";}s:19:\"\0*\0dispatchesEvents\";a:0:{}s:14:\"\0*\0observables\";a:0:{}s:12:\"\0*\0relations\";a:0:{}s:10:\"\0*\0touches\";a:0:{}s:10:\"timestamps\";b:1;s:13:\"usesUniqueIds\";b:0;s:9:\"\0*\0hidden\";a:3:{i:0;s:8:\"password\";i:1;s:14:\"remember_token\";i:2;s:5:\"pivot\";}s:10:\"\0*\0visible\";a:0:{}s:11:\"\0*\0fillable\";a:0:{}s:10:\"\0*\0guarded\";a:1:{i:0;s:2:\"id\";}s:19:\"\0*\0authPasswordName\";s:8:\"password\";s:20:\"\0*\0rememberTokenName\";s:14:\"remember_token\";s:13:\"\0*\0guard_name\";s:3:\"api\";s:16:\"\0*\0forceDeleting\";b:0;s:14:\"\0*\0accessToken\";N;}s:11:\"designation\";O:25:\"App\\Models\\HR\\Designation\":31:{s:13:\"\0*\0connection\";s:5:\"mysql\";s:8:\"\0*\0table\";s:12:\"designations\";s:13:\"\0*\0primaryKey\";s:2:\"id\";s:10:\"\0*\0keyType\";s:6:\"string\";s:12:\"incrementing\";b:0;s:7:\"\0*\0with\";a:0:{}s:12:\"\0*\0withCount\";a:0:{}s:19:\"preventsLazyLoading\";b:0;s:10:\"\0*\0perPage\";i:15;s:6:\"exists\";b:1;s:18:\"wasRecentlyCreated\";b:0;s:28:\"\0*\0escapeWhenCastingToString\";b:0;s:13:\"\0*\0attributes\";a:8:{s:2:\"id\";s:36:\"f2fc0c62-ef2b-4a7e-9f64-7373362afa9a\";s:15:\"organisation_id\";s:36:\"ac7e5b0f-d0dd-44a4-913c-6d365861fad6\";s:13:\"department_id\";s:36:\"c4cdef40-63ec-45db-b1b2-4864e6af1784\";s:16:\"designation_name\";s:16:\"Chief Accountant\";s:11:\"description\";s:16:\"Chief Accountant\";s:10:\"created_at\";s:19:\"2026-01-20 12:26:27\";s:10:\"updated_at\";s:19:\"2026-01-20 12:26:44\";s:10:\"deleted_at\";N;}s:11:\"\0*\0original\";a:8:{s:2:\"id\";s:36:\"f2fc0c62-ef2b-4a7e-9f64-7373362afa9a\";s:15:\"organisation_id\";s:36:\"ac7e5b0f-d0dd-44a4-913c-6d365861fad6\";s:13:\"department_id\";s:36:\"c4cdef40-63ec-45db-b1b2-4864e6af1784\";s:16:\"designation_name\";s:16:\"Chief Accountant\";s:11:\"description\";s:16:\"Chief Accountant\";s:10:\"created_at\";s:19:\"2026-01-20 12:26:27\";s:10:\"updated_at\";s:19:\"2026-01-20 12:26:44\";s:10:\"deleted_at\";N;}s:10:\"\0*\0changes\";a:0:{}s:8:\"\0*\0casts\";a:1:{s:10:\"deleted_at\";s:8:\"datetime\";}s:17:\"\0*\0classCastCache\";a:0:{}s:21:\"\0*\0attributeCastCache\";a:0:{}s:13:\"\0*\0dateFormat\";N;s:10:\"\0*\0appends\";a:0:{}s:19:\"\0*\0dispatchesEvents\";a:0:{}s:14:\"\0*\0observables\";a:0:{}s:12:\"\0*\0relations\";a:1:{s:10:\"department\";r:3450;}s:10:\"\0*\0touches\";a:0:{}s:10:\"timestamps\";b:1;s:13:\"usesUniqueIds\";b:0;s:9:\"\0*\0hidden\";a:0:{}s:10:\"\0*\0visible\";a:0:{}s:11:\"\0*\0fillable\";a:0:{}s:10:\"\0*\0guarded\";a:1:{i:0;s:2:\"id\";}s:16:\"\0*\0forceDeleting\";b:0;}s:18:\"employee_structure\";O:39:\"Illuminate\\Database\\Eloquent\\Collection\":2:{s:8:\"\0*\0items\";a:1:{i:0;O:42:\"App\\Models\\Payroll\\EmployeeSalaryStructure\":31:{s:13:\"\0*\0connection\";s:5:\"mysql\";s:8:\"\0*\0table\";s:26:\"employee_salary_structures\";s:13:\"\0*\0primaryKey\";s:2:\"id\";s:10:\"\0*\0keyType\";s:6:\"string\";s:12:\"incrementing\";b:0;s:7:\"\0*\0with\";a:0:{}s:12:\"\0*\0withCount\";a:0:{}s:19:\"preventsLazyLoading\";b:0;s:10:\"\0*\0perPage\";i:15;s:6:\"exists\";b:1;s:18:\"wasRecentlyCreated\";b:0;s:28:\"\0*\0escapeWhenCastingToString\";b:0;s:13:\"\0*\0attributes\";a:10:{s:2:\"id\";s:36:\"5703a1ad-022f-4a0d-b493-65418bba9dd7\";s:11:\"employee_id\";s:36:\"3de7c572-94cb-4a65-b30e-ba55d6c94893\";s:19:\"salary_structure_id\";s:36:\"0b4c3c30-afcb-4cf4-ba03-79fe8d409d7d\";s:11:\"base_salary\";s:10:\"1094888.00\";s:14:\"effective_from\";s:10:\"2026-01-21\";s:12:\"effective_to\";N;s:6:\"status\";s:6:\"active\";s:10:\"created_at\";s:19:\"2026-01-21 08:46:21\";s:10:\"updated_at\";s:19:\"2026-01-21 08:46:21\";s:10:\"deleted_at\";N;}s:11:\"\0*\0original\";a:10:{s:2:\"id\";s:36:\"5703a1ad-022f-4a0d-b493-65418bba9dd7\";s:11:\"employee_id\";s:36:\"3de7c572-94cb-4a65-b30e-ba55d6c94893\";s:19:\"salary_structure_id\";s:36:\"0b4c3c30-afcb-4cf4-ba03-79fe8d409d7d\";s:11:\"base_salary\";s:10:\"1094888.00\";s:14:\"effective_from\";s:10:\"2026-01-21\";s:12:\"effective_to\";N;s:6:\"status\";s:6:\"active\";s:10:\"created_at\";s:19:\"2026-01-21 08:46:21\";s:10:\"updated_at\";s:19:\"2026-01-21 08:46:21\";s:10:\"deleted_at\";N;}s:10:\"\0*\0changes\";a:0:{}s:8:\"\0*\0casts\";a:1:{s:10:\"deleted_at\";s:8:\"datetime\";}s:17:\"\0*\0classCastCache\";a:0:{}s:21:\"\0*\0attributeCastCache\";a:0:{}s:13:\"\0*\0dateFormat\";N;s:10:\"\0*\0appends\";a:0:{}s:19:\"\0*\0dispatchesEvents\";a:0:{}s:14:\"\0*\0observables\";a:0:{}s:12:\"\0*\0relations\";a:1:{s:15:\"salaryStructure\";O:34:\"App\\Models\\Payroll\\SalaryStructure\":31:{s:13:\"\0*\0connection\";s:5:\"mysql\";s:8:\"\0*\0table\";s:17:\"salary_structures\";s:13:\"\0*\0primaryKey\";s:2:\"id\";s:10:\"\0*\0keyType\";s:6:\"string\";s:12:\"incrementing\";b:0;s:7:\"\0*\0with\";a:0:{}s:12:\"\0*\0withCount\";a:0:{}s:19:\"preventsLazyLoading\";b:0;s:10:\"\0*\0perPage\";i:15;s:6:\"exists\";b:1;s:18:\"wasRecentlyCreated\";b:0;s:28:\"\0*\0escapeWhenCastingToString\";b:0;s:13:\"\0*\0attributes\";a:8:{s:2:\"id\";s:36:\"0b4c3c30-afcb-4cf4-ba03-79fe8d409d7d\";s:15:\"organisation_id\";s:36:\"ac7e5b0f-d0dd-44a4-913c-6d365861fad6\";s:4:\"name\";s:8:\"SRCU-TEM\";s:9:\"basic_pay\";s:10:\"1094888.00\";s:5:\"notes\";s:21:\"Thomas Ernest Merengo\";s:10:\"created_at\";s:19:\"2026-01-20 12:35:54\";s:10:\"updated_at\";s:19:\"2026-01-20 13:58:55\";s:10:\"deleted_at\";N;}s:11:\"\0*\0original\";a:8:{s:2:\"id\";s:36:\"0b4c3c30-afcb-4cf4-ba03-79fe8d409d7d\";s:15:\"organisation_id\";s:36:\"ac7e5b0f-d0dd-44a4-913c-6d365861fad6\";s:4:\"name\";s:8:\"SRCU-TEM\";s:9:\"basic_pay\";s:10:\"1094888.00\";s:5:\"notes\";s:21:\"Thomas Ernest Merengo\";s:10:\"created_at\";s:19:\"2026-01-20 12:35:54\";s:10:\"updated_at\";s:19:\"2026-01-20 13:58:55\";s:10:\"deleted_at\";N;}s:10:\"\0*\0changes\";a:0:{}s:8:\"\0*\0casts\";a:3:{s:19:\"additional_benefits\";s:5:\"array\";s:21:\"additional_deductions\";s:5:\"array\";s:10:\"deleted_at\";s:8:\"datetime\";}s:17:\"\0*\0classCastCache\";a:0:{}s:21:\"\0*\0attributeCastCache\";a:0:{}s:13:\"\0*\0dateFormat\";N;s:10:\"\0*\0appends\";a:0:{}s:19:\"\0*\0dispatchesEvents\";a:0:{}s:14:\"\0*\0observables\";a:0:{}s:12:\"\0*\0relations\";a:0:{}s:10:\"\0*\0touches\";a:0:{}s:10:\"timestamps\";b:1;s:13:\"usesUniqueIds\";b:0;s:9:\"\0*\0hidden\";a:0:{}s:10:\"\0*\0visible\";a:0:{}s:11:\"\0*\0fillable\";a:0:{}s:10:\"\0*\0guarded\";a:1:{i:0;s:2:\"id\";}s:16:\"\0*\0forceDeleting\";b:0;}}s:10:\"\0*\0touches\";a:0:{}s:10:\"timestamps\";b:1;s:13:\"usesUniqueIds\";b:0;s:9:\"\0*\0hidden\";a:0:{}s:10:\"\0*\0visible\";a:0:{}s:11:\"\0*\0fillable\";a:0:{}s:10:\"\0*\0guarded\";a:1:{i:0;s:2:\"id\";}s:16:\"\0*\0forceDeleting\";b:0;}}s:28:\"\0*\0escapeWhenCastingToString\";b:0;}s:24:\"currentEmployeeStructure\";O:42:\"App\\Models\\Payroll\\EmployeeSalaryStructure\":31:{s:13:\"\0*\0connection\";s:5:\"mysql\";s:8:\"\0*\0table\";s:26:\"employee_salary_structures\";s:13:\"\0*\0primaryKey\";s:2:\"id\";s:10:\"\0*\0keyType\";s:6:\"string\";s:12:\"incrementing\";b:0;s:7:\"\0*\0with\";a:0:{}s:12:\"\0*\0withCount\";a:0:{}s:19:\"preventsLazyLoading\";b:0;s:10:\"\0*\0perPage\";i:15;s:6:\"exists\";b:1;s:18:\"wasRecentlyCreated\";b:0;s:28:\"\0*\0escapeWhenCastingToString\";b:0;s:13:\"\0*\0attributes\";a:10:{s:2:\"id\";s:36:\"5703a1ad-022f-4a0d-b493-65418bba9dd7\";s:11:\"employee_id\";s:36:\"3de7c572-94cb-4a65-b30e-ba55d6c94893\";s:19:\"salary_structure_id\";s:36:\"0b4c3c30-afcb-4cf4-ba03-79fe8d409d7d\";s:11:\"base_salary\";s:10:\"1094888.00\";s:14:\"effective_from\";s:10:\"2026-01-21\";s:12:\"effective_to\";N;s:6:\"status\";s:6:\"active\";s:10:\"created_at\";s:19:\"2026-01-21 08:46:21\";s:10:\"updated_at\";s:19:\"2026-01-21 08:46:21\";s:10:\"deleted_at\";N;}s:11:\"\0*\0original\";a:10:{s:2:\"id\";s:36:\"5703a1ad-022f-4a0d-b493-65418bba9dd7\";s:11:\"employee_id\";s:36:\"3de7c572-94cb-4a65-b30e-ba55d6c94893\";s:19:\"salary_structure_id\";s:36:\"0b4c3c30-afcb-4cf4-ba03-79fe8d409d7d\";s:11:\"base_salary\";s:10:\"1094888.00\";s:14:\"effective_from\";s:10:\"2026-01-21\";s:12:\"effective_to\";N;s:6:\"status\";s:6:\"active\";s:10:\"created_at\";s:19:\"2026-01-21 08:46:21\";s:10:\"updated_at\";s:19:\"2026-01-21 08:46:21\";s:10:\"deleted_at\";N;}s:10:\"\0*\0changes\";a:0:{}s:8:\"\0*\0casts\";a:1:{s:10:\"deleted_at\";s:8:\"datetime\";}s:17:\"\0*\0classCastCache\";a:0:{}s:21:\"\0*\0attributeCastCache\";a:0:{}s:13:\"\0*\0dateFormat\";N;s:10:\"\0*\0appends\";a:0:{}s:19:\"\0*\0dispatchesEvents\";a:0:{}s:14:\"\0*\0observables\";a:0:{}s:12:\"\0*\0relations\";a:1:{s:15:\"salaryStructure\";O:34:\"App\\Models\\Payroll\\SalaryStructure\":31:{s:13:\"\0*\0connection\";s:5:\"mysql\";s:8:\"\0*\0table\";s:17:\"salary_structures\";s:13:\"\0*\0primaryKey\";s:2:\"id\";s:10:\"\0*\0keyType\";s:6:\"string\";s:12:\"incrementing\";b:0;s:7:\"\0*\0with\";a:0:{}s:12:\"\0*\0withCount\";a:0:{}s:19:\"preventsLazyLoading\";b:0;s:10:\"\0*\0perPage\";i:15;s:6:\"exists\";b:1;s:18:\"wasRecentlyCreated\";b:0;s:28:\"\0*\0escapeWhenCastingToString\";b:0;s:13:\"\0*\0attributes\";a:8:{s:2:\"id\";s:36:\"0b4c3c30-afcb-4cf4-ba03-79fe8d409d7d\";s:15:\"organisation_id\";s:36:\"ac7e5b0f-d0dd-44a4-913c-6d365861fad6\";s:4:\"name\";s:8:\"SRCU-TEM\";s:9:\"basic_pay\";s:10:\"1094888.00\";s:5:\"notes\";s:21:\"Thomas Ernest Merengo\";s:10:\"created_at\";s:19:\"2026-01-20 12:35:54\";s:10:\"updated_at\";s:19:\"2026-01-20 13:58:55\";s:10:\"deleted_at\";N;}s:11:\"\0*\0original\";a:8:{s:2:\"id\";s:36:\"0b4c3c30-afcb-4cf4-ba03-79fe8d409d7d\";s:15:\"organisation_id\";s:36:\"ac7e5b0f-d0dd-44a4-913c-6d365861fad6\";s:4:\"name\";s:8:\"SRCU-TEM\";s:9:\"basic_pay\";s:10:\"1094888.00\";s:5:\"notes\";s:21:\"Thomas Ernest Merengo\";s:10:\"created_at\";s:19:\"2026-01-20 12:35:54\";s:10:\"updated_at\";s:19:\"2026-01-20 13:58:55\";s:10:\"deleted_at\";N;}s:10:\"\0*\0changes\";a:0:{}s:8:\"\0*\0casts\";a:3:{s:19:\"additional_benefits\";s:5:\"array\";s:21:\"additional_deductions\";s:5:\"array\";s:10:\"deleted_at\";s:8:\"datetime\";}s:17:\"\0*\0classCastCache\";a:0:{}s:21:\"\0*\0attributeCastCache\";a:0:{}s:13:\"\0*\0dateFormat\";N;s:10:\"\0*\0appends\";a:0:{}s:19:\"\0*\0dispatchesEvents\";a:0:{}s:14:\"\0*\0observables\";a:0:{}s:12:\"\0*\0relations\";a:0:{}s:10:\"\0*\0touches\";a:0:{}s:10:\"timestamps\";b:1;s:13:\"usesUniqueIds\";b:0;s:9:\"\0*\0hidden\";a:0:{}s:10:\"\0*\0visible\";a:0:{}s:11:\"\0*\0fillable\";a:0:{}s:10:\"\0*\0guarded\";a:1:{i:0;s:2:\"id\";}s:16:\"\0*\0forceDeleting\";b:0;}}s:10:\"\0*\0touches\";a:0:{}s:10:\"timestamps\";b:1;s:13:\"usesUniqueIds\";b:0;s:9:\"\0*\0hidden\";a:0:{}s:10:\"\0*\0visible\";a:0:{}s:11:\"\0*\0fillable\";a:0:{}s:10:\"\0*\0guarded\";a:1:{i:0;s:2:\"id\";}s:16:\"\0*\0forceDeleting\";b:0;}s:10:\"deductions\";O:39:\"Illuminate\\Database\\Eloquent\\Collection\":2:{s:8:\"\0*\0items\";a:3:{i:0;O:36:\"App\\Models\\Payroll\\EmployeeDeduction\":30:{s:13:\"\0*\0connection\";s:5:\"mysql\";s:8:\"\0*\0table\";s:19:\"employee_deductions\";s:13:\"\0*\0primaryKey\";s:2:\"id\";s:10:\"\0*\0keyType\";s:6:\"string\";s:12:\"incrementing\";b:0;s:7:\"\0*\0with\";a:0:{}s:12:\"\0*\0withCount\";a:0:{}s:19:\"preventsLazyLoading\";b:0;s:10:\"\0*\0perPage\";i:15;s:6:\"exists\";b:1;s:18:\"wasRecentlyCreated\";b:0;s:28:\"\0*\0escapeWhenCastingToString\";b:0;s:13:\"\0*\0attributes\";a:7:{s:2:\"id\";s:36:\"2933df4c-3db9-4297-b980-a8cf6777cd86\";s:11:\"employee_id\";s:36:\"3de7c572-94cb-4a65-b30e-ba55d6c94893\";s:17:\"deduction_type_id\";s:36:\"08e4769c-1dd0-4d34-8e0e-797a00a4d56b\";s:5:\"value\";s:9:\"124350.00\";s:6:\"status\";s:6:\"active\";s:10:\"created_at\";s:19:\"2026-01-21 08:46:21\";s:10:\"updated_at\";s:19:\"2026-01-21 08:46:21\";}s:11:\"\0*\0original\";a:7:{s:2:\"id\";s:36:\"2933df4c-3db9-4297-b980-a8cf6777cd86\";s:11:\"employee_id\";s:36:\"3de7c572-94cb-4a65-b30e-ba55d6c94893\";s:17:\"deduction_type_id\";s:36:\"08e4769c-1dd0-4d34-8e0e-797a00a4d56b\";s:5:\"value\";s:9:\"124350.00\";s:6:\"status\";s:6:\"active\";s:10:\"created_at\";s:19:\"2026-01-21 08:46:21\";s:10:\"updated_at\";s:19:\"2026-01-21 08:46:21\";}s:10:\"\0*\0changes\";a:0:{}s:8:\"\0*\0casts\";a:0:{}s:17:\"\0*\0classCastCache\";a:0:{}s:21:\"\0*\0attributeCastCache\";a:0:{}s:13:\"\0*\0dateFormat\";N;s:10:\"\0*\0appends\";a:0:{}s:19:\"\0*\0dispatchesEvents\";a:0:{}s:14:\"\0*\0observables\";a:0:{}s:12:\"\0*\0relations\";a:1:{s:4:\"type\";N;}s:10:\"\0*\0touches\";a:0:{}s:10:\"timestamps\";b:1;s:13:\"usesUniqueIds\";b:0;s:9:\"\0*\0hidden\";a:0:{}s:10:\"\0*\0visible\";a:0:{}s:11:\"\0*\0fillable\";a:0:{}s:10:\"\0*\0guarded\";a:1:{i:0;s:2:\"id\";}}i:1;O:36:\"App\\Models\\Payroll\\EmployeeDeduction\":30:{s:13:\"\0*\0connection\";s:5:\"mysql\";s:8:\"\0*\0table\";s:19:\"employee_deductions\";s:13:\"\0*\0primaryKey\";s:2:\"id\";s:10:\"\0*\0keyType\";s:6:\"string\";s:12:\"incrementing\";b:0;s:7:\"\0*\0with\";a:0:{}s:12:\"\0*\0withCount\";a:0:{}s:19:\"preventsLazyLoading\";b:0;s:10:\"\0*\0perPage\";i:15;s:6:\"exists\";b:1;s:18:\"wasRecentlyCreated\";b:0;s:28:\"\0*\0escapeWhenCastingToString\";b:0;s:13:\"\0*\0attributes\";a:7:{s:2:\"id\";s:36:\"e3b99263-a47e-46a4-b318-2aa970570b0e\";s:11:\"employee_id\";s:36:\"3de7c572-94cb-4a65-b30e-ba55d6c94893\";s:17:\"deduction_type_id\";s:36:\"1044a75b-b48f-44a9-82de-07c1e7a6a9a1\";s:5:\"value\";s:9:\"109489.00\";s:6:\"status\";s:6:\"active\";s:10:\"created_at\";s:19:\"2026-01-21 08:46:21\";s:10:\"updated_at\";s:19:\"2026-01-21 08:46:21\";}s:11:\"\0*\0original\";a:7:{s:2:\"id\";s:36:\"e3b99263-a47e-46a4-b318-2aa970570b0e\";s:11:\"employee_id\";s:36:\"3de7c572-94cb-4a65-b30e-ba55d6c94893\";s:17:\"deduction_type_id\";s:36:\"1044a75b-b48f-44a9-82de-07c1e7a6a9a1\";s:5:\"value\";s:9:\"109489.00\";s:6:\"status\";s:6:\"active\";s:10:\"created_at\";s:19:\"2026-01-21 08:46:21\";s:10:\"updated_at\";s:19:\"2026-01-21 08:46:21\";}s:10:\"\0*\0changes\";a:0:{}s:8:\"\0*\0casts\";a:0:{}s:17:\"\0*\0classCastCache\";a:0:{}s:21:\"\0*\0attributeCastCache\";a:0:{}s:13:\"\0*\0dateFormat\";N;s:10:\"\0*\0appends\";a:0:{}s:19:\"\0*\0dispatchesEvents\";a:0:{}s:14:\"\0*\0observables\";a:0:{}s:12:\"\0*\0relations\";a:1:{s:4:\"type\";N;}s:10:\"\0*\0touches\";a:0:{}s:10:\"timestamps\";b:1;s:13:\"usesUniqueIds\";b:0;s:9:\"\0*\0hidden\";a:0:{}s:10:\"\0*\0visible\";a:0:{}s:11:\"\0*\0fillable\";a:0:{}s:10:\"\0*\0guarded\";a:1:{i:0;s:2:\"id\";}}i:2;O:36:\"App\\Models\\Payroll\\EmployeeDeduction\":30:{s:13:\"\0*\0connection\";s:5:\"mysql\";s:8:\"\0*\0table\";s:19:\"employee_deductions\";s:13:\"\0*\0primaryKey\";s:2:\"id\";s:10:\"\0*\0keyType\";s:6:\"string\";s:12:\"incrementing\";b:0;s:7:\"\0*\0with\";a:0:{}s:12:\"\0*\0withCount\";a:0:{}s:19:\"preventsLazyLoading\";b:0;s:10:\"\0*\0perPage\";i:15;s:6:\"exists\";b:1;s:18:\"wasRecentlyCreated\";b:0;s:28:\"\0*\0escapeWhenCastingToString\";b:0;s:13:\"\0*\0attributes\";a:7:{s:2:\"id\";s:36:\"f13e450b-9a38-4d65-852a-182e5401cce4\";s:11:\"employee_id\";s:36:\"3de7c572-94cb-4a65-b30e-ba55d6c94893\";s:17:\"deduction_type_id\";s:36:\"f1170465-a3af-4e4d-adb1-85d89647f8c1\";s:5:\"value\";s:8:\"21898.00\";s:6:\"status\";s:6:\"active\";s:10:\"created_at\";s:19:\"2026-01-21 08:46:21\";s:10:\"updated_at\";s:19:\"2026-01-21 08:46:21\";}s:11:\"\0*\0original\";a:7:{s:2:\"id\";s:36:\"f13e450b-9a38-4d65-852a-182e5401cce4\";s:11:\"employee_id\";s:36:\"3de7c572-94cb-4a65-b30e-ba55d6c94893\";s:17:\"deduction_type_id\";s:36:\"f1170465-a3af-4e4d-adb1-85d89647f8c1\";s:5:\"value\";s:8:\"21898.00\";s:6:\"status\";s:6:\"active\";s:10:\"created_at\";s:19:\"2026-01-21 08:46:21\";s:10:\"updated_at\";s:19:\"2026-01-21 08:46:21\";}s:10:\"\0*\0changes\";a:0:{}s:8:\"\0*\0casts\";a:0:{}s:17:\"\0*\0classCastCache\";a:0:{}s:21:\"\0*\0attributeCastCache\";a:0:{}s:13:\"\0*\0dateFormat\";N;s:10:\"\0*\0appends\";a:0:{}s:19:\"\0*\0dispatchesEvents\";a:0:{}s:14:\"\0*\0observables\";a:0:{}s:12:\"\0*\0relations\";a:1:{s:4:\"type\";r:2196;}s:10:\"\0*\0touches\";a:0:{}s:10:\"timestamps\";b:1;s:13:\"usesUniqueIds\";b:0;s:9:\"\0*\0hidden\";a:0:{}s:10:\"\0*\0visible\";a:0:{}s:11:\"\0*\0fillable\";a:0:{}s:10:\"\0*\0guarded\";a:1:{i:0;s:2:\"id\";}}}s:28:\"\0*\0escapeWhenCastingToString\";b:0;}s:10:\"allowances\";O:39:\"Illuminate\\Database\\Eloquent\\Collection\":2:{s:8:\"\0*\0items\";a:3:{i:0;O:36:\"App\\Models\\Payroll\\EmployeeAllowance\":30:{s:13:\"\0*\0connection\";s:5:\"mysql\";s:8:\"\0*\0table\";s:19:\"employee_allowances\";s:13:\"\0*\0primaryKey\";s:2:\"id\";s:10:\"\0*\0keyType\";s:6:\"string\";s:12:\"incrementing\";b:0;s:7:\"\0*\0with\";a:0:{}s:12:\"\0*\0withCount\";a:0:{}s:19:\"preventsLazyLoading\";b:0;s:10:\"\0*\0perPage\";i:15;s:6:\"exists\";b:1;s:18:\"wasRecentlyCreated\";b:0;s:28:\"\0*\0escapeWhenCastingToString\";b:0;s:13:\"\0*\0attributes\";a:9:{s:2:\"id\";s:36:\"321bca67-47f6-401b-bfcf-ca5d74459e09\";s:11:\"employee_id\";s:36:\"3de7c572-94cb-4a65-b30e-ba55d6c94893\";s:17:\"allowance_type_id\";s:36:\"c8189025-5578-48fa-b7a5-c670b13dbda9\";s:5:\"value\";s:8:\"50000.00\";s:6:\"status\";s:6:\"active\";s:10:\"start_date\";s:10:\"2026-01-21\";s:8:\"end_date\";N;s:10:\"created_at\";s:19:\"2026-01-21 08:46:21\";s:10:\"updated_at\";s:19:\"2026-01-21 08:46:21\";}s:11:\"\0*\0original\";a:9:{s:2:\"id\";s:36:\"321bca67-47f6-401b-bfcf-ca5d74459e09\";s:11:\"employee_id\";s:36:\"3de7c572-94cb-4a65-b30e-ba55d6c94893\";s:17:\"allowance_type_id\";s:36:\"c8189025-5578-48fa-b7a5-c670b13dbda9\";s:5:\"value\";s:8:\"50000.00\";s:6:\"status\";s:6:\"active\";s:10:\"start_date\";s:10:\"2026-01-21\";s:8:\"end_date\";N;s:10:\"created_at\";s:19:\"2026-01-21 08:46:21\";s:10:\"updated_at\";s:19:\"2026-01-21 08:46:21\";}s:10:\"\0*\0changes\";a:0:{}s:8:\"\0*\0casts\";a:0:{}s:17:\"\0*\0classCastCache\";a:0:{}s:21:\"\0*\0attributeCastCache\";a:0:{}s:13:\"\0*\0dateFormat\";N;s:10:\"\0*\0appends\";a:0:{}s:19:\"\0*\0dispatchesEvents\";a:0:{}s:14:\"\0*\0observables\";a:0:{}s:12:\"\0*\0relations\";a:1:{s:4:\"type\";r:935;}s:10:\"\0*\0touches\";a:0:{}s:10:\"timestamps\";b:1;s:13:\"usesUniqueIds\";b:0;s:9:\"\0*\0hidden\";a:0:{}s:10:\"\0*\0visible\";a:0:{}s:11:\"\0*\0fillable\";a:0:{}s:10:\"\0*\0guarded\";a:1:{i:0;s:2:\"id\";}}i:1;O:36:\"App\\Models\\Payroll\\EmployeeAllowance\":30:{s:13:\"\0*\0connection\";s:5:\"mysql\";s:8:\"\0*\0table\";s:19:\"employee_allowances\";s:13:\"\0*\0primaryKey\";s:2:\"id\";s:10:\"\0*\0keyType\";s:6:\"string\";s:12:\"incrementing\";b:0;s:7:\"\0*\0with\";a:0:{}s:12:\"\0*\0withCount\";a:0:{}s:19:\"preventsLazyLoading\";b:0;s:10:\"\0*\0perPage\";i:15;s:6:\"exists\";b:1;s:18:\"wasRecentlyCreated\";b:0;s:28:\"\0*\0escapeWhenCastingToString\";b:0;s:13:\"\0*\0attributes\";a:9:{s:2:\"id\";s:36:\"62dbae0c-b381-432d-b0c5-5ca9910a6a58\";s:11:\"employee_id\";s:36:\"3de7c572-94cb-4a65-b30e-ba55d6c94893\";s:17:\"allowance_type_id\";s:36:\"45f563ed-c8b9-417f-84f4-f59e6ca06a3f\";s:5:\"value\";s:9:\"200000.00\";s:6:\"status\";s:6:\"active\";s:10:\"start_date\";s:10:\"2026-01-21\";s:8:\"end_date\";N;s:10:\"created_at\";s:19:\"2026-01-21 08:46:21\";s:10:\"updated_at\";s:19:\"2026-01-21 08:46:21\";}s:11:\"\0*\0original\";a:9:{s:2:\"id\";s:36:\"62dbae0c-b381-432d-b0c5-5ca9910a6a58\";s:11:\"employee_id\";s:36:\"3de7c572-94cb-4a65-b30e-ba55d6c94893\";s:17:\"allowance_type_id\";s:36:\"45f563ed-c8b9-417f-84f4-f59e6ca06a3f\";s:5:\"value\";s:9:\"200000.00\";s:6:\"status\";s:6:\"active\";s:10:\"start_date\";s:10:\"2026-01-21\";s:8:\"end_date\";N;s:10:\"created_at\";s:19:\"2026-01-21 08:46:21\";s:10:\"updated_at\";s:19:\"2026-01-21 08:46:21\";}s:10:\"\0*\0changes\";a:0:{}s:8:\"\0*\0casts\";a:0:{}s:17:\"\0*\0classCastCache\";a:0:{}s:21:\"\0*\0attributeCastCache\";a:0:{}s:13:\"\0*\0dateFormat\";N;s:10:\"\0*\0appends\";a:0:{}s:19:\"\0*\0dispatchesEvents\";a:0:{}s:14:\"\0*\0observables\";a:0:{}s:12:\"\0*\0relations\";a:1:{s:4:\"type\";r:1043;}s:10:\"\0*\0touches\";a:0:{}s:10:\"timestamps\";b:1;s:13:\"usesUniqueIds\";b:0;s:9:\"\0*\0hidden\";a:0:{}s:10:\"\0*\0visible\";a:0:{}s:11:\"\0*\0fillable\";a:0:{}s:10:\"\0*\0guarded\";a:1:{i:0;s:2:\"id\";}}i:2;O:36:\"App\\Models\\Payroll\\EmployeeAllowance\":30:{s:13:\"\0*\0connection\";s:5:\"mysql\";s:8:\"\0*\0table\";s:19:\"employee_allowances\";s:13:\"\0*\0primaryKey\";s:2:\"id\";s:10:\"\0*\0keyType\";s:6:\"string\";s:12:\"incrementing\";b:0;s:7:\"\0*\0with\";a:0:{}s:12:\"\0*\0withCount\";a:0:{}s:19:\"preventsLazyLoading\";b:0;s:10:\"\0*\0perPage\";i:15;s:6:\"exists\";b:1;s:18:\"wasRecentlyCreated\";b:0;s:28:\"\0*\0escapeWhenCastingToString\";b:0;s:13:\"\0*\0attributes\";a:9:{s:2:\"id\";s:36:\"bb01c0c2-e37c-4bdf-8546-85bc547424f7\";s:11:\"employee_id\";s:36:\"3de7c572-94cb-4a65-b30e-ba55d6c94893\";s:17:\"allowance_type_id\";s:36:\"81e2c578-3d4e-4e23-bf3b-f7afeddc419f\";s:5:\"value\";s:8:\"80000.00\";s:6:\"status\";s:6:\"active\";s:10:\"start_date\";s:10:\"2026-01-21\";s:8:\"end_date\";N;s:10:\"created_at\";s:19:\"2026-01-21 08:46:21\";s:10:\"updated_at\";s:19:\"2026-01-21 08:46:21\";}s:11:\"\0*\0original\";a:9:{s:2:\"id\";s:36:\"bb01c0c2-e37c-4bdf-8546-85bc547424f7\";s:11:\"employee_id\";s:36:\"3de7c572-94cb-4a65-b30e-ba55d6c94893\";s:17:\"allowance_type_id\";s:36:\"81e2c578-3d4e-4e23-bf3b-f7afeddc419f\";s:5:\"value\";s:8:\"80000.00\";s:6:\"status\";s:6:\"active\";s:10:\"start_date\";s:10:\"2026-01-21\";s:8:\"end_date\";N;s:10:\"created_at\";s:19:\"2026-01-21 08:46:21\";s:10:\"updated_at\";s:19:\"2026-01-21 08:46:21\";}s:10:\"\0*\0changes\";a:0:{}s:8:\"\0*\0casts\";a:0:{}s:17:\"\0*\0classCastCache\";a:0:{}s:21:\"\0*\0attributeCastCache\";a:0:{}s:13:\"\0*\0dateFormat\";N;s:10:\"\0*\0appends\";a:0:{}s:19:\"\0*\0dispatchesEvents\";a:0:{}s:14:\"\0*\0observables\";a:0:{}s:12:\"\0*\0relations\";a:1:{s:4:\"type\";r:827;}s:10:\"\0*\0touches\";a:0:{}s:10:\"timestamps\";b:1;s:13:\"usesUniqueIds\";b:0;s:9:\"\0*\0hidden\";a:0:{}s:10:\"\0*\0visible\";a:0:{}s:11:\"\0*\0fillable\";a:0:{}s:10:\"\0*\0guarded\";a:1:{i:0;s:2:\"id\";}}}s:28:\"\0*\0escapeWhenCastingToString\";b:0;}}s:10:\"\0*\0touches\";a:0:{}s:10:\"timestamps\";b:1;s:13:\"usesUniqueIds\";b:0;s:9:\"\0*\0hidden\";a:0:{}s:10:\"\0*\0visible\";a:0:{}s:11:\"\0*\0fillable\";a:0:{}s:10:\"\0*\0guarded\";a:1:{i:0;s:2:\"id\";}}i:10;O:22:\"App\\Models\\HR\\Employee\":30:{s:13:\"\0*\0connection\";s:5:\"mysql\";s:8:\"\0*\0table\";s:9:\"employees\";s:13:\"\0*\0primaryKey\";s:2:\"id\";s:10:\"\0*\0keyType\";s:6:\"string\";s:12:\"incrementing\";b:0;s:7:\"\0*\0with\";a:0:{}s:12:\"\0*\0withCount\";a:0:{}s:19:\"preventsLazyLoading\";b:0;s:10:\"\0*\0perPage\";i:15;s:6:\"exists\";b:1;s:18:\"wasRecentlyCreated\";b:0;s:28:\"\0*\0escapeWhenCastingToString\";b:0;s:13:\"\0*\0attributes\";a:38:{s:2:\"id\";s:36:\"3eb8d5ea-6c38-45dd-a4fd-e2804cb51709\";s:15:\"organisation_id\";s:36:\"ac7e5b0f-d0dd-44a4-913c-6d365861fad6\";s:17:\"biometric_user_id\";N;s:13:\"employee_code\";s:10:\"EMP-H6YVTK\";s:10:\"first_name\";s:5:\"James\";s:9:\"last_name\";s:7:\"Kadesha\";s:10:\"other_name\";s:8:\"Kumalija\";s:5:\"email\";s:22:\"jameskadesha@gmail.com\";s:14:\"official_email\";N;s:5:\"phone\";s:10:\"0766047276\";s:6:\"gender\";s:4:\"male\";s:13:\"date_of_birth\";s:10:\"1972-12-02\";s:14:\"marital_status\";s:7:\"married\";s:15:\"employment_type\";s:9:\"full_time\";s:10:\"salutation\";s:2:\"Mr\";s:7:\"address\";s:43:\"P.O.Box 349, Shinyanga,  Miti Mirefu Street\";s:4:\"city\";N;s:5:\"state\";s:9:\"Shinyanga\";s:11:\"postal_code\";N;s:7:\"country\";s:8:\"Tanzania\";s:5:\"photo\";N;s:9:\"hire_date\";s:10:\"2020-03-12\";s:16:\"termination_date\";N;s:25:\"tax_identification_number\";N;s:19:\"bank_account_number\";N;s:9:\"bank_name\";N;s:14:\"designation_id\";s:36:\"1334f6c9-ba92-4d16-9122-9b7d84905d28\";s:19:\"salary_structure_id\";s:36:\"6a22adb0-c0ce-4de1-871d-df76c1cf2615\";s:12:\"job_title_id\";N;s:13:\"bassic_salary\";s:4:\"0.00\";s:10:\"commission\";s:4:\"0.00\";s:13:\"overtime_rate\";N;s:13:\"supervisor_id\";N;s:7:\"user_id\";s:36:\"bf745f6a-be55-4dfb-852a-db4114594f6a\";s:6:\"status\";s:6:\"active\";s:10:\"created_at\";s:19:\"2026-03-28 08:20:57\";s:10:\"updated_at\";s:19:\"2026-03-28 08:20:57\";s:10:\"deleted_at\";N;}s:11:\"\0*\0original\";a:38:{s:2:\"id\";s:36:\"3eb8d5ea-6c38-45dd-a4fd-e2804cb51709\";s:15:\"organisation_id\";s:36:\"ac7e5b0f-d0dd-44a4-913c-6d365861fad6\";s:17:\"biometric_user_id\";N;s:13:\"employee_code\";s:10:\"EMP-H6YVTK\";s:10:\"first_name\";s:5:\"James\";s:9:\"last_name\";s:7:\"Kadesha\";s:10:\"other_name\";s:8:\"Kumalija\";s:5:\"email\";s:22:\"jameskadesha@gmail.com\";s:14:\"official_email\";N;s:5:\"phone\";s:10:\"0766047276\";s:6:\"gender\";s:4:\"male\";s:13:\"date_of_birth\";s:10:\"1972-12-02\";s:14:\"marital_status\";s:7:\"married\";s:15:\"employment_type\";s:9:\"full_time\";s:10:\"salutation\";s:2:\"Mr\";s:7:\"address\";s:43:\"P.O.Box 349, Shinyanga,  Miti Mirefu Street\";s:4:\"city\";N;s:5:\"state\";s:9:\"Shinyanga\";s:11:\"postal_code\";N;s:7:\"country\";s:8:\"Tanzania\";s:5:\"photo\";N;s:9:\"hire_date\";s:10:\"2020-03-12\";s:16:\"termination_date\";N;s:25:\"tax_identification_number\";N;s:19:\"bank_account_number\";N;s:9:\"bank_name\";N;s:14:\"designation_id\";s:36:\"1334f6c9-ba92-4d16-9122-9b7d84905d28\";s:19:\"salary_structure_id\";s:36:\"6a22adb0-c0ce-4de1-871d-df76c1cf2615\";s:12:\"job_title_id\";N;s:13:\"bassic_salary\";s:4:\"0.00\";s:10:\"commission\";s:4:\"0.00\";s:13:\"overtime_rate\";N;s:13:\"supervisor_id\";N;s:7:\"user_id\";s:36:\"bf745f6a-be55-4dfb-852a-db4114594f6a\";s:6:\"status\";s:6:\"active\";s:10:\"created_at\";s:19:\"2026-03-28 08:20:57\";s:10:\"updated_at\";s:19:\"2026-03-28 08:20:57\";s:10:\