--
-- Host: localhost    Database: shirecu
-- ------------------------------------------------------


--
-- Table structure for table `account_balance_snapshots`
--

CREATE TABLE `account_balance_snapshots` (
  `id` bigint unsigned NOT NULL AUTO_INCREMENT,
  `chart_of_account_id` bigint unsigned NOT NULL,
  `fiscal_year_id` char(36) COLLATE utf8mb4_unicode_ci NOT NULL,
  `snapshot_date` date NOT NULL,
  `balances` json NOT NULL COMMENT 'JSON of {account_id: balance} pairs',
  `organisation_id` bigint unsigned NOT NULL,
  `created_at` timestamp NULL DEFAULT NULL,
  `updated_at` timestamp NULL DEFAULT NULL,
  `deleted_at` timestamp NULL DEFAULT NULL,
  PRIMARY KEY (`id`),
  KEY `account_balance_snapshots_chart_of_account_id_foreign` (`chart_of_account_id`),
  KEY `account_balance_snapshots_fiscal_year_id_foreign` (`fiscal_year_id`),
  KEY `account_balance_snapshots_organisation_id_snapshot_date_index` (`organisation_id`,`snapshot_date`),
  CONSTRAINT `account_balance_snapshots_chart_of_account_id_foreign` FOREIGN KEY (`chart_of_account_id`) REFERENCES `chart_of_accounts` (`id`),
  CONSTRAINT `account_balance_snapshots_fiscal_year_id_foreign` FOREIGN KEY (`fiscal_year_id`) REFERENCES `fiscal_years` (`id`)
) ENGINE=InnoDB DEFAULT CHARSET=utf8mb4 COLLATE=utf8mb4_unicode_ci;

--
-- Dumping data for table `account_balance_snapshots`
--


--
-- Table structure for table `account_categories`
--

CREATE TABLE `account_categories` (
  `id` bigint unsigned NOT NULL AUTO_INCREMENT,
  `name` varchar(255) COLLATE utf8mb4_unicode_ci NOT NULL,
  `code` int NOT NULL,
  `normal_balance_side` int NOT NULL,
  `deleted_at` timestamp NULL DEFAULT NULL,
  `created_at` timestamp NULL DEFAULT NULL,
  `updated_at` timestamp NULL DEFAULT NULL,
  PRIMARY KEY (`id`),
  UNIQUE KEY `account_categories_code_unique` (`code`)
) ENGINE=InnoDB AUTO_INCREMENT=6 DEFAULT CHARSET=utf8mb4 COLLATE=utf8mb4_unicode_ci;

--
-- Dumping data for table `account_categories`
--

INSERT INTO `account_categories` VALUES (1,'Assets',100200,1,NULL,'2026-03-10 21:55:10','2026-03-10 21:55:10'),(2,'Liabilities',20000,2,NULL,'2026-03-10 21:55:10','2026-03-10 21:55:10'),(3,'Capital and Reserves',30000,2,NULL,'2026-03-10 21:55:10','2026-03-10 21:55:10'),(4,'Income',100000,2,NULL,'2026-03-10 21:55:10','2026-03-10 21:55:10'),(5,'Expenses',100500,1,NULL,'2026-03-10 21:55:10','2026-03-10 21:55:10');

--
-- Table structure for table `account_sub_categories`
--

CREATE TABLE `account_sub_categories` (
  `id` bigint unsigned NOT NULL AUTO_INCREMENT,
  `sort` tinyint DEFAULT NULL,
  `account_category_id` bigint unsigned DEFAULT NULL,
  `organisation_id` char(36) COLLATE utf8mb4_unicode_ci DEFAULT NULL,
  `parent_id` bigint unsigned DEFAULT NULL,
  `name` varchar(255) COLLATE utf8mb4_unicode_ci NOT NULL,
  `description` varchar(255) COLLATE utf8mb4_unicode_ci DEFAULT NULL,
  `code` int NOT NULL,
  `is_system_created` tinyint(1) NOT NULL DEFAULT '0' COMMENT 'This is to avoid deleting account which are prepacked in the system',
  `is_working_capital` tinyint(1) NOT NULL DEFAULT '0' COMMENT 'For accounts that affect working capital (AR, AP, Inventory)',
  `is_non_cash` tinyint(1) NOT NULL DEFAULT '0' COMMENT 'For non-cash items like depreciation',
  `is_financing_related` tinyint(1) NOT NULL DEFAULT '0' COMMENT 'For accounts directly related to financing activities',
  `cash_flow_type` enum('Operating','Investing','Financing') COLLATE utf8mb4_unicode_ci DEFAULT NULL,
  `deleted_at` timestamp NULL DEFAULT NULL,
  `created_at` timestamp NULL DEFAULT NULL,
  `updated_at` timestamp NULL DEFAULT NULL,
  `is_tax` tinyint(1) NOT NULL DEFAULT '0',
  `is_non_taxable` tinyint(1) NOT NULL DEFAULT '0',
  PRIMARY KEY (`id`),
  UNIQUE KEY `account_sub_categories_code_unique` (`code`),
  KEY `account_sub_categories_account_category_id_foreign` (`account_category_id`),
  KEY `account_sub_categories_parent_id_foreign` (`parent_id`),
  KEY `account_sub_categories_id_index` (`id`),
  KEY `account_sub_categories_id_organisation_id_index` (`id`,`organisation_id`),
  KEY `account_sub_categories_id_account_category_id_index` (`id`,`account_category_id`),
  CONSTRAINT `account_sub_categories_account_category_id_foreign` FOREIGN KEY (`account_category_id`) REFERENCES `account_categories` (`id`),
  CONSTRAINT `account_sub_categories_parent_id_foreign` FOREIGN KEY (`parent_id`) REFERENCES `account_sub_categories` (`id`)
) ENGINE=InnoDB AUTO_INCREMENT=43 DEFAULT CHARSET=utf8mb4 COLLATE=utf8mb4_unicode_ci;

--
-- Dumping data for table `account_sub_categories`
--

INSERT INTO `account_sub_categories` VALUES (1,1,1,NULL,NULL,'None Current Assets','Are long-term assets used in the business, typically for more than one year',100201,1,0,0,0,'Investing',NULL,'2026-02-11 20:52:27','2026-02-11 20:52:27',0,0),(2,2,1,NULL,NULL,'Current Assets','Current assets are short-term assets that are expected to be converted into cash within a year',101701,1,0,0,0,NULL,NULL,'2026-02-11 20:52:27','2026-02-11 20:52:27',0,0),(3,3,1,NULL,2,'Inventory','Raw Materials, Work-in-Progress, Finished Goods',101702,1,1,0,0,'Operating',NULL,'2026-02-11 20:52:27','2026-02-11 20:52:27',0,0),(4,4,1,NULL,2,'Accounts Receivable','Trade Receivables',101727,1,1,0,0,'Operating',NULL,'2026-02-11 20:52:27','2026-02-11 20:52:27',0,0),(5,5,1,NULL,2,'Assets Held For Sale','Assets Held For Sale',101752,1,1,0,0,'Operating',NULL,'2026-02-11 20:52:27','2026-02-11 20:52:27',0,0),(6,6,1,NULL,2,'Cash and Cash Equivalents','Cash in Hand, Bank Accounts, Short-term Investments',101777,1,0,0,0,'Operating',NULL,'2026-02-11 20:52:27','2026-02-11 20:52:27',0,0),(7,7,1,NULL,1,'Property, Plant, and Equipment (PP&E)','Ledger: Buildings, Machinery, Office Equipment, Furniture',100202,1,0,0,0,'Investing',NULL,'2026-02-11 20:52:27','2026-02-11 20:52:27',0,0),(8,8,1,NULL,1,'Work In Progress','Work In Progress (Kazi Ya Ujenzi)',100282,1,0,0,0,'Investing',NULL,'2026-02-11 20:52:27','2026-02-11 20:52:27',0,0),(9,9,1,NULL,1,'Work In Progress- Intangible Assets','Work In Progress for example software',100362,1,0,0,0,'Investing',NULL,'2026-02-11 20:52:27','2026-02-11 20:52:27',0,0),(10,10,1,NULL,1,'Tax Owed','Tax prepaid to authority(Kodi Inayodaiwa)',100442,1,0,0,0,'Investing',NULL,'2026-02-11 20:52:27','2026-02-11 20:52:27',0,0),(11,11,1,NULL,1,'Long-term Investments','These are investments held for more than one year',100522,1,0,0,0,'Investing',NULL,'2026-02-11 20:52:27','2026-02-11 20:52:27',0,0),(12,12,1,NULL,1,'Investment In Shares','Shares investment in other companies',100602,1,0,0,0,'Investing',NULL,'2026-02-11 20:52:27','2026-02-11 20:52:27',0,0),(13,1,2,NULL,NULL,'Long-Term Liabilities','These are obligations due after one year, often associated with long-term financing and large capital expenses.',20001,1,0,0,0,NULL,NULL,'2026-02-11 20:52:27','2026-02-11 20:52:27',0,0),(14,2,2,NULL,NULL,'Current Liabilities','These are obligations that are due within a year, typically relating to day-to-day operations.',22001,1,1,0,0,NULL,NULL,'2026-02-11 20:52:27','2026-02-11 20:52:27',0,0),(15,3,2,NULL,14,'HISA ZA WANACHAMA (Members Shares)','HISA.',22002,1,1,0,0,'Operating',NULL,'2026-02-11 20:52:27','2026-02-11 20:52:27',0,0),(16,4,2,NULL,14,'WADAI WA KIBIASHARA(Accounts Payable)','Amounts owed to suppliers for goods or services received but not yet paid for.',22012,1,1,0,0,'Operating',NULL,'2026-02-11 20:52:27','2026-02-11 20:52:27',0,0),(17,5,2,NULL,14,'WADAI WA KIBIASHARA','WADAI WA KIBIASHARA (Othe accounts payable)',22022,1,1,0,1,'Operating',NULL,'2026-02-11 20:52:27','2026-02-11 20:52:27',0,0),(18,6,2,NULL,14,'Hesabu Ya Wakulima (Farmers Account)','Farmers Account',22032,1,1,0,0,'Operating',NULL,'2026-02-11 20:52:27','2026-02-11 20:52:27',0,0),(19,7,2,NULL,14,'Wadai Vya Wanachama','Farmers Account',22042,1,1,0,0,'Operating',NULL,'2026-02-11 20:52:27','2026-02-11 20:52:27',0,0),(20,8,2,NULL,14,'KODI ILIYOAHILISHWA (DEFFERED TAX)','KODI ILIYOAHILISHWA (DEFFERED TAX)',22052,1,1,0,0,NULL,NULL,'2026-02-11 20:52:27','2026-02-11 20:52:27',0,0),(21,9,2,NULL,14,'Unearned Revenue (Deferred Revenue)','Payments received before goods or services have been delivered, representing a liability until the obligation is fulfilled.',22062,1,1,0,0,NULL,NULL,'2026-02-11 20:52:27','2026-02-11 20:52:27',0,0),(22,1,3,NULL,NULL,'Capital Accounts','Owners equity, share capital',30001,1,0,0,0,NULL,NULL,'2026-02-11 20:52:27','2026-02-11 20:52:27',0,0),(23,2,3,NULL,NULL,'Reserves','Reserves',30101,1,0,0,0,NULL,NULL,'2026-02-11 20:52:27','2026-02-11 20:52:27',0,0),(24,3,3,NULL,NULL,'Retained Earnings','Retained earnings',30201,1,0,0,0,NULL,NULL,'2026-02-11 20:52:27','2026-02-11 20:52:27',0,0),(25,4,4,NULL,NULL,'Sales Revenue/Income','Primary business income from products and services',100001,1,0,0,0,NULL,NULL,'2026-02-11 20:52:27','2026-02-11 20:52:27',0,0),(26,5,4,NULL,NULL,'Other Income','Miscellaneous or irregular sources of income.',100501,1,0,0,0,NULL,NULL,'2026-02-11 20:52:27','2026-02-11 20:52:27',0,0),(27,6,4,NULL,NULL,'Ziada ya uthaminishaji','Miscellaneous or irregular sources of income.',101001,1,0,0,0,NULL,NULL,'2026-02-11 20:52:27','2026-02-11 21:10:48',0,0),(28,3,4,NULL,25,'Mapato Mengineyo','Primary business income from products and services',100005,1,0,0,0,NULL,NULL,'2026-02-11 20:52:27','2026-02-11 20:52:27',0,0),(29,1,4,NULL,25,'Ushuru Wa Mazao','Ushuru Wa Mazao.',100105,1,0,0,0,NULL,NULL,'2026-02-11 20:52:27','2026-02-11 20:52:27',0,0),(30,2,4,NULL,25,'Mapato Yatokanayo na Milki','Mapato Yatokanayo na Milki',100205,1,0,0,0,NULL,NULL,'2026-02-11 20:52:27','2026-02-11 20:52:27',0,0),(31,9,4,NULL,26,'Gain on Asset Sale','Gain on Disposal of Assets / Gain on Sale of Fixed Assetsor.',100502,1,1,0,0,'Operating',NULL,'2026-02-11 20:52:27','2026-02-11 21:10:48',0,0),(32,6,5,NULL,NULL,'Cost of Goods Sold (COGS)','Costs directly related to the production of goods or services.',100600,1,0,0,0,'Operating',NULL,'2026-02-11 20:52:27','2026-03-23 15:58:36',0,0),(33,7,5,NULL,NULL,'Operating Expenses','Costs related to running the business, not directly tied to production',100800,1,0,0,0,'Operating',NULL,'2026-02-11 20:52:27','2026-03-23 15:58:36',0,0),(34,8,5,NULL,NULL,'Tax Expenses','Interest/Tax Expenses',101000,1,0,0,0,NULL,NULL,'2026-02-11 20:52:27','2026-03-23 15:58:36',0,0),(35,1,5,NULL,33,'Administrative Expenses(Gharama za Utawala)','Administrative Expenses',100801,1,0,0,0,'Operating',NULL,'2026-02-11 20:52:27','2026-02-11 20:52:27',0,0),(36,2,5,NULL,33,'Gharama za Utumishi (Service Costs)','Service Costs',100811,1,0,0,0,'Operating',NULL,'2026-02-11 20:52:27','2026-02-11 20:52:27',0,0),(37,3,5,NULL,33,'Gharama za Bodi (Board Expenses)','Technology & IT Expenses',100821,1,0,0,0,'Operating',NULL,'2026-02-11 20:52:27','2026-02-11 20:52:27',0,0),(38,4,5,NULL,33,'Gharama za kibiashara (Business Expenses)','Office Supplies and Equipment',100831,1,0,0,0,'Operating',NULL,'2026-02-11 20:52:27','2026-03-23 15:58:36',0,0),(40,10,4,NULL,27,'Ziada ya uthaminishaji',NULL,1010001,0,0,0,0,NULL,NULL,'2026-02-11 20:54:46','2026-02-11 21:10:48',0,0),(41,11,4,NULL,29,'Ushuru wa Choroko',NULL,100052,0,0,0,0,NULL,'2026-03-12 15:20:02','2026-03-12 15:19:48','2026-03-12 15:20:02',0,0),(42,13,1,NULL,2,'test',NULL,465934,0,0,0,0,NULL,'2026-03-27 08:39:25','2026-03-12 18:57:33','2026-03-27 08:39:25',0,0);

--
-- Table structure for table `activities`
--

CREATE TABLE `activities` (
  `id` char(36) COLLATE utf8mb4_unicode_ci NOT NULL,
  `project_id` char(36) COLLATE utf8mb4_unicode_ci NOT NULL,
  `name` varchar(255) COLLATE utf8mb4_unicode_ci NOT NULL,
  `objectives` text COLLATE utf8mb4_unicode_ci,
  `activity_methodology` text COLLATE utf8mb4_unicode_ci,
  `description` text COLLATE utf8mb4_unicode_ci,
  `cost` decimal(20,2) DEFAULT NULL,
  `currency_id` char(36) COLLATE utf8mb4_unicode_ci DEFAULT NULL,
  `prioty` enum('High','Medium','Low') COLLATE utf8mb4_unicode_ci NOT NULL DEFAULT 'Low',
  `status` enum('Not Started','In Progress','Completed','On Hold','Cancelled') COLLATE utf8mb4_unicode_ci NOT NULL DEFAULT 'Not Started',
  `start_date` datetime NOT NULL,
  `end_date` datetime DEFAULT NULL,
  `created_at` timestamp NULL DEFAULT NULL,
  `updated_at` timestamp NULL DEFAULT NULL,
  PRIMARY KEY (`id`),
  KEY `activities_project_id_foreign` (`project_id`),
  CONSTRAINT `activities_project_id_foreign` FOREIGN KEY (`project_id`) REFERENCES `projects` (`id`) ON DELETE CASCADE
) ENGINE=InnoDB DEFAULT CHARSET=utf8mb4 COLLATE=utf8mb4_unicode_ci;

--
-- Dumping data for table `activities`
--


--
-- Table structure for table `activity_approvals`
--

CREATE TABLE `activity_approvals` (
  `id` char(36) COLLATE utf8mb4_unicode_ci NOT NULL,
  `activity_id` char(36) COLLATE utf8mb4_unicode_ci NOT NULL,
  `approved_by` char(36) COLLATE utf8mb4_unicode_ci NOT NULL,
  `approval_date` date NOT NULL,
  `comment` varchar(255) COLLATE utf8mb4_unicode_ci DEFAULT NULL,
  `created_at` timestamp NULL DEFAULT NULL,
  `updated_at` timestamp NULL DEFAULT NULL,
  PRIMARY KEY (`id`)
) ENGINE=InnoDB DEFAULT CHARSET=utf8mb4 COLLATE=utf8mb4_unicode_ci;

--
-- Dumping data for table `activity_approvals`
--


--
-- Table structure for table `activity_budgets`
--

CREATE TABLE `activity_budgets` (
  `id` char(36) COLLATE utf8mb4_unicode_ci NOT NULL,
  `activity_id` char(36) COLLATE utf8mb4_unicode_ci NOT NULL,
  `project_budget_id` char(36) COLLATE utf8mb4_unicode_ci NOT NULL,
  `description` varchar(255) COLLATE utf8mb4_unicode_ci NOT NULL,
  `created_at` timestamp NULL DEFAULT NULL,
  `updated_at` timestamp NULL DEFAULT NULL,
  PRIMARY KEY (`id`)
) ENGINE=InnoDB DEFAULT CHARSET=utf8mb4 COLLATE=utf8mb4_unicode_ci;

--
-- Dumping data for table `activity_budgets`
--


--
-- Table structure for table `activity_files`
--

CREATE TABLE `activity_files` (
  `id` char(36) COLLATE utf8mb4_unicode_ci NOT NULL,
  `activity_id` char(36) COLLATE utf8mb4_unicode_ci NOT NULL,
  `file` text COLLATE utf8mb4_unicode_ci NOT NULL,
  `created_at` timestamp NULL DEFAULT NULL,
  `updated_at` timestamp NULL DEFAULT NULL,
  PRIMARY KEY (`id`)
) ENGINE=InnoDB DEFAULT CHARSET=utf8mb4 COLLATE=utf8mb4_unicode_ci;

--
-- Dumping data for table `activity_files`
--


--
-- Table structure for table `activity_logs`
--

CREATE TABLE `activity_logs` (
  `id` char(36) COLLATE utf8mb4_unicode_ci NOT NULL,
  `user_id` char(36) COLLATE utf8mb4_unicode_ci NOT NULL,
  `organisation_id` char(36) COLLATE utf8mb4_unicode_ci DEFAULT NULL,
  `action` text COLLATE utf8mb4_unicode_ci NOT NULL,
  `details` text COLLATE utf8mb4_unicode_ci NOT NULL,
  `created_at` timestamp NULL DEFAULT NULL,
  `updated_at` timestamp NULL DEFAULT NULL,
  PRIMARY KEY (`id`)
) ENGINE=InnoDB DEFAULT CHARSET=utf8mb4 COLLATE=utf8mb4_unicode_ci;

--
-- Dumping data for table `activity_logs`
--

INSERT INTO `activity_logs` VALUES ('00ce10cb-c2ed-45f9-ae04-508919d40232','f3683bee-094b-4aa6-8163-8d418a27eb6a',NULL,'Stock taking report','Successfully retrieved stock taking report','2026-04-09 09:56:20','2026-04-09 09:56:20'),('190c5e56-c3df-45cc-9204-6eb7cde47c94','3de7c572-94cb-4a65-b30e-ba55d6c94893',NULL,'Journal Transaction posted','Journal transaction 3','2026-04-21 16:59:45','2026-04-21 16:59:45'),('1afa5113-99dc-4e3d-b3e4-f23da2a1070a','f3683bee-094b-4aa6-8163-8d418a27eb6a',NULL,'Creating new account','Successfully created a new account test','2026-03-12 18:57:51','2026-03-12 18:57:51'),('2b494b31-3bd9-46c9-81cb-542ccb527219','f3683bee-094b-4aa6-8163-8d418a27eb6a',NULL,'Retrieving chart of accounts by category id','Successfully retrieved by ','2026-03-12 17:39:45','2026-03-12 17:39:45'),('34563027-65bd-4e2c-8fc2-d61a7ae76063','3de7c572-94cb-4a65-b30e-ba55d6c94893',NULL,'Journal Transaction posted','Journal transaction 3','2026-04-23 09:18:31','2026-04-23 09:18:31'),('3bb61ba9-212f-4bd4-a668-0173d24f71c3','3de7c572-94cb-4a65-b30e-ba55d6c94893',NULL,'Retrieving chart of accounts by category id','Successfully retrieved by ','2026-03-12 14:54:14','2026-03-12 14:54:14'),('413c6d78-c2f0-4507-8066-7693c69bfcff','f3683bee-094b-4aa6-8163-8d418a27eb6a',NULL,'Retrieving chart of accounts by category id','Successfully retrieved by ','2026-03-12 17:34:49','2026-03-12 17:34:49'),('42a9b792-22ec-4dfa-a834-295f66469949','f3683bee-094b-4aa6-8163-8d418a27eb6a',NULL,'Retrieving chart of accounts by category id','Successfully retrieved by ','2026-03-12 17:16:37','2026-03-12 17:16:37'),('477d1c65-9a03-466a-a95c-a321c7bdda08','3de7c572-94cb-4a65-b30e-ba55d6c94893',NULL,'Retrieving chart of accounts by category id','Successfully retrieved by ','2026-03-12 14:54:08','2026-03-12 14:54:08'),('50d1fa3a-cfb2-4e3b-a523-9fe4fd28877d','f3683bee-094b-4aa6-8163-8d418a27eb6a',NULL,'Retrieving chart of accounts by category id','Successfully retrieved by ','2026-03-12 17:37:35','2026-03-12 17:37:35'),('539d03fd-3e58-44a7-98de-53cf8e554d04','f3683bee-094b-4aa6-8163-8d418a27eb6a',NULL,'Retrieving chart of accounts by category id','Successfully retrieved by ','2026-03-12 17:18:40','2026-03-12 17:18:40'),('61b7a4af-64ac-47c0-b8c8-7bd722ce164c','f3683bee-094b-4aa6-8163-8d418a27eb6a',NULL,'Retrieving chart of accounts by category id','Successfully retrieved by ','2026-03-12 17:22:09','2026-03-12 17:22:09'),('62b6f41f-f3cd-40bb-a5e0-410fac11c73d','3de7c572-94cb-4a65-b30e-ba55d6c94893',NULL,'Retrieving chart of accounts by category id','Successfully retrieved by ','2026-03-12 15:24:24','2026-03-12 15:24:24'),('744c400d-b587-4373-9771-44bf48448384','f3683bee-094b-4aa6-8163-8d418a27eb6a',NULL,'Retrieving chart of accounts by category id','Successfully retrieved by ','2026-03-12 17:37:15','2026-03-12 17:37:15'),('775a39fc-268e-44ee-95af-28e920cfa92a','f3683bee-094b-4aa6-8163-8d418a27eb6a',NULL,'Retrieving chart of accounts by category id','Successfully retrieved by ','2026-03-10 23:32:30','2026-03-10 23:32:30'),('794bb0a4-4de5-4c54-8d69-27da183f92e3','f3683bee-094b-4aa6-8163-8d418a27eb6a',NULL,'Retrieving chart of accounts by category id','Successfully retrieved by ','2026-03-11 13:21:23','2026-03-11 13:21:23'),('7a7b33b2-c38f-40fb-8ef2-5d43138146c7','3de7c572-94cb-4a65-b30e-ba55d6c94893',NULL,'Retrieving chart of accounts by category id','Successfully retrieved by ','2026-03-12 15:32:02','2026-03-12 15:32:02'),('7acedf64-7964-4f4f-9371-f24bad0c328f','f3683bee-094b-4aa6-8163-8d418a27eb6a',NULL,'Retrieving chart of accounts by category id','Successfully retrieved by ','2026-03-12 17:17:19','2026-03-12 17:17:19'),('7fad7c27-e6e8-44bd-9d98-aec2ad26ccb3','f3683bee-094b-4aa6-8163-8d418a27eb6a',NULL,'Retrieving chart of accounts by category id','Successfully retrieved by ','2026-03-12 17:16:41','2026-03-12 17:16:41'),('89145561-8a78-4d2e-8d0b-751dbfa1b8f4','f3683bee-094b-4aa6-8163-8d418a27eb6a',NULL,'Retrieving chart of accounts by category id','Successfully retrieved by ','2026-03-12 17:23:37','2026-03-12 17:23:37'),('94425eef-4eed-4ce1-a722-6dcab1f3c07a','f3683bee-094b-4aa6-8163-8d418a27eb6a',NULL,'Retrieving chart of accounts by category id','Successfully retrieved by ','2026-03-12 17:37:19','2026-03-12 17:37:19'),('9619362e-47ab-4a14-a321-3b7f38df174d','3de7c572-94cb-4a65-b30e-ba55d6c94893',NULL,'Updating account','Successfully updated account Ushuru Wa Pamba','2026-03-14 19:41:42','2026-03-14 19:41:42'),('98597719-68b7-4098-9505-b8cce385e060','f3683bee-094b-4aa6-8163-8d418a27eb6a',NULL,'Deleting coa','Successfully deleted details of test','2026-03-27 08:39:17','2026-03-27 08:39:17'),('9a68beee-d536-4fe1-b261-7fec26309cbb','f3683bee-094b-4aa6-8163-8d418a27eb6a',NULL,'Retrieving chart of accounts by category id','Successfully retrieved by ','2026-03-10 23:32:36','2026-03-10 23:32:36'),('9fb4d2ec-6dcc-4976-98ad-6823d7b41efb','f3683bee-094b-4aa6-8163-8d418a27eb6a',NULL,'Stock taking report','Successfully retrieved stock taking report','2026-04-09 09:56:20','2026-04-09 09:56:20'),('a245d2bb-4178-4d87-8841-a60d2719ee96','3de7c572-94cb-4a65-b30e-ba55d6c94893',NULL,'Journal Transaction posted','Journal transaction 4','2026-03-27 18:45:42','2026-03-27 18:45:42'),('a9ea02a9-cc72-43d2-b5ec-686339b5b128','3de7c572-94cb-4a65-b30e-ba55d6c94893',NULL,'Retrieving chart of accounts by category id','Successfully retrieved by ','2026-03-12 15:21:15','2026-03-12 15:21:15'),('aa10d289-7297-4462-9278-798aca0dd3b3','f3683bee-094b-4aa6-8163-8d418a27eb6a',NULL,'Retrieving chart of accounts by category id','Successfully retrieved by ','2026-03-12 17:46:55','2026-03-12 17:46:55'),('b9447eeb-2ef6-4359-9680-46b1c2280d01','f3683bee-094b-4aa6-8163-8d418a27eb6a',NULL,'Retrieving chart of accounts by category id','Successfully retrieved by ','2026-03-12 17:42:31','2026-03-12 17:42:31'),('ba2a6959-74c3-4581-93e6-41797822b437','f3683bee-094b-4aa6-8163-8d418a27eb6a',NULL,'Retrieving chart of accounts by category id','Successfully retrieved by ','2026-03-12 17:22:37','2026-03-12 17:22:37'),('bca8d862-c4c1-438e-8be4-cc1bf114b39d','3de7c572-94cb-4a65-b30e-ba55d6c94893',NULL,'Retrieving chart of accounts by category id','Successfully retrieved by ','2026-03-12 15:21:20','2026-03-12 15:21:20'),('be53867a-2070-4cff-b2fe-5def85f1702e','f3683bee-094b-4aa6-8163-8d418a27eb6a',NULL,'Retrieving chart of accounts by category id','Successfully retrieved by ','2026-03-12 17:46:27','2026-03-12 17:46:27'),('caa7116d-53bb-499c-9582-6a5c1150286c','3de7c572-94cb-4a65-b30e-ba55d6c94893',NULL,'Creating new account','Successfully created a new account Ushuru wa Choroko','2026-03-12 15:20:55','2026-03-12 15:20:55'),('cc48f07a-1dd2-45f0-8288-6ab2c20d535d','3de7c572-94cb-4a65-b30e-ba55d6c94893',NULL,'Journal Transaction posted','Journal transaction 3','2026-04-28 10:38:48','2026-04-28 10:38:48'),('ce127367-776d-4afb-abb4-a2a020edc5bf','f3683bee-094b-4aa6-8163-8d418a27eb6a',NULL,'Retrieving chart of accounts by category id','Successfully retrieved by ','2026-03-12 17:22:41','2026-03-12 17:22:41'),('d9f64de7-36b0-4df9-a125-6d47005d738f','f3683bee-094b-4aa6-8163-8d418a27eb6a',NULL,'Retrieving chart of accounts by category id','Successfully retrieved by ','2026-03-12 17:22:14','2026-03-12 17:22:14'),('dc7b002f-bbdf-46e2-b25d-e44630c78af0','f3683bee-094b-4aa6-8163-8d418a27eb6a',NULL,'Retrieving chart of accounts by category id','Successfully retrieved by ','2026-03-12 17:47:45','2026-03-12 17:47:45'),('dcf68ab8-730f-4306-85e1-0b2decc2ec1e','3de7c572-94cb-4a65-b30e-ba55d6c94893',NULL,'Journal Transaction posted','Journal transaction 3','2026-04-13 12:35:05','2026-04-13 12:35:05'),('df549e93-d479-4150-b358-9c491a4149f4','3de7c572-94cb-4a65-b30e-ba55d6c94893',NULL,'Updating account','Successfully updated account Ushuru wa Choroko','2026-03-14 19:41:49','2026-03-14 19:41:49'),('e849fadc-532a-42c6-8461-b094d52f5a05','f3683bee-094b-4aa6-8163-8d418a27eb6a',NULL,'Retrieving chart of accounts by category id','Successfully retrieved by ','2026-03-12 17:47:20','2026-03-12 17:47:20'),('fe6ae4e8-4fb5-45d6-a5b7-62aa5888fb8f','f3683bee-094b-4aa6-8163-8d418a27eb6a',NULL,'Retrieving chart of accounts by category id','Successfully retrieved by ','2026-03-11 13:21:15','2026-03-11 13:21:15');

--
-- Table structure for table `activity_parameter_results`
--

CREATE TABLE `activity_parameter_results` (
  `id` char(36) COLLATE utf8mb4_unicode_ci NOT NULL,
  `activity_id` char(36) COLLATE utf8mb4_unicode_ci NOT NULL,
  `activity_parameter_id` char(36) COLLATE utf8mb4_unicode_ci NOT NULL,
  `result` varchar(255) COLLATE utf8mb4_unicode_ci NOT NULL,
  `created_at` timestamp NULL DEFAULT NULL,
  `updated_at` timestamp NULL DEFAULT NULL,
  PRIMARY KEY (`id`),
  KEY `activity_parameter_results_activity_id_foreign` (`activity_id`),
  KEY `activity_parameter_results_activity_parameter_id_foreign` (`activity_parameter_id`),
  CONSTRAINT `activity_parameter_results_activity_id_foreign` FOREIGN KEY (`activity_id`) REFERENCES `activities` (`id`) ON DELETE CASCADE,
  CONSTRAINT `activity_parameter_results_activity_parameter_id_foreign` FOREIGN KEY (`activity_parameter_id`) REFERENCES `activity_parameters` (`id`) ON DELETE CASCADE
) ENGINE=InnoDB DEFAULT CHARSET=utf8mb4 COLLATE=utf8mb4_unicode_ci;

--
-- Dumping data for table `activity_parameter_results`
--


--
-- Table structure for table `activity_parameters`
--

CREATE TABLE `activity_parameters` (
  `id` char(36) COLLATE utf8mb4_unicode_ci NOT NULL,
  `activity_id` char(36) COLLATE utf8mb4_unicode_ci NOT NULL,
  `name` varchar(255) COLLATE utf8mb4_unicode_ci NOT NULL,
  `description` varchar(255) COLLATE utf8mb4_unicode_ci DEFAULT NULL,
  `created_at` timestamp NULL DEFAULT NULL,
  `updated_at` timestamp NULL DEFAULT NULL,
  PRIMARY KEY (`id`),
  KEY `activity_parameters_activity_id_foreign` (`activity_id`),
  CONSTRAINT `activity_parameters_activity_id_foreign` FOREIGN KEY (`activity_id`) REFERENCES `activities` (`id`) ON DELETE CASCADE
) ENGINE=InnoDB DEFAULT CHARSET=utf8mb4 COLLATE=utf8mb4_unicode_ci;

--
-- Dumping data for table `activity_parameters`
--


--
-- Table structure for table `activity_plans`
--

CREATE TABLE `activity_plans` (
  `id` char(36) COLLATE utf8mb4_unicode_ci NOT NULL,
  `activity_id` char(36) COLLATE utf8mb4_unicode_ci NOT NULL,
  `plan_details` varchar(255) COLLATE utf8mb4_unicode_ci NOT NULL,
  `assigned_to` char(36) COLLATE utf8mb4_unicode_ci DEFAULT NULL,
  `due_date` datetime DEFAULT NULL,
  `created_at` timestamp NULL DEFAULT NULL,
  `updated_at` timestamp NULL DEFAULT NULL,
  PRIMARY KEY (`id`),
  KEY `activity_plans_activity_id_foreign` (`activity_id`),
  KEY `activity_plans_assigned_to_foreign` (`assigned_to`),
  CONSTRAINT `activity_plans_activity_id_foreign` FOREIGN KEY (`activity_id`) REFERENCES `activities` (`id`) ON DELETE CASCADE,
  CONSTRAINT `activity_plans_assigned_to_foreign` FOREIGN KEY (`assigned_to`) REFERENCES `employees` (`id`) ON DELETE CASCADE
) ENGINE=InnoDB DEFAULT CHARSET=utf8mb4 COLLATE=utf8mb4_unicode_ci;

--
-- Dumping data for table `activity_plans`
--


--
-- Table structure for table `activity_programs`
--

CREATE TABLE `activity_programs` (
  `id` char(36) COLLATE utf8mb4_unicode_ci NOT NULL,
  `activity_id` char(36) COLLATE utf8mb4_unicode_ci NOT NULL,
  `name` varchar(255) COLLATE utf8mb4_unicode_ci NOT NULL,
  `description` varchar(255) COLLATE utf8mb4_unicode_ci DEFAULT NULL,
  `start_date` date NOT NULL,
  `end_date` date NOT NULL,
  `created_at` timestamp NULL DEFAULT NULL,
  `updated_at` timestamp NULL DEFAULT NULL,
  PRIMARY KEY (`id`),
  KEY `activity_programs_activity_id_foreign` (`activity_id`),
  CONSTRAINT `activity_programs_activity_id_foreign` FOREIGN KEY (`activity_id`) REFERENCES `activities` (`id`) ON DELETE CASCADE
) ENGINE=InnoDB DEFAULT CHARSET=utf8mb4 COLLATE=utf8mb4_unicode_ci;

--
-- Dumping data for table `activity_programs`
--


--
-- Table structure for table `activity_services`
--

CREATE TABLE `activity_services` (
  `id` char(36) COLLATE utf8mb4_unicode_ci NOT NULL,
  `activity_id` char(36) COLLATE utf8mb4_unicode_ci NOT NULL,
  `service_name` varchar(255) COLLATE utf8mb4_unicode_ci NOT NULL,
  `cost` varchar(255) COLLATE utf8mb4_unicode_ci NOT NULL,
  `description` text COLLATE utf8mb4_unicode_ci,
  `age_group_id` char(36) COLLATE utf8mb4_unicode_ci DEFAULT NULL,
  `created_at` timestamp NULL DEFAULT NULL,
  `updated_at` timestamp NULL DEFAULT NULL,
  PRIMARY KEY (`id`)
) ENGINE=InnoDB DEFAULT CHARSET=utf8mb4 COLLATE=utf8mb4_unicode_ci;

--
-- Dumping data for table `activity_services`
--


--
-- Table structure for table `activity_teams`
--

CREATE TABLE `activity_teams` (
  `id` char(36) COLLATE utf8mb4_unicode_ci NOT NULL,
  `activity_id` char(36) COLLATE utf8mb4_unicode_ci NOT NULL,
  `project_team_id` char(36) COLLATE utf8mb4_unicode_ci NOT NULL,
  `project_role_id` char(36) COLLATE utf8mb4_unicode_ci NOT NULL,
  `created_at` timestamp NULL DEFAULT NULL,
  `updated_at` timestamp NULL DEFAULT NULL,
  PRIMARY KEY (`id`),
  KEY `activity_teams_activity_id_foreign` (`activity_id`),
  KEY `activity_teams_project_team_id_foreign` (`project_team_id`),
  KEY `activity_teams_project_role_id_foreign` (`project_role_id`),
  CONSTRAINT `activity_teams_activity_id_foreign` FOREIGN KEY (`activity_id`) REFERENCES `activities` (`id`) ON DELETE CASCADE,
  CONSTRAINT `activity_teams_project_role_id_foreign` FOREIGN KEY (`project_role_id`) REFERENCES `project_roles` (`id`) ON DELETE CASCADE,
  CONSTRAINT `activity_teams_project_team_id_foreign` FOREIGN KEY (`project_team_id`) REFERENCES `project_teams` (`id`) ON DELETE CASCADE
) ENGINE=InnoDB DEFAULT CHARSET=utf8mb4 COLLATE=utf8mb4_unicode_ci;

--
-- Dumping data for table `activity_teams`
--


--
-- Table structure for table `activitylog`
--

CREATE TABLE `activitylog` (
  `id` bigint unsigned NOT NULL AUTO_INCREMENT,
  `log_name` varchar(255) COLLATE utf8mb4_unicode_ci DEFAULT NULL,
  `description` text COLLATE utf8mb4_unicode_ci NOT NULL,
  `created_at` timestamp NULL DEFAULT NULL,
  `updated_at` timestamp NULL DEFAULT NULL,
  `ip_address` varchar(255) COLLATE utf8mb4_unicode_ci DEFAULT NULL,
  `computer_address` varchar(255) COLLATE utf8mb4_unicode_ci DEFAULT NULL,
  `user_agent` text COLLATE utf8mb4_unicode_ci,
  PRIMARY KEY (`id`),
  KEY `activitylog_log_name_index` (`log_name`)
) ENGINE=InnoDB DEFAULT CHARSET=utf8mb4 COLLATE=utf8mb4_unicode_ci;

--
-- Dumping data for table `activitylog`
--


--
-- Table structure for table `addresses`
--

CREATE TABLE `addresses` (
  `id` char(36) COLLATE utf8mb4_unicode_ci NOT NULL,
  `customer_id` char(36) COLLATE utf8mb4_unicode_ci NOT NULL,
  `type` enum('billing','shipping') COLLATE utf8mb4_unicode_ci NOT NULL DEFAULT 'billing',
  `line1` varchar(255) COLLATE utf8mb4_unicode_ci NOT NULL,
  `city` varchar(255) COLLATE utf8mb4_unicode_ci NOT NULL,
  `state` varchar(255) COLLATE utf8mb4_unicode_ci NOT NULL,
  `country` varchar(255) COLLATE utf8mb4_unicode_ci NOT NULL,
  `postal_code` char(36) COLLATE utf8mb4_unicode_ci NOT NULL,
  `created_at` timestamp NULL DEFAULT NULL,
  `updated_at` timestamp NULL DEFAULT NULL,
  PRIMARY KEY (`id`),
  KEY `addresses_customer_id_foreign` (`customer_id`),
  CONSTRAINT `addresses_customer_id_foreign` FOREIGN KEY (`customer_id`) REFERENCES `customers` (`id`) ON DELETE CASCADE
) ENGINE=InnoDB DEFAULT CHARSET=utf8mb4 COLLATE=utf8mb4_unicode_ci;

--
-- Dumping data for table `addresses`
--


--
-- Table structure for table `age_groups`
--

CREATE TABLE `age_groups` (
  `id` char(36) COLLATE utf8mb4_unicode_ci NOT NULL,
  `organisation_id` char(36) COLLATE utf8mb4_unicode_ci NOT NULL,
  `age_group_name` varchar(255) COLLATE utf8mb4_unicode_ci NOT NULL,
  `age_range` varchar(255) COLLATE utf8mb4_unicode_ci NOT NULL,
  `description` varchar(255) COLLATE utf8mb4_unicode_ci DEFAULT NULL,
  `created_at` timestamp NULL DEFAULT NULL,
  `updated_at` timestamp NULL DEFAULT NULL,
  PRIMARY KEY (`id`)
) ENGINE=InnoDB DEFAULT CHARSET=utf8mb4 COLLATE=utf8mb4_unicode_ci;

--
-- Dumping data for table `age_groups`
--


--
-- Table structure for table `agents`
--

CREATE TABLE `agents` (
  `id` char(36) COLLATE utf8mb4_unicode_ci NOT NULL,
  `organisation_id` char(36) COLLATE utf8mb4_unicode_ci NOT NULL,
  `user_id` char(36) COLLATE utf8mb4_unicode_ci NOT NULL,
  `locality_id` char(36) COLLATE utf8mb4_unicode_ci NOT NULL,
  `metadata` json DEFAULT NULL,
  `commission_fee_type` enum('percentage','fixed') COLLATE utf8mb4_unicode_ci NOT NULL DEFAULT 'percentage',
  `commission` decimal(5,2) NOT NULL DEFAULT '0.00',
  `balance` decimal(12,2) NOT NULL DEFAULT '0.00',
  `deleted_at` timestamp NULL DEFAULT NULL,
  `created_at` timestamp NULL DEFAULT NULL,
  `updated_at` timestamp NULL DEFAULT NULL,
  PRIMARY KEY (`id`),
  KEY `agents_user_id_foreign` (`user_id`),
  CONSTRAINT `agents_user_id_foreign` FOREIGN KEY (`user_id`) REFERENCES `users` (`id`) ON DELETE CASCADE
) ENGINE=InnoDB DEFAULT CHARSET=utf8mb4 COLLATE=utf8mb4_unicode_ci;

--
-- Dumping data for table `agents`
--


--
-- Table structure for table `allowance_types`
--

CREATE TABLE `allowance_types` (
  `id` char(36) COLLATE utf8mb4_unicode_ci NOT NULL,
  `organisation_id` char(36) COLLATE utf8mb4_unicode_ci NOT NULL,
  `name` varchar(255) COLLATE utf8mb4_unicode_ci NOT NULL,
  `auto_apply` tinyint(1) NOT NULL DEFAULT '0',
  `calculation_type` enum('fixed','percentage_basic','percentage_gross') COLLATE utf8mb4_unicode_ci NOT NULL DEFAULT 'fixed',
  `frequency` enum('One-Time','Monthly','Yearly') COLLATE utf8mb4_unicode_ci NOT NULL DEFAULT 'Monthly',
  `account_id` bigint unsigned DEFAULT NULL,
  `default_value` decimal(20,2) NOT NULL DEFAULT '0.00',
  `is_taxable` tinyint(1) NOT NULL DEFAULT '1',
  `description` text COLLATE utf8mb4_unicode_ci,
  `created_at` timestamp NULL DEFAULT NULL,
  `updated_at` timestamp NULL DEFAULT NULL,
  `deleted_at` timestamp NULL DEFAULT NULL,
  PRIMARY KEY (`id`),
  KEY `allowance_types_account_id_foreign` (`account_id`),
  CONSTRAINT `allowance_types_account_id_foreign` FOREIGN KEY (`account_id`) REFERENCES `chart_of_accounts` (`id`)
) ENGINE=InnoDB DEFAULT CHARSET=utf8mb4 COLLATE=utf8mb4_unicode_ci;

--
-- Dumping data for table `allowance_types`
--

INSERT INTO `allowance_types` VALUES ('45f563ed-c8b9-417f-84f4-f59e6ca06a3f','ac7e5b0f-d0dd-44a4-913c-6d365861fad6','Posho Ya Nyumba/House Allowance',0,'fixed','Monthly',7,0.00,0,NULL,'2026-01-20 16:10:44','2026-01-20 16:18:42',NULL),('47e45e8f-0c1a-4ecb-b091-04e901f60852','ac7e5b0f-d0dd-44a4-913c-6d365861fad6','Posho Ya Chakula/ Meal Allowance',0,'fixed','One-Time',7,0.00,0,NULL,'2026-01-20 16:21:24','2026-01-20 16:21:24',NULL),('620728c0-c512-4c04-ba47-6282518a0fa6','ac7e5b0f-d0dd-44a4-913c-6d365861fad6','Posho Ya Madaraka/Responsibility Allowance',1,'fixed','Monthly',7,0.00,0,NULL,'2026-01-20 16:17:18','2026-01-20 16:17:18',NULL),('81e2c578-3d4e-4e23-bf3b-f7afeddc419f','ac7e5b0f-d0dd-44a4-913c-6d365861fad6','Posho ya majukumu/Responsibility Allowance',1,'fixed','Monthly',7,0.00,0,NULL,'2026-01-20 16:15:55','2026-01-20 16:17:49',NULL),('a0b8bb2a-3e43-4c1b-a207-ea2ac4ba0837','ac7e5b0f-d0dd-44a4-913c-6d365861fad6','Posho Ya Kukaimu/Acting Allowance',1,'fixed','Monthly',7,0.00,0,NULL,'2026-01-20 16:22:39','2026-01-20 16:22:39',NULL),('c8189025-5578-48fa-b7a5-c670b13dbda9','ac7e5b0f-d0dd-44a4-913c-6d365861fad6','Posho ya Mawasiliano/Communication Allowance',1,'fixed','Monthly',7,0.00,0,NULL,'2026-01-20 16:11:30','2026-01-20 16:19:38',NULL),('de72d392-4527-485c-a84c-13098d87215a','ac7e5b0f-d0dd-44a4-913c-6d365861fad6','Posho Ya Matibabu/Medical Allowance',0,'fixed','One-Time',7,0.00,0,NULL,'2026-01-20 16:20:16','2026-01-20 16:20:16',NULL);

--
-- Table structure for table `amcos`
--

CREATE TABLE `amcos` (
  `id` char(36) COLLATE utf8mb4_unicode_ci NOT NULL,
  `amcossUid` char(36) COLLATE utf8mb4_unicode_ci NOT NULL,
  `memberType` enum('MEMBER','NON-MEMBER') COLLATE utf8mb4_unicode_ci NOT NULL DEFAULT 'MEMBER',
  `membershipNo` varchar(255) COLLATE utf8mb4_unicode_ci NOT NULL,
  `accountName` varchar(255) COLLATE utf8mb4_unicode_ci DEFAULT NULL,
  `referenceNumber` varchar(255) COLLATE utf8mb4_unicode_ci DEFAULT NULL,
  `nid` varchar(255) COLLATE utf8mb4_unicode_ci DEFAULT NULL,
  `name` varchar(255) COLLATE utf8mb4_unicode_ci DEFAULT NULL,
  `accountNo` varchar(255) COLLATE utf8mb4_unicode_ci NOT NULL,
  `phoneNo` varchar(255) COLLATE utf8mb4_unicode_ci NOT NULL,
  `created_at` timestamp NULL DEFAULT NULL,
  `updated_at` timestamp NULL DEFAULT NULL,
  `deleted_at` timestamp NULL DEFAULT NULL,
  PRIMARY KEY (`id`)
) ENGINE=InnoDB DEFAULT CHARSET=utf8mb4 COLLATE=utf8mb4_unicode_ci;

--
-- Dumping data for table `amcos`
--


--
-- Table structure for table `amcos_financial_years`
--

CREATE TABLE `amcos_financial_years` (
  `id` char(36) COLLATE utf8mb4_unicode_ci NOT NULL,
  `startYear` int NOT NULL,
  `endYear` int NOT NULL,
  `state` enum('PREVIOUS','CURRENT','NEXT') COLLATE utf8mb4_unicode_ci NOT NULL,
  `muvu_uid` char(36) COLLATE utf8mb4_unicode_ci DEFAULT NULL,
  `created_at` timestamp NULL DEFAULT NULL,
  `updated_at` timestamp NULL DEFAULT NULL,
  PRIMARY KEY (`id`)
) ENGINE=InnoDB DEFAULT CHARSET=utf8mb4 COLLATE=utf8mb4_unicode_ci;

--
-- Dumping data for table `amcos_financial_years`
--


--
-- Table structure for table `amcos_warehouses`
--

CREATE TABLE `amcos_warehouses` (
  `id` char(36) COLLATE utf8mb4_unicode_ci NOT NULL,
  `organisation_id` char(36) COLLATE utf8mb4_unicode_ci NOT NULL,
  `name` varchar(255) COLLATE utf8mb4_unicode_ci NOT NULL,
  `code` varchar(255) COLLATE utf8mb4_unicode_ci DEFAULT NULL,
  `capacity` decimal(10,2) NOT NULL,
  `muvu_uid` char(36) COLLATE utf8mb4_unicode_ci DEFAULT NULL,
  `created_at` timestamp NULL DEFAULT NULL,
  `updated_at` timestamp NULL DEFAULT NULL,
  `deleted_at` timestamp NULL DEFAULT NULL,
  PRIMARY KEY (`id`)
) ENGINE=InnoDB DEFAULT CHARSET=utf8mb4 COLLATE=utf8mb4_unicode_ci;

--
-- Dumping data for table `amcos_warehouses`
--


--
-- Table structure for table `application_assets`
--

CREATE TABLE `application_assets` (
  `id` char(36) COLLATE utf8mb4_unicode_ci NOT NULL,
  `application_id` char(36) COLLATE utf8mb4_unicode_ci NOT NULL,
  `asset_id` char(36) COLLATE utf8mb4_unicode_ci NOT NULL,
  `asset_value` decimal(12,2) NOT NULL,
  `financed_amount` decimal(12,2) NOT NULL,
  `asset_tenure_months` int NOT NULL,
  `asset_interest_rate` decimal(5,2) NOT NULL,
  `deposit_amount` decimal(12,2) NOT NULL DEFAULT '0.00',
  `insurance_premium` decimal(12,2) DEFAULT NULL,
  `loan_to_value_ratio` decimal(5,2) GENERATED ALWAYS AS (((`financed_amount` / `asset_value`) * 100)) VIRTUAL,
  `is_primary_asset` tinyint(1) NOT NULL DEFAULT '1',
  `condition` enum('New','Used','Refurbished') COLLATE utf8mb4_unicode_ci NOT NULL DEFAULT 'New',
  `created_at` timestamp NULL DEFAULT NULL,
  `updated_at` timestamp NULL DEFAULT NULL,
  `deleted_at` timestamp NULL DEFAULT NULL,
  PRIMARY KEY (`id`),
  KEY `application_assets_application_id_foreign` (`application_id`),
  KEY `application_assets_asset_id_foreign` (`asset_id`),
  CONSTRAINT `application_assets_application_id_foreign` FOREIGN KEY (`application_id`) REFERENCES `financing_applications` (`id`) ON DELETE CASCADE,
  CONSTRAINT `application_assets_asset_id_foreign` FOREIGN KEY (`asset_id`) REFERENCES `assets` (`id`) ON DELETE CASCADE
) ENGINE=InnoDB DEFAULT CHARSET=utf8mb4 COLLATE=utf8mb4_unicode_ci;

--
-- Dumping data for table `application_assets`
--


--
-- Table structure for table `application_documents`
--

CREATE TABLE `application_documents` (
  `id` char(36) COLLATE utf8mb4_unicode_ci NOT NULL,
  `application_id` char(36) COLLATE utf8mb4_unicode_ci NOT NULL,
  `document_type` varchar(255) COLLATE utf8mb4_unicode_ci NOT NULL,
  `file_path` varchar(255) COLLATE utf8mb4_unicode_ci NOT NULL,
  `file_name` varchar(255) COLLATE utf8mb4_unicode_ci NOT NULL,
  `verification_status` enum('Pending','Verified','Rejected') COLLATE utf8mb4_unicode_ci NOT NULL DEFAULT 'Pending',
  `rejection_reason` text COLLATE utf8mb4_unicode_ci,
  `created_at` timestamp NULL DEFAULT NULL,
  `updated_at` timestamp NULL DEFAULT NULL,
  `deleted_at` timestamp NULL DEFAULT NULL,
  PRIMARY KEY (`id`),
  KEY `application_documents_application_id_foreign` (`application_id`),
  CONSTRAINT `application_documents_application_id_foreign` FOREIGN KEY (`application_id`) REFERENCES `financing_applications` (`id`) ON DELETE CASCADE
) ENGINE=InnoDB DEFAULT CHARSET=utf8mb4 COLLATE=utf8mb4_unicode_ci;

--
-- Dumping data for table `application_documents`
--


--
-- Table structure for table `application_status_history`
--

CREATE TABLE `application_status_history` (
  `id` char(36) COLLATE utf8mb4_unicode_ci NOT NULL,
  `application_id` char(36) COLLATE utf8mb4_unicode_ci NOT NULL,
  `changed_by` char(36) COLLATE utf8mb4_unicode_ci DEFAULT NULL,
  `from_status` enum('applied','shortlisted','interview','offered','hired','rejected','archived') COLLATE utf8mb4_unicode_ci NOT NULL,
  `to_status` enum('applied','shortlisted','interview','offered','hired','rejected','archived') COLLATE utf8mb4_unicode_ci NOT NULL,
  `notes` text COLLATE utf8mb4_unicode_ci,
  `created_at` timestamp NULL DEFAULT NULL,
  `updated_at` timestamp NULL DEFAULT NULL,
  PRIMARY KEY (`id`),
  KEY `application_status_history_application_id_foreign` (`application_id`),
  KEY `application_status_history_changed_by_foreign` (`changed_by`),
  CONSTRAINT `application_status_history_application_id_foreign` FOREIGN KEY (`application_id`) REFERENCES `applications` (`id`) ON DELETE CASCADE,
  CONSTRAINT `application_status_history_changed_by_foreign` FOREIGN KEY (`changed_by`) REFERENCES `employees` (`id`) ON DELETE SET NULL
) ENGINE=InnoDB DEFAULT CHARSET=utf8mb4 COLLATE=utf8mb4_unicode_ci;

--
-- Dumping data for table `application_status_history`
--


--
-- Table structure for table `applications`
--

CREATE TABLE `applications` (
  `id` char(36) COLLATE utf8mb4_unicode_ci NOT NULL,
  `organisation_id` char(36) COLLATE utf8mb4_unicode_ci NOT NULL,
  `job_order_id` char(36) COLLATE utf8mb4_unicode_ci NOT NULL,
  `candidate_id` char(36) COLLATE utf8mb4_unicode_ci NOT NULL,
  `source` enum('Website','Walk-ins','LinkedIn','Google','Referrals','Internal Candidates','Socials','Others') COLLATE utf8mb4_unicode_ci NOT NULL DEFAULT 'Website',
  `status` enum('applied','shortlisted','interview','offered','hired','rejected','archived') COLLATE utf8mb4_unicode_ci NOT NULL DEFAULT 'applied',
  `rating` int DEFAULT NULL,
  `cover_letter` text COLLATE utf8mb4_unicode_ci,
  `application_answers` json DEFAULT NULL,
  `is_active` tinyint(1) NOT NULL DEFAULT '1',
  `created_at` timestamp NULL DEFAULT NULL,
  `updated_at` timestamp NULL DEFAULT NULL,
  `deleted_at` timestamp NULL DEFAULT NULL,
  PRIMARY KEY (`id`),
  KEY `applications_job_order_id_foreign` (`job_order_id`),
  KEY `applications_candidate_id_foreign` (`candidate_id`),
  KEY `applications_organisation_id_job_order_id_status_index` (`organisation_id`,`job_order_id`,`status`),
  KEY `applications_organisation_id_candidate_id_index` (`organisation_id`,`candidate_id`),
  CONSTRAINT `applications_candidate_id_foreign` FOREIGN KEY (`candidate_id`) REFERENCES `candidates` (`id`) ON DELETE CASCADE,
  CONSTRAINT `applications_job_order_id_foreign` FOREIGN KEY (`job_order_id`) REFERENCES `job_orders` (`id`) ON DELETE CASCADE,
  CONSTRAINT `applications_organisation_id_foreign` FOREIGN KEY (`organisation_id`) REFERENCES `organisations` (`id`) ON DELETE CASCADE
) ENGINE=InnoDB DEFAULT CHARSET=utf8mb4 COLLATE=utf8mb4_unicode_ci;

--
-- Dumping data for table `applications`
--


--
-- Table structure for table `appreciation_records`
--

CREATE TABLE `appreciation_records` (
  `id` char(36) COLLATE utf8mb4_unicode_ci NOT NULL,
  `asset_id` char(36) COLLATE utf8mb4_unicode_ci NOT NULL,
  `calculation_date` date NOT NULL,
  `current_value` decimal(18,2) NOT NULL,
  `appreciation_amount` decimal(18,2) NOT NULL,
  `accumulated_appreciation` decimal(18,2) NOT NULL,
  `net_book_value` decimal(18,2) NOT NULL,
  `method` enum('Standard','Market Adjusted','Custom') COLLATE utf8mb4_unicode_ci NOT NULL,
  `appreciation_rate` decimal(5,2) NOT NULL,
  `status` enum('Calculated','Posted','Reversed') COLLATE utf8mb4_unicode_ci NOT NULL DEFAULT 'Calculated',
  `notes` text COLLATE utf8mb4_unicode_ci,
  `fiscal_year_id` char(36) COLLATE utf8mb4_unicode_ci NOT NULL,
  `month` varchar(255) COLLATE utf8mb4_unicode_ci NOT NULL,
  `unique_id` varchar(255) COLLATE utf8mb4_unicode_ci NOT NULL,
  `created_at` timestamp NULL DEFAULT NULL,
  `updated_at` timestamp NULL DEFAULT NULL,
  `deleted_at` timestamp NULL DEFAULT NULL,
  PRIMARY KEY (`id`),
  KEY `appreciation_records_asset_id_foreign` (`asset_id`),
  KEY `appreciation_records_fiscal_year_id_foreign` (`fiscal_year_id`),
  CONSTRAINT `appreciation_records_asset_id_foreign` FOREIGN KEY (`asset_id`) REFERENCES `assets` (`id`) ON DELETE CASCADE,
  CONSTRAINT `appreciation_records_fiscal_year_id_foreign` FOREIGN KEY (`fiscal_year_id`) REFERENCES `fiscal_years` (`id`)
) ENGINE=InnoDB DEFAULT CHARSET=utf8mb4 COLLATE=utf8mb4_unicode_ci;

--
-- Dumping data for table `appreciation_records`
--


--
-- Table structure for table `approval_levels`
--

CREATE TABLE `approval_levels` (
  `id` char(36) COLLATE utf8mb4_unicode_ci NOT NULL,
  `organisation_id` char(36) COLLATE utf8mb4_unicode_ci NOT NULL,
  `name` varchar(255) COLLATE utf8mb4_unicode_ci NOT NULL,
  `approval_type` varchar(255) COLLATE utf8mb4_unicode_ci NOT NULL,
  `level` int NOT NULL DEFAULT '1',
  `isactive` tinyint(1) NOT NULL DEFAULT '1',
  `mandate` int NOT NULL DEFAULT '1',
  `description` varchar(255) COLLATE utf8mb4_unicode_ci DEFAULT NULL,
  `created_at` timestamp NULL DEFAULT NULL,
  `updated_at` timestamp NULL DEFAULT NULL,
  `deleted_at` timestamp NULL DEFAULT NULL,
  PRIMARY KEY (`id`),
  UNIQUE KEY `approval_level_org_type_unique` (`level`,`organisation_id`,`approval_type`,`deleted_at`)
) ENGINE=InnoDB DEFAULT CHARSET=utf8mb4 COLLATE=utf8mb4_unicode_ci;

--
-- Dumping data for table `approval_levels`
--

INSERT INTO `approval_levels` VALUES ('11fd6571-0ecd-4f28-95f3-139a8d75d67e','ac7e5b0f-d0dd-44a4-913c-6d365861fad6','MENEJA MKUU','Fuel',3,1,1,NULL,'2026-01-21 11:50:10','2026-01-22 13:31:28','2026-01-22 13:31:28'),('16399bbf-609a-4643-bcb7-bb8fe1ebe586','ac7e5b0f-d0dd-44a4-913c-6d365861fad6','MHASIBU MKUU','Fuel',1,1,1,NULL,'2026-01-21 11:48:22','2026-01-21 11:48:22',NULL),('38ad9cc6-5094-49d2-840b-51cae95c649e','ac7e5b0f-d0dd-44a4-913c-6d365861fad6','MENEJA MKUU','PurchaseRequest',3,1,1,NULL,'2026-01-21 11:46:59','2026-01-22 13:29:16','2026-01-22 13:29:16'),('3a29b85f-f3f3-4bfd-b554-02f88e5d2ce9','ac7e5b0f-d0dd-44a4-913c-6d365861fad6','MENEJA MKUU','Repair',3,1,1,NULL,'2026-01-21 12:01:04','2026-01-21 12:01:04',NULL),('4a1163fe-ab6f-4e04-a8a3-5c747c72d210','ac7e5b0f-d0dd-44a4-913c-6d365861fad6','MKAGUZI MKUU WA NDANI','Store',2,1,1,NULL,'2026-01-21 18:11:40','2026-01-22 16:35:09','2026-01-22 16:35:09'),('6357692d-0f71-4933-a6ab-cba1de9ff1e6','ac7e5b0f-d0dd-44a4-913c-6d365861fad6','MKAGUZI MKUU WA NDANI','PayRoll',2,1,1,NULL,'2026-01-22 15:26:40','2026-01-22 15:26:40',NULL),('64aebbba-df4c-4e3c-9f97-eadfd1bcedf3','ac7e5b0f-d0dd-44a4-913c-6d365861fad6','MENEJA MKUU','Fuel',3,1,1,NULL,'2026-01-22 13:32:02','2026-01-22 13:32:02',NULL),('6ffb7f12-b3c7-41e0-b9fe-cd06d92af62c','ac7e5b0f-d0dd-44a4-913c-6d365861fad6','MKAGUZI MKUU WA NDANI','PurchaseOrder',2,1,1,NULL,'2026-01-22 15:16:03','2026-01-22 16:23:07','2026-01-22 16:23:07'),('759aa60c-f86e-4a81-ac78-ee4e2e6d9548','ac7e5b0f-d0dd-44a4-913c-6d365861fad6','MENEJA MKUU','Budget',1,1,1,NULL,'2026-01-21 15:53:42','2026-01-21 15:53:42',NULL),('78c3fcb1-d4d9-4bf5-8784-fbd185375f75','ac7e5b0f-d0dd-44a4-913c-6d365861fad6','MENEJA MKUU','PurchaseRequest',3,1,1,NULL,'2026-01-22 14:03:16','2026-01-22 14:03:16',NULL),('79216fe4-a0ef-4f77-ba34-9c09b201c251','ac7e5b0f-d0dd-44a4-913c-6d365861fad6','AFISA MANUNUZI NA UGAVI','PurchaseRequest',1,1,1,NULL,'2026-01-21 11:43:48','2026-01-21 11:43:48',NULL),('79caaf8f-9621-4de3-988f-5059bc72e5bb','ac7e5b0f-d0dd-44a4-913c-6d365861fad6','MHASIBU MKUU','PayRoll',1,1,1,NULL,'2026-01-22 15:26:14','2026-01-22 15:26:14',NULL),('7c6cc38b-2b48-4cc4-a7d1-d660bea09cb6','ac7e5b0f-d0dd-44a4-913c-6d365861fad6','MENEJA MKUU','Store',3,1,1,NULL,'2026-01-21 18:12:58','2026-01-22 16:34:42','2026-01-22 16:34:42'),('7d93fcbe-0718-4b05-ab7c-3d72eabf0488','ac7e5b0f-d0dd-44a4-913c-6d365861fad6','MKAGUZI MKUU WA NDANI','Fuel',2,1,1,NULL,'2026-01-21 11:49:14','2026-01-21 11:49:14',NULL),('8219a503-37de-49ed-9321-c37837667c3c','ac7e5b0f-d0dd-44a4-913c-6d365861fad6','MHASIBU MKUU','PurchaseRequest',2,1,1,NULL,'2026-01-21 11:45:12','2026-01-22 15:12:19',NULL),('83ff4650-056c-493a-8804-84794c710e09','ac7e5b0f-d0dd-44a4-913c-6d365861fad6','MHASIBU MKUU','Cash',1,1,1,NULL,'2026-01-21 10:11:54','2026-01-21 10:11:54',NULL),('97c7fb33-25c4-43ac-8f60-69fbdb782958','ac7e5b0f-d0dd-44a4-913c-6d365861fad6','MHASIBU  MKUU','Repair',1,1,1,NULL,'2026-01-21 11:51:53','2026-01-21 11:51:53',NULL),('a5c719b0-cb49-4a0f-b301-b18346e7c8f6','ac7e5b0f-d0dd-44a4-913c-6d365861fad6','MENEJA MKUU','PayRoll',3,1,1,NULL,'2026-01-22 15:27:00','2026-01-22 15:27:00',NULL),('a7db6f7f-bad4-4a28-b5aa-fd305fdb24f1','ac7e5b0f-d0dd-44a4-913c-6d365861fad6','AFISA MANUNUZI NA UGAVI','Store',1,1,1,NULL,'2026-01-21 18:07:00','2026-01-22 16:35:32',NULL),('a8651257-e336-40d0-af0f-79f90c4623f7','ac7e5b0f-d0dd-44a4-913c-6d365861fad6','MHASIBU  MKUU','PurchaseOrder',1,1,1,NULL,'2026-01-22 15:15:24','2026-01-22 16:23:23','2026-01-22 16:23:23'),('b01ae9e8-5184-4b7c-aa52-7e7aff36e0a7','ac7e5b0f-d0dd-44a4-913c-6d365861fad6','MENEJA MKUU','Cash',3,1,1,NULL,'2026-01-21 10:17:50','2026-01-21 10:17:50',NULL),('b64c028d-fa2a-4d7a-9469-07ba917dae82','ac7e5b0f-d0dd-44a4-913c-6d365861fad6','MENEJA MKUU','SalesOrder',3,1,1,NULL,'2026-01-22 15:24:24','2026-01-22 15:24:24',NULL),('bde7e1b7-70f7-4695-ae09-8a0737cfe5ae','ac7e5b0f-d0dd-44a4-913c-6d365861fad6','MKAGUZI MKUU WA NDANI','SalesOrder',2,1,1,NULL,'2026-01-22 15:23:06','2026-01-22 15:23:06',NULL),('c7afa57c-e5e6-4580-bf14-8953704de0b0','ac7e5b0f-d0dd-44a4-913c-6d365861fad6','MKAGUZI MKUU WA NDANI','Repair',2,1,1,NULL,'2026-01-21 11:59:58','2026-01-21 11:59:58',NULL),('d239cda1-37e7-4a8e-8f1e-2048e3dec47a','ac7e5b0f-d0dd-44a4-913c-6d365861fad6','MENEJA MKUU','PurchaseOrder',1,1,1,NULL,'2026-01-22 15:16:40','2026-01-22 16:24:23',NULL),('d621b364-1b77-4975-ae1c-57302083b26e','ac7e5b0f-d0dd-44a4-913c-6d365861fad6','MHASIBU MKUU','SalesOrder',1,1,1,NULL,'2026-01-22 15:21:20','2026-01-22 15:21:20',NULL),('f6f5e135-6735-4aa9-8741-524aa0a92458','ac7e5b0f-d0dd-44a4-913c-6d365861fad6','MKAGUZI MKUU WA NDANI','Cash',2,1,1,NULL,'2026-01-21 10:14:34','2026-01-21 10:14:34',NULL);

--
-- Table structure for table `approval_types`
--

CREATE TABLE `approval_types` (
  `organisation_id` char(36) COLLATE utf8mb4_unicode_ci NOT NULL,
  `id` char(36) COLLATE utf8mb4_unicode_ci NOT NULL,
  `code` varchar(255) COLLATE utf8mb4_unicode_ci NOT NULL,
  `name` varchar(255) COLLATE utf8mb4_unicode_ci NOT NULL,
  `model` varchar(255) COLLATE utf8mb4_unicode_ci DEFAULT NULL,
  `created_at` timestamp NULL DEFAULT NULL,
  `updated_at` timestamp NULL DEFAULT NULL,
  `deleted_at` timestamp NULL DEFAULT NULL,
  PRIMARY KEY (`id`),
  UNIQUE KEY `approval_types_code_unique` (`code`)
) ENGINE=InnoDB DEFAULT CHARSET=utf8mb4 COLLATE=utf8mb4_unicode_ci;

--
-- Dumping data for table `approval_types`
--

INSERT INTO `approval_types` VALUES ('ac7e5b0f-d0dd-44a4-913c-6d365861fad6','0e35f2c7-c80f-4ad5-89c8-d69ddb9945aa','PURCHASE_ORDER','PurchaseOrder',NULL,'2026-03-10 21:55:10','2026-03-10 21:55:10',NULL),('ac7e5b0f-d0dd-44a4-913c-6d365861fad6','136e3656-5acb-490b-8a75-930b641f13d6','ASSET_FINANCING','AssetFinancing',NULL,'2026-03-10 21:55:10','2026-03-10 21:55:10',NULL),('ac7e5b0f-d0dd-44a4-913c-6d365861fad6','1a4fbfa1-b6a7-4f0c-b813-f19f7c67ad53','MEASUREMENTS','Measurements',NULL,'2026-03-10 21:55:10','2026-03-10 21:55:10',NULL),('ac7e5b0f-d0dd-44a4-913c-6d365861fad6','2b7d09d5-e90b-41cc-824d-32fc278564ff','CASH','Cash',NULL,'2026-03-10 21:55:10','2026-03-10 21:55:10',NULL),('ac7e5b0f-d0dd-44a4-913c-6d365861fad6','2ea6a5dc-997a-47d1-ac70-37b135807596','GOODS_RECEIPT','GoodsReceipt',NULL,'2026-03-10 21:55:10','2026-03-10 21:55:10',NULL),('ac7e5b0f-d0dd-44a4-913c-6d365861fad6','40067c88-8e81-484a-a36a-838f67b3f01e','PAY_ROLL','PayRoll',NULL,'2026-03-10 21:55:10','2026-03-10 21:55:10',NULL),('ac7e5b0f-d0dd-44a4-913c-6d365861fad6','4b896b79-d094-4c0b-b396-ec4b84f181a4','BUDGET','Budget',NULL,'2026-03-10 21:55:10','2026-03-10 21:55:10',NULL),('ac7e5b0f-d0dd-44a4-913c-6d365861fad6','612db1cf-eec6-4f79-9a54-5b7ee7e1f599','SUPPLIER_LOAN','SupplierLoan',NULL,'2026-03-10 21:55:10','2026-03-10 21:55:10',NULL),('ac7e5b0f-d0dd-44a4-913c-6d365861fad6','82b36e68-67da-493a-85e0-3410dc7f2000','REPAIR','Repair',NULL,'2026-03-10 21:55:10','2026-03-10 21:55:10',NULL),('ac7e5b0f-d0dd-44a4-913c-6d365861fad6','8bf2aaf5-cd0e-4cd2-ae19-abcabee34ed1','PURCHASE_REQUEST','PurchaseRequest',NULL,'2026-03-10 21:55:10','2026-03-10 21:55:10',NULL),('ac7e5b0f-d0dd-44a4-913c-6d365861fad6','a482d08c-33cc-4e98-a2d6-fc0b81db77ba','STORE','Store',NULL,'2026-03-10 21:55:10','2026-03-10 21:55:10',NULL),('ac7e5b0f-d0dd-44a4-913c-6d365861fad6','b23441ef-a06c-4531-83fc-0cb08421671f','LEAVE_APPLICATION','LeaveApplication',NULL,'2026-03-10 21:55:10','2026-03-10 21:55:10',NULL),('ac7e5b0f-d0dd-44a4-913c-6d365861fad6','bdd3d6c3-a4a1-48d1-b952-8c69cec8a6eb','DISPOSALS','Disposals',NULL,'2026-03-10 21:55:10','2026-03-10 21:55:10',NULL),('ac7e5b0f-d0dd-44a4-913c-6d365861fad6','c828409d-2eee-4ef5-852d-7a84ff8614ca','ASSET_DISPOSAL','AssetDisposal',NULL,'2026-03-10 21:55:10','2026-03-10 21:55:10',NULL),('ac7e5b0f-d0dd-44a4-913c-6d365861fad6','cac11f92-d866-4857-9ec7-374292519108','OFFERS','Offers',NULL,'2026-03-10 21:55:10','2026-03-10 21:55:10',NULL),('ac7e5b0f-d0dd-44a4-913c-6d365861fad6','cc8fc7d6-60a2-438e-8586-cb6adefe01ec','PURCHASE_QUOTE_EVALUATION','PurchaseQuoteEvaluation',NULL,'2026-03-10 21:55:10','2026-03-10 21:55:10',NULL),('ac7e5b0f-d0dd-44a4-913c-6d365861fad6','d455c3c2-570b-41c1-82a7-b46d1caedb7b','QUALITY_ASSURANCE','QualityAssurance',NULL,'2026-03-10 21:55:10','2026-03-10 21:55:10',NULL),('ac7e5b0f-d0dd-44a4-913c-6d365861fad6','d4743110-9bb9-4239-bede-2d8863860f50','FUEL','Fuel',NULL,'2026-03-10 21:55:10','2026-03-10 21:55:10',NULL),('ac7e5b0f-d0dd-44a4-913c-6d365861fad6','dce6cd6a-7791-4687-9b1d-d450ec7631db','SALES_ORDER','SalesOrder',NULL,'2026-03-10 21:55:10','2026-03-10 21:55:10',NULL);

--
-- Table structure for table `approvers`
--

CREATE TABLE `approvers` (
  `id` char(36) COLLATE utf8mb4_unicode_ci NOT NULL,
  `approval_level_id` char(36) COLLATE utf8mb4_unicode_ci NOT NULL,
  `approver_id` char(36) COLLATE utf8mb4_unicode_ci NOT NULL,
  `approver_names` varchar(255) COLLATE utf8mb4_unicode_ci DEFAULT NULL,
  `approver_email` varchar(255) COLLATE utf8mb4_unicode_ci DEFAULT NULL,
  `rank` int NOT NULL,
  `approver_title` varchar(255) COLLATE utf8mb4_unicode_ci NOT NULL,
  `description` varchar(255) COLLATE utf8mb4_unicode_ci DEFAULT NULL,
  `created_at` timestamp NULL DEFAULT NULL,
  `updated_at` timestamp NULL DEFAULT NULL,
  `deleted_at` timestamp NULL DEFAULT NULL,
  PRIMARY KEY (`id`),
  KEY `approvers_approval_level_id_foreign` (`approval_level_id`),
  KEY `approvers_approver_id_foreign` (`approver_id`),
  CONSTRAINT `approvers_approval_level_id_foreign` FOREIGN KEY (`approval_level_id`) REFERENCES `approval_levels` (`id`) ON DELETE CASCADE,
  CONSTRAINT `approvers_approver_id_foreign` FOREIGN KEY (`approver_id`) REFERENCES `employees` (`id`) ON DELETE CASCADE
) ENGINE=InnoDB DEFAULT CHARSET=utf8mb4 COLLATE=utf8mb4_unicode_ci;

--
-- Dumping data for table `approvers`
--

INSERT INTO `approvers` VALUES ('0182b0ca-9b98-4a4c-9d01-99efd07eef06','38ad9cc6-5094-49d2-840b-51cae95c649e','96455ad8-19dc-4d71-ac7c-19e23d7b3e0c','Alpha Makasi','gm@shireculimited.co.tz',1,'MENEJA MKUU',NULL,'2026-01-21 11:47:19','2026-01-21 18:55:52','2026-01-21 18:55:52'),('042852a6-fa3d-4e88-83ee-49c1a079aac6','759aa60c-f86e-4a81-ac78-ee4e2e6d9548','c4eaf525-c9e9-465b-a06b-a40f9979dee0','Joseph Bukombe','internalauditor@shireculimited.co.tz',1,'MKAGUZI MKUU WA NDANI',NULL,'2026-01-21 15:59:17','2026-01-21 15:59:26','2026-01-21 15:59:26'),('04e225c4-2956-4a41-87ea-4f78d3ebf47e','4a1163fe-ab6f-4e04-a8a3-5c747c72d210','c4eaf525-c9e9-465b-a06b-a40f9979dee0','Joseph Bukombe','internalauditor@shireculimited.co.tz',2,'MKAGUZI MKUU WA NDANI',NULL,'2026-01-21 18:12:28','2026-01-21 18:12:28',NULL),('0bddf0b6-b526-475c-904a-3dc8cc4aafa1','8219a503-37de-49ed-9321-c37837667c3c','3de7c572-94cb-4a65-b30e-ba55d6c94893','Thomas Merengo','finance@shireculimited.co.tz',1,'MHASIBU MKUU',NULL,'2026-01-21 18:59:03','2026-01-21 18:59:03',NULL),('10c82411-7e8a-46c5-a32c-517df3b0a5d3','83ff4650-056c-493a-8804-84794c710e09','3de7c572-94cb-4a65-b30e-ba55d6c94893','Thomas Merengo','finance@shireculimited.co.tz',1,'MHASIBU MKUU',NULL,'2026-01-21 10:13:26','2026-01-21 10:13:26',NULL),('1f3577f8-17eb-4f1d-9515-d18fda6a5c0d','bde7e1b7-70f7-4695-ae09-8a0737cfe5ae','c4eaf525-c9e9-465b-a06b-a40f9979dee0','Joseph Bukombe','internalauditor@shireculimited.co.tz',2,'MKAGUZI MKUU WA NDANI',NULL,'2026-01-22 15:23:44','2026-01-22 15:23:44',NULL),('2fffb094-552d-4f3c-abd2-1166af6322f5','79caaf8f-9621-4de3-988f-5059bc72e5bb','3de7c572-94cb-4a65-b30e-ba55d6c94893','Thomas Merengo','finance@shireculimited.co.tz',1,'MHASIBU MKUU',NULL,'2026-01-22 15:27:53','2026-01-22 15:27:53',NULL),('3f01f366-8427-44ea-b549-493cf06713f5','7c6cc38b-2b48-4cc4-a7d1-d660bea09cb6','96455ad8-19dc-4d71-ac7c-19e23d7b3e0c','Alpha Makasi','gm@shireculimited.co.tz',1,'MENEJA MKUU',NULL,'2026-01-21 18:13:14','2026-01-21 18:13:14',NULL),('4024f583-13c6-4d10-a560-b211ec9894a0','8219a503-37de-49ed-9321-c37837667c3c','c4eaf525-c9e9-465b-a06b-a40f9979dee0','Joseph Bukombe','internalauditor@shireculimited.co.tz',1,'MKAGUZI MKUU WA NDANI',NULL,'2026-01-21 11:46:30','2026-01-21 18:54:47','2026-01-21 18:54:47'),('466cd1fb-2b9b-416c-aa3a-bd7be152c2dc','38ad9cc6-5094-49d2-840b-51cae95c649e','96455ad8-19dc-4d71-ac7c-19e23d7b3e0c','Alpha Makasi','gm@shireculimited.co.tz',3,'MENEJA MKUU',NULL,'2026-01-21 18:56:18','2026-01-21 18:57:39','2026-01-21 18:57:39'),('47a79332-3dbe-4beb-a14a-3d4e277c3658','759aa60c-f86e-4a81-ac78-ee4e2e6d9548','c4eaf525-c9e9-465b-a06b-a40f9979dee0','Joseph Bukombe','internalauditor@shireculimited.co.tz',1,'MKAGUZI MKUU WA NDANI',NULL,'2026-01-21 15:56:05','2026-01-21 15:57:20','2026-01-21 15:57:20'),('4ed3bd95-13e9-4d98-8b56-6d1e21f124af','78c3fcb1-d4d9-4bf5-8784-fbd185375f75','96455ad8-19dc-4d71-ac7c-19e23d7b3e0c','Alpha Makasi','gm@shireculimited.co.tz',1,'MENEJA MKUU',NULL,'2026-01-22 14:04:06','2026-01-22 14:04:06',NULL),('4f4f3bd3-c4cd-46c4-a2d5-c861a34c90e2','16399bbf-609a-4643-bcb7-bb8fe1ebe586','3de7c572-94cb-4a65-b30e-ba55d6c94893','Thomas Merengo','finance@shireculimited.co.tz',1,'MHASIBU MKUU',NULL,'2026-01-21 11:48:46','2026-01-21 11:48:46',NULL),('574cb33f-6dea-49e2-9da1-b904ba12fbd2','f6f5e135-6735-4aa9-8741-524aa0a92458','c4eaf525-c9e9-465b-a06b-a40f9979dee0','Joseph Bukombe','internalauditor@shireculimited.co.tz',1,'MKAGUZI MKUU WA NDANI',NULL,'2026-01-21 10:17:10','2026-01-21 10:17:10',NULL),('62c104a8-0fac-4783-a648-06399d632814','38ad9cc6-5094-49d2-840b-51cae95c649e','96455ad8-19dc-4d71-ac7c-19e23d7b3e0c','Alpha Makasi','gm@shireculimited.co.tz',1,'MENEJA MKUU',NULL,'2026-01-21 18:58:07','2026-01-21 18:58:07',NULL),('69a121fb-9064-4d80-badc-45eb72a487bc','3a29b85f-f3f3-4bfd-b554-02f88e5d2ce9','96455ad8-19dc-4d71-ac7c-19e23d7b3e0c','Alpha Makasi','gm@shireculimited.co.tz',1,'MENEJA MKUU',NULL,'2026-01-21 12:01:52','2026-01-21 12:01:52',NULL),('7255a28b-5cc1-4ed0-9014-3c9adfce09b4','d239cda1-37e7-4a8e-8f1e-2048e3dec47a','96455ad8-19dc-4d71-ac7c-19e23d7b3e0c','Alpha Makasi','gm@shireculimited.co.tz',1,'MENEJA MKUU',NULL,'2026-01-22 15:17:18','2026-01-22 15:17:18',NULL),('75268aab-f1af-421c-9ddf-f3eed2e9790e','11fd6571-0ecd-4f28-95f3-139a8d75d67e','96455ad8-19dc-4d71-ac7c-19e23d7b3e0c','Alpha Makasi','gm@shireculimited.co.tz',1,'MENEJA MKUU',NULL,'2026-01-21 11:50:42','2026-01-22 13:30:25','2026-01-22 13:30:25'),('81cda055-2b3e-4f83-9e03-ab3c8437d959','b01ae9e8-5184-4b7c-aa52-7e7aff36e0a7','96455ad8-19dc-4d71-ac7c-19e23d7b3e0c','Alpha Makasi','gm@shireculimited.co.tz',1,'MENEJA MKUU',NULL,'2026-01-21 10:18:22','2026-01-21 10:18:22',NULL),('8d0bce3d-1415-49e3-a9f4-23ab865bebb4','c7afa57c-e5e6-4580-bf14-8953704de0b0','c4eaf525-c9e9-465b-a06b-a40f9979dee0','Joseph Bukombe','internalauditor@shireculimited.co.tz',1,'MKAGUZI MKUU WA NDANI',NULL,'2026-01-21 12:00:33','2026-01-21 12:00:33',NULL),('90b589c4-b32a-4ca4-8da1-1f988cd079f0','79caaf8f-9621-4de3-988f-5059bc72e5bb','f3683bee-094b-4aa6-8163-8d418a27eb6a','Alfred Platin','mplat84@gmail.com',1,'test','test','2026-01-30 00:39:06','2026-01-30 00:39:06',NULL),('96770b72-e5da-4d91-88c5-f64ddbe6168c','64aebbba-df4c-4e3c-9f97-eadfd1bcedf3','96455ad8-19dc-4d71-ac7c-19e23d7b3e0c','Alpha Makasi','gm@shireculimited.co.tz',1,'MENEJA MKUU',NULL,'2026-01-22 13:33:38','2026-01-22 13:33:38',NULL),('9a28a8f6-db10-4497-adf7-eaaf5a1633e4','f6f5e135-6735-4aa9-8741-524aa0a92458','c4eaf525-c9e9-465b-a06b-a40f9979dee0','Joseph Bukombe','internalauditor@shireculimited.co.tz',1,'Chief Internal Auditor',NULL,'2026-01-21 10:15:54','2026-01-21 10:16:28','2026-01-21 10:16:28'),('ae5d6333-41ea-4675-81c9-4242e7212638','79216fe4-a0ef-4f77-ba34-9c09b201c251','3de7c572-94cb-4a65-b30e-ba55d6c94893','Thomas Merengo','finance@shireculimited.co.tz',1,'MHASIBU MKUU',NULL,'2026-01-21 11:44:28','2026-01-21 18:53:46','2026-01-21 18:53:46'),('c97de039-b95a-4675-a892-7ad24f1214d8','8219a503-37de-49ed-9321-c37837667c3c','3de7c572-94cb-4a65-b30e-ba55d6c94893','Thomas Merengo','finance@shireculimited.co.tz',2,'MHASIBU MKUU',NULL,'2026-01-21 18:55:18','2026-01-21 18:58:31','2026-01-21 18:58:31'),('c9c786ea-6554-446f-b02d-5b217edcbc83','a5c719b0-cb49-4a0f-b301-b18346e7c8f6','96455ad8-19dc-4d71-ac7c-19e23d7b3e0c','Alpha Makasi','gm@shireculimited.co.tz',3,'MENEJA MKUU',NULL,'2026-01-22 15:28:23','2026-01-22 15:28:23',NULL),('d1741396-1639-4b59-91c7-f1a9e0290912','a7db6f7f-bad4-4a28-b5aa-fd305fdb24f1','0ce29044-b626-407b-8000-d0ec38b721d4','Kelvin Mrope','procurementofficer@shireculimited.co.tz',1,'AFISA MANUNUZI NA UGAVI',NULL,'2026-01-22 16:36:10','2026-01-22 16:36:10',NULL),('d1bba45b-d683-43f9-a532-9f82c084949e','6ffb7f12-b3c7-41e0-b9fe-cd06d92af62c','c4eaf525-c9e9-465b-a06b-a40f9979dee0','Joseph Bukombe','internalauditor@shireculimited.co.tz',1,'MKAGUZI MKUU WA NDANI',NULL,'2026-01-22 15:18:34','2026-01-22 15:18:34',NULL),('d786f4ab-513c-4674-be6f-3d5d80aced15','7d93fcbe-0718-4b05-ab7c-3d72eabf0488','c4eaf525-c9e9-465b-a06b-a40f9979dee0','Joseph Bukombe','internalauditor@shireculimited.co.tz',1,'MKAGUZI MKUU WA NDANI',NULL,'2026-01-21 11:49:40','2026-01-21 11:49:40',NULL),('dc39481c-811f-4353-be02-8673ede19f44','759aa60c-f86e-4a81-ac78-ee4e2e6d9548','96455ad8-19dc-4d71-ac7c-19e23d7b3e0c','Alpha Makasi','gm@shireculimited.co.tz',1,'MENEJA MKUU',NULL,'2026-01-21 16:00:33','2026-01-21 16:00:33',NULL),('e046405f-adde-433b-a0f0-ccbb43eb74d0','d621b364-1b77-4975-ae1c-57302083b26e','3de7c572-94cb-4a65-b30e-ba55d6c94893','Thomas Merengo','finance@shireculimited.co.tz',1,'MHASIBU MKUU',NULL,'2026-01-22 15:21:47','2026-01-22 15:21:47',NULL),('e92cce02-da40-4e18-8292-b1811b2089a1','b64c028d-fa2a-4d7a-9469-07ba917dae82','96455ad8-19dc-4d71-ac7c-19e23d7b3e0c','Alpha Makasi','gm@shireculimited.co.tz',3,'MENEJA MKUU',NULL,'2026-01-22 15:24:55','2026-01-22 15:24:55',NULL),('eb2ad142-a218-4cbc-8e59-7565efb575a2','79216fe4-a0ef-4f77-ba34-9c09b201c251','0ce29044-b626-407b-8000-d0ec38b721d4','Kelvin Mrope','procurementofficer@shireculimited.co.tz',1,'AFISA MANUNUZI NA UGAVI',NULL,'2026-01-21 18:54:35','2026-01-21 18:54:35',NULL),('ed793650-43b6-4cbd-95c0-f4d6d67b709e','97c7fb33-25c4-43ac-8f60-69fbdb782958','3de7c572-94cb-4a65-b30e-ba55d6c94893','Thomas Merengo','finance@shireculimited.co.tz',1,'MHASIBU MKUU',NULL,'2026-01-21 11:52:29','2026-01-21 11:52:29',NULL),('f4441900-8bb5-46fa-ab69-22548a982480','a7db6f7f-bad4-4a28-b5aa-fd305fdb24f1','3de7c572-94cb-4a65-b30e-ba55d6c94893','Thomas Merengo','finance@shireculimited.co.tz',1,'MHASIBU MKUU',NULL,'2026-01-21 18:11:04','2026-01-22 16:36:19','2026-01-22 16:36:19'),('f4e75975-bd10-4738-8ac7-ba026d64473a','6357692d-0f71-4933-a6ab-cba1de9ff1e6','c4eaf525-c9e9-465b-a06b-a40f9979dee0','Joseph Bukombe','internalauditor@shireculimited.co.tz',2,'MKAGUZI MKUU WA NDANI',NULL,'2026-01-22 15:27:32','2026-01-22 15:27:32',NULL),('fd5bea42-bb99-4c2b-b71a-b99c332088fc','a8651257-e336-40d0-af0f-79f90c4623f7','96455ad8-19dc-4d71-ac7c-19e23d7b3e0c','Alpha Makasi','gm@shireculimited.co.tz',1,'MHASIBU MKUU',NULL,'2026-01-22 15:17:49','2026-01-22 15:17:49',NULL);

--
-- Table structure for table `asset_assignments`
--

CREATE TABLE `asset_assignments` (
  `id` char(36) COLLATE utf8mb4_unicode_ci NOT NULL,
  `asset_id` char(36) COLLATE utf8mb4_unicode_ci NOT NULL,
  `assigned_to` char(36) COLLATE utf8mb4_unicode_ci NOT NULL,
  `assigned_by` char(36) COLLATE utf8mb4_unicode_ci NOT NULL,
  `reason_for_assignment` varchar(255) COLLATE utf8mb4_unicode_ci DEFAULT NULL,
  `notes` varchar(255) COLLATE utf8mb4_unicode_ci DEFAULT NULL,
  `start_date` date DEFAULT NULL,
  `end_date` date DEFAULT NULL,
  `email` varchar(255) COLLATE utf8mb4_unicode_ci DEFAULT NULL,
  `phone` varchar(255) COLLATE utf8mb4_unicode_ci DEFAULT NULL,
  `return_condition` varchar(255) COLLATE utf8mb4_unicode_ci DEFAULT NULL,
  `status` enum('Active','Returned','Damaged','Lost') COLLATE utf8mb4_unicode_ci NOT NULL DEFAULT 'Active',
  `created_at` timestamp NULL DEFAULT NULL,
  `updated_at` timestamp NULL DEFAULT NULL,
  `deleted_at` timestamp NULL DEFAULT NULL,
  PRIMARY KEY (`id`),
  KEY `asset_assignments_assigned_by_foreign` (`assigned_by`),
  KEY `asset_assignments_asset_id_index` (`asset_id`),
  KEY `asset_assignments_assigned_to_index` (`assigned_to`),
  KEY `asset_assignments_status_index` (`status`),
  CONSTRAINT `asset_assignments_asset_id_foreign` FOREIGN KEY (`asset_id`) REFERENCES `assets` (`id`) ON DELETE CASCADE,
  CONSTRAINT `asset_assignments_assigned_by_foreign` FOREIGN KEY (`assigned_by`) REFERENCES `employees` (`id`) ON DELETE CASCADE,
  CONSTRAINT `asset_assignments_assigned_to_foreign` FOREIGN KEY (`assigned_to`) REFERENCES `employees` (`id`) ON DELETE CASCADE
) ENGINE=InnoDB DEFAULT CHARSET=utf8mb4 COLLATE=utf8mb4_unicode_ci;

--
-- Dumping data for table `asset_assignments`
--


--
-- Table structure for table `asset_attachments`
--

CREATE TABLE `asset_attachments` (
  `id` char(36) COLLATE utf8mb4_unicode_ci NOT NULL,
  `asset_id` char(36) COLLATE utf8mb4_unicode_ci NOT NULL,
  `description` varchar(255) COLLATE utf8mb4_unicode_ci DEFAULT NULL,
  `attachment` varchar(255) COLLATE utf8mb4_unicode_ci NOT NULL,
  `created_at` timestamp NULL DEFAULT NULL,
  `updated_at` timestamp NULL DEFAULT NULL,
  `deleted_at` timestamp NULL DEFAULT NULL,
  PRIMARY KEY (`id`),
  KEY `asset_attachments_asset_id_foreign` (`asset_id`),
  CONSTRAINT `asset_attachments_asset_id_foreign` FOREIGN KEY (`asset_id`) REFERENCES `assets` (`id`) ON DELETE CASCADE
) ENGINE=InnoDB DEFAULT CHARSET=utf8mb4 COLLATE=utf8mb4_unicode_ci;

--
-- Dumping data for table `asset_attachments`
--


--
-- Table structure for table `asset_categories`
--

CREATE TABLE `asset_categories` (
  `id` char(36) COLLATE utf8mb4_unicode_ci NOT NULL,
  `organisation_id` char(36) COLLATE utf8mb4_unicode_ci NOT NULL,
  `value_change_type` enum('Appreciation','Depreciation','N/A') COLLATE utf8mb4_unicode_ci NOT NULL,
  `name` varchar(255) COLLATE utf8mb4_unicode_ci NOT NULL,
  `depreciation_rate` decimal(10,2) NOT NULL DEFAULT '0.00',
  `description` varchar(255) COLLATE utf8mb4_unicode_ci DEFAULT NULL,
  `cat_order` int NOT NULL,
  `created_at` timestamp NULL DEFAULT NULL,
  `updated_at` timestamp NULL DEFAULT NULL,
  `deleted_at` timestamp NULL DEFAULT NULL,
  PRIMARY KEY (`id`)
) ENGINE=InnoDB DEFAULT CHARSET=utf8mb4 COLLATE=utf8mb4_unicode_ci;

--
-- Dumping data for table `asset_categories`
--

INSERT INTO `asset_categories` VALUES ('02624ed2-6cbd-496f-983e-51963d166c72','ac7e5b0f-d0dd-44a4-913c-6d365861fad6','Depreciation','INTANGIBLE ASSETS',10.00,'Software licenses, trademarks, patents, goodwill.',7,'2026-03-10 21:55:10','2026-03-10 21:55:10',NULL),('1fe5080d-79fc-48a9-a10c-fc2f9f01dfc4','ac7e5b0f-d0dd-44a4-913c-6d365861fad6','Depreciation','COMPUTER EQUIPMENT',10.00,'Laptops, desktops, servers, and peripherals.',2,'2026-03-10 21:55:10','2026-03-10 21:55:10',NULL),('55751c88-a585-47a4-9377-3ae41f5eda0e','ac7e5b0f-d0dd-44a4-913c-6d365861fad6','Depreciation','BUILDINGS & IMPROVEMENTS',10.00,'Offices, warehouses, renovations.',4,'2026-03-10 21:55:10','2026-03-10 21:55:10',NULL),('56bea295-a885-4565-924a-85c98ebe4e73','ac7e5b0f-d0dd-44a4-913c-6d365861fad6','Depreciation','EQUIPMENT & MACHINERY',10.00,'Industrial, manufacturing, lab, and office equipment.',1,'2026-03-10 21:55:10','2026-03-10 21:55:10',NULL),('90e0224a-7645-4855-87d0-95e8dc0944f6','ac7e5b0f-d0dd-44a4-913c-6d365861fad6','Appreciation','LAND',10.00,'Raw or developed land (non-depreciable)',5,'2026-03-10 21:55:10','2026-03-10 21:55:10',NULL),('c35138a5-3a5c-4d1a-88f5-6b4487178cda','ac7e5b0f-d0dd-44a4-913c-6d365861fad6','N/A','OTHERS',10.00,'Other assets',8,'2026-03-10 21:55:10','2026-03-10 21:55:10',NULL),('dafa7d98-8b02-4dd7-903a-f058b96057c1','ac7e5b0f-d0dd-44a4-913c-6d365861fad6','Depreciation','VEHICLES MAGARI',10.00,'Company cars, trucks, motorcycles.',6,'2026-03-10 21:55:10','2026-03-10 21:55:10',NULL),('f503dc54-84dd-4fbc-b245-421e78c66d97','ac7e5b0f-d0dd-44a4-913c-6d365861fad6','Depreciation','FURNITURE & FIXTURES',10.00,'Office desks, chairs, cabinets, fittings.',3,'2026-03-10 21:55:10','2026-03-10 21:55:10',NULL);

--
-- Table structure for table `asset_checkins`
--

CREATE TABLE `asset_checkins` (
  `id` char(36) COLLATE utf8mb4_unicode_ci NOT NULL,
  `rental_agreement_id` char(36) COLLATE utf8mb4_unicode_ci NOT NULL,
  `asset_id` char(36) COLLATE utf8mb4_unicode_ci NOT NULL,
  `checked_in_by` char(36) COLLATE utf8mb4_unicode_ci NOT NULL,
  `checkin_time` timestamp NOT NULL,
  `ending_mileage` decimal(10,2) DEFAULT NULL,
  `ending_hours` decimal(10,2) DEFAULT NULL,
  `condition_notes` text COLLATE utf8mb4_unicode_ci NOT NULL,
  `fuel_charge` decimal(10,2) DEFAULT NULL,
  `late_fee` decimal(10,2) NOT NULL DEFAULT '0.00',
  `damage_charges` decimal(10,2) NOT NULL DEFAULT '0.00',
  `cleaning_fee` decimal(10,2) NOT NULL DEFAULT '0.00',
  `charges_description` text COLLATE utf8mb4_unicode_ci,
  `created_at` timestamp NULL DEFAULT NULL,
  `updated_at` timestamp NULL DEFAULT NULL,
  `deleted_at` timestamp NULL DEFAULT NULL,
  PRIMARY KEY (`id`),
  KEY `asset_checkins_asset_id_foreign` (`asset_id`),
  KEY `asset_checkins_rental_agreement_id_foreign` (`rental_agreement_id`),
  KEY `asset_checkins_checked_in_by_foreign` (`checked_in_by`),
  CONSTRAINT `asset_checkins_asset_id_foreign` FOREIGN KEY (`asset_id`) REFERENCES `assets` (`id`) ON DELETE CASCADE,
  CONSTRAINT `asset_checkins_checked_in_by_foreign` FOREIGN KEY (`checked_in_by`) REFERENCES `employees` (`id`) ON DELETE CASCADE,
  CONSTRAINT `asset_checkins_rental_agreement_id_foreign` FOREIGN KEY (`rental_agreement_id`) REFERENCES `asset_rental_agreements` (`id`) ON DELETE CASCADE
) ENGINE=InnoDB DEFAULT CHARSET=utf8mb4 COLLATE=utf8mb4_unicode_ci;

--
-- Dumping data for table `asset_checkins`
--


--
-- Table structure for table `asset_checkouts`
--

CREATE TABLE `asset_checkouts` (
  `id` char(36) COLLATE utf8mb4_unicode_ci NOT NULL,
  `rental_agreement_id` char(36) COLLATE utf8mb4_unicode_ci NOT NULL,
  `asset_id` char(36) COLLATE utf8mb4_unicode_ci NOT NULL,
  `checked_out_by` char(36) COLLATE utf8mb4_unicode_ci NOT NULL,
  `checkout_time` timestamp NOT NULL,
  `starting_mileage` decimal(10,2) DEFAULT NULL,
  `starting_hours` decimal(10,2) DEFAULT NULL,
  `condition_notes` text COLLATE utf8mb4_unicode_ci NOT NULL,
  `fuel_level` text COLLATE utf8mb4_unicode_ci,
  `created_at` timestamp NULL DEFAULT NULL,
  `updated_at` timestamp NULL DEFAULT NULL,
  `deleted_at` timestamp NULL DEFAULT NULL,
  PRIMARY KEY (`id`),
  KEY `asset_checkouts_asset_id_foreign` (`asset_id`),
  KEY `asset_checkouts_rental_agreement_id_foreign` (`rental_agreement_id`),
  KEY `asset_checkouts_checked_out_by_foreign` (`checked_out_by`),
  CONSTRAINT `asset_checkouts_asset_id_foreign` FOREIGN KEY (`asset_id`) REFERENCES `assets` (`id`) ON DELETE CASCADE,
  CONSTRAINT `asset_checkouts_checked_out_by_foreign` FOREIGN KEY (`checked_out_by`) REFERENCES `employees` (`id`) ON DELETE CASCADE,
  CONSTRAINT `asset_checkouts_rental_agreement_id_foreign` FOREIGN KEY (`rental_agreement_id`) REFERENCES `asset_rental_agreements` (`id`) ON DELETE CASCADE
) ENGINE=InnoDB DEFAULT CHARSET=utf8mb4 COLLATE=utf8mb4_unicode_ci;

--
-- Dumping data for table `asset_checkouts`
--


--
-- Table structure for table `asset_collaterals`
--

CREATE TABLE `asset_collaterals` (
  `id` char(36) COLLATE utf8mb4_unicode_ci NOT NULL,
  `contract_id` char(36) COLLATE utf8mb4_unicode_ci NOT NULL,
  `type` enum('Asset','Property','Guarantee') COLLATE utf8mb4_unicode_ci NOT NULL,
  `description` varchar(255) COLLATE utf8mb4_unicode_ci NOT NULL,
  `value` decimal(12,2) NOT NULL,
  `ownership_proof` text COLLATE utf8mb4_unicode_ci,
  `status` enum('Held','Released','Liquidated') COLLATE utf8mb4_unicode_ci NOT NULL DEFAULT 'Held',
  `created_at` timestamp NULL DEFAULT NULL,
  `updated_at` timestamp NULL DEFAULT NULL,
  `deleted_at` timestamp NULL DEFAULT NULL,
  PRIMARY KEY (`id`),
  KEY `asset_collaterals_contract_id_foreign` (`contract_id`),
  CONSTRAINT `asset_collaterals_contract_id_foreign` FOREIGN KEY (`contract_id`) REFERENCES `financing_contracts` (`id`) ON DELETE CASCADE
) ENGINE=InnoDB DEFAULT CHARSET=utf8mb4 COLLATE=utf8mb4_unicode_ci;

--
-- Dumping data for table `asset_collaterals`
--


--
-- Table structure for table `asset_disposals`
--

CREATE TABLE `asset_disposals` (
  `id` char(36) COLLATE utf8mb4_unicode_ci NOT NULL,
  `asset_id` char(36) COLLATE utf8mb4_unicode_ci NOT NULL,
  `disposal_date` date NOT NULL,
  `disposal_type` enum('Sale','Scrap','Donation','Lost','Theft','Trade-In','Out-of-use') COLLATE utf8mb4_unicode_ci NOT NULL,
  `disposal_value` decimal(18,2) NOT NULL,
  `net_book_value` decimal(18,2) NOT NULL,
  `gain_loss` decimal(18,2) NOT NULL,
  `disposal_reference` varchar(255) COLLATE utf8mb4_unicode_ci DEFAULT NULL,
  `disposed_by` char(36) COLLATE utf8mb4_unicode_ci NOT NULL,
  `approved_by` char(36) COLLATE utf8mb4_unicode_ci DEFAULT NULL,
  `status` enum('Pending','Approved','Rejected') COLLATE utf8mb4_unicode_ci NOT NULL DEFAULT 'Pending',
  `reason` text COLLATE utf8mb4_unicode_ci,
  `notes` text COLLATE utf8mb4_unicode_ci,
  `created_at` timestamp NULL DEFAULT NULL,
  `updated_at` timestamp NULL DEFAULT NULL,
  `deleted_at` timestamp NULL DEFAULT NULL,
  PRIMARY KEY (`id`),
  KEY `asset_disposals_asset_id_foreign` (`asset_id`),
  CONSTRAINT `asset_disposals_asset_id_foreign` FOREIGN KEY (`asset_id`) REFERENCES `assets` (`id`) ON DELETE CASCADE
) ENGINE=InnoDB DEFAULT CHARSET=utf8mb4 COLLATE=utf8mb4_unicode_ci;

--
-- Dumping data for table `asset_disposals`
--


--
-- Table structure for table `asset_expenses`
--

CREATE TABLE `asset_expenses` (
  `id` char(36) COLLATE utf8mb4_unicode_ci NOT NULL,
  `asset_id` char(36) COLLATE utf8mb4_unicode_ci NOT NULL,
  `payment_method_id` char(36) COLLATE utf8mb4_unicode_ci NOT NULL,
  `amount` decimal(20,2) NOT NULL,
  `currency_id` char(36) COLLATE utf8mb4_unicode_ci NOT NULL,
  `transaction_date` datetime NOT NULL,
  `narrative` varchar(255) COLLATE utf8mb4_unicode_ci DEFAULT NULL,
  `status` enum('Active','Reversed','Deleted') COLLATE utf8mb4_unicode_ci NOT NULL DEFAULT 'Active',
  `reversed_by` char(36) COLLATE utf8mb4_unicode_ci DEFAULT NULL,
  `reverse_msg` varchar(255) COLLATE utf8mb4_unicode_ci DEFAULT NULL,
  `reversed_date` date DEFAULT NULL,
  `organisation_id` char(36) COLLATE utf8mb4_unicode_ci NOT NULL,
  `branch_id` char(36) COLLATE utf8mb4_unicode_ci DEFAULT NULL,
  `unique_id` varchar(255) COLLATE utf8mb4_unicode_ci DEFAULT NULL,
  `created_at` timestamp NULL DEFAULT NULL,
  `updated_at` timestamp NULL DEFAULT NULL,
  `deleted_at` timestamp NULL DEFAULT NULL,
  PRIMARY KEY (`id`),
  KEY `asset_expenses_asset_id_foreign` (`asset_id`),
  KEY `asset_expenses_reversed_by_foreign` (`reversed_by`),
  KEY `asset_expenses_payment_method_id_foreign` (`payment_method_id`),
  KEY `asset_expenses_currency_id_foreign` (`currency_id`),
  CONSTRAINT `asset_expenses_asset_id_foreign` FOREIGN KEY (`asset_id`) REFERENCES `assets` (`id`) ON DELETE CASCADE,
  CONSTRAINT `asset_expenses_currency_id_foreign` FOREIGN KEY (`currency_id`) REFERENCES `currencies` (`id`) ON DELETE CASCADE,
  CONSTRAINT `asset_expenses_payment_method_id_foreign` FOREIGN KEY (`payment_method_id`) REFERENCES `payment_methods` (`id`) ON DELETE CASCADE,
  CONSTRAINT `asset_expenses_reversed_by_foreign` FOREIGN KEY (`reversed_by`) REFERENCES `employees` (`id`) ON DELETE CASCADE
) ENGINE=InnoDB DEFAULT CHARSET=utf8mb4 COLLATE=utf8mb4_unicode_ci;

--
-- Dumping data for table `asset_expenses`
--


--
-- Table structure for table `asset_financing_payments`
--

CREATE TABLE `asset_financing_payments` (
  `id` char(36) COLLATE utf8mb4_unicode_ci NOT NULL,
  `contract_id` char(36) COLLATE utf8mb4_unicode_ci NOT NULL,
  `payment_schedule_id` char(36) COLLATE utf8mb4_unicode_ci DEFAULT NULL,
  `payment_date` date NOT NULL,
  `amount` decimal(12,2) NOT NULL,
  `payment_method_id` char(36) COLLATE utf8mb4_unicode_ci NOT NULL,
  `reference_number` varchar(255) COLLATE utf8mb4_unicode_ci NOT NULL,
  `notes` text COLLATE utf8mb4_unicode_ci,
  `created_at` timestamp NULL DEFAULT NULL,
  `updated_at` timestamp NULL DEFAULT NULL,
  `deleted_at` timestamp NULL DEFAULT NULL,
  PRIMARY KEY (`id`),
  KEY `asset_financing_payments_contract_id_foreign` (`contract_id`),
  KEY `asset_financing_payments_payment_method_id_foreign` (`payment_method_id`),
  KEY `asset_financing_payments_payment_schedule_id_foreign` (`payment_schedule_id`),
  CONSTRAINT `asset_financing_payments_contract_id_foreign` FOREIGN KEY (`contract_id`) REFERENCES `financing_contracts` (`id`) ON DELETE CASCADE,
  CONSTRAINT `asset_financing_payments_payment_method_id_foreign` FOREIGN KEY (`payment_method_id`) REFERENCES `payment_methods` (`id`) ON DELETE CASCADE,
  CONSTRAINT `asset_financing_payments_payment_schedule_id_foreign` FOREIGN KEY (`payment_schedule_id`) REFERENCES `payment_schedules` (`id`) ON DELETE CASCADE
) ENGINE=InnoDB DEFAULT CHARSET=utf8mb4 COLLATE=utf8mb4_unicode_ci;

--
-- Dumping data for table `asset_financing_payments`
--


--
-- Table structure for table `asset_incomes`
--

CREATE TABLE `asset_incomes` (
  `id` char(36) COLLATE utf8mb4_unicode_ci NOT NULL,
  `asset_id` char(36) COLLATE utf8mb4_unicode_ci NOT NULL,
  `payment_method_id` char(36) COLLATE utf8mb4_unicode_ci NOT NULL,
  `transaction_date` date NOT NULL,
  `amount` decimal(20,2) NOT NULL,
  `currency_id` char(36) COLLATE utf8mb4_unicode_ci NOT NULL,
  `narrative` varchar(255) COLLATE utf8mb4_unicode_ci DEFAULT NULL,
  `status` enum('Active','Reversed','Deleted') COLLATE utf8mb4_unicode_ci NOT NULL DEFAULT 'Active',
  `reversed_by` char(36) COLLATE utf8mb4_unicode_ci DEFAULT NULL,
  `reversed_date` date DEFAULT NULL,
  `reverse_msg` varchar(255) COLLATE utf8mb4_unicode_ci DEFAULT NULL,
  `created_at` timestamp NULL DEFAULT NULL,
  `updated_at` timestamp NULL DEFAULT NULL,
  `deleted_at` timestamp NULL DEFAULT NULL,
  PRIMARY KEY (`id`),
  KEY `asset_incomes_asset_id_foreign` (`asset_id`),
  KEY `asset_incomes_payment_method_id_foreign` (`payment_method_id`),
  KEY `asset_incomes_currency_id_foreign` (`currency_id`),
  KEY `asset_incomes_reversed_by_foreign` (`reversed_by`),
  CONSTRAINT `asset_incomes_asset_id_foreign` FOREIGN KEY (`asset_id`) REFERENCES `assets` (`id`) ON DELETE CASCADE,
  CONSTRAINT `asset_incomes_currency_id_foreign` FOREIGN KEY (`currency_id`) REFERENCES `currencies` (`id`) ON DELETE CASCADE,
  CONSTRAINT `asset_incomes_payment_method_id_foreign` FOREIGN KEY (`payment_method_id`) REFERENCES `payment_methods` (`id`) ON DELETE CASCADE,
  CONSTRAINT `asset_incomes_reversed_by_foreign` FOREIGN KEY (`reversed_by`) REFERENCES `employees` (`id`) ON DELETE CASCADE
) ENGINE=InnoDB DEFAULT CHARSET=utf8mb4 COLLATE=utf8mb4_unicode_ci;

--
-- Dumping data for table `asset_incomes`
--


--
-- Table structure for table `asset_insurances`
--

CREATE TABLE `asset_insurances` (
  `id` char(36) COLLATE utf8mb4_unicode_ci NOT NULL,
  `asset_id` char(36) COLLATE utf8mb4_unicode_ci NOT NULL,
  `policy_no` varchar(255) COLLATE utf8mb4_unicode_ci NOT NULL,
  `insurer` varchar(255) COLLATE utf8mb4_unicode_ci NOT NULL,
  `insurance_type` varchar(255) COLLATE utf8mb4_unicode_ci NOT NULL,
  `insured_value` decimal(15,4) NOT NULL,
  `premium_frequency` enum('Monthly','Quarterly','Annual') COLLATE utf8mb4_unicode_ci NOT NULL DEFAULT 'Monthly',
  `start_date` date DEFAULT NULL,
  `end_date` date DEFAULT NULL,
  `coverage_details` text COLLATE utf8mb4_unicode_ci NOT NULL,
  `created_at` timestamp NULL DEFAULT NULL,
  `updated_at` timestamp NULL DEFAULT NULL,
  `deleted_at` timestamp NULL DEFAULT NULL,
  PRIMARY KEY (`id`),
  KEY `asset_insurances_asset_id_foreign` (`asset_id`),
  CONSTRAINT `asset_insurances_asset_id_foreign` FOREIGN KEY (`asset_id`) REFERENCES `assets` (`id`) ON DELETE CASCADE
) ENGINE=InnoDB DEFAULT CHARSET=utf8mb4 COLLATE=utf8mb4_unicode_ci;

--
-- Dumping data for table `asset_insurances`
--


--
-- Table structure for table `asset_locations`
--

CREATE TABLE `asset_locations` (
  `id` char(36) COLLATE utf8mb4_unicode_ci NOT NULL,
  `organisation_id` char(36) COLLATE utf8mb4_unicode_ci NOT NULL,
  `name` varchar(255) COLLATE utf8mb4_unicode_ci NOT NULL,
  `address` varchar(255) COLLATE utf8mb4_unicode_ci DEFAULT NULL,
  `contact_person` varchar(255) COLLATE utf8mb4_unicode_ci DEFAULT NULL,
  `contact_phone` varchar(255) COLLATE utf8mb4_unicode_ci DEFAULT NULL,
  `created_at` timestamp NULL DEFAULT NULL,
  `updated_at` timestamp NULL DEFAULT NULL,
  PRIMARY KEY (`id`)
) ENGINE=InnoDB DEFAULT CHARSET=utf8mb4 COLLATE=utf8mb4_unicode_ci;

--
-- Dumping data for table `asset_locations`
--


--
-- Table structure for table `asset_maintenance_attachments`
--

CREATE TABLE `asset_maintenance_attachments` (
  `id` char(36) COLLATE utf8mb4_unicode_ci NOT NULL,
  `asset_maintenance_id` char(36) COLLATE utf8mb4_unicode_ci NOT NULL,
  `path` varchar(255) COLLATE utf8mb4_unicode_ci NOT NULL,
  `original_name` varchar(255) COLLATE utf8mb4_unicode_ci NOT NULL,
  `created_at` timestamp NULL DEFAULT NULL,
  `updated_at` timestamp NULL DEFAULT NULL,
  PRIMARY KEY (`id`),
  KEY `asset_maintenance_attachments_asset_maintenance_id_foreign` (`asset_maintenance_id`),
  CONSTRAINT `asset_maintenance_attachments_asset_maintenance_id_foreign` FOREIGN KEY (`asset_maintenance_id`) REFERENCES `asset_maintenances` (`id`) ON DELETE CASCADE
) ENGINE=InnoDB DEFAULT CHARSET=utf8mb4 COLLATE=utf8mb4_unicode_ci;

--
-- Dumping data for table `asset_maintenance_attachments`
--


--
-- Table structure for table `asset_maintenances`
--

CREATE TABLE `asset_maintenances` (
  `id` char(36) COLLATE utf8mb4_unicode_ci NOT NULL,
  `asset_id` char(36) COLLATE utf8mb4_unicode_ci NOT NULL,
  `start_date` date NOT NULL,
  `end_date` date DEFAULT NULL,
  `maintenance_type` enum('Preventive','Corrective','Scheduled') COLLATE utf8mb4_unicode_ci NOT NULL,
  `downtime_days` int NOT NULL,
  `description` varchar(255) COLLATE utf8mb4_unicode_ci NOT NULL,
  `cost` decimal(18,2) DEFAULT NULL,
  `service_provider_id` char(36) COLLATE utf8mb4_unicode_ci DEFAULT NULL,
  `checklist` json DEFAULT NULL,
  `status` enum('Pending','In Progress','Completed','Cancelled') COLLATE utf8mb4_unicode_ci NOT NULL DEFAULT 'Pending',
  `priority` enum('Low','Medium','High','Critical') COLLATE utf8mb4_unicode_ci NOT NULL DEFAULT 'Medium',
  `approved_by` char(36) COLLATE utf8mb4_unicode_ci DEFAULT NULL,
  `approved_at` timestamp NULL DEFAULT NULL,
  `approval_message` char(36) COLLATE utf8mb4_unicode_ci DEFAULT NULL,
  `registered_by` char(36) COLLATE utf8mb4_unicode_ci NOT NULL,
  `completion_notes` text COLLATE utf8mb4_unicode_ci,
  `is_recurring` tinyint(1) NOT NULL DEFAULT '0',
  `recurrence_pattern` varchar(255) COLLATE utf8mb4_unicode_ci DEFAULT NULL,
  `created_at` timestamp NULL DEFAULT NULL,
  `updated_at` timestamp NULL DEFAULT NULL,
  `deleted_at` timestamp NULL DEFAULT NULL,
  PRIMARY KEY (`id`),
  KEY `asset_maintenances_asset_id_foreign` (`asset_id`),
  KEY `asset_maintenances_service_provider_id_foreign` (`service_provider_id`),
  KEY `asset_maintenances_approved_by_foreign` (`approved_by`),
  KEY `asset_maintenances_registered_by_foreign` (`registered_by`),
  CONSTRAINT `asset_maintenances_approved_by_foreign` FOREIGN KEY (`approved_by`) REFERENCES `employees` (`id`) ON DELETE CASCADE,
  CONSTRAINT `asset_maintenances_asset_id_foreign` FOREIGN KEY (`asset_id`) REFERENCES `assets` (`id`) ON DELETE CASCADE,
  CONSTRAINT `asset_maintenances_registered_by_foreign` FOREIGN KEY (`registered_by`) REFERENCES `employees` (`id`) ON DELETE CASCADE,
  CONSTRAINT `asset_maintenances_service_provider_id_foreign` FOREIGN KEY (`service_provider_id`) REFERENCES `suppliers` (`id`) ON DELETE CASCADE
) ENGINE=InnoDB DEFAULT CHARSET=utf8mb4 COLLATE=utf8mb4_unicode_ci;

--
-- Dumping data for table `asset_maintenances`
--


--
-- Table structure for table `asset_movements`
--

CREATE TABLE `asset_movements` (
  `id` char(36) COLLATE utf8mb4_unicode_ci NOT NULL,
  `asset_id` char(36) COLLATE utf8mb4_unicode_ci NOT NULL,
  `from_location_id` char(36) COLLATE utf8mb4_unicode_ci DEFAULT NULL,
  `to_location_id` char(36) COLLATE utf8mb4_unicode_ci DEFAULT NULL,
  `from_assignment_id` char(36) COLLATE utf8mb4_unicode_ci DEFAULT NULL,
  `to_assignment_id` char(36) COLLATE utf8mb4_unicode_ci DEFAULT NULL,
  `movement_date` datetime NOT NULL,
  `actual_move_date` datetime DEFAULT NULL,
  `movement_type` enum('Transfer','Assignment','Return','Maintenance','Repair','Inventory','Disposal','Other') COLLATE utf8mb4_unicode_ci NOT NULL,
  `requested_by` char(36) COLLATE utf8mb4_unicode_ci DEFAULT NULL,
  `approved_by` char(36) COLLATE utf8mb4_unicode_ci DEFAULT NULL,
  `approved_at` timestamp NULL DEFAULT NULL,
  `status` enum('Pending','Approved','Completed','Rejected','Cancelled') COLLATE utf8mb4_unicode_ci NOT NULL DEFAULT 'Pending',
  `reference_number` varchar(255) COLLATE utf8mb4_unicode_ci DEFAULT NULL,
  `reason` text COLLATE utf8mb4_unicode_ci NOT NULL,
  `notes` text COLLATE utf8mb4_unicode_ci,
  `from_condition` text COLLATE utf8mb4_unicode_ci,
  `to_condition` text COLLATE utf8mb4_unicode_ci,
  `created_by` char(36) COLLATE utf8mb4_unicode_ci NOT NULL,
  `deleted_at` timestamp NULL DEFAULT NULL,
  `created_at` timestamp NULL DEFAULT NULL,
  `updated_at` timestamp NULL DEFAULT NULL,
  PRIMARY KEY (`id`),
  KEY `asset_movements_asset_id_foreign` (`asset_id`),
  KEY `asset_movements_from_location_id_foreign` (`from_location_id`),
  KEY `asset_movements_to_location_id_foreign` (`to_location_id`),
  KEY `asset_movements_from_assignment_id_foreign` (`from_assignment_id`),
  KEY `asset_movements_to_assignment_id_foreign` (`to_assignment_id`),
  KEY `asset_movements_requested_by_foreign` (`requested_by`),
  KEY `asset_movements_approved_by_foreign` (`approved_by`),
  KEY `asset_movements_created_by_foreign` (`created_by`),
  CONSTRAINT `asset_movements_approved_by_foreign` FOREIGN KEY (`approved_by`) REFERENCES `users` (`id`),
  CONSTRAINT `asset_movements_asset_id_foreign` FOREIGN KEY (`asset_id`) REFERENCES `assets` (`id`) ON DELETE CASCADE,
  CONSTRAINT `asset_movements_created_by_foreign` FOREIGN KEY (`created_by`) REFERENCES `users` (`id`),
  CONSTRAINT `asset_movements_from_assignment_id_foreign` FOREIGN KEY (`from_assignment_id`) REFERENCES `asset_assignments` (`id`),
  CONSTRAINT `asset_movements_from_location_id_foreign` FOREIGN KEY (`from_location_id`) REFERENCES `asset_locations` (`id`),
  CONSTRAINT `asset_movements_requested_by_foreign` FOREIGN KEY (`requested_by`) REFERENCES `users` (`id`),
  CONSTRAINT `asset_movements_to_assignment_id_foreign` FOREIGN KEY (`to_assignment_id`) REFERENCES `asset_assignments` (`id`),
  CONSTRAINT `asset_movements_to_location_id_foreign` FOREIGN KEY (`to_location_id`) REFERENCES `asset_locations` (`id`)
) ENGINE=InnoDB DEFAULT CHARSET=utf8mb4 COLLATE=utf8mb4_unicode_ci;

--
-- Dumping data for table `asset_movements`
--


--
-- Table structure for table `asset_payments`
--

CREATE TABLE `asset_payments` (
  `id` char(36) COLLATE utf8mb4_unicode_ci NOT NULL,
  `organisation_id` char(36) COLLATE utf8mb4_unicode_ci NOT NULL,
  `asset_id` char(36) COLLATE utf8mb4_unicode_ci NOT NULL,
  `amount` decimal(18,2) NOT NULL,
  `currency_id` char(36) COLLATE utf8mb4_unicode_ci NOT NULL,
  `transaction_date` date NOT NULL,
  `payment_method_id` char(36) COLLATE utf8mb4_unicode_ci NOT NULL,
  `narrative` text COLLATE utf8mb4_unicode_ci,
  `unique_id` char(36) COLLATE utf8mb4_unicode_ci NOT NULL,
  `created_by` char(36) COLLATE utf8mb4_unicode_ci DEFAULT NULL,
  `status` enum('active','reversed','canceled') COLLATE utf8mb4_unicode_ci NOT NULL DEFAULT 'active',
  `created_at` timestamp NULL DEFAULT NULL,
  `updated_at` timestamp NULL DEFAULT NULL,
  `deleted_at` timestamp NULL DEFAULT NULL,
  PRIMARY KEY (`id`),
  UNIQUE KEY `asset_payments_unique_id_unique` (`unique_id`),
  KEY `asset_payments_asset_id_foreign` (`asset_id`),
  KEY `asset_payments_organisation_id_foreign` (`organisation_id`),
  KEY `asset_payments_currency_id_foreign` (`currency_id`),
  KEY `asset_payments_payment_method_id_foreign` (`payment_method_id`),
  CONSTRAINT `asset_payments_asset_id_foreign` FOREIGN KEY (`asset_id`) REFERENCES `assets` (`id`) ON DELETE CASCADE,
  CONSTRAINT `asset_payments_currency_id_foreign` FOREIGN KEY (`currency_id`) REFERENCES `currencies` (`id`),
  CONSTRAINT `asset_payments_organisation_id_foreign` FOREIGN KEY (`organisation_id`) REFERENCES `organisations` (`id`) ON DELETE CASCADE,
  CONSTRAINT `asset_payments_payment_method_id_foreign` FOREIGN KEY (`payment_method_id`) REFERENCES `payment_methods` (`id`)
) ENGINE=InnoDB DEFAULT CHARSET=utf8mb4 COLLATE=utf8mb4_unicode_ci;

--
-- Dumping data for table `asset_payments`
--


--
-- Table structure for table `asset_rental_agreements`
--

CREATE TABLE `asset_rental_agreements` (
  `id` char(36) COLLATE utf8mb4_unicode_ci NOT NULL,
  `customer_id` char(36) COLLATE utf8mb4_unicode_ci NOT NULL,
  `contract_number` varchar(255) COLLATE utf8mb4_unicode_ci NOT NULL,
  `start_date` date NOT NULL,
  `end_date` date NOT NULL,
  `actual_return_date` date DEFAULT NULL,
  `status` enum('Reserved','Active','Completed','Cancelled','Overdue') COLLATE utf8mb4_unicode_ci NOT NULL DEFAULT 'Reserved',
  `total_amount` decimal(12,2) NOT NULL,
  `security_deposit` decimal(10,2) NOT NULL,
  `damage_waiver_fee` decimal(10,2) DEFAULT NULL,
  `terms_conditions` text COLLATE utf8mb4_unicode_ci NOT NULL,
  `special_instructions` text COLLATE utf8mb4_unicode_ci,
  `created_at` timestamp NULL DEFAULT NULL,
  `updated_at` timestamp NULL DEFAULT NULL,
  `deleted_at` timestamp NULL DEFAULT NULL,
  PRIMARY KEY (`id`),
  UNIQUE KEY `asset_rental_agreements_contract_number_unique` (`contract_number`),
  KEY `asset_rental_agreements_customer_id_foreign` (`customer_id`),
  CONSTRAINT `asset_rental_agreements_customer_id_foreign` FOREIGN KEY (`customer_id`) REFERENCES `rental_customers` (`id`) ON DELETE CASCADE
) ENGINE=InnoDB DEFAULT CHARSET=utf8mb4 COLLATE=utf8mb4_unicode_ci;

--
-- Dumping data for table `asset_rental_agreements`
--


--
-- Table structure for table `asset_transfers`
--

CREATE TABLE `asset_transfers` (
  `id` char(36) COLLATE utf8mb4_unicode_ci NOT NULL,
  `asset_id` char(36) COLLATE utf8mb4_unicode_ci NOT NULL,
  `from_contract_id` char(36) COLLATE utf8mb4_unicode_ci DEFAULT NULL,
  `to_contract_id` char(36) COLLATE utf8mb4_unicode_ci DEFAULT NULL,
  `transfer_date` date NOT NULL,
  `transfer_type` enum('New','Repossession','Upgrade','Disposal') COLLATE utf8mb4_unicode_ci NOT NULL,
  `notes` text COLLATE utf8mb4_unicode_ci,
  `created_at` timestamp NULL DEFAULT NULL,
  `updated_at` timestamp NULL DEFAULT NULL,
  `deleted_at` timestamp NULL DEFAULT NULL,
  PRIMARY KEY (`id`),
  KEY `asset_transfers_from_contract_id_foreign` (`from_contract_id`),
  KEY `asset_transfers_to_contract_id_foreign` (`to_contract_id`),
  KEY `asset_transfers_asset_id_foreign` (`asset_id`),
  CONSTRAINT `asset_transfers_asset_id_foreign` FOREIGN KEY (`asset_id`) REFERENCES `assets` (`id`) ON DELETE CASCADE,
  CONSTRAINT `asset_transfers_from_contract_id_foreign` FOREIGN KEY (`from_contract_id`) REFERENCES `financing_contracts` (`id`) ON DELETE CASCADE,
  CONSTRAINT `asset_transfers_to_contract_id_foreign` FOREIGN KEY (`to_contract_id`) REFERENCES `financing_contracts` (`id`) ON DELETE CASCADE
) ENGINE=InnoDB DEFAULT CHARSET=utf8mb4 COLLATE=utf8mb4_unicode_ci;

--
-- Dumping data for table `asset_transfers`
--


--
-- Table structure for table `asset_utilization`
--

CREATE TABLE `asset_utilization` (
  `id` char(36) COLLATE utf8mb4_unicode_ci NOT NULL,
  `asset_id` char(36) COLLATE utf8mb4_unicode_ci NOT NULL,
  `tracking_date` date NOT NULL,
  `days_rented` int NOT NULL,
  `days_maintenance` int NOT NULL,
  `days_available` int NOT NULL,
  `utilization_rate` decimal(5,2) NOT NULL,
  `revenue_generated` decimal(12,2) NOT NULL,
  `created_at` timestamp NULL DEFAULT NULL,
  `updated_at` timestamp NULL DEFAULT NULL,
  `deleted_at` timestamp NULL DEFAULT NULL,
  PRIMARY KEY (`id`),
  KEY `asset_utilization_asset_id_foreign` (`asset_id`),
  CONSTRAINT `asset_utilization_asset_id_foreign` FOREIGN KEY (`asset_id`) REFERENCES `assets` (`id`) ON DELETE CASCADE
) ENGINE=InnoDB DEFAULT CHARSET=utf8mb4 COLLATE=utf8mb4_unicode_ci;

--
-- Dumping data for table `asset_utilization`
--


--
-- Table structure for table `asset_valuations`
--

CREATE TABLE `asset_valuations` (
  `id` char(36) COLLATE utf8mb4_unicode_ci NOT NULL,
  `asset_id` char(36) COLLATE utf8mb4_unicode_ci NOT NULL,
  `valuation_date` date NOT NULL,
  `value` decimal(12,2) NOT NULL,
  `valued_by` varchar(255) COLLATE utf8mb4_unicode_ci NOT NULL,
  `valuation_notes` text COLLATE utf8mb4_unicode_ci,
  `created_at` timestamp NULL DEFAULT NULL,
  `updated_at` timestamp NULL DEFAULT NULL,
  `deleted_at` timestamp NULL DEFAULT NULL,
  PRIMARY KEY (`id`),
  KEY `asset_valuations_asset_id_foreign` (`asset_id`),
  CONSTRAINT `asset_valuations_asset_id_foreign` FOREIGN KEY (`asset_id`) REFERENCES `assets` (`id`) ON DELETE CASCADE
) ENGINE=InnoDB DEFAULT CHARSET=utf8mb4 COLLATE=utf8mb4_unicode_ci;

--
-- Dumping data for table `asset_valuations`
--


--
-- Table structure for table `assets`
--

CREATE TABLE `assets` (
  `id` char(36) COLLATE utf8mb4_unicode_ci NOT NULL,
  `organisation_id` char(36) COLLATE utf8mb4_unicode_ci NOT NULL,
  `name` varchar(255) COLLATE utf8mb4_unicode_ci NOT NULL,
  `identity_no` varchar(255) COLLATE utf8mb4_unicode_ci DEFAULT NULL,
  `asset_category_id` char(36) COLLATE utf8mb4_unicode_ci NOT NULL,
  `purchase_date` date NOT NULL,
  `purchase_cost` decimal(18,2) NOT NULL,
  `currency_id` char(36) COLLATE utf8mb4_unicode_ci DEFAULT NULL,
  `current_value` decimal(18,2) NOT NULL DEFAULT '0.00',
  `accumulated_depreciation` decimal(18,2) NOT NULL DEFAULT '0.00',
  `supplier` char(36) COLLATE utf8mb4_unicode_ci DEFAULT NULL,
  `date_put_to_use` date NOT NULL,
  `last_depreciation_date` date DEFAULT NULL,
  `last_appreciation_date` date DEFAULT NULL,
  `depreciation_method` enum('straight_line','declining_balance') COLLATE utf8mb4_unicode_ci NOT NULL DEFAULT 'straight_line',
  `depreciation_rate` decimal(5,2) NOT NULL DEFAULT '0.00',
  `appreciation_rate` int DEFAULT NULL,
  `depreciation_calculation_frequency` int DEFAULT NULL,
  `asset_account_id` bigint unsigned NOT NULL,
  `depreciation_account_id` bigint unsigned DEFAULT NULL,
  `depreciation_loss_account_id` bigint unsigned DEFAULT NULL,
  `depreciation_gain_account_id` bigint unsigned DEFAULT NULL,
  `appreciation_account_id` bigint unsigned DEFAULT NULL,
  `appreciation_loss_account_id` bigint unsigned DEFAULT NULL,
  `salvage_value` int DEFAULT NULL,
  `useful_life` int DEFAULT NULL,
  `description` varchar(255) COLLATE utf8mb4_unicode_ci DEFAULT NULL,
  `created_by` char(36) COLLATE utf8mb4_unicode_ci DEFAULT NULL,
  `modified_by` char(36) COLLATE utf8mb4_unicode_ci DEFAULT NULL,
  `branch_id` char(36) COLLATE utf8mb4_unicode_ci DEFAULT NULL,
  `warranty_expiry_date` date DEFAULT NULL,
  `status` enum('Available','Financed','Disposed','Under Maintenance') COLLATE utf8mb4_unicode_ci NOT NULL DEFAULT 'Available',
  `codification_number` varchar(255) COLLATE utf8mb4_unicode_ci DEFAULT NULL,
  `class` varchar(255) COLLATE utf8mb4_unicode_ci DEFAULT NULL,
  `building_cost` decimal(20,2) DEFAULT NULL,
  `condition` enum('Good','Fair','Poor','N/A') COLLATE utf8mb4_unicode_ci NOT NULL DEFAULT 'N/A',
  `remarks` enum('Good','Service','Un-Serviceable','N/A') COLLATE utf8mb4_unicode_ci NOT NULL DEFAULT 'N/A',
  `usage` enum('Warehouse','Office','Residential','Rent','Industry','N/A') COLLATE utf8mb4_unicode_ci NOT NULL DEFAULT 'N/A',
  `plot_number` varchar(255) COLLATE utf8mb4_unicode_ci DEFAULT NULL,
  `room_allocation` varchar(255) COLLATE utf8mb4_unicode_ci DEFAULT NULL,
  `region_id` char(36) COLLATE utf8mb4_unicode_ci DEFAULT NULL,
  `district_id` char(36) COLLATE utf8mb4_unicode_ci DEFAULT NULL,
  `acquistion_cost` decimal(20,2) DEFAULT NULL,
  `surveyed_status` varchar(255) COLLATE utf8mb4_unicode_ci DEFAULT NULL,
  `squire_meter` varchar(255) COLLATE utf8mb4_unicode_ci DEFAULT NULL,
  `titled_deed_number` varchar(255) COLLATE utf8mb4_unicode_ci DEFAULT NULL,
  `make` varchar(255) COLLATE utf8mb4_unicode_ci DEFAULT NULL,
  `body_type` varchar(255) COLLATE utf8mb4_unicode_ci DEFAULT NULL,
  `model` varchar(255) COLLATE utf8mb4_unicode_ci DEFAULT NULL,
  `engine_number` varchar(255) COLLATE utf8mb4_unicode_ci DEFAULT NULL,
  `chasis_number` varchar(255) COLLATE utf8mb4_unicode_ci DEFAULT NULL,
  `year_of_manufacture` int DEFAULT NULL,
  `created_at` timestamp NULL DEFAULT NULL,
  `updated_at` timestamp NULL DEFAULT NULL,
  `deleted_at` timestamp NULL DEFAULT NULL,
  PRIMARY KEY (`id`),
  KEY `assets_asset_account_id_foreign` (`asset_account_id`),
  KEY `assets_depreciation_account_id_foreign` (`depreciation_account_id`),
  KEY `assets_depreciation_loss_account_id_foreign` (`depreciation_loss_account_id`),
  KEY `assets_depreciation_gain_account_id_foreign` (`depreciation_gain_account_id`),
  KEY `assets_appreciation_account_id_foreign` (`appreciation_account_id`),
  KEY `assets_appreciation_loss_account_id_foreign` (`appreciation_loss_account_id`),
  KEY `assets_currency_id_foreign` (`currency_id`),
  KEY `assets_asset_category_id_foreign` (`asset_category_id`),
  KEY `assets_supplier_foreign` (`supplier`),
  KEY `assets_modified_by_foreign` (`modified_by`),
  KEY `assets_branch_id_foreign` (`branch_id`),
  KEY `assets_created_by_foreign` (`created_by`),
  CONSTRAINT `assets_appreciation_account_id_foreign` FOREIGN KEY (`appreciation_account_id`) REFERENCES `chart_of_accounts` (`id`),
  CONSTRAINT `assets_appreciation_loss_account_id_foreign` FOREIGN KEY (`appreciation_loss_account_id`) REFERENCES `chart_of_accounts` (`id`),
  CONSTRAINT `assets_asset_account_id_foreign` FOREIGN KEY (`asset_account_id`) REFERENCES `chart_of_accounts` (`id`),
  CONSTRAINT `assets_asset_category_id_foreign` FOREIGN KEY (`asset_category_id`) REFERENCES `asset_categories` (`id`) ON DELETE CASCADE,
  CONSTRAINT `assets_branch_id_foreign` FOREIGN KEY (`branch_id`) REFERENCES `branches` (`id`) ON DELETE CASCADE,
  CONSTRAINT `assets_created_by_foreign` FOREIGN KEY (`created_by`) REFERENCES `employees` (`id`) ON DELETE CASCADE,
  CONSTRAINT `assets_currency_id_foreign` FOREIGN KEY (`currency_id`) REFERENCES `currencies` (`id`) ON DELETE CASCADE,
  CONSTRAINT `assets_depreciation_account_id_foreign` FOREIGN KEY (`depreciation_account_id`) REFERENCES `chart_of_accounts` (`id`),
  CONSTRAINT `assets_depreciation_gain_account_id_foreign` FOREIGN KEY (`depreciation_gain_account_id`) REFERENCES `chart_of_accounts` (`id`),
  CONSTRAINT `assets_depreciation_loss_account_id_foreign` FOREIGN KEY (`depreciation_loss_account_id`) REFERENCES `chart_of_accounts` (`id`),
  CONSTRAINT `assets_modified_by_foreign` FOREIGN KEY (`modified_by`) REFERENCES `employees` (`id`) ON DELETE CASCADE,
  CONSTRAINT `assets_supplier_foreign` FOREIGN KEY (`supplier`) REFERENCES `suppliers` (`id`) ON DELETE CASCADE
) ENGINE=InnoDB DEFAULT CHARSET=utf8mb4 COLLATE=utf8mb4_unicode_ci;

--
-- Dumping data for table `assets`
--


--
-- Table structure for table `attendance_devices`
--

CREATE TABLE `attendance_devices` (
  `id` bigint unsigned NOT NULL AUTO_INCREMENT,
  `device_name` varchar(255) COLLATE utf8mb4_unicode_ci NOT NULL,
  `ip_address` varchar(255) COLLATE utf8mb4_unicode_ci DEFAULT NULL,
  `serial_number` varchar(255) COLLATE utf8mb4_unicode_ci DEFAULT NULL,
  `location` varchar(255) COLLATE utf8mb4_unicode_ci DEFAULT NULL,
  `created_at` timestamp NULL DEFAULT NULL,
  `updated_at` timestamp NULL DEFAULT NULL,
  PRIMARY KEY (`id`)
) ENGINE=InnoDB DEFAULT CHARSET=utf8mb4 COLLATE=utf8mb4_unicode_ci;

--
-- Dumping data for table `attendance_devices`
--


--
-- Table structure for table `attendance_records`
--

CREATE TABLE `attendance_records` (
  `id` char(36) COLLATE utf8mb4_unicode_ci NOT NULL,
  `organisation_id` char(36) COLLATE utf8mb4_unicode_ci NOT NULL,
  `employee_id` char(36) COLLATE utf8mb4_unicode_ci NOT NULL,
  `date` date NOT NULL,
  `status` enum('Present','Absent','Late','On Leave') COLLATE utf8mb4_unicode_ci NOT NULL DEFAULT 'Present',
  `created_at` timestamp NULL DEFAULT NULL,
  `updated_at` timestamp NULL DEFAULT NULL,
  PRIMARY KEY (`id`),
  KEY `attendance_records_employee_id_foreign` (`employee_id`),
  CONSTRAINT `attendance_records_employee_id_foreign` FOREIGN KEY (`employee_id`) REFERENCES `employees` (`id`) ON DELETE CASCADE
) ENGINE=InnoDB DEFAULT CHARSET=utf8mb4 COLLATE=utf8mb4_unicode_ci;

--
-- Dumping data for table `attendance_records`
--


--
-- Table structure for table `attendances`
--

CREATE TABLE `attendances` (
  `id` char(36) COLLATE utf8mb4_unicode_ci NOT NULL,
  `organisation_id` char(36) COLLATE utf8mb4_unicode_ci NOT NULL,
  `employee_id` char(36) COLLATE utf8mb4_unicode_ci NOT NULL,
  `biometric_user_id` varchar(255) COLLATE utf8mb4_unicode_ci DEFAULT NULL,
  `device_id` varchar(255) COLLATE utf8mb4_unicode_ci DEFAULT NULL,
  `attendance_date` date NOT NULL,
  `type` enum('check-in','check-out') COLLATE utf8mb4_unicode_ci DEFAULT NULL,
  `source` enum('biometric','web','app') COLLATE utf8mb4_unicode_ci DEFAULT NULL,
  `timestamp` timestamp NOT NULL,
  `hours_worked` decimal(5,2) DEFAULT NULL,
  `overtime_hours` decimal(8,2) NOT NULL DEFAULT '0.00',
  `overtime_amount` decimal(15,2) NOT NULL DEFAULT '0.00',
  `created_at` timestamp NULL DEFAULT NULL,
  `updated_at` timestamp NULL DEFAULT NULL,
  PRIMARY KEY (`id`),
  KEY `attendances_employee_id_foreign` (`employee_id`),
  CONSTRAINT `attendances_employee_id_foreign` FOREIGN KEY (`employee_id`) REFERENCES `employees` (`id`) ON DELETE CASCADE
) ENGINE=InnoDB DEFAULT CHARSET=utf8mb4 COLLATE=utf8mb4_unicode_ci;

--
-- Dumping data for table `attendances`
--


--
-- Table structure for table `attribute_values`
--

CREATE TABLE `attribute_values` (
  `id` char(36) COLLATE utf8mb4_unicode_ci NOT NULL,
  `attribute_id` char(36) COLLATE utf8mb4_unicode_ci NOT NULL,
  `value` varchar(255) COLLATE utf8mb4_unicode_ci NOT NULL,
  `created_at` timestamp NULL DEFAULT NULL,
  `updated_at` timestamp NULL DEFAULT NULL,
  `deleted_at` timestamp NULL DEFAULT NULL,
  PRIMARY KEY (`id`)
) ENGINE=InnoDB DEFAULT CHARSET=utf8mb4 COLLATE=utf8mb4_unicode_ci;

--
-- Dumping data for table `attribute_values`
--


--
-- Table structure for table `attributes`
--

CREATE TABLE `attributes` (
  `id` char(36) COLLATE utf8mb4_unicode_ci NOT NULL,
  `organisation_id` char(36) COLLATE utf8mb4_unicode_ci NOT NULL,
  `name` varchar(255) COLLATE utf8mb4_unicode_ci NOT NULL,
  `created_at` timestamp NULL DEFAULT NULL,
  `updated_at` timestamp NULL DEFAULT NULL,
  `deleted_at` timestamp NULL DEFAULT NULL,
  PRIMARY KEY (`id`)
) ENGINE=InnoDB DEFAULT CHARSET=utf8mb4 COLLATE=utf8mb4_unicode_ci;

--
-- Dumping data for table `attributes`
--


--
-- Table structure for table `audit_logs`
--

CREATE TABLE `audit_logs` (
  `id` char(36) COLLATE utf8mb4_unicode_ci NOT NULL,
  `user_id` char(36) COLLATE utf8mb4_unicode_ci DEFAULT NULL,
  `action` varchar(255) COLLATE utf8mb4_unicode_ci NOT NULL,
  `model_type` varchar(255) COLLATE utf8mb4_unicode_ci NOT NULL,
  `model_id` char(36) COLLATE utf8mb4_unicode_ci NOT NULL,
  `old_values` json DEFAULT NULL,
  `new_values` json DEFAULT NULL,
  `ip_address` varchar(45) COLLATE utf8mb4_unicode_ci DEFAULT NULL,
  `user_agent` varchar(255) COLLATE utf8mb4_unicode_ci DEFAULT NULL,
  `created_at` timestamp NULL DEFAULT NULL,
  `updated_at` timestamp NULL DEFAULT NULL,
  PRIMARY KEY (`id`),
  KEY `audit_logs_model_type_model_id_index` (`model_type`,`model_id`)
) ENGINE=InnoDB DEFAULT CHARSET=utf8mb4 COLLATE=utf8mb4_unicode_ci;

--
-- Dumping data for table `audit_logs`
--


--
-- Table structure for table `bank_accounts`
--

CREATE TABLE `bank_accounts` (
  `id` char(36) COLLATE utf8mb4_unicode_ci NOT NULL,
  `organisation_id` char(36) COLLATE utf8mb4_unicode_ci NOT NULL,
  `bank_id` char(36) COLLATE utf8mb4_unicode_ci DEFAULT NULL,
  `bank_branch_id` char(36) COLLATE utf8mb4_unicode_ci DEFAULT NULL,
  `chart_of_account_id` bigint unsigned NOT NULL,
  `name` varchar(255) COLLATE utf8mb4_unicode_ci NOT NULL,
  `account_no` varchar(255) COLLATE utf8mb4_unicode_ci NOT NULL,
  `branch_code` varchar(255) COLLATE utf8mb4_unicode_ci DEFAULT NULL,
  `swift_code` varchar(255) COLLATE utf8mb4_unicode_ci DEFAULT NULL,
  `description` varchar(255) COLLATE utf8mb4_unicode_ci DEFAULT NULL,
  `currency_id` char(36) COLLATE utf8mb4_unicode_ci DEFAULT NULL,
  `exchange_rate` decimal(15,6) NOT NULL DEFAULT '1.000000',
  `created_at` timestamp NULL DEFAULT NULL,
  `updated_at` timestamp NULL DEFAULT NULL,
  `deleted_at` timestamp NULL DEFAULT NULL,
  PRIMARY KEY (`id`),
  UNIQUE KEY `bank_accounts_account_no_unique` (`account_no`),
  KEY `bank_accounts_chart_of_account_id_foreign` (`chart_of_account_id`),
  KEY `bank_accounts_currency_id_foreign` (`currency_id`),
  KEY `bank_accounts_bank_branch_id_foreign` (`bank_branch_id`),
  KEY `bank_accounts_bank_id_foreign` (`bank_id`),
  KEY `bank_accounts_organisation_id_account_no_index` (`organisation_id`,`account_no`),
  CONSTRAINT `bank_accounts_bank_branch_id_foreign` FOREIGN KEY (`bank_branch_id`) REFERENCES `bank_branches` (`id`) ON DELETE CASCADE,
  CONSTRAINT `bank_accounts_bank_id_foreign` FOREIGN KEY (`bank_id`) REFERENCES `banks` (`id`) ON DELETE CASCADE,
  CONSTRAINT `bank_accounts_chart_of_account_id_foreign` FOREIGN KEY (`chart_of_account_id`) REFERENCES `chart_of_accounts` (`id`) ON DELETE CASCADE,
  CONSTRAINT `bank_accounts_currency_id_foreign` FOREIGN KEY (`currency_id`) REFERENCES `currencies` (`id`) ON DELETE CASCADE,
  CONSTRAINT `bank_accounts_organisation_id_foreign` FOREIGN KEY (`organisation_id`) REFERENCES `organisations` (`id`) ON DELETE CASCADE
) ENGINE=InnoDB DEFAULT CHARSET=utf8mb4 COLLATE=utf8mb4_unicode_ci;

--
-- Dumping data for table `bank_accounts`
--


--
-- Table structure for table `bank_branches`
--

CREATE TABLE `bank_branches` (
  `id` char(36) COLLATE utf8mb4_unicode_ci NOT NULL,
  `bank_id` char(36) COLLATE utf8mb4_unicode_ci NOT NULL,
  `name` varchar(255) COLLATE utf8mb4_unicode_ci NOT NULL,
  `contact_person` varchar(255) COLLATE utf8mb4_unicode_ci DEFAULT NULL,
  `contact_phone` varchar(255) COLLATE utf8mb4_unicode_ci DEFAULT NULL,
  `created_at` timestamp NULL DEFAULT NULL,
  `updated_at` timestamp NULL DEFAULT NULL,
  `deleted_at` timestamp NULL DEFAULT NULL,
  PRIMARY KEY (`id`),
  UNIQUE KEY `bank_branches_bank_id_name_unique` (`bank_id`,`name`),
  CONSTRAINT `bank_branches_bank_id_foreign` FOREIGN KEY (`bank_id`) REFERENCES `banks` (`id`) ON DELETE CASCADE
) ENGINE=InnoDB DEFAULT CHARSET=utf8mb4 COLLATE=utf8mb4_unicode_ci;

--
-- Dumping data for table `bank_branches`
--


--
-- Table structure for table `bank_statement_column_mappings`
--

CREATE TABLE `bank_statement_column_mappings` (
  `id` char(36) COLLATE utf8mb4_unicode_ci NOT NULL,
  `bank_id` char(36) COLLATE utf8mb4_unicode_ci NOT NULL,
  `transaction_date_col` varchar(255) COLLATE utf8mb4_unicode_ci DEFAULT NULL,
  `reference_col` varchar(255) COLLATE utf8mb4_unicode_ci DEFAULT NULL,
  `description_col` varchar(255) COLLATE utf8mb4_unicode_ci DEFAULT NULL,
  `debit_col` varchar(255) COLLATE utf8mb4_unicode_ci DEFAULT NULL,
  `credit_col` varchar(255) COLLATE utf8mb4_unicode_ci DEFAULT NULL,
  `balance_col` varchar(255) COLLATE utf8mb4_unicode_ci DEFAULT NULL,
  `created_at` timestamp NULL DEFAULT NULL,
  `updated_at` timestamp NULL DEFAULT NULL,
  `deleted_at` timestamp NULL DEFAULT NULL,
  PRIMARY KEY (`id`),
  KEY `bank_statement_column_mappings_bank_id_foreign` (`bank_id`),
  CONSTRAINT `bank_statement_column_mappings_bank_id_foreign` FOREIGN KEY (`bank_id`) REFERENCES `banks` (`id`) ON DELETE CASCADE
) ENGINE=InnoDB DEFAULT CHARSET=utf8mb4 COLLATE=utf8mb4_unicode_ci;

--
-- Dumping data for table `bank_statement_column_mappings`
--


--
-- Table structure for table `bank_statements`
--

CREATE TABLE `bank_statements` (
  `id` char(36) COLLATE utf8mb4_unicode_ci NOT NULL,
  `organisation_id` char(36) COLLATE utf8mb4_unicode_ci NOT NULL,
  `bank_account_id` char(36) COLLATE utf8mb4_unicode_ci NOT NULL,
  `statement_reference` varchar(255) COLLATE utf8mb4_unicode_ci DEFAULT NULL,
  `statement_date` date NOT NULL,
  `start_date` date NOT NULL,
  `end_date` date NOT NULL,
  `opening_balance` decimal(15,2) NOT NULL,
  `closing_balance` decimal(15,2) NOT NULL,
  `total_credits` decimal(15,2) NOT NULL DEFAULT '0.00',
  `total_debits` decimal(15,2) NOT NULL DEFAULT '0.00',
  `file_path` varchar(255) COLLATE utf8mb4_unicode_ci DEFAULT NULL,
  `file_id` char(36) COLLATE utf8mb4_unicode_ci DEFAULT NULL,
  `notes` text COLLATE utf8mb4_unicode_ci,
  `statement_period` varchar(255) COLLATE utf8mb4_unicode_ci GENERATED ALWAYS AS (concat(`start_date`,_utf8mb4' to ',`end_date`)) VIRTUAL,
  `version` int NOT NULL DEFAULT '1',
  `previous_version_id` char(36) COLLATE utf8mb4_unicode_ci DEFAULT NULL,
  `uploaded_by` char(36) COLLATE utf8mb4_unicode_ci NOT NULL,
  `created_at` timestamp NULL DEFAULT NULL,
  `updated_at` timestamp NULL DEFAULT NULL,
  `deleted_at` timestamp NULL DEFAULT NULL,
  PRIMARY KEY (`id`),
  UNIQUE KEY `bank_statements_bank_account_id_version_unique` (`bank_account_id`,`version`),
  KEY `bank_statements_file_id_foreign` (`file_id`),
  KEY `bank_statements_uploaded_by_foreign` (`uploaded_by`),
  KEY `bank_statements_bank_account_id_statement_date_index` (`bank_account_id`,`statement_date`),
  KEY `bank_statements_bank_account_id_end_date_index` (`bank_account_id`,`end_date`),
  KEY `bank_statements_organisation_id_statement_date_index` (`organisation_id`,`statement_date`),
  CONSTRAINT `bank_statements_bank_account_id_foreign` FOREIGN KEY (`bank_account_id`) REFERENCES `bank_accounts` (`id`) ON DELETE CASCADE,
  CONSTRAINT `bank_statements_file_id_foreign` FOREIGN KEY (`file_id`) REFERENCES `files` (`id`) ON DELETE CASCADE,
  CONSTRAINT `bank_statements_organisation_id_foreign` FOREIGN KEY (`organisation_id`) REFERENCES `organisations` (`id`) ON DELETE CASCADE,
  CONSTRAINT `bank_statements_uploaded_by_foreign` FOREIGN KEY (`uploaded_by`) REFERENCES `employees` (`id`) ON DELETE CASCADE
) ENGINE=InnoDB DEFAULT CHARSET=utf8mb4 COLLATE=utf8mb4_unicode_ci;

--
-- Dumping data for table `bank_statements`
--


--
-- Table structure for table `bank_transactions`
--

CREATE TABLE `bank_transactions` (
  `id` char(36) COLLATE utf8mb4_unicode_ci NOT NULL,
  `organisation_id` char(36) COLLATE utf8mb4_unicode_ci NOT NULL,
  `bank_statement_id` char(36) COLLATE utf8mb4_unicode_ci NOT NULL,
  `transaction_date` date NOT NULL,
  `reference_number` varchar(255) COLLATE utf8mb4_unicode_ci DEFAULT NULL,
  `narration` varchar(255) COLLATE utf8mb4_unicode_ci DEFAULT NULL,
  `debit` decimal(15,2) NOT NULL DEFAULT '0.00',
  `credit` decimal(15,2) NOT NULL DEFAULT '0.00',
  `balance` decimal(15,2) DEFAULT NULL,
  `journal_transaction_id` char(36) COLLATE utf8mb4_unicode_ci DEFAULT NULL,
  `is_reconciled` tinyint(1) NOT NULL DEFAULT '0',
  `reconciled_by` char(36) COLLATE utf8mb4_unicode_ci DEFAULT NULL,
  `reconciled_at` timestamp NULL DEFAULT NULL,
  `created_at` timestamp NULL DEFAULT NULL,
  `updated_at` timestamp NULL DEFAULT NULL,
  `deleted_at` timestamp NULL DEFAULT NULL,
  PRIMARY KEY (`id`),
  KEY `bank_transactions_bank_statement_id_foreign` (`bank_statement_id`),
  KEY `bank_transactions_journal_transaction_id_foreign` (`journal_transaction_id`),
  KEY `bank_transactions_transaction_date_bank_statement_id_index` (`transaction_date`,`bank_statement_id`),
  KEY `bank_transactions_reference_number_index` (`reference_number`),
  CONSTRAINT `bank_transactions_bank_statement_id_foreign` FOREIGN KEY (`bank_statement_id`) REFERENCES `bank_statements` (`id`) ON DELETE CASCADE,
  CONSTRAINT `bank_transactions_journal_transaction_id_foreign` FOREIGN KEY (`journal_transaction_id`) REFERENCES `journal_transactions` (`id`) ON DELETE CASCADE
) ENGINE=InnoDB DEFAULT CHARSET=utf8mb4 COLLATE=utf8mb4_unicode_ci;

--
-- Dumping data for table `bank_transactions`
--


--
-- Table structure for table `banks`
--

CREATE TABLE `banks` (
  `id` char(36) COLLATE utf8mb4_unicode_ci NOT NULL,
  `organisation_id` char(36) COLLATE utf8mb4_unicode_ci NOT NULL,
  `name` varchar(255) COLLATE utf8mb4_unicode_ci NOT NULL,
  `email` varchar(255) COLLATE utf8mb4_unicode_ci DEFAULT NULL,
  `description` varchar(255) COLLATE utf8mb4_unicode_ci DEFAULT NULL,
  `created_at` timestamp NULL DEFAULT NULL,
  `updated_at` timestamp NULL DEFAULT NULL,
  `deleted_at` timestamp NULL DEFAULT NULL,
  PRIMARY KEY (`id`)
) ENGINE=InnoDB DEFAULT CHARSET=utf8mb4 COLLATE=utf8mb4_unicode_ci;

--
-- Dumping data for table `banks`
--


--
-- Table structure for table `batch_dependencies`
--

CREATE TABLE `batch_dependencies` (
  `id` char(36) COLLATE utf8mb4_unicode_ci NOT NULL,
  `parent_batch_id` char(36) COLLATE utf8mb4_unicode_ci NOT NULL,
  `child_batch_id` char(36) COLLATE utf8mb4_unicode_ci NOT NULL,
  `quantity_used` decimal(15,3) NOT NULL,
  `uom_id` char(36) COLLATE utf8mb4_unicode_ci NOT NULL,
  `created_at` timestamp NULL DEFAULT NULL,
  `updated_at` timestamp NULL DEFAULT NULL,
  `deleted_at` timestamp NULL DEFAULT NULL,
  PRIMARY KEY (`id`),
  KEY `batch_dependencies_parent_batch_id_foreign` (`parent_batch_id`),
  KEY `batch_dependencies_child_batch_id_foreign` (`child_batch_id`),
  KEY `batch_dependencies_uom_id_foreign` (`uom_id`),
  CONSTRAINT `batch_dependencies_child_batch_id_foreign` FOREIGN KEY (`child_batch_id`) REFERENCES `production_batches` (`id`) ON DELETE CASCADE,
  CONSTRAINT `batch_dependencies_parent_batch_id_foreign` FOREIGN KEY (`parent_batch_id`) REFERENCES `production_batches` (`id`) ON DELETE CASCADE,
  CONSTRAINT `batch_dependencies_uom_id_foreign` FOREIGN KEY (`uom_id`) REFERENCES `unit_of_measures` (`id`)
) ENGINE=InnoDB DEFAULT CHARSET=utf8mb4 COLLATE=utf8mb4_unicode_ci;

--
-- Dumping data for table `batch_dependencies`
--


--
-- Table structure for table `batch_material_usages`
--

CREATE TABLE `batch_material_usages` (
  `id` char(36) COLLATE utf8mb4_unicode_ci NOT NULL,
  `batch_id` char(36) COLLATE utf8mb4_unicode_ci NOT NULL,
  `material_request_item_id` char(36) COLLATE utf8mb4_unicode_ci DEFAULT NULL,
  `item_id` char(36) COLLATE utf8mb4_unicode_ci NOT NULL,
  `uom_id` char(36) COLLATE utf8mb4_unicode_ci NOT NULL,
  `unit_cost` decimal(15,2) NOT NULL DEFAULT '0.00',
  `qty_issued` decimal(15,3) NOT NULL,
  `qty_returned` decimal(15,3) NOT NULL DEFAULT '0.000',
  `qty_used` decimal(15,3) GENERATED ALWAYS AS ((`qty_issued` - `qty_returned`)) STORED,
  `unique_id` varchar(255) COLLATE utf8mb4_unicode_ci DEFAULT NULL,
  `created_at` timestamp NULL DEFAULT NULL,
  `updated_at` timestamp NULL DEFAULT NULL,
  `deleted_at` timestamp NULL DEFAULT NULL,
  PRIMARY KEY (`id`),
  KEY `batch_material_usages_batch_id_foreign` (`batch_id`),
  KEY `batch_material_usages_material_request_item_id_foreign` (`material_request_item_id`),
  KEY `batch_material_usages_item_id_foreign` (`item_id`),
  KEY `batch_material_usages_uom_id_foreign` (`uom_id`),
  CONSTRAINT `batch_material_usages_batch_id_foreign` FOREIGN KEY (`batch_id`) REFERENCES `production_batches` (`id`) ON DELETE CASCADE,
  CONSTRAINT `batch_material_usages_item_id_foreign` FOREIGN KEY (`item_id`) REFERENCES `items` (`id`),
  CONSTRAINT `batch_material_usages_material_request_item_id_foreign` FOREIGN KEY (`material_request_item_id`) REFERENCES `material_request_items` (`id`) ON DELETE SET NULL,
  CONSTRAINT `batch_material_usages_uom_id_foreign` FOREIGN KEY (`uom_id`) REFERENCES `unit_of_measures` (`id`)
) ENGINE=InnoDB DEFAULT CHARSET=utf8mb4 COLLATE=utf8mb4_unicode_ci;

--
-- Dumping data for table `batch_material_usages`
--


--
-- Table structure for table `bill_of_material_items`
--

CREATE TABLE `bill_of_material_items` (
  `id` char(36) COLLATE utf8mb4_unicode_ci NOT NULL,
  `bom_id` char(36) COLLATE utf8mb4_unicode_ci NOT NULL,
  `item_id` char(36) COLLATE utf8mb4_unicode_ci NOT NULL,
  `uom_id` char(36) COLLATE utf8mb4_unicode_ci NOT NULL,
  `quantity` decimal(15,3) NOT NULL,
  `created_at` timestamp NULL DEFAULT NULL,
  `updated_at` timestamp NULL DEFAULT NULL,
  `deleted_at` timestamp NULL DEFAULT NULL,
  PRIMARY KEY (`id`),
  KEY `bill_of_material_items_bom_id_foreign` (`bom_id`),
  KEY `bill_of_material_items_item_id_foreign` (`item_id`),
  KEY `bill_of_material_items_uom_id_foreign` (`uom_id`),
  CONSTRAINT `bill_of_material_items_bom_id_foreign` FOREIGN KEY (`bom_id`) REFERENCES `bill_of_materials` (`id`) ON DELETE CASCADE,
  CONSTRAINT `bill_of_material_items_item_id_foreign` FOREIGN KEY (`item_id`) REFERENCES `items` (`id`),
  CONSTRAINT `bill_of_material_items_uom_id_foreign` FOREIGN KEY (`uom_id`) REFERENCES `unit_of_measures` (`id`)
) ENGINE=InnoDB DEFAULT CHARSET=utf8mb4 COLLATE=utf8mb4_unicode_ci;

--
-- Dumping data for table `bill_of_material_items`
--


--
-- Table structure for table `bill_of_materials`
--

CREATE TABLE `bill_of_materials` (
  `id` char(36) COLLATE utf8mb4_unicode_ci NOT NULL,
  `organisation_id` char(36) COLLATE utf8mb4_unicode_ci NOT NULL,
  `item_id` char(36) COLLATE utf8mb4_unicode_ci NOT NULL,
  `version` varchar(255) COLLATE utf8mb4_unicode_ci NOT NULL DEFAULT '1.0',
  `reference` varchar(255) COLLATE utf8mb4_unicode_ci DEFAULT NULL,
  `created_at` timestamp NULL DEFAULT NULL,
  `updated_at` timestamp NULL DEFAULT NULL,
  `deleted_at` timestamp NULL DEFAULT NULL,
  PRIMARY KEY (`id`),
  KEY `bill_of_materials_organisation_id_foreign` (`organisation_id`),
  KEY `bill_of_materials_item_id_foreign` (`item_id`),
  CONSTRAINT `bill_of_materials_item_id_foreign` FOREIGN KEY (`item_id`) REFERENCES `items` (`id`),
  CONSTRAINT `bill_of_materials_organisation_id_foreign` FOREIGN KEY (`organisation_id`) REFERENCES `organisations` (`id`)
) ENGINE=InnoDB DEFAULT CHARSET=utf8mb4 COLLATE=utf8mb4_unicode_ci;

--
-- Dumping data for table `bill_of_materials`
--


--
-- Table structure for table `billing_cycles`
--

CREATE TABLE `billing_cycles` (
  `id` char(36) COLLATE utf8mb4_unicode_ci NOT NULL,
  `name` varchar(255) COLLATE utf8mb4_unicode_ci NOT NULL,
  `description` text COLLATE utf8mb4_unicode_ci,
  `created_at` timestamp NULL DEFAULT NULL,
  `updated_at` timestamp NULL DEFAULT NULL,
  PRIMARY KEY (`id`)
) ENGINE=InnoDB DEFAULT CHARSET=utf8mb4 COLLATE=utf8mb4_unicode_ci;

--
-- Dumping data for table `billing_cycles`
--


--
-- Table structure for table `billing_terms`
--

CREATE TABLE `billing_terms` (
  `id` char(36) COLLATE utf8mb4_unicode_ci NOT NULL,
  `organisation_id` char(36) COLLATE utf8mb4_unicode_ci NOT NULL,
  `contract_id` char(36) COLLATE utf8mb4_unicode_ci NOT NULL,
  `job_order_id` char(36) COLLATE utf8mb4_unicode_ci DEFAULT NULL,
  `currency_id` char(36) COLLATE utf8mb4_unicode_ci NOT NULL,
  `billing_type` enum('hourly','daily','weekly','monthly','fixed-fee','contingency') COLLATE utf8mb4_unicode_ci NOT NULL DEFAULT 'hourly',
  `rate` decimal(12,2) NOT NULL,
  `payment_due_days` int NOT NULL DEFAULT '30',
  `fee_percentage` decimal(5,2) DEFAULT NULL,
  `min_fee` decimal(12,2) DEFAULT NULL,
  `max_fee` decimal(12,2) DEFAULT NULL,
  `expenses_billable` tinyint(1) NOT NULL DEFAULT '1',
  `expense_markup_percentage` decimal(5,2) DEFAULT NULL,
  `discount_type` enum('percentage','fixed') COLLATE utf8mb4_unicode_ci DEFAULT NULL,
  `discount_amount` decimal(12,2) DEFAULT NULL,
  `notes` text COLLATE utf8mb4_unicode_ci,
  `created_at` timestamp NULL DEFAULT NULL,
  `updated_at` timestamp NULL DEFAULT NULL,
  `deleted_at` timestamp NULL DEFAULT NULL,
  PRIMARY KEY (`id`),
  KEY `billing_terms_contract_id_foreign` (`contract_id`),
  KEY `billing_terms_job_order_id_foreign` (`job_order_id`),
  KEY `billing_terms_currency_id_foreign` (`currency_id`),
  CONSTRAINT `billing_terms_contract_id_foreign` FOREIGN KEY (`contract_id`) REFERENCES `contract_terms` (`id`) ON DELETE CASCADE,
  CONSTRAINT `billing_terms_currency_id_foreign` FOREIGN KEY (`currency_id`) REFERENCES `currencies` (`id`) ON DELETE CASCADE,
  CONSTRAINT `billing_terms_job_order_id_foreign` FOREIGN KEY (`job_order_id`) REFERENCES `job_orders` (`id`) ON DELETE SET NULL
) ENGINE=InnoDB DEFAULT CHARSET=utf8mb4 COLLATE=utf8mb4_unicode_ci;

--
-- Dumping data for table `billing_terms`
--


--
-- Table structure for table `branches`
--

CREATE TABLE `branches` (
  `id` char(36) COLLATE utf8mb4_unicode_ci NOT NULL,
  `name` varchar(255) COLLATE utf8mb4_unicode_ci NOT NULL,
  `code` varchar(255) COLLATE utf8mb4_unicode_ci NOT NULL,
  `phone_number` varchar(255) COLLATE utf8mb4_unicode_ci DEFAULT NULL,
  `postal_address` varchar(255) COLLATE utf8mb4_unicode_ci DEFAULT NULL,
  `email` varchar(255) COLLATE utf8mb4_unicode_ci NOT NULL,
  `country_id` char(36) COLLATE utf8mb4_unicode_ci DEFAULT NULL,
  `organisation_id` char(36) COLLATE utf8mb4_unicode_ci NOT NULL,
  `timezone` varchar(255) COLLATE utf8mb4_unicode_ci NOT NULL DEFAULT 'EAT — Eastern Africa Time',
  `currency` varchar(255) COLLATE utf8mb4_unicode_ci DEFAULT NULL,
  `created_at` timestamp NULL DEFAULT NULL,
  `updated_at` timestamp NULL DEFAULT NULL,
  `deleted_at` timestamp NULL DEFAULT NULL,
  PRIMARY KEY (`id`),
  KEY `branches_organisation_id_foreign` (`organisation_id`),
  CONSTRAINT `branches_organisation_id_foreign` FOREIGN KEY (`organisation_id`) REFERENCES `organisations` (`id`) ON DELETE CASCADE
) ENGINE=InnoDB DEFAULT CHARSET=utf8mb4 COLLATE=utf8mb4_unicode_ci;

--
-- Dumping data for table `branches`
--


--
-- Table structure for table `brands`
--

CREATE TABLE `brands` (
  `id` char(36) COLLATE utf8mb4_unicode_ci NOT NULL,
  `name` varchar(255) COLLATE utf8mb4_unicode_ci NOT NULL,
  `logo` varchar(255) COLLATE utf8mb4_unicode_ci DEFAULT NULL,
  `created_at` timestamp NULL DEFAULT NULL,
  `updated_at` timestamp NULL DEFAULT NULL,
  PRIMARY KEY (`id`)
) ENGINE=InnoDB DEFAULT CHARSET=utf8mb4 COLLATE=utf8mb4_unicode_ci;

--
-- Dumping data for table `brands`
--


--
-- Table structure for table `budget_allocations`
--

CREATE TABLE `budget_allocations` (
  `id` char(36) COLLATE utf8mb4_unicode_ci NOT NULL,
  `budget_id` char(36) COLLATE utf8mb4_unicode_ci NOT NULL,
  `account_category_id` bigint unsigned NOT NULL,
  `allocated_amount` decimal(20,2) NOT NULL DEFAULT '0.00',
  `committed_amount` decimal(20,2) NOT NULL DEFAULT '0.00',
  `spent_amount` decimal(20,2) NOT NULL DEFAULT '0.00',
  `remaining_amount` decimal(20,2) GENERATED ALWAYS AS ((`allocated_amount` - `spent_amount`)) STORED,
  `description` varchar(255) COLLATE utf8mb4_unicode_ci DEFAULT NULL,
  `created_at` timestamp NULL DEFAULT NULL,
  `updated_at` timestamp NULL DEFAULT NULL,
  `deleted_at` timestamp NULL DEFAULT NULL,
  PRIMARY KEY (`id`),
  KEY `budget_allocations_account_category_id_foreign` (`account_category_id`),
  KEY `budget_allocations_budget_id_index` (`budget_id`),
  CONSTRAINT `budget_allocations_account_category_id_foreign` FOREIGN KEY (`account_category_id`) REFERENCES `account_sub_categories` (`id`),
  CONSTRAINT `budget_allocations_budget_id_foreign` FOREIGN KEY (`budget_id`) REFERENCES `budgets` (`id`) ON DELETE CASCADE
) ENGINE=InnoDB DEFAULT CHARSET=utf8mb4 COLLATE=utf8mb4_unicode_ci;

--
-- Dumping data for table `budget_allocations`
--

INSERT INTO `budget_allocations` (`id`, `budget_id`, `account_category_id`, `allocated_amount`, `committed_amount`, `spent_amount`, `description`, `created_at`, `updated_at`, `deleted_at`) VALUES ('1229298b-6421-4cb6-a264-56ca4df5ff53','e78e7024-ab8d-4c2f-b968-e5e1fad6e026',37,196126000.00,0.00,0.00,NULL,'2026-03-23 15:57:27','2026-03-23 15:57:27',NULL),('139bf9fd-863c-443a-a5b2-90ea6a9d88bf','8207baab-5099-4299-b200-b0ad45b05097',35,200000.00,0.00,0.00,NULL,'2026-03-17 10:10:41','2026-03-17 10:40:23','2026-03-17 10:40:23'),('27cca90f-277e-468d-b1b0-53f20960ab17','e78e7024-ab8d-4c2f-b968-e5e1fad6e026',29,697000000.00,0.00,0.00,NULL,'2026-03-17 10:44:45','2026-03-23 15:53:41','2026-03-23 15:53:41'),('2bc307e8-8012-484d-93be-fed219529bd3','830c8954-86d0-4429-9e6b-5e519f2c2064',28,500000.00,0.00,0.00,NULL,'2026-03-13 10:33:46','2026-03-13 11:30:24','2026-03-13 11:30:24'),('334374ab-5182-477b-b88c-6bb499a0f4e6','cc98d77d-4b60-4318-a86d-96330ed757e0',22,50000.00,0.00,0.00,NULL,'2026-03-17 10:35:02','2026-03-17 10:40:29','2026-03-17 10:40:29'),('3d77c0fd-9cd9-42a6-a1ea-605b956f3c19','e78e7024-ab8d-4c2f-b968-e5e1fad6e026',28,530179353.00,0.00,0.00,NULL,'2026-03-23 15:57:27','2026-03-23 15:57:27',NULL),('5271cc96-082b-4ce0-af13-e7ebf21d253a','c03b533d-243d-4ec6-a589-5d14dd3df963',4,500000.00,0.00,0.00,'njl','2026-03-13 11:02:29','2026-03-13 11:30:32','2026-03-13 11:30:32'),('6200be67-3506-402c-a8ac-21873476965e','19e6668d-d143-4609-8299-a141833de7a6',35,500000.00,0.00,0.00,NULL,'2026-03-13 10:50:48','2026-03-13 11:30:29','2026-03-13 11:30:29'),('69e0141a-1a47-4353-ac71-8cd1139fc6f5','e78e7024-ab8d-4c2f-b968-e5e1fad6e026',29,697000000.00,0.00,0.00,NULL,'2026-03-23 15:53:42','2026-03-23 15:57:27','2026-03-23 15:57:27'),('81fadcff-0dc9-4f48-ba1d-aac77546a962','e78e7024-ab8d-4c2f-b968-e5e1fad6e026',29,697000000.00,0.00,0.00,NULL,'2026-03-23 15:57:27','2026-03-23 15:57:27',NULL),('866d94bb-b09b-4d3e-ba1d-fc75a837954f','e78e7024-ab8d-4c2f-b968-e5e1fad6e026',38,330077188.00,0.00,0.00,NULL,'2026-03-23 15:57:27','2026-03-23 15:57:27',NULL),('9e4e7781-f7b1-4886-b85d-e729ceaf386d','e78e7024-ab8d-4c2f-b968-e5e1fad6e026',38,330077188.00,0.00,0.00,NULL,'2026-03-23 15:53:42','2026-03-23 15:57:27','2026-03-23 15:57:27'),('abd5a37f-83ef-42c8-afdf-500cb6abe2b4','e78e7024-ab8d-4c2f-b968-e5e1fad6e026',28,530179353.00,0.00,0.00,NULL,'2026-03-23 15:53:42','2026-03-23 15:57:27','2026-03-23 15:57:27'),('c65099c6-731c-4a1e-90e3-9d36031c3d44','19e6668d-d143-4609-8299-a141833de7a6',28,400000.00,0.00,0.00,NULL,'2026-03-13 10:50:48','2026-03-13 11:30:29','2026-03-13 11:30:29'),('ced606d1-deb4-451a-b6f7-1b5e6987cbb0','8207baab-5099-4299-b200-b0ad45b05097',28,500000.00,0.00,0.00,NULL,'2026-03-17 10:10:41','2026-03-17 10:40:23','2026-03-17 10:40:23'),('d0c9905a-09e1-4ea0-9295-5fc90b1ccb6d','e78e7024-ab8d-4c2f-b968-e5e1fad6e026',38,330077188.00,0.00,0.00,NULL,'2026-03-17 10:44:45','2026-03-23 15:53:41','2026-03-23 15:53:41'),('debd23c1-7e4f-4ca6-9652-8b5bee02da7b','870fc436-4f0b-47c5-829b-df7846852b4e',28,1000000.00,0.00,0.00,NULL,'2026-03-17 10:34:11','2026-03-17 10:40:33','2026-03-17 10:40:33'),('e5a98763-1b67-4a58-a2ef-d77ec8e50a62','870fc436-4f0b-47c5-829b-df7846852b4e',35,400000.00,0.00,0.00,NULL,'2026-03-17 10:34:11','2026-03-17 10:40:33','2026-03-17 10:40:33');

--
-- Table structure for table `budget_approvals`
--

CREATE TABLE `budget_approvals` (
  `id` char(36) COLLATE utf8mb4_unicode_ci NOT NULL,
  `approvable_id` char(36) COLLATE utf8mb4_unicode_ci NOT NULL,
  `approvable_type` varchar(255) COLLATE utf8mb4_unicode_ci NOT NULL,
  `approver_id` char(36) COLLATE utf8mb4_unicode_ci NOT NULL,
  `approval_level_id` char(36) COLLATE utf8mb4_unicode_ci NOT NULL,
  `status` enum('pending','approved','rejected','requires_revision') COLLATE utf8mb4_unicode_ci NOT NULL DEFAULT 'pending',
  `comments` text COLLATE utf8mb4_unicode_ci,
  `approved_at` timestamp NOT NULL,
  `created_at` timestamp NULL DEFAULT NULL,
  `updated_at` timestamp NULL DEFAULT NULL,
  `deleted_at` timestamp NULL DEFAULT NULL,
  PRIMARY KEY (`id`),
  KEY `budget_approvals_approval_level_id_foreign` (`approval_level_id`),
  KEY `budget_approvals_approver_id_foreign` (`approver_id`),
  KEY `budget_approvals_approvable_id_approvable_type_index` (`approvable_id`,`approvable_type`),
  CONSTRAINT `budget_approvals_approval_level_id_foreign` FOREIGN KEY (`approval_level_id`) REFERENCES `approval_levels` (`id`) ON DELETE CASCADE,
  CONSTRAINT `budget_approvals_approver_id_foreign` FOREIGN KEY (`approver_id`) REFERENCES `employees` (`id`) ON DELETE CASCADE
) ENGINE=InnoDB DEFAULT CHARSET=utf8mb4 COLLATE=utf8mb4_unicode_ci;

--
-- Dumping data for table `budget_approvals`
--

INSERT INTO `budget_approvals` VALUES ('007f4e15-58ff-445d-b3fb-5edc13ddabc5','e78e7024-ab8d-4c2f-b968-e5e1fad6e026','App\\Models\\Accounting\\Budget','96455ad8-19dc-4d71-ac7c-19e23d7b3e0c','759aa60c-f86e-4a81-ac78-ee4e2e6d9548','approved','Approved','2026-04-13 09:40:04','2026-04-13 09:40:04','2026-04-13 09:40:04',NULL);

--
-- Table structure for table `budget_constraints`
--

CREATE TABLE `budget_constraints` (
  `id` char(36) COLLATE utf8mb4_unicode_ci NOT NULL,
  `budget_id` char(36) COLLATE utf8mb4_unicode_ci NOT NULL,
  `type` enum('max_per_transaction','category_cap','time_restriction') COLLATE utf8mb4_unicode_ci NOT NULL,
  `limit_amount` decimal(20,2) DEFAULT NULL,
  `conditions` json DEFAULT NULL,
  `created_at` timestamp NULL DEFAULT NULL,
  `updated_at` timestamp NULL DEFAULT NULL,
  PRIMARY KEY (`id`)
) ENGINE=InnoDB DEFAULT CHARSET=utf8mb4 COLLATE=utf8mb4_unicode_ci;

--
-- Dumping data for table `budget_constraints`
--


--
-- Table structure for table `budget_documents`
--

CREATE TABLE `budget_documents` (
  `id` char(36) COLLATE utf8mb4_unicode_ci NOT NULL,
  `budget_id` char(36) COLLATE utf8mb4_unicode_ci NOT NULL,
  `doc_path` varchar(255) COLLATE utf8mb4_unicode_ci NOT NULL,
  `description` varchar(255) COLLATE utf8mb4_unicode_ci DEFAULT NULL,
  PRIMARY KEY (`id`),
  KEY `budget_documents_budget_id_foreign` (`budget_id`),
  CONSTRAINT `budget_documents_budget_id_foreign` FOREIGN KEY (`budget_id`) REFERENCES `budgets` (`id`) ON DELETE CASCADE
) ENGINE=InnoDB DEFAULT CHARSET=utf8mb4 COLLATE=utf8mb4_unicode_ci;

--
-- Dumping data for table `budget_documents`
--


--
-- Table structure for table `budget_item_periods`
--

CREATE TABLE `budget_item_periods` (
  `id` char(36) COLLATE utf8mb4_unicode_ci NOT NULL,
  `budget_item_id` char(36) COLLATE utf8mb4_unicode_ci NOT NULL,
  `period_start` date NOT NULL,
  `period_end` date NOT NULL,
  `period_amount` decimal(20,2) NOT NULL,
  `period_spent` decimal(20,2) NOT NULL DEFAULT '0.00',
  `period_remaining` decimal(20,2) GENERATED ALWAYS AS ((`period_amount` - `period_spent`)) STORED,
  `frequency` enum('Weekly','Monthly','Quarterly','Yearly') COLLATE utf8mb4_unicode_ci NOT NULL DEFAULT 'Monthly',
  `label` varchar(255) COLLATE utf8mb4_unicode_ci DEFAULT NULL,
  `created_at` timestamp NULL DEFAULT NULL,
  `updated_at` timestamp NULL DEFAULT NULL,
  `deleted_at` timestamp NULL DEFAULT NULL,
  PRIMARY KEY (`id`),
  KEY `budget_item_periods_budget_item_id_period_start_period_end_index` (`budget_item_id`,`period_start`,`period_end`),
  CONSTRAINT `budget_item_periods_budget_item_id_foreign` FOREIGN KEY (`budget_item_id`) REFERENCES `budget_items` (`id`) ON DELETE CASCADE
) ENGINE=InnoDB DEFAULT CHARSET=utf8mb4 COLLATE=utf8mb4_unicode_ci;

--
-- Dumping data for table `budget_item_periods`
--

INSERT INTO `budget_item_periods` (`id`, `budget_item_id`, `period_start`, `period_end`, `period_amount`, `period_spent`, `frequency`, `label`, `created_at`, `updated_at`, `deleted_at`) VALUES ('02f55343-08ff-4875-b869-50689d577ce8','3f94d605-77af-4bdc-a1fe-336ad1df5290','2026-09-30','2026-12-30',11115000.00,0.00,'Monthly',NULL,'2026-03-23 15:57:27','2026-03-23 15:57:27',NULL),('043a8e55-1c94-4b11-8eb6-701c94f62b5c','c6168e19-1c36-45db-8826-e640a0689629','2025-12-31','2026-03-30',77000000.00,0.00,'Monthly',NULL,'2026-03-17 10:44:45','2026-03-17 10:44:45',NULL),('07d7f56f-ba15-47a2-ba02-1cb99ddd018e','4e12342b-fe95-4de7-b7c5-9c30f2589829','2025-12-31','2026-03-30',125000.00,0.00,'Monthly',NULL,'2026-03-13 11:02:29','2026-03-13 11:02:29',NULL),('0b533985-7eca-4b3b-ba93-db8263c3de7a','01be5361-5151-48f5-80c0-c30c6b67e0e9','2026-06-30','2026-09-29',125000.00,0.00,'Monthly',NULL,'2026-03-17 10:34:11','2026-03-17 10:34:11',NULL),('0c9d3bea-51fb-4a4f-9dd2-4103a7275d14','ceab53d4-66fd-4908-b83a-12bc25934c30','2026-03-31','2026-06-29',1250000.00,0.00,'Monthly',NULL,'2026-03-17 10:44:45','2026-03-17 10:44:45',NULL),('0fbad8bc-cb59-439e-a8a9-e9039e323bdc','ca13cc90-f749-4c4a-b153-a9d54542f4c2','2026-06-30','2026-09-29',125000.00,0.00,'Monthly',NULL,'2026-03-17 10:34:11','2026-03-17 10:34:11',NULL),('1106bd49-e916-4a99-806e-a9adee3d2351','01be5361-5151-48f5-80c0-c30c6b67e0e9','2025-12-31','2026-03-30',125000.00,0.00,'Monthly',NULL,'2026-03-17 10:34:11','2026-03-17 10:34:11',NULL),('11fc34c2-aeb9-4dfe-8655-959cc2e26a74','a6efbcff-c1ce-42fe-91a0-e2ce89089d28','2026-03-31','2026-06-29',11250000.00,0.00,'Monthly',NULL,'2026-03-17 10:44:45','2026-03-17 10:44:45',NULL),('14062961-a74d-4150-8113-4a9d41e87cfa','164c6c95-237f-4516-80ee-d425cd15d039','2026-06-30','2026-09-29',500000.00,0.00,'Monthly',NULL,'2026-03-17 10:44:45','2026-03-17 10:44:45',NULL),('15604b0c-dee9-466e-801f-8121a6e5082e','e9b99318-831e-430b-aee2-a92795040635','2026-06-30','2026-09-29',2500000.00,0.00,'Monthly',NULL,'2026-03-23 15:53:42','2026-03-23 15:53:42',NULL),('15e82f1f-7f80-46e2-9ae7-a55a1e3cb432','a23f0bb7-c91a-4f0b-b51d-1897b981346d','2026-09-30','2026-12-30',130044838.25,0.00,'Monthly',NULL,'2026-03-23 15:53:42','2026-03-23 15:53:42',NULL),('19851e56-8b81-4db8-90a3-44e3a17e974c','330ab6d8-f19f-41d8-8ef8-0801c225c66f','2025-12-31','2026-03-30',21786500.00,0.00,'Monthly',NULL,'2026-03-23 15:57:27','2026-03-23 15:57:27',NULL),('1c1b658e-c76f-44ef-9a5a-35e7a825be6f','a6efbcff-c1ce-42fe-91a0-e2ce89089d28','2026-09-30','2026-12-30',11250000.00,0.00,'Monthly',NULL,'2026-03-17 10:44:45','2026-03-17 10:44:45',NULL),('25caa791-8699-445e-b4e1-2e41f5c6180e','fb0cfae0-c583-4786-92ab-67bdefe1c58d','2026-09-30','2026-12-30',97250000.00,0.00,'Monthly',NULL,'2026-03-17 10:44:45','2026-03-17 10:44:45',NULL),('2a7f6af2-6ac1-4f09-b173-204b5e11fbc0','47093e5f-bf26-4377-be8b-6dce8a8d7693','2026-06-30','2026-09-29',100000.00,0.00,'Monthly',NULL,'2026-03-13 10:50:48','2026-03-13 10:50:48',NULL),('310f7728-4143-4e18-868c-40a3e9f0c316','69fdaad4-44a1-4e25-8d7f-cfcab9147418','2026-06-30','2026-09-29',69144297.00,0.00,'Monthly',NULL,'2026-03-17 10:44:45','2026-03-17 10:44:45',NULL),('33fbe981-7ee3-4c25-a6d5-789ee7d2c4bc','15213991-83bf-4e11-bfb8-70660178e70b','2026-09-30','2026-12-30',375000.00,0.00,'Monthly',NULL,'2026-03-17 10:44:45','2026-03-17 10:44:45',NULL),('34b62a7c-86e0-418e-abfd-7a357006c488','e83d792c-3e0d-4f1d-bd67-897c9e580149','2026-09-30','2026-12-30',100000.00,0.00,'Monthly',NULL,'2026-03-17 10:34:11','2026-03-17 10:34:11',NULL),('39a4a030-dd53-4f7d-aa6f-d4e60dcbc6af','a23f0bb7-c91a-4f0b-b51d-1897b981346d','2026-03-31','2026-06-29',130044838.25,0.00,'Monthly',NULL,'2026-03-23 15:53:42','2026-03-23 15:53:42',NULL),('39e23073-05ee-4e54-be38-4e299fce94cd','9344c7ae-672f-46ff-88fe-266f8c63a5f9','2026-06-30','2026-09-29',125000.00,0.00,'Monthly',NULL,'2026-03-13 10:33:46','2026-03-13 10:33:46',NULL),('3de284c7-6438-401f-aa44-282be2a9a3c2','a6efbcff-c1ce-42fe-91a0-e2ce89089d28','2026-06-30','2026-09-29',11250000.00,0.00,'Monthly',NULL,'2026-03-17 10:44:45','2026-03-17 10:44:45',NULL),('401a0241-dc57-48ab-a69e-07ff048b1a7b','5aecf51f-fa4c-4f58-8023-7bf70c00454a','2026-06-30','2026-09-29',125000.00,0.00,'Monthly',NULL,'2026-03-17 10:10:41','2026-03-17 10:10:41',NULL),('44985228-23fa-459a-b5ea-38c73f9b2992','15213991-83bf-4e11-bfb8-70660178e70b','2026-06-30','2026-09-29',375000.00,0.00,'Monthly',NULL,'2026-03-17 10:44:45','2026-03-17 10:44:45',NULL),('4664a3c2-55eb-4449-9346-9255f0b102e8','ca13cc90-f749-4c4a-b153-a9d54542f4c2','2025-12-31','2026-03-30',125000.00,0.00,'Monthly',NULL,'2026-03-17 10:34:11','2026-03-17 10:34:11',NULL),('46c9644e-fbcc-44d7-b5fd-e8a355314be4','c4ac62b9-b55f-4067-9c3c-011e39e8750b','2026-03-31','2026-06-29',125000.00,0.00,'Monthly',NULL,'2026-03-13 10:50:48','2026-03-13 10:50:48',NULL),('497b5a88-0f82-453e-8cec-7391681ad163','5aecf51f-fa4c-4f58-8023-7bf70c00454a','2026-03-31','2026-06-29',125000.00,0.00,'Monthly',NULL,'2026-03-17 10:10:41','2026-03-17 10:10:41',NULL),('4ad5208e-8a47-4ac9-9b3a-e4f702abb0c8','3f94d605-77af-4bdc-a1fe-336ad1df5290','2025-12-31','2026-03-30',11115000.00,0.00,'Monthly',NULL,'2026-03-23 15:57:27','2026-03-23 15:57:27',NULL),('4b44d050-0278-42ed-aae7-c48441f8df9b','4e12342b-fe95-4de7-b7c5-9c30f2589829','2026-03-31','2026-06-29',125000.00,0.00,'Monthly',NULL,'2026-03-13 11:02:29','2026-03-13 11:02:29',NULL),('4e66ad5e-4ef0-459e-95c3-1e9678e232c2','e9b99318-831e-430b-aee2-a92795040635','2026-09-30','2026-12-30',2500000.00,0.00,'Monthly',NULL,'2026-03-23 15:53:42','2026-03-23 15:53:42',NULL),('535af010-adc9-4685-af3e-2bf422a09a76','e9b99318-831e-430b-aee2-a92795040635','2026-03-31','2026-06-29',2500000.00,0.00,'Monthly',NULL,'2026-03-23 15:53:42','2026-03-23 15:53:42',NULL),('573f2165-c698-45fc-a120-d94f5d9aee57','164c6c95-237f-4516-80ee-d425cd15d039','2026-03-31','2026-06-29',500000.00,0.00,'Monthly',NULL,'2026-03-17 10:44:45','2026-03-17 10:44:45',NULL),('5bf4f9cb-6e21-47f3-aef9-1bf3babcdfb0','fb0cfae0-c583-4786-92ab-67bdefe1c58d','2026-03-31','2026-06-29',97250000.00,0.00,'Monthly',NULL,'2026-03-17 10:44:45','2026-03-17 10:44:45',NULL),('601c4591-dcdc-47f3-a18e-1b0f51818595','e9b99318-831e-430b-aee2-a92795040635','2025-12-31','2026-03-30',2500000.00,0.00,'Monthly',NULL,'2026-03-23 15:53:42','2026-03-23 15:53:42',NULL),('61f9efa2-1916-4270-9261-6a69bc237ab8','fb0cfae0-c583-4786-92ab-67bdefe1c58d','2026-06-30','2026-09-29',97250000.00,0.00,'Monthly',NULL,'2026-03-17 10:44:45','2026-03-17 10:44:45',NULL),('66f829e9-eb0d-46d1-9f35-300294e0e414','63bcf397-783b-4063-8fba-96268c784879','2025-12-31','2026-12-30',50000.00,0.00,'Monthly',NULL,'2026-03-17 10:35:02','2026-03-17 10:35:02',NULL),('6c402324-fd97-47ee-acd2-8cf7cb353bec','69fdaad4-44a1-4e25-8d7f-cfcab9147418','2026-03-31','2026-06-29',69144297.00,0.00,'Monthly',NULL,'2026-03-17 10:44:45','2026-03-17 10:44:45',NULL),('70ed06c4-4743-4906-823f-52f277be21d8','9344c7ae-672f-46ff-88fe-266f8c63a5f9','2026-09-30','2026-12-30',125000.00,0.00,'Monthly',NULL,'2026-03-13 10:33:46','2026-03-13 10:33:46',NULL),('7401a753-0c42-4342-9bc7-e19b9d9654e9','ca13cc90-f749-4c4a-b153-a9d54542f4c2','2026-09-30','2026-12-30',125000.00,0.00,'Monthly',NULL,'2026-03-17 10:34:11','2026-03-17 10:34:11',NULL),('78dd2398-a27d-44bf-b6b3-0571c905522a','69fdaad4-44a1-4e25-8d7f-cfcab9147418','2025-12-31','2026-03-30',69144297.00,0.00,'Monthly',NULL,'2026-03-17 10:44:45','2026-03-17 10:44:45',NULL),('79c7bef6-7146-42b5-bde4-8bee21ecb40a','9344c7ae-672f-46ff-88fe-266f8c63a5f9','2025-12-31','2026-03-30',125000.00,0.00,'Monthly',NULL,'2026-03-13 10:33:46','2026-03-13 10:33:46',NULL),('7a6fe35f-d6f2-4616-b763-0a8ec891ecf9','e8403877-d662-4b7f-8111-9ca734f5381f','2026-03-31','2026-06-29',16130000.00,0.00,'Monthly',NULL,'2026-03-23 15:57:27','2026-03-23 15:57:27',NULL),('7b822f72-fc8a-474c-b91f-d48529609edb','47093e5f-bf26-4377-be8b-6dce8a8d7693','2026-03-31','2026-06-29',100000.00,0.00,'Monthly',NULL,'2026-03-13 10:50:48','2026-03-13 10:50:48',NULL),('7ba71f66-66a6-440f-a317-b2911fff9984','47093e5f-bf26-4377-be8b-6dce8a8d7693','2026-09-30','2026-12-30',100000.00,0.00,'Monthly',NULL,'2026-03-13 10:50:48','2026-03-13 10:50:48',NULL),('7dcfca44-f58a-414d-ad13-c20114fd7772','d330e8e6-20ba-45ac-8e5e-32b5eef383a0','2026-03-31','2026-06-29',50000.00,0.00,'Monthly',NULL,'2026-03-17 10:10:41','2026-03-17 10:10:41',NULL),('7f8fc8c5-a193-46f6-b8d3-fe368c09e3e0','330ab6d8-f19f-41d8-8ef8-0801c225c66f','2026-03-31','2026-06-29',21786500.00,0.00,'Monthly',NULL,'2026-03-23 15:57:27','2026-03-23 15:57:27',NULL),('7fbcd31c-2352-4ea2-8ed1-3eaafbc50666','ceab53d4-66fd-4908-b83a-12bc25934c30','2026-09-30','2026-12-30',1250000.00,0.00,'Monthly',NULL,'2026-03-17 10:44:45','2026-03-17 10:44:45',NULL),('80215fb8-3a3d-45d6-9fb9-4e255ce47f1d','e8403877-d662-4b7f-8111-9ca734f5381f','2026-06-30','2026-09-29',16130000.00,0.00,'Monthly',NULL,'2026-03-23 15:57:27','2026-03-23 15:57:27',NULL),('83466210-d089-4c27-ac5c-aaca576ef2ea','a23f0bb7-c91a-4f0b-b51d-1897b981346d','2026-06-30','2026-09-29',130044838.25,0.00,'Monthly',NULL,'2026-03-23 15:53:42','2026-03-23 15:53:42',NULL),('853e3f30-7778-4de2-818c-66be9063ee44','e8403877-d662-4b7f-8111-9ca734f5381f','2025-12-31','2026-03-30',16130000.00,0.00,'Monthly',NULL,'2026-03-23 15:57:27','2026-03-23 15:57:27',NULL),('8559347f-8e00-4606-bdea-6a6d039c42c7','ceab53d4-66fd-4908-b83a-12bc25934c30','2025-12-31','2026-03-30',1250000.00,0.00,'Monthly',NULL,'2026-03-17 10:44:45','2026-03-17 10:44:45',NULL),('8e22089c-40a9-4e92-9c63-f0ca19fa9bfc','a23f0bb7-c91a-4f0b-b51d-1897b981346d','2025-12-31','2026-03-30',130044838.25,0.00,'Monthly',NULL,'2026-03-23 15:53:42','2026-03-23 15:53:42',NULL),('92899f75-8805-48a0-82cf-980c5dc90c0b','fb0cfae0-c583-4786-92ab-67bdefe1c58d','2025-12-31','2026-03-30',97250000.00,0.00,'Monthly',NULL,'2026-03-17 10:44:45','2026-03-17 10:44:45',NULL),('9672a704-c45c-44cc-8cf0-72f209f9558f','164c6c95-237f-4516-80ee-d425cd15d039','2026-09-30','2026-12-30',500000.00,0.00,'Monthly',NULL,'2026-03-17 10:44:45','2026-03-17 10:44:45',NULL),('97e7c0af-202e-49db-ad1b-b48f0c71bbff','15213991-83bf-4e11-bfb8-70660178e70b','2025-12-31','2026-03-30',375000.00,0.00,'Monthly',NULL,'2026-03-17 10:44:45','2026-03-17 10:44:45',NULL),('9bdf4538-c8fa-4535-8bda-89dd28f05f5e','e83d792c-3e0d-4f1d-bd67-897c9e580149','2026-06-30','2026-09-29',100000.00,0.00,'Monthly',NULL,'2026-03-17 10:34:11','2026-03-17 10:34:11',NULL),('aaabe0ee-ef6d-4ee3-a776-b7ca47a7acf4','47093e5f-bf26-4377-be8b-6dce8a8d7693','2025-12-31','2026-03-30',100000.00,0.00,'Monthly',NULL,'2026-03-13 10:50:48','2026-03-13 10:50:48',NULL),('aee84877-b23c-4869-867a-4e7c4d739403','330ab6d8-f19f-41d8-8ef8-0801c225c66f','2026-06-30','2026-09-29',21786500.00,0.00,'Monthly',NULL,'2026-03-23 15:57:27','2026-03-23 15:57:27',NULL),('b199fbc5-62b2-480a-956b-7903cb163d9f','3f94d605-77af-4bdc-a1fe-336ad1df5290','2026-06-30','2026-09-29',11115000.00,0.00,'Monthly',NULL,'2026-03-23 15:57:27','2026-03-23 15:57:27',NULL),('b8c4a54d-611e-45dd-a753-43bf37e3a8c8','4e12342b-fe95-4de7-b7c5-9c30f2589829','2026-09-30','2026-12-30',125000.00,0.00,'Monthly',NULL,'2026-03-13 11:02:29','2026-03-13 11:02:29',NULL),('bc571e1b-49dc-42f4-8f43-d5329a232ada','d330e8e6-20ba-45ac-8e5e-32b5eef383a0','2025-12-31','2026-03-30',50000.00,0.00,'Monthly',NULL,'2026-03-17 10:10:41','2026-03-17 10:10:41',NULL),('bcc3d9a9-d4e1-4b04-941b-ce8fd69610ce','c4ac62b9-b55f-4067-9c3c-011e39e8750b','2026-09-30','2026-12-30',125000.00,0.00,'Monthly',NULL,'2026-03-13 10:50:48','2026-03-13 10:50:48',NULL),('be87675f-361f-4d14-b167-143f9462bda2','5aecf51f-fa4c-4f58-8023-7bf70c00454a','2025-12-31','2026-03-30',125000.00,0.00,'Monthly',NULL,'2026-03-17 10:10:41','2026-03-17 10:10:41',NULL),('bea0e0b0-5446-455f-a7cf-82411c0c255f','c4ac62b9-b55f-4067-9c3c-011e39e8750b','2026-06-30','2026-09-29',125000.00,0.00,'Monthly',NULL,'2026-03-13 10:50:48','2026-03-13 10:50:48',NULL),('c326ae9e-bfdb-4e70-8a0b-e5c4a4ea1fb4','164c6c95-237f-4516-80ee-d425cd15d039','2025-12-31','2026-03-30',500000.00,0.00,'Monthly',NULL,'2026-03-17 10:44:45','2026-03-17 10:44:45',NULL),('c471eae3-c5d1-45eb-8900-da2082509bfa','e83d792c-3e0d-4f1d-bd67-897c9e580149','2026-03-31','2026-06-29',100000.00,0.00,'Monthly',NULL,'2026-03-17 10:34:11','2026-03-17 10:34:11',NULL),('c4c9d692-f9e3-4e7e-bbab-0faf803bddf1','4e12342b-fe95-4de7-b7c5-9c30f2589829','2026-06-30','2026-09-29',125000.00,0.00,'Monthly',NULL,'2026-03-13 11:02:29','2026-03-13 11:02:29',NULL),('c7f13bfa-fdf4-42d7-bb2e-240343829273','01be5361-5151-48f5-80c0-c30c6b67e0e9','2026-03-31','2026-06-29',125000.00,0.00,'Monthly',NULL,'2026-03-17 10:34:11','2026-03-17 10:34:11',NULL),('ca08eaee-2f2a-4ecf-9f02-46009b98e36d','e83d792c-3e0d-4f1d-bd67-897c9e580149','2025-12-31','2026-03-30',100000.00,0.00,'Monthly',NULL,'2026-03-17 10:34:11','2026-03-17 10:34:11',NULL),('cbca4e55-8aa3-4328-b2ab-0ac5bcad17dc','ca13cc90-f749-4c4a-b153-a9d54542f4c2','2026-03-31','2026-06-29',125000.00,0.00,'Monthly',NULL,'2026-03-17 10:34:11','2026-03-17 10:34:11',NULL),('ccbe2c71-4f45-4956-a0a3-67a5be3c4705','9344c7ae-672f-46ff-88fe-266f8c63a5f9','2026-03-31','2026-06-29',125000.00,0.00,'Monthly',NULL,'2026-03-13 10:33:46','2026-03-13 10:33:46',NULL),('d1cc8b7c-c420-4837-ac25-10fd4b755710','d330e8e6-20ba-45ac-8e5e-32b5eef383a0','2026-06-30','2026-09-29',50000.00,0.00,'Monthly',NULL,'2026-03-17 10:10:41','2026-03-17 10:10:41',NULL),('db6ccb0a-019f-4b99-8181-c6fd5f4cada9','c6168e19-1c36-45db-8826-e640a0689629','2026-09-30','2026-12-30',77000000.00,0.00,'Monthly',NULL,'2026-03-17 10:44:45','2026-03-17 10:44:45',NULL),('dbda3e7c-373d-4b77-9d4d-e5a031e25078','69fdaad4-44a1-4e25-8d7f-cfcab9147418','2026-09-30','2026-12-30',69144297.00,0.00,'Monthly',NULL,'2026-03-17 10:44:45','2026-03-17 10:44:45',NULL),('dbf87663-0f10-4abf-a7f9-1ab173387bb9','ceab53d4-66fd-4908-b83a-12bc25934c30','2026-06-30','2026-09-29',1250000.00,0.00,'Monthly',NULL,'2026-03-17 10:44:45','2026-03-17 10:44:45',NULL),('dc959ed3-1848-475b-a059-622957fe5b11','330ab6d8-f19f-41d8-8ef8-0801c225c66f','2026-09-30','2026-12-30',21786500.00,0.00,'Monthly',NULL,'2026-03-23 15:57:27','2026-03-23 15:57:27',NULL),('e2a5758e-97e3-4cf9-92bb-99408fd882a5','c6168e19-1c36-45db-8826-e640a0689629','2026-06-30','2026-09-29',77000000.00,0.00,'Monthly',NULL,'2026-03-17 10:44:45','2026-03-17 10:44:45',NULL),('e2d4eb80-fad6-4400-a6a5-ea1f9593da08','01be5361-5151-48f5-80c0-c30c6b67e0e9','2026-09-30','2026-12-30',125000.00,0.00,'Monthly',NULL,'2026-03-17 10:34:11','2026-03-17 10:34:11',NULL),('e36ee4ae-76f7-42c5-98c7-7d7d501dc5e3','a6efbcff-c1ce-42fe-91a0-e2ce89089d28','2025-12-31','2026-03-30',11250000.00,0.00,'Monthly',NULL,'2026-03-17 10:44:45','2026-03-17 10:44:45',NULL),('e629a238-fad2-4e7b-9e57-05f6c800ca1d','e8403877-d662-4b7f-8111-9ca734f5381f','2026-09-30','2026-12-30',16130000.00,0.00,'Monthly',NULL,'2026-03-23 15:57:27','2026-03-23 15:57:27',NULL),('eb5aca92-c751-4928-8eeb-52a10b58289a','c6168e19-1c36-45db-8826-e640a0689629','2026-03-31','2026-06-29',77000000.00,0.00,'Monthly',NULL,'2026-03-17 10:44:45','2026-03-17 10:44:45',NULL),('ed4c1409-4147-441f-a962-23b31ac79939','15213991-83bf-4e11-bfb8-70660178e70b','2026-03-31','2026-06-29',375000.00,0.00,'Monthly',NULL,'2026-03-17 10:44:45','2026-03-17 10:44:45',NULL),('f816d465-dac9-4cca-b915-578a76da8b22','d330e8e6-20ba-45ac-8e5e-32b5eef383a0','2026-09-30','2026-12-30',50000.00,0.00,'Monthly',NULL,'2026-03-17 10:10:41','2026-03-17 10:10:41',NULL),('fb9b3ac3-917d-4d29-9a24-76bfaad71813','c4ac62b9-b55f-4067-9c3c-011e39e8750b','2025-12-31','2026-03-30',125000.00,0.00,'Monthly',NULL,'2026-03-13 10:50:48','2026-03-13 10:50:48',NULL),('fcc86d03-d91b-4206-89a1-0361ea20e6e1','5aecf51f-fa4c-4f58-8023-7bf70c00454a','2026-09-30','2026-12-30',125000.00,0.00,'Monthly',NULL,'2026-03-17 10:10:41','2026-03-17 10:10:41',NULL),('fff1d624-dc3f-4a59-bcfa-bc9baec920ff','3f94d605-77af-4bdc-a1fe-336ad1df5290','2026-03-31','2026-06-29',11115000.00,0.00,'Monthly',NULL,'2026-03-23 15:57:27','2026-03-23 15:57:27',NULL);

--
-- Table structure for table `budget_items`
--

CREATE TABLE `budget_items` (
  `id` char(36) COLLATE utf8mb4_unicode_ci NOT NULL,
  `allocation_id` char(36) COLLATE utf8mb4_unicode_ci NOT NULL,
  `amount` decimal(20,2) NOT NULL,
  `type` enum('Revenue','Expense') COLLATE utf8mb4_unicode_ci NOT NULL,
  `spent_amount` decimal(20,2) NOT NULL DEFAULT '0.00',
  `remaining_amount` decimal(20,2) GENERATED ALWAYS AS ((`amount` - `spent_amount`)) STORED,
  `coa` bigint unsigned NOT NULL,
  `status` tinyint(1) NOT NULL DEFAULT '1',
  `description` varchar(255) COLLATE utf8mb4_unicode_ci DEFAULT NULL,
  `deleted_at` timestamp NULL DEFAULT NULL,
  `created_at` timestamp NULL DEFAULT NULL,
  `updated_at` timestamp NULL DEFAULT NULL,
  PRIMARY KEY (`id`),
  UNIQUE KEY `budget_items_coa_allocation_id_unique` (`coa`,`allocation_id`),
  KEY `budget_items_coa_allocation_id_index` (`coa`,`allocation_id`),
  KEY `budget_items_allocation_id_foreign` (`allocation_id`),
  CONSTRAINT `budget_items_allocation_id_foreign` FOREIGN KEY (`allocation_id`) REFERENCES `budget_allocations` (`id`) ON DELETE CASCADE,
  CONSTRAINT `budget_items_coa_foreign` FOREIGN KEY (`coa`) REFERENCES `chart_of_accounts` (`id`)
) ENGINE=InnoDB DEFAULT CHARSET=utf8mb4 COLLATE=utf8mb4_unicode_ci;

--
-- Dumping data for table `budget_items`
--

INSERT INTO `budget_items` (`id`, `allocation_id`, `amount`, `type`, `spent_amount`, `coa`, `status`, `description`, `deleted_at`, `created_at`, `updated_at`) VALUES ('01be5361-5151-48f5-80c0-c30c6b67e0e9','debd23c1-7e4f-4ca6-9652-8b5bee02da7b',500000.00,'Revenue',0.00,4,1,NULL,'2026-03-17 10:40:33','2026-03-17 10:34:11','2026-03-17 10:40:33'),('15213991-83bf-4e11-bfb8-70660178e70b','d0c9905a-09e1-4ea0-9295-5fc90b1ccb6d',1500000.00,'Expense',0.00,66,1,NULL,'2026-03-23 15:53:41','2026-03-17 10:44:45','2026-03-23 15:53:41'),('164c6c95-237f-4516-80ee-d425cd15d039','d0c9905a-09e1-4ea0-9295-5fc90b1ccb6d',2000000.00,'Expense',0.00,65,1,NULL,'2026-03-23 15:53:41','2026-03-17 10:44:45','2026-03-23 15:53:41'),('22ca3ac6-ce76-4a3a-9ea4-8b4b007ff5c4','866d94bb-b09b-4d3e-ba1d-fc75a837954f',276577188.00,'Expense',0.00,73,1,NULL,NULL,'2026-03-23 15:57:27','2026-03-23 15:57:27'),('2e7521b7-4d16-497b-9bec-d1a626b48ca2','3d77c0fd-9cd9-42a6-a1ea-605b956f3c19',520179353.00,'Revenue',0.00,2,1,NULL,NULL,'2026-03-23 15:57:27','2026-03-23 15:57:27'),('2e764902-0132-4129-8fa5-0992c05d8708','9e4e7781-f7b1-4886-b85d-e729ceaf386d',45000000.00,'Expense',0.00,71,1,NULL,'2026-03-23 15:57:27','2026-03-23 15:53:42','2026-03-23 15:57:27'),('330ab6d8-f19f-41d8-8ef8-0801c225c66f','1229298b-6421-4cb6-a264-56ca4df5ff53',87146000.00,'Expense',0.00,62,1,NULL,NULL,'2026-03-23 15:57:27','2026-03-23 15:57:27'),('3368c788-7602-4ecf-ad91-45c43c54ed5d','9e4e7781-f7b1-4886-b85d-e729ceaf386d',276577188.00,'Expense',0.00,73,1,NULL,'2026-03-23 15:57:27','2026-03-23 15:53:42','2026-03-23 15:57:27'),('3f94d605-77af-4bdc-a1fe-336ad1df5290','1229298b-6421-4cb6-a264-56ca4df5ff53',44460000.00,'Expense',200000.00,64,1,NULL,NULL,'2026-03-23 15:57:27','2026-04-23 09:24:42'),('47093e5f-bf26-4377-be8b-6dce8a8d7693','c65099c6-731c-4a1e-90e3-9d36031c3d44',400000.00,'Revenue',0.00,4,1,NULL,'2026-03-13 11:30:29','2026-03-13 10:50:48','2026-03-13 11:30:29'),('4bb5616b-5d1e-4ae1-9f52-8deb11d1a376','69e0141a-1a47-4353-ac71-8cd1139fc6f5',389000000.00,'Revenue',0.00,1,1,NULL,'2026-03-23 15:57:27','2026-03-23 15:53:42','2026-03-23 15:57:27'),('4e12342b-fe95-4de7-b7c5-9c30f2589829','5271cc96-082b-4ce0-af13-e7ebf21d253a',500000.00,'Expense',0.00,109,1,NULL,'2026-03-13 11:30:32','2026-03-13 11:02:29','2026-03-13 11:30:32'),('4e7d1257-34b3-4218-9366-47b180fbd213','69e0141a-1a47-4353-ac71-8cd1139fc6f5',308000000.00,'Revenue',0.00,747,1,NULL,'2026-03-23 15:57:27','2026-03-23 15:53:42','2026-03-23 15:57:27'),('5235524c-34eb-44e3-89a0-24f4f18d3036','866d94bb-b09b-4d3e-ba1d-fc75a837954f',45000000.00,'Expense',0.00,71,1,NULL,NULL,'2026-03-23 15:57:27','2026-03-23 15:57:27'),('5aecf51f-fa4c-4f58-8023-7bf70c00454a','ced606d1-deb4-451a-b6f7-1b5e6987cbb0',500000.00,'Revenue',0.00,2,1,NULL,'2026-03-17 10:40:23','2026-03-17 10:10:41','2026-03-17 10:40:23'),('63bcf397-783b-4063-8fba-96268c784879','334374ab-5182-477b-b88c-6bb499a0f4e6',50000.00,'Expense',0.00,534,1,NULL,'2026-03-17 10:40:29','2026-03-17 10:35:02','2026-03-17 10:40:29'),('6710d0ca-6632-4f1f-94c2-6063f1db71e4','9e4e7781-f7b1-4886-b85d-e729ceaf386d',2000000.00,'Expense',0.00,65,1,NULL,'2026-03-23 15:57:27','2026-03-23 15:53:42','2026-03-23 15:57:27'),('69fdaad4-44a1-4e25-8d7f-cfcab9147418','d0c9905a-09e1-4ea0-9295-5fc90b1ccb6d',276577188.00,'Expense',0.00,73,1,NULL,'2026-03-23 15:53:41','2026-03-17 10:44:45','2026-03-23 15:53:41'),('6c119e0b-7ffa-4823-afe8-82b5604cf984','9e4e7781-f7b1-4886-b85d-e729ceaf386d',5000000.00,'Expense',0.00,67,1,NULL,'2026-03-23 15:57:27','2026-03-23 15:53:42','2026-03-23 15:57:27'),('6da5b65a-2514-4c64-815f-96743def5991','9e4e7781-f7b1-4886-b85d-e729ceaf386d',1500000.00,'Expense',0.00,66,1,NULL,'2026-03-23 15:57:27','2026-03-23 15:53:42','2026-03-23 15:57:27'),('6eadb6c3-1b3f-456b-a3cf-f182d17bdff3','81fadcff-0dc9-4f48-ba1d-aac77546a962',308000000.00,'Revenue',0.00,747,1,NULL,NULL,'2026-03-23 15:57:27','2026-03-23 15:57:27'),('9344c7ae-672f-46ff-88fe-266f8c63a5f9','2bc307e8-8012-484d-93be-fed219529bd3',500000.00,'Revenue',0.00,2,1,NULL,'2026-03-13 11:30:24','2026-03-13 10:33:46','2026-03-13 11:30:24'),('9bc3037e-e1f0-4e73-b9be-ee7333ab932e','81fadcff-0dc9-4f48-ba1d-aac77546a962',389000000.00,'Revenue',0.00,1,1,NULL,NULL,'2026-03-23 15:57:27','2026-03-23 15:57:27'),('a23f0bb7-c91a-4f0b-b51d-1897b981346d','abd5a37f-83ef-42c8-afdf-500cb6abe2b4',520179353.00,'Revenue',0.00,2,1,NULL,'2026-03-23 15:57:27','2026-03-23 15:53:42','2026-03-23 15:57:27'),('a6efbcff-c1ce-42fe-91a0-e2ce89089d28','d0c9905a-09e1-4ea0-9295-5fc90b1ccb6d',45000000.00,'Expense',0.00,71,1,NULL,'2026-03-23 15:53:41','2026-03-17 10:44:45','2026-03-23 15:53:41'),('ac15c5ef-7d9d-4cab-8d13-746df7c5755b','866d94bb-b09b-4d3e-ba1d-fc75a837954f',5000000.00,'Expense',0.00,67,1,NULL,NULL,'2026-03-23 15:57:27','2026-03-23 15:57:27'),('b647e841-1300-4206-957c-704b0e864827','3d77c0fd-9cd9-42a6-a1ea-605b956f3c19',10000000.00,'Revenue',0.00,4,1,NULL,NULL,'2026-03-23 15:57:27','2026-03-23 15:57:27'),('c4ac62b9-b55f-4067-9c3c-011e39e8750b','6200be67-3506-402c-a8ac-21873476965e',500000.00,'Expense',0.00,28,1,NULL,'2026-03-13 11:30:29','2026-03-13 10:50:48','2026-03-13 11:30:29'),('c6168e19-1c36-45db-8826-e640a0689629','27cca90f-277e-468d-b1b0-53f20960ab17',308000000.00,'Revenue',0.00,747,1,NULL,'2026-03-23 15:53:41','2026-03-17 10:44:45','2026-03-23 15:53:41'),('ca13cc90-f749-4c4a-b153-a9d54542f4c2','debd23c1-7e4f-4ca6-9652-8b5bee02da7b',500000.00,'Revenue',0.00,2,1,NULL,'2026-03-17 10:40:33','2026-03-17 10:34:11','2026-03-17 10:40:33'),('ceab53d4-66fd-4908-b83a-12bc25934c30','d0c9905a-09e1-4ea0-9295-5fc90b1ccb6d',5000000.00,'Expense',0.00,67,1,NULL,'2026-03-23 15:53:41','2026-03-17 10:44:45','2026-03-23 15:53:41'),('d330e8e6-20ba-45ac-8e5e-32b5eef383a0','139bf9fd-863c-443a-a5b2-90ea6a9d88bf',200000.00,'Expense',0.00,27,1,NULL,'2026-03-17 10:40:23','2026-03-17 10:10:41','2026-03-17 10:40:23'),('d60c51ba-cb65-4e4b-8afd-35b35178fe2d','866d94bb-b09b-4d3e-ba1d-fc75a837954f',1500000.00,'Expense',0.00,66,1,NULL,NULL,'2026-03-23 15:57:27','2026-03-23 15:57:27'),('e83d792c-3e0d-4f1d-bd67-897c9e580149','e5a98763-1b67-4a58-a2ef-d77ec8e50a62',400000.00,'Expense',0.00,36,1,NULL,'2026-03-17 10:40:33','2026-03-17 10:34:11','2026-03-17 10:40:33'),('e8403877-d662-4b7f-8111-9ca734f5381f','1229298b-6421-4cb6-a264-56ca4df5ff53',64520000.00,'Expense',0.00,63,1,NULL,NULL,'2026-03-23 15:57:27','2026-03-23 15:57:27'),('e9b99318-831e-430b-aee2-a92795040635','abd5a37f-83ef-42c8-afdf-500cb6abe2b4',10000000.00,'Revenue',0.00,4,1,NULL,'2026-03-23 15:57:27','2026-03-23 15:53:42','2026-03-23 15:57:27'),('f08eb4f8-5b44-4a54-968b-ad316daf2cb0','866d94bb-b09b-4d3e-ba1d-fc75a837954f',2000000.00,'Expense',0.00,65,1,NULL,NULL,'2026-03-23 15:57:27','2026-03-23 15:57:27'),('fb0cfae0-c583-4786-92ab-67bdefe1c58d','27cca90f-277e-468d-b1b0-53f20960ab17',389000000.00,'Revenue',0.00,1,1,NULL,'2026-03-23 15:53:41','2026-03-17 10:44:45','2026-03-23 15:53:41');

--
-- Table structure for table `budget_revisions`
--

CREATE TABLE `budget_revisions` (
  `id` char(36) COLLATE utf8mb4_unicode_ci NOT NULL,
  `budget_id` char(36) COLLATE utf8mb4_unicode_ci NOT NULL,
  `changes` json NOT NULL,
  `revised_by` char(36) COLLATE utf8mb4_unicode_ci NOT NULL,
  `revised_at` timestamp NOT NULL,
  `created_at` timestamp NULL DEFAULT NULL,
  `updated_at` timestamp NULL DEFAULT NULL,
  PRIMARY KEY (`id`)
) ENGINE=InnoDB DEFAULT CHARSET=utf8mb4 COLLATE=utf8mb4_unicode_ci;

--
-- Dumping data for table `budget_revisions`
--

INSERT INTO `budget_revisions` VALUES ('29e05362-7fdd-4f4c-a7ca-f108459e7089','870fc436-4f0b-47c5-829b-df7846852b4e','{\"initial_creation\": true}','f3683bee-094b-4aa6-8163-8d418a27eb6a','2026-03-17 10:34:11','2026-03-17 10:34:11','2026-03-17 10:34:11'),('82d32e20-6ea4-4249-9cb5-fa4db2bfb5c8','19e6668d-d143-4609-8299-a141833de7a6','{\"initial_creation\": true}','f3683bee-094b-4aa6-8163-8d418a27eb6a','2026-03-13 10:50:48','2026-03-13 10:50:48','2026-03-13 10:50:48'),('a3385a34-6323-405a-ac4d-7624b35f1de6','c03b533d-243d-4ec6-a589-5d14dd3df963','{\"initial_creation\": true}','f3683bee-094b-4aa6-8163-8d418a27eb6a','2026-03-13 11:02:29','2026-03-13 11:02:29','2026-03-13 11:02:29'),('a8759b80-338c-4522-b742-ecf1f40020bd','cc98d77d-4b60-4318-a86d-96330ed757e0','{\"initial_creation\": true}','f3683bee-094b-4aa6-8163-8d418a27eb6a','2026-03-17 10:35:02','2026-03-17 10:35:02','2026-03-17 10:35:02'),('bdc8d923-5cbb-4753-8ebb-05ad1fe3786b','830c8954-86d0-4429-9e6b-5e519f2c2064','{\"initial_creation\": true}','f3683bee-094b-4aa6-8163-8d418a27eb6a','2026-03-13 10:33:46','2026-03-13 10:33:46','2026-03-13 10:33:46'),('c154050c-0368-44d3-8cd6-412ac6fd14d3','e78e7024-ab8d-4c2f-b968-e5e1fad6e026','{\"structure_updated\": true}','3de7c572-94cb-4a65-b30e-ba55d6c94893','2026-03-23 15:57:27','2026-03-23 15:57:27','2026-03-23 15:57:27'),('c376f17d-741d-498c-8dc2-63dffa712518','e78e7024-ab8d-4c2f-b968-e5e1fad6e026','{\"initial_creation\": true}','3de7c572-94cb-4a65-b30e-ba55d6c94893','2026-03-17 10:44:45','2026-03-17 10:44:45','2026-03-17 10:44:45'),('e51cc3a3-33b2-4b9a-ba9d-8fec43ac4ab8','8207baab-5099-4299-b200-b0ad45b05097','{\"initial_creation\": true}','f3683bee-094b-4aa6-8163-8d418a27eb6a','2026-03-17 10:10:41','2026-03-17 10:10:41','2026-03-17 10:10:41'),('ed65d102-301e-4eeb-ad2d-0edfe8e66c00','e78e7024-ab8d-4c2f-b968-e5e1fad6e026','{\"structure_updated\": true}','3de7c572-94cb-4a65-b30e-ba55d6c94893','2026-03-23 15:53:42','2026-03-23 15:53:42','2026-03-23 15:53:42');

--
-- Table structure for table `budget_templates`
--

CREATE TABLE `budget_templates` (
  `id` char(36) COLLATE utf8mb4_unicode_ci NOT NULL,
  `name` varchar(255) COLLATE utf8mb4_unicode_ci NOT NULL,
  `organisation_id` char(36) COLLATE utf8mb4_unicode_ci NOT NULL,
  `template_structure` json NOT NULL,
  `is_active` tinyint(1) NOT NULL DEFAULT '1',
  `created_at` timestamp NULL DEFAULT NULL,
  `updated_at` timestamp NULL DEFAULT NULL,
  PRIMARY KEY (`id`)
) ENGINE=InnoDB DEFAULT CHARSET=utf8mb4 COLLATE=utf8mb4_unicode_ci;

--
-- Dumping data for table `budget_templates`
--


--
-- Table structure for table `budget_transfers`
--

CREATE TABLE `budget_transfers` (
  `id` char(36) COLLATE utf8mb4_unicode_ci NOT NULL,
  `from_budget_id` char(36) COLLATE utf8mb4_unicode_ci NOT NULL,
  `to_budget_id` char(36) COLLATE utf8mb4_unicode_ci NOT NULL,
  `amount` decimal(20,2) NOT NULL,
  `reason` varchar(255) COLLATE utf8mb4_unicode_ci NOT NULL,
  `approved_by` char(36) COLLATE utf8mb4_unicode_ci DEFAULT NULL,
  `transfer_date` timestamp NOT NULL,
  `status` enum('pending','approved','rejected') COLLATE utf8mb4_unicode_ci NOT NULL,
  `created_at` timestamp NULL DEFAULT NULL,
  `updated_at` timestamp NULL DEFAULT NULL,
  PRIMARY KEY (`id`)
) ENGINE=InnoDB DEFAULT CHARSET=utf8mb4 COLLATE=utf8mb4_unicode_ci;

--
-- Dumping data for table `budget_transfers`
--


--
-- Table structure for table `budgets`
--

CREATE TABLE `budgets` (
  `id` char(36) COLLATE utf8mb4_unicode_ci NOT NULL,
  `fiscal_year_id` char(36) COLLATE utf8mb4_unicode_ci NOT NULL,
  `current_approval_level` char(36) COLLATE utf8mb4_unicode_ci DEFAULT NULL,
  `organisation_id` char(36) COLLATE utf8mb4_unicode_ci NOT NULL,
  `name` varchar(255) COLLATE utf8mb4_unicode_ci NOT NULL,
  `total_allocated_expenses` decimal(20,2) NOT NULL DEFAULT '0.00',
  `total_allocated_income` decimal(20,2) NOT NULL DEFAULT '0.00',
  `total_spent_expenses` decimal(20,2) NOT NULL DEFAULT '0.00',
  `total_spent_income` decimal(20,2) NOT NULL DEFAULT '0.00',
  `remaining_expenses` decimal(20,2) GENERATED ALWAYS AS ((`total_allocated_expenses` - `total_spent_expenses`)) STORED,
  `remaining_income` decimal(20,2) GENERATED ALWAYS AS ((`total_allocated_income` - `total_spent_income`)) STORED,
  `currency_id` char(36) COLLATE utf8mb4_unicode_ci NOT NULL,
  `description` varchar(255) COLLATE utf8mb4_unicode_ci DEFAULT NULL,
  `parent_id` char(36) COLLATE utf8mb4_unicode_ci DEFAULT NULL,
  `budget_category_id` char(36) COLLATE utf8mb4_unicode_ci DEFAULT NULL,
  `budget_category` enum('Operational','Capital Expenditure') COLLATE utf8mb4_unicode_ci NOT NULL DEFAULT 'Operational',
  `status` enum('draft','submitted','in_review','requires_revision','approved','rejected','cancelled','archived') COLLATE utf8mb4_unicode_ci NOT NULL DEFAULT 'draft',
  `submitted_at` timestamp NULL DEFAULT NULL,
  `approved_at` timestamp NULL DEFAULT NULL,
  `submitted_by` char(36) COLLATE utf8mb4_unicode_ci DEFAULT NULL,
  `approved_by` char(36) COLLATE utf8mb4_unicode_ci DEFAULT NULL,
  `original_budget_id` char(36) COLLATE utf8mb4_unicode_ci DEFAULT NULL,
  `revision_number` int NOT NULL DEFAULT '1',
  `is_latest` tinyint(1) NOT NULL DEFAULT '1',
  `version_metadata` json DEFAULT NULL,
  `created_from_version` char(36) COLLATE utf8mb4_unicode_ci DEFAULT NULL,
  `deleted_at` timestamp NULL DEFAULT NULL,
  `created_at` timestamp NULL DEFAULT NULL,
  `updated_at` timestamp NULL DEFAULT NULL,
  PRIMARY KEY (`id`),
  KEY `budgets_budget_category_id_foreign` (`budget_category_id`),
  KEY `budgets_parent_id_foreign` (`parent_id`),
  KEY `budgets_currency_id_foreign` (`currency_id`),
  KEY `budgets_fiscal_year_id_foreign` (`fiscal_year_id`),
  KEY `budgets_submitted_by_foreign` (`submitted_by`),
  KEY `budgets_approved_by_foreign` (`approved_by`),
  KEY `budgets_current_approval_level_foreign` (`current_approval_level`),
  CONSTRAINT `budgets_approved_by_foreign` FOREIGN KEY (`approved_by`) REFERENCES `employees` (`id`),
  CONSTRAINT `budgets_budget_category_id_foreign` FOREIGN KEY (`budget_category_id`) REFERENCES `budget_categories` (`id`) ON DELETE CASCADE,
  CONSTRAINT `budgets_currency_id_foreign` FOREIGN KEY (`currency_id`) REFERENCES `currencies` (`id`) ON DELETE CASCADE,
  CONSTRAINT `budgets_current_approval_level_foreign` FOREIGN KEY (`current_approval_level`) REFERENCES `approval_levels` (`id`),
  CONSTRAINT `budgets_fiscal_year_id_foreign` FOREIGN KEY (`fiscal_year_id`) REFERENCES `fiscal_years` (`id`) ON DELETE CASCADE,
  CONSTRAINT `budgets_parent_id_foreign` FOREIGN KEY (`parent_id`) REFERENCES `budgets` (`id`) ON DELETE CASCADE,
  CONSTRAINT `budgets_submitted_by_foreign` FOREIGN KEY (`submitted_by`) REFERENCES `employees` (`id`)
) ENGINE=InnoDB DEFAULT CHARSET=utf8mb4 COLLATE=utf8mb4_unicode_ci;

--
-- Dumping data for table `budgets`
--

INSERT INTO `budgets` (`id`, `fiscal_year_id`, `current_approval_level`, `organisation_id`, `name`, `total_allocated_expenses`, `total_allocated_income`, `total_spent_expenses`, `total_spent_income`, `currency_id`, `description`, `parent_id`, `budget_category_id`, `budget_category`, `status`, `submitted_at`, `approved_at`, `submitted_by`, `approved_by`, `original_budget_id`, `revision_number`, `is_latest`, `version_metadata`, `created_from_version`, `deleted_at`, `created_at`, `updated_at`) VALUES ('19e6668d-d143-4609-8299-a141833de7a6','474999f5-e3a4-473f-9ec3-6211fc872bf1','759aa60c-f86e-4a81-ac78-ee4e2e6d9548','ac7e5b0f-d0dd-44a4-913c-6d365861fad6','Operational Budget (2025/2026)',500000.00,400000.00,0.00,0.00,'0dedd890-3cdc-43ef-a08d-b25123f19e28',NULL,NULL,NULL,'Operational','draft',NULL,NULL,'f3683bee-094b-4aa6-8163-8d418a27eb6a',NULL,NULL,1,1,NULL,NULL,'2026-03-13 11:30:29','2026-03-13 10:50:48','2026-03-13 11:30:29'),('8207baab-5099-4299-b200-b0ad45b05097','474999f5-e3a4-473f-9ec3-6211fc872bf1','759aa60c-f86e-4a81-ac78-ee4e2e6d9548','ac7e5b0f-d0dd-44a4-913c-6d365861fad6','Operational Budget (2025/2026)',200000.00,500000.00,0.00,0.00,'0dedd890-3cdc-43ef-a08d-b25123f19e28',NULL,NULL,NULL,'Operational','draft',NULL,NULL,'f3683bee-094b-4aa6-8163-8d418a27eb6a',NULL,NULL,1,1,NULL,NULL,'2026-03-17 10:40:23','2026-03-17 10:10:41','2026-03-17 10:40:23'),('830c8954-86d0-4429-9e6b-5e519f2c2064','474999f5-e3a4-473f-9ec3-6211fc872bf1','759aa60c-f86e-4a81-ac78-ee4e2e6d9548','ac7e5b0f-d0dd-44a4-913c-6d365861fad6','Operational Budget (2025/2026)',0.00,500000.00,0.00,0.00,'0dedd890-3cdc-43ef-a08d-b25123f19e28',NULL,NULL,NULL,'Operational','draft',NULL,NULL,'f3683bee-094b-4aa6-8163-8d418a27eb6a',NULL,NULL,1,1,NULL,NULL,'2026-03-13 11:30:24','2026-03-13 10:33:46','2026-03-13 11:30:24'),('870fc436-4f0b-47c5-829b-df7846852b4e','474999f5-e3a4-473f-9ec3-6211fc872bf1','759aa60c-f86e-4a81-ac78-ee4e2e6d9548','ac7e5b0f-d0dd-44a4-913c-6d365861fad6','Operational Budget (2025/2026)',400000.00,1000000.00,0.00,0.00,'0dedd890-3cdc-43ef-a08d-b25123f19e28',NULL,NULL,NULL,'Operational','draft',NULL,NULL,'f3683bee-094b-4aa6-8163-8d418a27eb6a',NULL,NULL,1,1,NULL,NULL,'2026-03-17 10:40:33','2026-03-17 10:34:11','2026-03-17 10:40:33'),('c03b533d-243d-4ec6-a589-5d14dd3df963','474999f5-e3a4-473f-9ec3-6211fc872bf1','759aa60c-f86e-4a81-ac78-ee4e2e6d9548','ac7e5b0f-d0dd-44a4-913c-6d365861fad6','Capital Expenditure Budget (2025/2026)',500000.00,0.00,0.00,0.00,'0dedd890-3cdc-43ef-a08d-b25123f19e28',NULL,NULL,NULL,'Capital Expenditure','draft',NULL,NULL,'f3683bee-094b-4aa6-8163-8d418a27eb6a',NULL,NULL,1,1,NULL,NULL,'2026-03-13 11:30:32','2026-03-13 11:02:29','2026-03-13 11:30:32'),('cc98d77d-4b60-4318-a86d-96330ed757e0','474999f5-e3a4-473f-9ec3-6211fc872bf1','759aa60c-f86e-4a81-ac78-ee4e2e6d9548','ac7e5b0f-d0dd-44a4-913c-6d365861fad6','Capital Expenditure Budget (2025/2026)',50000.00,0.00,0.00,0.00,'0dedd890-3cdc-43ef-a08d-b25123f19e28',NULL,NULL,NULL,'Capital Expenditure','draft',NULL,NULL,'f3683bee-094b-4aa6-8163-8d418a27eb6a',NULL,NULL,1,1,NULL,NULL,'2026-03-17 10:40:29','2026-03-17 10:35:02','2026-03-17 10:40:29'),('e78e7024-ab8d-4c2f-b968-e5e1fad6e026','474999f5-e3a4-473f-9ec3-6211fc872bf1','759aa60c-f86e-4a81-ac78-ee4e2e6d9548','ac7e5b0f-d0dd-44a4-913c-6d365861fad6','Operational Budget (2025/2026)',526203188.00,1227179353.00,200000.00,0.00,'0dedd890-3cdc-43ef-a08d-b25123f19e28','2025/2026',NULL,NULL,'Operational','approved',NULL,NULL,'3de7c572-94cb-4a65-b30e-ba55d6c94893',NULL,NULL,1,1,NULL,NULL,NULL,'2026-03-17 10:44:45','2026-04-23 09:24:42');

--
-- Table structure for table `buyers`
--

CREATE TABLE `buyers` (
  `id` char(36) COLLATE utf8mb4_unicode_ci NOT NULL,
  `organisation_id` char(36) COLLATE utf8mb4_unicode_ci NOT NULL,
  `name` varchar(255) COLLATE utf8mb4_unicode_ci NOT NULL,
  `description` varchar(255) COLLATE utf8mb4_unicode_ci DEFAULT NULL,
  `created_at` timestamp NULL DEFAULT NULL,
  `updated_at` timestamp NULL DEFAULT NULL,
  PRIMARY KEY (`id`)
) ENGINE=InnoDB DEFAULT CHARSET=utf8mb4 COLLATE=utf8mb4_unicode_ci;

--
-- Dumping data for table `buyers`
--


--
-- Table structure for table `candidate_number_sequences`
--

CREATE TABLE `candidate_number_sequences` (
  `id` char(36) COLLATE utf8mb4_unicode_ci NOT NULL,
  `organisation_id` char(36) COLLATE utf8mb4_unicode_ci NOT NULL,
  `prefix` varchar(255) COLLATE utf8mb4_unicode_ci DEFAULT NULL,
  `use_year_month` tinyint(1) NOT NULL DEFAULT '1',
  `use_branch_number` tinyint(1) NOT NULL DEFAULT '0',
  `last_sequence` int NOT NULL DEFAULT '0',
  `created_at` timestamp NULL DEFAULT NULL,
  `updated_at` timestamp NULL DEFAULT NULL,
  `deleted_at` timestamp NULL DEFAULT NULL,
  PRIMARY KEY (`id`),
  UNIQUE KEY `unique_sequence_per_org` (`organisation_id`)
) ENGINE=InnoDB DEFAULT CHARSET=utf8mb4 COLLATE=utf8mb4_unicode_ci;

--
-- Dumping data for table `candidate_number_sequences`
--

INSERT INTO `candidate_number_sequences` VALUES ('715d1991-baaf-4a09-9bc4-16d9fdd380b7','ac7e5b0f-d0dd-44a4-913c-6d365861fad6','HAYS',1,0,0,NULL,NULL,NULL);

--
-- Table structure for table `candidate_skills`
--

CREATE TABLE `candidate_skills` (
  `id` char(36) COLLATE utf8mb4_unicode_ci NOT NULL,
  `candidate_id` char(36) COLLATE utf8mb4_unicode_ci NOT NULL,
  `skill_id` char(36) COLLATE utf8mb4_unicode_ci NOT NULL,
  `proficiency_level` enum('Beginner','Intermediate','Advanced','Expert') COLLATE utf8mb4_unicode_ci NOT NULL DEFAULT 'Beginner',
  `years_experience` int DEFAULT NULL,
  `last_used` date DEFAULT NULL,
  `is_primary` tinyint(1) NOT NULL DEFAULT '1',
  `created_at` timestamp NULL DEFAULT NULL,
  `updated_at` timestamp NULL DEFAULT NULL,
  `deleted_at` timestamp NULL DEFAULT NULL,
  PRIMARY KEY (`id`),
  KEY `candidate_skills_candidate_id_foreign` (`candidate_id`),
  KEY `candidate_skills_skill_id_foreign` (`skill_id`),
  CONSTRAINT `candidate_skills_candidate_id_foreign` FOREIGN KEY (`candidate_id`) REFERENCES `candidates` (`id`) ON DELETE CASCADE,
  CONSTRAINT `candidate_skills_skill_id_foreign` FOREIGN KEY (`skill_id`) REFERENCES `skills` (`id`) ON DELETE CASCADE
) ENGINE=InnoDB DEFAULT CHARSET=utf8mb4 COLLATE=utf8mb4_unicode_ci;

--
-- Dumping data for table `candidate_skills`
--


--
-- Table structure for table `candidates`
--

CREATE TABLE `candidates` (
  `id` char(36) COLLATE utf8mb4_unicode_ci NOT NULL,
  `organisation_id` char(36) COLLATE utf8mb4_unicode_ci NOT NULL,
  `user_id` char(36) COLLATE utf8mb4_unicode_ci NOT NULL,
  `branch_id` char(36) COLLATE utf8mb4_unicode_ci NOT NULL,
  `registered_by` char(36) COLLATE utf8mb4_unicode_ci NOT NULL,
  `candidate_number` varchar(255) COLLATE utf8mb4_unicode_ci DEFAULT NULL,
  `location` varchar(255) COLLATE utf8mb4_unicode_ci DEFAULT NULL,
  `current_job_title` varchar(255) COLLATE utf8mb4_unicode_ci DEFAULT NULL,
  `current_employer` varchar(255) COLLATE utf8mb4_unicode_ci DEFAULT NULL,
  `years_experience` int DEFAULT NULL,
  `availability` varchar(255) COLLATE utf8mb4_unicode_ci DEFAULT NULL,
  `salary_expectations` decimal(10,2) DEFAULT NULL,
  `notice_period` varchar(255) COLLATE utf8mb4_unicode_ci DEFAULT NULL,
  `source` enum('Website','Walk-ins','LinkedIn','Google','Referrals','Internal Candidates','Socials','Others') COLLATE utf8mb4_unicode_ci NOT NULL DEFAULT 'Website',
  `status` enum('New','Old') COLLATE utf8mb4_unicode_ci NOT NULL DEFAULT 'New',
  `department` varchar(255) COLLATE utf8mb4_unicode_ci DEFAULT NULL,
  `linkedin_url` varchar(255) COLLATE utf8mb4_unicode_ci DEFAULT NULL,
  `github_url` varchar(255) COLLATE utf8mb4_unicode_ci DEFAULT NULL,
  `portfolio_url` varchar(255) COLLATE utf8mb4_unicode_ci DEFAULT NULL,
  `consent_date` timestamp NULL DEFAULT NULL,
  `data_retention_period` int DEFAULT NULL,
  `created_at` timestamp NULL DEFAULT NULL,
  `updated_at` timestamp NULL DEFAULT NULL,
  `deleted_at` timestamp NULL DEFAULT NULL,
  PRIMARY KEY (`id`),
  UNIQUE KEY `candidates_candidate_number_unique` (`candidate_number`),
  KEY `candidates_registered_by_foreign` (`registered_by`),
  KEY `candidates_branch_id_foreign` (`branch_id`),
  CONSTRAINT `candidates_branch_id_foreign` FOREIGN KEY (`branch_id`) REFERENCES `branches` (`id`) ON DELETE CASCADE,
  CONSTRAINT `candidates_registered_by_foreign` FOREIGN KEY (`registered_by`) REFERENCES `employees` (`id`) ON DELETE CASCADE
) ENGINE=InnoDB DEFAULT CHARSET=utf8mb4 COLLATE=utf8mb4_unicode_ci;

--
-- Dumping data for table `candidates`
--


--
-- Table structure for table `cash_flow_mappings`
--

CREATE TABLE `cash_flow_mappings` (
  `id` bigint unsigned NOT NULL AUTO_INCREMENT,
  `account_sub_category_id` bigint unsigned NOT NULL,
  `notes` varchar(255) COLLATE utf8mb4_unicode_ci DEFAULT NULL,
  `treatment` varchar(255) COLLATE utf8mb4_unicode_ci DEFAULT NULL COMMENT 'Add or Subtract for indirect method adjustments',
  `created_at` timestamp NULL DEFAULT NULL,
  `updated_at` timestamp NULL DEFAULT NULL,
  `deleted_at` timestamp NULL DEFAULT NULL,
  PRIMARY KEY (`id`),
  KEY `cash_flow_mappings_account_sub_category_id_foreign` (`account_sub_category_id`),
  CONSTRAINT `cash_flow_mappings_account_sub_category_id_foreign` FOREIGN KEY (`account_sub_category_id`) REFERENCES `account_sub_categories` (`id`)
) ENGINE=InnoDB AUTO_INCREMENT=39 DEFAULT CHARSET=utf8mb4 COLLATE=utf8mb4_unicode_ci;

--
-- Dumping data for table `cash_flow_mappings`
--

INSERT INTO `cash_flow_mappings` VALUES (1,1,'Category: Investing activity','None','2026-03-10 21:55:10','2026-03-10 21:55:10',NULL),(2,3,'Working capital increase = cash inflow. Category: Operating activity','Add','2026-03-10 21:55:10','2026-03-10 21:55:10',NULL),(3,4,'Working capital increase = cash inflow. Category: Operating activity','Add','2026-03-10 21:55:10','2026-03-10 21:55:10',NULL),(4,5,'Working capital increase = cash inflow. Category: Operating activity','Add','2026-03-10 21:55:10','2026-03-10 21:55:10',NULL),(5,7,'Category: Investing activity','None','2026-03-10 21:55:10','2026-03-10 21:55:10',NULL),(6,8,'Category: Investing activity','None','2026-03-10 21:55:10','2026-03-10 21:55:10',NULL),(7,9,'Category: Investing activity','None','2026-03-10 21:55:10','2026-03-10 21:55:10',NULL),(8,10,'Category: Investing activity','None','2026-03-10 21:55:10','2026-03-10 21:55:10',NULL),(9,11,'Category: Investing activity','None','2026-03-10 21:55:10','2026-03-10 21:55:10',NULL),(10,12,'Category: Investing activity','None','2026-03-10 21:55:10','2026-03-10 21:55:10',NULL),(11,14,'Working capital increase = cash inflow','Add','2026-03-10 21:55:10','2026-03-10 21:55:10',NULL),(12,15,'Working capital increase = cash inflow. Category: Operating activity','Add','2026-03-10 21:55:10','2026-03-10 21:55:10',NULL),(13,16,'Working capital increase = cash inflow. Category: Operating activity','Add','2026-03-10 21:55:11','2026-03-10 21:55:11',NULL),(14,17,'Working capital increase = cash inflow. Category: Operating activity','Add','2026-03-10 21:55:11','2026-03-10 21:55:11',NULL),(15,18,'Working capital increase = cash inflow. Category: Operating activity','Add','2026-03-10 21:55:11','2026-03-10 21:55:11',NULL),(16,19,'Working capital increase = cash inflow. Category: Operating activity','Add','2026-03-10 21:55:11','2026-03-10 21:55:11',NULL),(17,20,'Working capital increase = cash inflow','Add','2026-03-10 21:55:11','2026-03-10 21:55:11',NULL),(18,21,'Working capital increase = cash inflow','Add','2026-03-10 21:55:11','2026-03-10 21:55:11',NULL),(19,31,'Remove gains from operating activities','Subtract','2026-03-10 21:55:11','2026-03-10 21:55:11',NULL),(20,1,'Category: Investing activity','None','2026-03-10 21:55:11','2026-03-10 21:55:11',NULL),(21,3,'Working capital increase = cash inflow. Category: Operating activity','Add','2026-03-10 21:55:11','2026-03-10 21:55:11',NULL),(22,4,'Working capital increase = cash inflow. Category: Operating activity','Add','2026-03-10 21:55:11','2026-03-10 21:55:11',NULL),(23,5,'Working capital increase = cash inflow. Category: Operating activity','Add','2026-03-10 21:55:11','2026-03-10 21:55:11',NULL),(24,7,'Category: Investing activity','None','2026-03-10 21:55:11','2026-03-10 21:55:11',NULL),(25,8,'Category: Investing activity','None','2026-03-10 21:55:11','2026-03-10 21:55:11',NULL),(26,9,'Category: Investing activity','None','2026-03-10 21:55:11','2026-03-10 21:55:11',NULL),(27,10,'Category: Investing activity','None','2026-03-10 21:55:11','2026-03-10 21:55:11',NULL),(28,11,'Category: Investing activity','None','2026-03-10 21:55:11','2026-03-10 21:55:11',NULL),(29,12,'Category: Investing activity','None','2026-03-10 21:55:11','2026-03-10 21:55:11',NULL),(30,14,'Working capital increase = cash inflow','Add','2026-03-10 21:55:11','2026-03-10 21:55:11',NULL),(31,15,'Working capital increase = cash inflow. Category: Operating activity','Add','2026-03-10 21:55:11','2026-03-10 21:55:11',NULL),(32,16,'Working capital increase = cash inflow. Category: Operating activity','Add','2026-03-10 21:55:11','2026-03-10 21:55:11',NULL),(33,17,'Working capital increase = cash inflow. Category: Operating activity','Add','2026-03-10 21:55:11','2026-03-10 21:55:11',NULL),(34,18,'Working capital increase = cash inflow. Category: Operating activity','Add','2026-03-10 21:55:11','2026-03-10 21:55:11',NULL),(35,19,'Working capital increase = cash inflow. Category: Operating activity','Add','2026-03-10 21:55:11','2026-03-10 21:55:11',NULL),(36,20,'Working capital increase = cash inflow','Add','2026-03-10 21:55:11','2026-03-10 21:55:11',NULL),(37,21,'Working capital increase = cash inflow','Add','2026-03-10 21:55:11','2026-03-10 21:55:11',NULL),(38,31,'Working capital increase = cash inflow. Category: Operating activity','Add','2026-03-10 21:55:11','2026-03-10 21:55:11',NULL);

--
-- Table structure for table `cash_flow_statement_cache`
--

CREATE TABLE `cash_flow_statement_cache` (
  `id` bigint unsigned NOT NULL AUTO_INCREMENT,
  `fiscal_year_id` char(36) COLLATE utf8mb4_unicode_ci NOT NULL,
  `operating_activities` json NOT NULL,
  `investing_activities` json NOT NULL,
  `financing_activities` json NOT NULL,
  `net_cash_flow` decimal(15,2) NOT NULL,
  `created_at` timestamp NULL DEFAULT NULL,
  `updated_at` timestamp NULL DEFAULT NULL,
  PRIMARY KEY (`id`),
  KEY `cash_flow_statement_cache_fiscal_year_id_foreign` (`fiscal_year_id`),
  CONSTRAINT `cash_flow_statement_cache_fiscal_year_id_foreign` FOREIGN KEY (`fiscal_year_id`) REFERENCES `fiscal_years` (`id`)
) ENGINE=InnoDB DEFAULT CHARSET=utf8mb4 COLLATE=utf8mb4_unicode_ci;

--
-- Dumping data for table `cash_flow_statement_cache`
--


--
-- Table structure for table `cash_requisition_item_approvals`
--

CREATE TABLE `cash_requisition_item_approvals` (
  `id` char(36) COLLATE utf8mb4_unicode_ci NOT NULL,
  `cash_requisition_id` char(36) COLLATE utf8mb4_unicode_ci NOT NULL,
  `cash_requisition_item_id` char(36) COLLATE utf8mb4_unicode_ci NOT NULL,
  `approval_level_id` char(36) COLLATE utf8mb4_unicode_ci NOT NULL,
  `approver_id` char(36) COLLATE utf8mb4_unicode_ci NOT NULL,
  `status` enum('Approved','Rejected') COLLATE utf8mb4_unicode_ci NOT NULL,
  `approved_quantity` int DEFAULT NULL,
  `approved_unit_cost` decimal(20,2) NOT NULL DEFAULT '0.00',
  `approved_total_cost` decimal(20,2) GENERATED ALWAYS AS ((`approved_quantity` * `approved_unit_cost`)) STORED,
  `date_approved` date NOT NULL,
  `comments` text COLLATE utf8mb4_unicode_ci,
  `created_at` timestamp NULL DEFAULT NULL,
  `updated_at` timestamp NULL DEFAULT NULL,
  PRIMARY KEY (`id`),
  KEY `cash_requisition_item_approvals_cash_requisition_id_foreign` (`cash_requisition_id`),
  KEY `cash_requisition_item_approvals_cash_requisition_item_id_foreign` (`cash_requisition_item_id`),
  KEY `cash_requisition_item_approvals_approver_id_foreign` (`approver_id`),
  KEY `cash_requisition_item_approvals_approval_level_id_foreign` (`approval_level_id`),
  CONSTRAINT `cash_requisition_item_approvals_approval_level_id_foreign` FOREIGN KEY (`approval_level_id`) REFERENCES `approval_levels` (`id`) ON DELETE CASCADE,
  CONSTRAINT `cash_requisition_item_approvals_approver_id_foreign` FOREIGN KEY (`approver_id`) REFERENCES `employees` (`id`) ON DELETE CASCADE,
  CONSTRAINT `cash_requisition_item_approvals_cash_requisition_id_foreign` FOREIGN KEY (`cash_requisition_id`) REFERENCES `cash_requisitions` (`id`) ON DELETE CASCADE,
  CONSTRAINT `cash_requisition_item_approvals_cash_requisition_item_id_foreign` FOREIGN KEY (`cash_requisition_item_id`) REFERENCES `cash_requisition_items` (`id`) ON DELETE CASCADE
) ENGINE=InnoDB DEFAULT CHARSET=utf8mb4 COLLATE=utf8mb4_unicode_ci;

--
-- Dumping data for table `cash_requisition_item_approvals`
--

INSERT INTO `cash_requisition_item_approvals` (`id`, `cash_requisition_id`, `cash_requisition_item_id`, `approval_level_id`, `approver_id`, `status`, `approved_quantity`, `approved_unit_cost`, `date_approved`, `comments`, `created_at`, `updated_at`) VALUES ('4a681ddc-2660-4e8b-ae01-402d6b7bb89a','37ab2f2e-fb4a-498f-af44-700dbbb27c03','650a835b-e35c-4c7b-9e57-9322c4974035','b01ae9e8-5184-4b7c-aa52-7e7aff36e0a7','96455ad8-19dc-4d71-ac7c-19e23d7b3e0c','Approved',1,200000.00,'2026-04-02','Approved as requested','2026-04-02 09:28:33','2026-04-02 09:28:33'),('b821dfbf-65cf-4069-9939-87531f8d772b','37ab2f2e-fb4a-498f-af44-700dbbb27c03','650a835b-e35c-4c7b-9e57-9322c4974035','83ff4650-056c-493a-8804-84794c710e09','3de7c572-94cb-4a65-b30e-ba55d6c94893','Approved',1,200000.00,'2026-04-02','Approved as requested','2026-04-02 09:27:12','2026-04-02 09:27:12'),('beb1acce-6267-4cc7-9680-28cfebc55d72','37ab2f2e-fb4a-498f-af44-700dbbb27c03','650a835b-e35c-4c7b-9e57-9322c4974035','f6f5e135-6735-4aa9-8741-524aa0a92458','c4eaf525-c9e9-465b-a06b-a40f9979dee0','Approved',1,200000.00,'2026-04-02','Approved as requested','2026-04-02 09:27:51','2026-04-02 09:27:51');

--
-- Table structure for table `cash_requisition_items`
--

CREATE TABLE `cash_requisition_items` (
  `id` char(36) COLLATE utf8mb4_unicode_ci NOT NULL,
  `cash_requisition_id` char(36) COLLATE utf8mb4_unicode_ci NOT NULL,
  `budget_item_id` char(36) COLLATE utf8mb4_unicode_ci DEFAULT NULL,
  `currency_id` char(36) COLLATE utf8mb4_unicode_ci NOT NULL,
  `chart_of_account_id` bigint unsigned NOT NULL,
  `unit_cost` decimal(20,2) NOT NULL,
  `quantity` decimal(20,2) NOT NULL,
  `total_cost` decimal(20,2) GENERATED ALWAYS AS ((`quantity` * `unit_cost`)) STORED,
  `approved_quantity` int DEFAULT NULL,
  `approved_unit_cost` decimal(20,2) NOT NULL DEFAULT '0.00',
  `approved_total_cost` decimal(20,2) GENERATED ALWAYS AS ((`approved_quantity` * `approved_unit_cost`)) STORED,
  `disbursed_amount` decimal(20,2) NOT NULL DEFAULT '0.00',
  `status` enum('Pending','Reviewed','Approved','Rejected','Partially_Disbursed','Disbursed','needs_audit') COLLATE utf8mb4_unicode_ci NOT NULL DEFAULT 'Pending',
  `retirement_verified` tinyint(1) NOT NULL DEFAULT '0',
  `specifications` varchar(255) COLLATE utf8mb4_unicode_ci DEFAULT NULL,
  `created_at` timestamp NULL DEFAULT NULL,
  `updated_at` timestamp NULL DEFAULT NULL,
  `deleted_at` timestamp NULL DEFAULT NULL,
  PRIMARY KEY (`id`),
  KEY `cash_requisition_items_chart_of_account_id_foreign` (`chart_of_account_id`),
  KEY `cash_requisition_items_cash_requisition_id_foreign` (`cash_requisition_id`),
  KEY `cash_requisition_items_currency_id_foreign` (`currency_id`),
  KEY `cash_requisition_items_budget_item_id_foreign` (`budget_item_id`),
  CONSTRAINT `cash_requisition_items_budget_item_id_foreign` FOREIGN KEY (`budget_item_id`) REFERENCES `budget_items` (`id`) ON DELETE CASCADE,
  CONSTRAINT `cash_requisition_items_cash_requisition_id_foreign` FOREIGN KEY (`cash_requisition_id`) REFERENCES `cash_requisitions` (`id`) ON DELETE CASCADE,
  CONSTRAINT `cash_requisition_items_chart_of_account_id_foreign` FOREIGN KEY (`chart_of_account_id`) REFERENCES `chart_of_accounts` (`id`),
  CONSTRAINT `cash_requisition_items_currency_id_foreign` FOREIGN KEY (`currency_id`) REFERENCES `currencies` (`id`) ON DELETE CASCADE
) ENGINE=InnoDB DEFAULT CHARSET=utf8mb4 COLLATE=utf8mb4_unicode_ci;

--
-- Dumping data for table `cash_requisition_items`
--

INSERT INTO `cash_requisition_items` (`id`, `cash_requisition_id`, `budget_item_id`, `currency_id`, `chart_of_account_id`, `unit_cost`, `quantity`, `approved_quantity`, `approved_unit_cost`, `disbursed_amount`, `status`, `retirement_verified`, `specifications`, `created_at`, `updated_at`, `deleted_at`) VALUES ('650a835b-e35c-4c7b-9e57-9322c4974035','37ab2f2e-fb4a-498f-af44-700dbbb27c03','3f94d605-77af-4bdc-a1fe-336ad1df5290','0dedd890-3cdc-43ef-a08d-b25123f19e28',64,200000.00,1.00,1,200000.00,200000.00,'Reviewed',0,'MAFUNZO','2026-04-02 09:25:05','2026-04-23 09:24:42',NULL),('dacb4a3c-6f68-4c23-9b8c-55a6de0b7ee9','f0317fa7-dacf-45e4-9f4f-cb0b83b41020','3f94d605-77af-4bdc-a1fe-336ad1df5290','0dedd890-3cdc-43ef-a08d-b25123f19e28',64,500000.00,1.00,NULL,0.00,0.00,'Pending',0,NULL,'2026-04-23 09:26:55','2026-04-23 09:26:55',NULL);

--
-- Table structure for table `cash_requisition_level_approvals`
--

CREATE TABLE `cash_requisition_level_approvals` (
  `id` char(36) COLLATE utf8mb4_unicode_ci NOT NULL,
  `cash_requisition_id` char(36) COLLATE utf8mb4_unicode_ci NOT NULL,
  `approval_level_id` char(36) COLLATE utf8mb4_unicode_ci NOT NULL,
  `approver_id` char(36) COLLATE utf8mb4_unicode_ci DEFAULT NULL,
  `status` enum('Pending','Approved','Rejected') COLLATE utf8mb4_unicode_ci NOT NULL,
  `closed_at` timestamp NULL DEFAULT NULL,
  `created_at` timestamp NULL DEFAULT NULL,
  `updated_at` timestamp NULL DEFAULT NULL,
  PRIMARY KEY (`id`),
  UNIQUE KEY `cr_approval_level_unique` (`cash_requisition_id`,`approval_level_id`)
) ENGINE=InnoDB DEFAULT CHARSET=utf8mb4 COLLATE=utf8mb4_unicode_ci;

--
-- Dumping data for table `cash_requisition_level_approvals`
--

INSERT INTO `cash_requisition_level_approvals` VALUES ('1f784baf-9e6e-483b-b56f-62bac6222854','37ab2f2e-fb4a-498f-af44-700dbbb27c03','f6f5e135-6735-4aa9-8741-524aa0a92458','c4eaf525-c9e9-465b-a06b-a40f9979dee0','Approved','2026-04-02 09:27:51','2026-04-02 09:27:51','2026-04-02 09:27:51'),('3cfd7c4c-1e0a-4fd7-b7f7-1351ea723c06','37ab2f2e-fb4a-498f-af44-700dbbb27c03','b01ae9e8-5184-4b7c-aa52-7e7aff36e0a7','96455ad8-19dc-4d71-ac7c-19e23d7b3e0c','Approved','2026-04-02 09:28:33','2026-04-02 09:28:33','2026-04-02 09:28:33'),('b6472ace-961d-4278-a188-d3893a88809b','37ab2f2e-fb4a-498f-af44-700dbbb27c03','83ff4650-056c-493a-8804-84794c710e09','3de7c572-94cb-4a65-b30e-ba55d6c94893','Approved','2026-04-02 09:27:12','2026-04-02 09:27:12','2026-04-02 09:27:12');

--
-- Table structure for table `cash_requisitions`
--

CREATE TABLE `cash_requisitions` (
  `id` char(36) COLLATE utf8mb4_unicode_ci NOT NULL,
  `organisation_id` char(36) COLLATE utf8mb4_unicode_ci NOT NULL,
  `requisition_no` varchar(255) COLLATE utf8mb4_unicode_ci NOT NULL,
  `requester_id` char(36) COLLATE utf8mb4_unicode_ci NOT NULL,
  `requested_by_name` varchar(255) COLLATE utf8mb4_unicode_ci DEFAULT NULL,
  `title` varchar(255) COLLATE utf8mb4_unicode_ci DEFAULT NULL,
  `total_amount` decimal(20,2) DEFAULT NULL,
  `approved_total_amount` decimal(20,2) NOT NULL DEFAULT '0.00',
  `disbursed_amount` decimal(20,2) NOT NULL DEFAULT '0.00',
  `purpose` text COLLATE utf8mb4_unicode_ci,
  `current_approval_level` char(36) COLLATE utf8mb4_unicode_ci NOT NULL,
  `status` enum('Pending','Reviewed','Approved','Rejected','Disbursed','Partially_Disbursed','Retired') COLLATE utf8mb4_unicode_ci NOT NULL DEFAULT 'Pending',
  `date_expected` date DEFAULT NULL,
  `department_id` char(36) COLLATE utf8mb4_unicode_ci DEFAULT NULL,
  `budget_id` char(36) COLLATE utf8mb4_unicode_ci DEFAULT NULL,
  `project_id` char(36) COLLATE utf8mb4_unicode_ci DEFAULT NULL,
  `remarks` varchar(255) COLLATE utf8mb4_unicode_ci DEFAULT NULL,
  `retired_at` datetime DEFAULT NULL,
  `retired_by` char(36) COLLATE utf8mb4_unicode_ci DEFAULT NULL,
  `retirement_notes` text COLLATE utf8mb4_unicode_ci,
  `retirement_status` enum('pending','partially_retired','fully_retired','disputed') COLLATE utf8mb4_unicode_ci DEFAULT NULL,
  `created_at` timestamp NULL DEFAULT NULL,
  `updated_at` timestamp NULL DEFAULT NULL,
  `deleted_at` timestamp NULL DEFAULT NULL,
  PRIMARY KEY (`id`),
  KEY `cash_requisitions_retired_by_foreign` (`retired_by`),
  KEY `cash_requisitions_budget_id_foreign` (`budget_id`),
  KEY `cash_requisitions_current_approval_level_foreign` (`current_approval_level`),
  KEY `cash_requisitions_requester_id_foreign` (`requester_id`),
  KEY `cash_requisitions_project_id_foreign` (`project_id`),
  KEY `cash_requisitions_department_id_foreign` (`department_id`),
  CONSTRAINT `cash_requisitions_budget_id_foreign` FOREIGN KEY (`budget_id`) REFERENCES `budgets` (`id`) ON DELETE CASCADE,
  CONSTRAINT `cash_requisitions_current_approval_level_foreign` FOREIGN KEY (`current_approval_level`) REFERENCES `approval_levels` (`id`) ON DELETE CASCADE,
  CONSTRAINT `cash_requisitions_department_id_foreign` FOREIGN KEY (`department_id`) REFERENCES `departments` (`id`) ON DELETE CASCADE,
  CONSTRAINT `cash_requisitions_project_id_foreign` FOREIGN KEY (`project_id`) REFERENCES `projects` (`id`) ON DELETE CASCADE,
  CONSTRAINT `cash_requisitions_requester_id_foreign` FOREIGN KEY (`requester_id`) REFERENCES `employees` (`id`) ON DELETE CASCADE,
  CONSTRAINT `cash_requisitions_retired_by_foreign` FOREIGN KEY (`retired_by`) REFERENCES `employees` (`id`)
) ENGINE=InnoDB DEFAULT CHARSET=utf8mb4 COLLATE=utf8mb4_unicode_ci;

--
-- Dumping data for table `cash_requisitions`
--

INSERT INTO `cash_requisitions` VALUES ('37ab2f2e-fb4a-498f-af44-700dbbb27c03','ac7e5b0f-d0dd-44a4-913c-6d365861fad6','CR00001','b93d6dcc-79cd-4a45-aeca-1b647f9066d5',NULL,'SEMINA',200000.00,200000.00,200000.00,NULL,'b01ae9e8-5184-4b7c-aa52-7e7aff36e0a7','Disbursed','2026-04-04','b75eb4df-23d1-4f95-b0dd-fd76ef7a30b3','e78e7024-ab8d-4c2f-b968-e5e1fad6e026',NULL,NULL,NULL,NULL,NULL,NULL,'2026-04-02 09:25:05','2026-04-23 09:24:42',NULL),('f0317fa7-dacf-45e4-9f4f-cb0b83b41020','ac7e5b0f-d0dd-44a4-913c-6d365861fad6','CR00002','3de7c572-94cb-4a65-b30e-ba55d6c94893',NULL,'POSHO YA SAFARI',500000.00,0.00,0.00,NULL,'83ff4650-056c-493a-8804-84794c710e09','Pending','2025-05-06','b75eb4df-23d1-4f95-b0dd-fd76ef7a30b3','e78e7024-ab8d-4c2f-b968-e5e1fad6e026',NULL,NULL,NULL,NULL,NULL,NULL,'2026-04-23 09:26:55','2026-04-23 09:26:55',NULL);

--
-- Table structure for table `chart_of_accounts`
--

CREATE TABLE `chart_of_accounts` (
  `id` bigint unsigned NOT NULL AUTO_INCREMENT,
  `sort` tinyint DEFAULT NULL,
  `name` varchar(255) COLLATE utf8mb4_unicode_ci NOT NULL,
  `code` varchar(255) COLLATE utf8mb4_unicode_ci NOT NULL,
  `description` text COLLATE utf8mb4_unicode_ci,
  `organisation_id` char(36) COLLATE utf8mb4_unicode_ci NOT NULL,
  `account_sub_category_id` bigint unsigned NOT NULL,
  `is_contra` enum('1','0') COLLATE utf8mb4_unicode_ci NOT NULL DEFAULT '0',
  `manual_entry` enum('1','0') COLLATE utf8mb4_unicode_ci NOT NULL DEFAULT '1',
  `is_sys` enum('1','0') COLLATE utf8mb4_unicode_ci NOT NULL DEFAULT '0',
  `is_cash_account` tinyint(1) NOT NULL DEFAULT '0' COMMENT 'Identifies cash and cash equivalent accounts',
  `affects_cash_flow` tinyint(1) NOT NULL DEFAULT '0' COMMENT 'Whether transactions on this account affect cash flow',
  `deleted_at` timestamp NULL DEFAULT NULL,
  `created_at` timestamp NULL DEFAULT NULL,
  `updated_at` timestamp NULL DEFAULT NULL,
  `is_tax` tinyint(1) NOT NULL DEFAULT '0',
  PRIMARY KEY (`id`),
  UNIQUE KEY `chart_of_accounts_code_unique` (`code`),
  KEY `chart_of_accounts_organisation_id_index` (`organisation_id`),
  KEY `chart_of_accounts_account_sub_category_id_index` (`account_sub_category_id`),
  KEY `chart_of_accounts_organisation_id_account_sub_category_id_index` (`organisation_id`,`account_sub_category_id`),
  KEY `chart_of_accounts_id_account_sub_category_id_index` (`id`,`account_sub_category_id`),
  CONSTRAINT `chart_of_accounts_account_sub_category_id_foreign` FOREIGN KEY (`account_sub_category_id`) REFERENCES `account_sub_categories` (`id`)
) ENGINE=InnoDB AUTO_INCREMENT=749 DEFAULT CHARSET=utf8mb4 COLLATE=utf8mb4_unicode_ci;

--
-- Dumping data for table `chart_of_accounts`
--

INSERT INTO `chart_of_accounts` VALUES (1,NULL,'Ushuru Wa Pamba','100051','Closing Entries','ac7e5b0f-d0dd-44a4-913c-6d365861fad6',29,'0','1','0',0,0,NULL,'2026-02-11 21:05:08','2026-02-11 21:05:08',0),(2,NULL,'Mapato Mengineyo','100076','Closing Entries','ac7e5b0f-d0dd-44a4-913c-6d365861fad6',28,'0','1','0',0,0,NULL,'2026-02-11 21:05:08','2026-02-11 21:05:08',0),(3,NULL,'Mapato yatokanayo na Upangishaji Minara','100071','Closing Entries','ac7e5b0f-d0dd-44a4-913c-6d365861fad6',28,'0','1','0',0,0,NULL,'2026-02-11 21:05:08','2026-02-11 21:05:08',0),(4,NULL,'Mapato yatokanayo na Ada za Zabuni','100074','Closing Entries','ac7e5b0f-d0dd-44a4-913c-6d365861fad6',28,'0','1','0',0,0,NULL,'2026-02-11 21:05:08','2026-02-11 21:05:08',0),(5,NULL,'Mapato yatokanayo na Jukwaa la Mafunzo - Amcos','100077','Closing Entries','ac7e5b0f-d0dd-44a4-913c-6d365861fad6',28,'0','1','0',0,0,NULL,'2026-02-11 21:05:08','2026-02-11 21:05:08',0),(6,NULL,'Mapato yatokanayo na Mauzo ya Choroko na Dengu','100052','Closing Entries','ac7e5b0f-d0dd-44a4-913c-6d365861fad6',28,'0','1','0',0,0,NULL,'2026-02-11 21:05:08','2026-02-11 21:05:08',0),(7,NULL,'Mapato ya Ushuru wa Zao la Dengu','100171','Closing Entries','ac7e5b0f-d0dd-44a4-913c-6d365861fad6',28,'0','1','0',0,0,NULL,'2026-02-11 21:05:08','2026-02-11 21:05:08',0),(8,NULL,'Mapato yatokanayo na Ukodishaji Ukumbi','100091','Closing Entries','ac7e5b0f-d0dd-44a4-913c-6d365861fad6',28,'0','1','0',0,0,NULL,'2026-02-11 21:05:08','2026-02-11 21:05:08',0),(9,NULL,'Mapato yatokanayo na Ukodishaji Viti','100095','Closing Entries','ac7e5b0f-d0dd-44a4-913c-6d365861fad6',28,'0','1','0',0,0,NULL,'2026-02-11 21:05:08','2026-02-11 21:05:08',0),(10,NULL,'Mapato yatokanayo na Ukodishaji wa Magari Makubwa','100101','Closing Entries','ac7e5b0f-d0dd-44a4-913c-6d365861fad6',28,'0','1','0',0,0,NULL,'2026-02-11 21:05:08','2026-02-11 21:05:08',0),(11,NULL,'Mapato yatokanayo na pango la Maghala','100206','Closing Entries','ac7e5b0f-d0dd-44a4-913c-6d365861fad6',30,'0','1','0',0,0,NULL,'2026-02-11 21:05:08','2026-02-11 21:05:08',0),(12,NULL,'Mapato yatokanayo na pango la Nyumba','100072','Closing Entries','ac7e5b0f-d0dd-44a4-913c-6d365861fad6',30,'0','1','0',0,0,NULL,'2026-02-11 21:05:08','2026-02-11 21:05:08',0),(13,NULL,'Mishahara Watumishi wa Kudumu na Mikataba','100812','Closing Entries','ac7e5b0f-d0dd-44a4-913c-6d365861fad6',36,'0','1','0',0,0,NULL,'2026-02-11 21:05:08','2026-02-11 21:05:08',0),(14,NULL,'Posho ya Uhamisho na Likizo ','100813','Closing Entries','ac7e5b0f-d0dd-44a4-913c-6d365861fad6',36,'0','1','0',0,0,NULL,'2026-02-11 21:05:08','2026-02-11 21:05:08',0),(15,NULL,'Posho ya Majukumu/Madaraka','100814','Closing Entries','ac7e5b0f-d0dd-44a4-913c-6d365861fad6',36,'0','1','0',0,0,NULL,'2026-02-11 21:05:08','2026-02-11 21:05:08',0),(16,NULL,'Posho ya Kujimu [PERDIEM]','100808','Closing Entries','ac7e5b0f-d0dd-44a4-913c-6d365861fad6',36,'0','1','0',0,0,NULL,'2026-02-11 21:05:08','2026-02-11 21:05:08',0),(17,NULL,'Posho ya Chakula','100105','Closing Entries','ac7e5b0f-d0dd-44a4-913c-6d365861fad6',36,'0','1','0',0,0,NULL,'2026-02-11 21:05:08','2026-02-11 21:05:08',0),(18,NULL,'Posho ya Kukaimu Madaraka','100106','Closing Entries','ac7e5b0f-d0dd-44a4-913c-6d365861fad6',36,'0','1','0',0,0,NULL,'2026-02-11 21:05:08','2026-02-11 21:05:08',0),(19,NULL,'Michango ya NSSF Watumishi wa Kudumu','100092','Closing Entries','ac7e5b0f-d0dd-44a4-913c-6d365861fad6',36,'0','1','0',0,0,NULL,'2026-02-11 21:05:08','2026-02-11 21:05:08',0),(20,NULL,'Gharama za Masaa ya Nje ya Kazi','100099','Closing Entries','ac7e5b0f-d0dd-44a4-913c-6d365861fad6',36,'0','1','0',0,0,NULL,'2026-02-11 21:05:08','2026-02-11 21:05:08',0),(21,NULL,'Zawadi ya Watumishi','100100','Closing Entries','ac7e5b0f-d0dd-44a4-913c-6d365861fad6',36,'0','1','0',0,0,NULL,'2026-02-11 21:05:08','2026-02-11 21:05:08',0),(22,NULL,'Posho ya Matibabu','100104','Closing Entries','ac7e5b0f-d0dd-44a4-913c-6d365861fad6',36,'0','1','0',0,0,NULL,'2026-02-11 21:05:08','2026-02-11 21:05:08',0),(23,NULL,'Ushuru wa Mishahara na Maendeleo ya Elimu - SDL','100107','Closing Entries','ac7e5b0f-d0dd-44a4-913c-6d365861fad6',36,'0','1','0',0,0,NULL,'2026-02-11 21:05:08','2026-02-11 21:05:08',0),(24,NULL,'Gharama Nyingine za Utumishi','100815','Closing Entries','ac7e5b0f-d0dd-44a4-913c-6d365861fad6',36,'0','1','0',0,0,NULL,'2026-02-11 21:05:08','2026-02-11 21:05:08',0),(25,NULL,'Gharama za Maji na Umeme','100803','Closing Entries','ac7e5b0f-d0dd-44a4-913c-6d365861fad6',35,'0','1','0',0,0,NULL,'2026-02-11 21:05:08','2026-02-11 21:05:08',0),(26,NULL,'Gharama za Mazishi','100110','Closing Entries','ac7e5b0f-d0dd-44a4-913c-6d365861fad6',35,'0','1','0',0,0,NULL,'2026-02-11 21:05:08','2026-02-11 21:05:08',0),(27,NULL,'Uchapishaji na Karatasi ','100801','Closing Entries','ac7e5b0f-d0dd-44a4-913c-6d365861fad6',35,'0','1','0',0,0,NULL,'2026-02-11 21:05:08','2026-02-11 21:05:08',0),(28,NULL,'Gharama za Ada ya Mfuko wa Ukaguzi [TCDC] na Ushuru','100802','Closing Entries','ac7e5b0f-d0dd-44a4-913c-6d365861fad6',35,'0','1','0',0,0,NULL,'2026-02-11 21:05:08','2026-02-11 21:05:08',0),(29,NULL,'Michango na Misaada Mbali Mbali ya Kijamii','100804','Closing Entries','ac7e5b0f-d0dd-44a4-913c-6d365861fad6',35,'0','1','0',0,0,NULL,'2026-02-11 21:05:08','2026-02-11 21:05:08',0),(30,NULL,'Semina na Mafunzo','100810','Closing Entries','ac7e5b0f-d0dd-44a4-913c-6d365861fad6',35,'0','1','0',0,0,NULL,'2026-02-11 21:05:08','2026-02-11 21:05:08',0),(31,NULL,'Gharama za Makaribisho','100811','Closing Entries','ac7e5b0f-d0dd-44a4-913c-6d365861fad6',35,'0','1','0',0,0,NULL,'2026-02-11 21:05:08','2026-02-11 21:05:08',0),(32,NULL,'Ustawi wa Jamii','100823','Closing Entries','ac7e5b0f-d0dd-44a4-913c-6d365861fad6',35,'0','1','0',0,0,NULL,'2026-02-11 21:05:08','2026-02-11 21:05:08',0),(33,NULL,'Gharama za Bima za Miliki','100824','Closing Entries','ac7e5b0f-d0dd-44a4-913c-6d365861fad6',35,'0','1','0',0,0,NULL,'2026-02-11 21:05:08','2026-02-11 21:05:08',0),(34,NULL,'Gharama za Mafuta na Matengenezo ya magari','100816','Closing Entries','ac7e5b0f-d0dd-44a4-913c-6d365861fad6',35,'0','1','0',0,0,NULL,'2026-02-11 21:05:08','2026-02-11 21:05:08',0),(35,NULL,'Gharama za Matukio ya Kitaifa','1000801','Closing Entries','ac7e5b0f-d0dd-44a4-913c-6d365861fad6',35,'0','1','0',0,0,NULL,'2026-02-11 21:05:08','2026-02-11 21:05:08',0),(36,NULL,'Sherehe za Ushirika','100819','Closing Entries','ac7e5b0f-d0dd-44a4-913c-6d365861fad6',35,'0','1','0',0,0,NULL,'2026-02-11 21:05:08','2026-02-11 21:05:08',0),(37,NULL,'Gharama za Simu na Posta','100820','Closing Entries','ac7e5b0f-d0dd-44a4-913c-6d365861fad6',35,'0','1','0',0,0,NULL,'2026-02-11 21:05:08','2026-02-11 21:05:08',0),(38,NULL,'Matengenezo ya Mizani','100825','Closing Entries','ac7e5b0f-d0dd-44a4-913c-6d365861fad6',35,'0','1','0',0,0,NULL,'2026-02-11 21:05:08','2026-02-11 21:05:08',0),(39,NULL,'Ada ya Wakala wa Vipimo','1000802','Closing Entries','ac7e5b0f-d0dd-44a4-913c-6d365861fad6',35,'0','1','0',0,0,NULL,'2026-02-11 21:05:08','2026-02-11 21:05:08',0),(40,NULL,'Gharama za Vibarua','100826','Closing Entries','ac7e5b0f-d0dd-44a4-913c-6d365861fad6',35,'0','1','0',0,0,NULL,'2026-02-11 21:05:08','2026-02-11 21:05:08',0),(41,NULL,'Gharama Nyingine za Utawala','100830','Closing Entries','ac7e5b0f-d0dd-44a4-913c-6d365861fad6',35,'0','1','0',0,0,NULL,'2026-02-11 21:05:08','2026-02-11 21:05:08',0),(42,NULL,'Ukarabati wa Nyumba za Kuishi ','100834','Closing Entries','ac7e5b0f-d0dd-44a4-913c-6d365861fad6',35,'0','1','0',0,0,NULL,'2026-02-11 21:05:08','2026-02-11 21:05:08',0),(43,NULL,'Matengenezo ya Kompyuta, Photocopy na Wino','100827','Closing Entries','ac7e5b0f-d0dd-44a4-913c-6d365861fad6',35,'0','1','0',0,0,NULL,'2026-02-11 21:05:09','2026-02-11 21:05:09',0),(44,NULL,'Posho za Safari - Watumishi','100097','Closing Entries','ac7e5b0f-d0dd-44a4-913c-6d365861fad6',35,'0','1','0',0,0,NULL,'2026-02-11 21:05:09','2026-02-11 21:05:09',0),(45,NULL,'Posho ya Vikao vya Wakuu wa Idara','100822','Closing Entries','ac7e5b0f-d0dd-44a4-913c-6d365861fad6',35,'0','1','0',0,0,NULL,'2026-02-11 21:05:09','2026-02-11 21:05:09',0),(46,NULL,'Gharama za Ukarabati wa Ofisi','100835','Closing Entries','ac7e5b0f-d0dd-44a4-913c-6d365861fad6',35,'0','1','0',0,0,NULL,'2026-02-11 21:05:09','2026-02-11 21:05:09',0),(47,NULL,'Kukodi Nyumba ya Ofisi','100832','Closing Entries','ac7e5b0f-d0dd-44a4-913c-6d365861fad6',35,'0','1','0',0,0,NULL,'2026-02-11 21:05:09','2026-02-11 21:05:09',0),(48,NULL,'Gharama za Usafi na Ulinzi','100809','Closing Entries','ac7e5b0f-d0dd-44a4-913c-6d365861fad6',35,'0','1','0',0,0,NULL,'2026-02-11 21:05:09','2026-02-11 21:05:09',0),(49,NULL,'Gharama za Ukaguzi wa Nje','100806','Closing Entries','ac7e5b0f-d0dd-44a4-913c-6d365861fad6',35,'0','1','0',0,0,NULL,'2026-02-11 21:05:09','2026-02-11 21:05:09',0),(50,NULL,'Gharama za Kodi ya Majengo na Viwanja','100012','Closing Entries','ac7e5b0f-d0dd-44a4-913c-6d365861fad6',35,'0','1','0',0,0,NULL,'2026-02-11 21:05:09','2026-02-11 21:05:09',0),(51,NULL,'Wadaiwa Vyama Wanachama waliomashakani','1000803','Closing Entries','ac7e5b0f-d0dd-44a4-913c-6d365861fad6',35,'0','1','0',0,0,NULL,'2026-02-11 21:05:09','2026-02-11 21:05:09',0),(52,NULL,'Wadaiwa Mbali Mbali  waliomashakani','1000804','Closing Entries','ac7e5b0f-d0dd-44a4-913c-6d365861fad6',35,'0','1','0',0,0,NULL,'2026-02-11 21:05:09','2026-02-11 21:05:09',0),(53,NULL,'Ghala lililochukuliwa na TRC','1000805','Closing Entries','ac7e5b0f-d0dd-44a4-913c-6d365861fad6',35,'0','1','0',0,0,NULL,'2026-02-11 21:05:09','2026-02-11 21:05:09',0),(54,NULL,'Uchakavu Ghala la kurasini na Michikichini','10082201','Closing Entries','ac7e5b0f-d0dd-44a4-913c-6d365861fad6',35,'0','1','0',0,0,NULL,'2026-02-11 21:05:09','2026-02-11 21:05:09',0),(55,NULL,'Uchakavu Majengo','10082202','Closing Entries','ac7e5b0f-d0dd-44a4-913c-6d365861fad6',35,'0','1','0',0,0,NULL,'2026-02-11 21:05:09','2026-02-11 21:05:09',0),(56,NULL,'Uchakavu Magari Makubwa','10082203','Closing Entries','ac7e5b0f-d0dd-44a4-913c-6d365861fad6',35,'0','1','0',0,0,NULL,'2026-02-11 21:05:09','2026-02-11 21:05:09',0),(57,NULL,'Uchakavu Magari Madogo','10082204','Closing Entries','ac7e5b0f-d0dd-44a4-913c-6d365861fad6',35,'0','1','0',0,0,NULL,'2026-02-11 21:05:09','2026-02-11 21:05:09',0),(58,NULL,'Uchakavu PikiPiki','10082205','Closing Entries','ac7e5b0f-d0dd-44a4-913c-6d365861fad6',35,'0','1','0',0,0,NULL,'2026-02-11 21:05:09','2026-02-11 21:05:09',0),(59,NULL,'Uchakavu Mitambo ya Kuchakata Pamba','10082206','Closing Entries','ac7e5b0f-d0dd-44a4-913c-6d365861fad6',35,'0','1','0',0,0,NULL,'2026-02-11 21:05:09','2026-02-11 21:05:09',0),(60,NULL,'Uchakavu Samani na Vishikizo','10082207','Closing Entries','ac7e5b0f-d0dd-44a4-913c-6d365861fad6',35,'0','1','0',0,0,NULL,'2026-02-11 21:05:09','2026-02-11 21:05:09',0),(61,NULL,'Uchakavu Nyenzo na Vifaa','10082208','Closing Entries','ac7e5b0f-d0dd-44a4-913c-6d365861fad6',35,'0','1','0',0,0,NULL,'2026-02-11 21:05:09','2026-02-11 21:05:09',0),(62,NULL,'Posho na Gharama za Mkutano Mkuu','100805','Closing Entries','ac7e5b0f-d0dd-44a4-913c-6d365861fad6',37,'0','1','0',0,0,NULL,'2026-02-11 21:05:09','2026-02-11 21:05:09',0),(63,NULL,'Posho za Vikao vya Bodi na Kamati Zake','100807','Closing Entries','ac7e5b0f-d0dd-44a4-913c-6d365861fad6',37,'0','1','0',0,0,NULL,'2026-02-11 21:05:09','2026-02-11 21:05:09',0),(64,NULL,'Posho za Safari','100817','Closing Entries','ac7e5b0f-d0dd-44a4-913c-6d365861fad6',37,'0','1','0',0,0,NULL,'2026-02-11 21:05:09','2026-02-11 21:05:09',0),(65,NULL,'Gharama za Kisheria na Taaluma','100010','Closing Entries','ac7e5b0f-d0dd-44a4-913c-6d365861fad6',38,'0','1','0',0,0,NULL,'2026-02-11 21:05:09','2026-02-11 21:05:09',0),(66,NULL,'Michango Mbali Mbali [Ada ya TFC na TCA]','100011','Closing Entries','ac7e5b0f-d0dd-44a4-913c-6d365861fad6',38,'0','1','0',0,0,NULL,'2026-02-11 21:05:09','2026-02-11 21:05:09',0),(67,NULL,'Gharama ya Upimaji na Hati Miliki','100013','Closing Entries','ac7e5b0f-d0dd-44a4-913c-6d365861fad6',38,'0','1','0',0,0,NULL,'2026-02-11 21:05:09','2026-02-11 21:05:09',0),(68,NULL,'Gharama za Kibenki','100111','Closing Entries','ac7e5b0f-d0dd-44a4-913c-6d365861fad6',38,'0','1','0',0,0,NULL,'2026-02-11 21:05:09','2026-02-11 21:05:09',0),(69,NULL,'Gharama za Kununua Vifungashio [Mifuko]','101015','Closing Entries','ac7e5b0f-d0dd-44a4-913c-6d365861fad6',38,'0','1','0',0,0,NULL,'2026-02-11 21:05:09','2026-02-11 21:05:09',0),(70,NULL,'Gharama za Matangazo','101016','Closing Entries','ac7e5b0f-d0dd-44a4-913c-6d365861fad6',38,'0','1','0',0,0,NULL,'2026-02-11 21:05:09','2026-02-11 21:05:09',0),(71,NULL,'Ushuru wa TANCOOPS','20001','Closing Entries','ac7e5b0f-d0dd-44a4-913c-6d365861fad6',38,'0','1','0',0,0,NULL,'2026-02-11 21:05:09','2026-02-11 21:05:09',0),(72,NULL,'Gharama za Ukarabati wa Viwanda','101014','Closing Entries','ac7e5b0f-d0dd-44a4-913c-6d365861fad6',38,'0','1','0',0,0,NULL,'2026-02-11 21:05:09','2026-02-11 21:05:09',0),(73,NULL,'Gharama Nyingine za Kibiashara ','100018','Closing Entries','ac7e5b0f-d0dd-44a4-913c-6d365861fad6',38,'0','1','0',0,0,NULL,'2026-02-11 21:05:09','2026-02-11 21:05:09',0),(74,NULL,'Faida/(Hasara) toka Miradi','1000076','Closing Entries','ac7e5b0f-d0dd-44a4-913c-6d365861fad6',26,'0','1','0',0,0,NULL,'2026-02-11 21:05:09','2026-02-11 21:05:09',0),(75,NULL,'Gharama za kodi','1000079','Closing Entries','ac7e5b0f-d0dd-44a4-913c-6d365861fad6',34,'0','1','0',0,0,NULL,'2026-02-11 21:05:09','2026-02-11 21:05:09',0),(76,NULL,'Ziada ya uthaminishaji','2000019','Closing Entries','ac7e5b0f-d0dd-44a4-913c-6d365861fad6',27,'0','1','0',0,0,NULL,'2026-02-11 21:05:09','2026-02-11 21:05:09',0),(77,NULL,'ARDHI','101001','Opening balance','ac7e5b0f-d0dd-44a4-913c-6d365861fad6',7,'0','1','0',0,0,NULL,'2026-02-11 21:37:25','2026-02-11 21:37:25',0),(78,NULL,'MAJENGO','101002','Opening balance','ac7e5b0f-d0dd-44a4-913c-6d365861fad6',7,'0','1','0',0,0,NULL,'2026-02-11 21:37:25','2026-02-11 21:37:25',0),(79,NULL,'MITAMBO','101007','Opening balance','ac7e5b0f-d0dd-44a4-913c-6d365861fad6',7,'0','1','0',0,0,NULL,'2026-02-11 21:37:25','2026-02-11 21:37:25',0),(80,NULL,'MAGARI MAKUBWA','1010017','Opening balance','ac7e5b0f-d0dd-44a4-913c-6d365861fad6',7,'0','1','0',0,0,NULL,'2026-02-11 21:37:25','2026-02-11 21:37:25',0),(81,NULL,'MAGARI MADOGO','1010027','Opening balance','ac7e5b0f-d0dd-44a4-913c-6d365861fad6',7,'0','1','0',0,0,NULL,'2026-02-11 21:37:25','2026-02-11 21:37:25',0),(82,NULL,'PIKIPIKI','1001037','Opening balance','ac7e5b0f-d0dd-44a4-913c-6d365861fad6',7,'0','1','0',0,0,NULL,'2026-02-11 21:37:25','2026-02-11 21:37:25',0),(83,NULL,'SAMANI ','101005','Opening balance','ac7e5b0f-d0dd-44a4-913c-6d365861fad6',7,'0','1','0',0,0,NULL,'2026-02-11 21:37:25','2026-02-11 21:37:25',0),(84,NULL,'VIFAA','101003','Opening balance','ac7e5b0f-d0dd-44a4-913c-6d365861fad6',7,'0','1','0',0,0,NULL,'2026-02-11 21:37:25','2026-02-11 21:37:25',0),(85,NULL,'Kazi ya Ujenzi Unaoendelea','1010047','Opening balance','ac7e5b0f-d0dd-44a4-913c-6d365861fad6',8,'0','1','0',0,0,NULL,'2026-02-11 21:37:25','2026-02-11 21:37:25',0),(86,NULL,'kazi inaoendelea Mfumo wa ERP','200015','Opening balance','ac7e5b0f-d0dd-44a4-913c-6d365861fad6',9,'0','1','0',0,0,NULL,'2026-02-11 21:37:25','2026-02-11 21:37:25',0),(87,NULL,'Kodi iliyohairishwa(differed tax asset)','101021','Opening balance','ac7e5b0f-d0dd-44a4-913c-6d365861fad6',10,'0','1','0',0,0,NULL,'2026-02-11 21:37:25','2026-02-11 21:37:25',0),(88,NULL,'Uwekezaji katika Majengo na Maghala','2000121','Opening balance','ac7e5b0f-d0dd-44a4-913c-6d365861fad6',11,'0','1','0',0,0,NULL,'2026-02-11 21:37:25','2026-02-11 21:37:25',0),(89,NULL,'VOIL - MWANZA (HISA 127,522 @ 100.00)','200221','Opening balance','ac7e5b0f-d0dd-44a4-913c-6d365861fad6',12,'0','1','0',0,0,NULL,'2026-02-11 21:37:25','2026-02-11 21:37:25',0),(90,NULL,'TANCCOPS','200321','Opening balance','ac7e5b0f-d0dd-44a4-913c-6d365861fad6',12,'0','1','0',0,0,NULL,'2026-02-11 21:37:25','2026-02-11 21:37:25',0),(91,NULL,'HISA ZA BENKI YA KCBL','200322','Opening balance','ac7e5b0f-d0dd-44a4-913c-6d365861fad6',12,'0','1','0',0,0,NULL,'2026-02-11 21:37:25','2026-02-11 21:37:25',0),(92,NULL,'TFC DSM (HISA 50 @ 200,000)','1010067','Opening balance','ac7e5b0f-d0dd-44a4-913c-6d365861fad6',4,'0','1','0',0,0,NULL,'2026-02-11 21:37:25','2026-02-11 21:37:25',0),(93,NULL,'Vifaa vya Umeme','1010034','Opening balance','ac7e5b0f-d0dd-44a4-913c-6d365861fad6',3,'0','1','0',0,0,NULL,'2026-02-11 21:37:25','2026-02-11 21:37:25',0),(94,NULL,'Vipuri vya Oil Mill','1010035','Opening balance','ac7e5b0f-d0dd-44a4-913c-6d365861fad6',3,'0','1','0',0,0,NULL,'2026-02-11 21:37:25','2026-02-11 21:37:25',0),(95,NULL,'Madawa (Chemicals)','1010036','Opening balance','ac7e5b0f-d0dd-44a4-913c-6d365861fad6',3,'0','1','0',0,0,NULL,'2026-02-11 21:37:25','2026-02-11 21:37:25',0),(96,NULL,'Vipuri vya Viwanda','1010037','Opening balance','ac7e5b0f-d0dd-44a4-913c-6d365861fad6',3,'0','1','0',0,0,NULL,'2026-02-11 21:37:25','2026-02-11 21:37:25',0),(97,NULL,'Vifaa vya Karakana','1010038','Opening balance','ac7e5b0f-d0dd-44a4-913c-6d365861fad6',3,'0','1','0',0,0,NULL,'2026-02-11 21:37:25','2026-02-11 21:37:25',0),(98,NULL,'Vifaa vya Zimamoto','1010039','Opening balance','ac7e5b0f-d0dd-44a4-913c-6d365861fad6',3,'0','1','0',0,0,NULL,'2026-02-11 21:37:25','2026-02-11 21:37:25',0),(99,NULL,'Shajala','1001040','Opening balance','ac7e5b0f-d0dd-44a4-913c-6d365861fad6',3,'0','1','0',0,0,NULL,'2026-02-11 21:37:25','2026-02-11 21:37:25',0),(100,NULL,'Vifaa mbalimbali na Mikanda','1010041','Opening balance','ac7e5b0f-d0dd-44a4-913c-6d365861fad6',3,'0','1','0',0,0,NULL,'2026-02-11 21:37:25','2026-02-11 21:37:25',0),(101,NULL,'Vifaa vya Ujenzi','1010042','Opening balance','ac7e5b0f-d0dd-44a4-913c-6d365861fad6',3,'0','1','0',0,0,NULL,'2026-02-11 21:37:25','2026-02-11 21:37:25',0),(102,NULL,'Vifaa vya Magari idara ya Usafirishaji','1010043','Opening balance','ac7e5b0f-d0dd-44a4-913c-6d365861fad6',3,'0','1','0',0,0,NULL,'2026-02-11 21:37:25','2026-02-11 21:37:25',0),(103,NULL,'Vifaa vya idara ya usambazaji (Ugawaji)','1010044','Opening balance','ac7e5b0f-d0dd-44a4-913c-6d365861fad6',3,'0','1','0',0,0,NULL,'2026-02-11 21:37:25','2026-02-11 21:37:25',0),(104,NULL,'Vifungia - Magunia na Kamba','1010045','Opening balance','ac7e5b0f-d0dd-44a4-913c-6d365861fad6',3,'0','1','0',0,0,NULL,'2026-02-11 21:37:25','2026-02-11 21:37:25',0),(105,NULL,'Vifaa vya kufungia bidhaa','1010046','Opening balance','ac7e5b0f-d0dd-44a4-913c-6d365861fad6',3,'0','1','0',0,0,NULL,'2026-02-11 21:37:25','2026-02-11 21:37:25',0),(106,NULL,'Pembejeo zilizoharibika','1010048','Opening balance','ac7e5b0f-d0dd-44a4-913c-6d365861fad6',3,'0','1','0',0,0,NULL,'2026-02-11 21:37:25','2026-02-11 21:37:25',0),(107,NULL,'Pamba Nyuzi','1010049','Opening balance','ac7e5b0f-d0dd-44a4-913c-6d365861fad6',3,'0','1','0',0,0,NULL,'2026-02-11 21:37:25','2026-02-11 21:37:25',0),(108,NULL,'Tengo la Bidhaa Chakavu','1010050','Opening balance','ac7e5b0f-d0dd-44a4-913c-6d365861fad6',3,'0','1','0',0,0,NULL,'2026-02-11 21:37:25','2026-02-11 21:37:25',0),(109,NULL,'ABDALLAH MATINGISA','1010153','Opening balance','ac7e5b0f-d0dd-44a4-913c-6d365861fad6',4,'0','1','0',0,0,NULL,'2026-02-11 21:37:25','2026-02-11 21:37:25',0),(110,NULL,'ADOLF KASWENDE','1010154','Opening balance','ac7e5b0f-d0dd-44a4-913c-6d365861fad6',4,'0','1','0',0,0,NULL,'2026-02-11 21:37:25','2026-02-11 21:37:25',0),(111,NULL,'AHAM INVESTMENT CO. LTD','1010155','Opening balance','ac7e5b0f-d0dd-44a4-913c-6d365861fad6',4,'0','1','0',0,0,NULL,'2026-02-11 21:37:25','2026-02-11 21:37:25',0),(112,NULL,'ALLIANCE INSURANCE','1010156','Opening balance','ac7e5b0f-d0dd-44a4-913c-6d365861fad6',4,'0','1','0',0,0,NULL,'2026-02-11 21:37:25','2026-02-11 21:37:25',0),(113,NULL,'BEST LINT','1010157','Opening balance','ac7e5b0f-d0dd-44a4-913c-6d365861fad6',4,'0','1','0',0,0,NULL,'2026-02-11 21:37:25','2026-02-11 21:37:25',0),(114,NULL,'BIOSUSTAIN (T) LTD','1010158','Opening balance','ac7e5b0f-d0dd-44a4-913c-6d365861fad6',4,'0','1','0',0,0,NULL,'2026-02-11 21:37:25','2026-02-11 21:37:25',0),(115,NULL,'BUKOMBE DISTRICT COUNCIL CESS','1010159','Opening balance','ac7e5b0f-d0dd-44a4-913c-6d365861fad6',4,'0','1','0',0,0,NULL,'2026-02-11 21:37:25','2026-02-11 21:37:25',0),(116,NULL,'BULUBA SECONDARY SCHOOL','1010160','Opening balance','ac7e5b0f-d0dd-44a4-913c-6d365861fad6',4,'0','1','0',0,0,NULL,'2026-02-11 21:37:25','2026-02-11 21:37:25',0),(117,NULL,'BRITISH INSURANCE','1010161','Opening balance','ac7e5b0f-d0dd-44a4-913c-6d365861fad6',4,'0','1','0',0,0,NULL,'2026-02-11 21:37:25','2026-02-11 21:37:25',0),(118,NULL,'EDWIN ARBOGAST','1010162','Opening balance','ac7e5b0f-d0dd-44a4-913c-6d365861fad6',4,'0','1','0',0,0,NULL,'2026-02-11 21:37:25','2026-02-11 21:37:25',0),(119,NULL,'ELITULIZA MNKENI ','1010163','Opening balance','ac7e5b0f-d0dd-44a4-913c-6d365861fad6',4,'0','1','0',0,0,NULL,'2026-02-11 21:37:25','2026-02-11 21:37:25',0),(120,NULL,'EZEKIEL MCHUNGA','1010164','Opening balance','ac7e5b0f-d0dd-44a4-913c-6d365861fad6',4,'0','1','0',0,0,NULL,'2026-02-11 21:37:25','2026-02-11 21:37:25',0),(121,NULL,'EMMAC GROUP LTD','1010165','Opening balance','ac7e5b0f-d0dd-44a4-913c-6d365861fad6',4,'0','1','0',0,0,NULL,'2026-02-11 21:37:25','2026-02-11 21:37:25',0),(122,NULL,'FRATERINE TESHA','1010166','Opening balance','ac7e5b0f-d0dd-44a4-913c-6d365861fad6',4,'0','1','0',0,0,NULL,'2026-02-11 21:37:25','2026-02-11 21:37:25',0),(123,NULL,'GEORGE OBADO','1010167','Opening balance','ac7e5b0f-d0dd-44a4-913c-6d365861fad6',4,'0','1','0',0,0,NULL,'2026-02-11 21:37:25','2026-02-11 21:37:25',0),(124,NULL,'GIMAGI AMCOS','1010168','Opening balance','ac7e5b0f-d0dd-44a4-913c-6d365861fad6',4,'0','1','0',0,0,NULL,'2026-02-11 21:37:25','2026-02-11 21:37:25',0),(125,NULL,'HASSANAL WALJI','1010169','Opening balance','ac7e5b0f-d0dd-44a4-913c-6d365861fad6',4,'0','1','0',0,0,NULL,'2026-02-11 21:37:25','2026-02-11 21:37:25',0),(126,NULL,'HEKE WINGA KIDIKU','1010170','Opening balance','ac7e5b0f-d0dd-44a4-913c-6d365861fad6',4,'0','1','0',0,0,NULL,'2026-02-11 21:37:25','2026-02-11 21:37:25',0),(127,NULL,'ICK SOLUTION LTD','1010171','Opening balance','ac7e5b0f-d0dd-44a4-913c-6d365861fad6',4,'0','1','0',0,0,NULL,'2026-02-11 21:37:25','2026-02-11 21:37:25',0),(128,NULL,'IGEMBESABO ICU','1010172','Opening balance','ac7e5b0f-d0dd-44a4-913c-6d365861fad6',4,'0','1','0',0,0,NULL,'2026-02-11 21:37:25','2026-02-11 21:37:25',0),(129,NULL,'IKOMA AMCOS','1010173','Opening balance','ac7e5b0f-d0dd-44a4-913c-6d365861fad6',4,'0','1','0',0,0,NULL,'2026-02-11 21:37:25','2026-02-11 21:37:25',0),(130,NULL,'IKUMBO AMCOS','1010174','Opening balance','ac7e5b0f-d0dd-44a4-913c-6d365861fad6',4,'0','1','0',0,0,NULL,'2026-02-11 21:37:26','2026-02-11 21:37:26',0),(131,NULL,'ISELAMAGAZI AMCOS','1010175','Opening balance','ac7e5b0f-d0dd-44a4-913c-6d365861fad6',4,'0','1','0',0,0,NULL,'2026-02-11 21:37:26','2026-02-11 21:37:26',0),(132,NULL,'KACU LTD','1010176','Opening balance','ac7e5b0f-d0dd-44a4-913c-6d365861fad6',4,'0','1','0',0,0,NULL,'2026-02-11 21:37:26','2026-02-11 21:37:26',0),(133,NULL,'KAHAMA OIL MILL','1010177','Opening balance','ac7e5b0f-d0dd-44a4-913c-6d365861fad6',4,'0','1','0',0,0,NULL,'2026-02-11 21:37:26','2026-02-11 21:37:26',0),(134,NULL,'KAHAMA COTTON COMPANY LTD','1010178','Opening balance','ac7e5b0f-d0dd-44a4-913c-6d365861fad6',4,'0','1','0',0,0,NULL,'2026-02-11 21:37:26','2026-02-11 21:37:26',0),(135,NULL,'KISHAPU DISTRICT COUNCIL','1010179','Opening balance','ac7e5b0f-d0dd-44a4-913c-6d365861fad6',4,'0','1','0',0,0,NULL,'2026-02-11 21:37:26','2026-02-11 21:37:26',0),(136,NULL,'KOMISHA AMCOS','1010180','Opening balance','ac7e5b0f-d0dd-44a4-913c-6d365861fad6',4,'0','1','0',0,0,NULL,'2026-02-11 21:37:26','2026-02-11 21:37:26',0),(137,NULL,'LUCAS LUGWILA','1010181','Opening balance','ac7e5b0f-d0dd-44a4-913c-6d365861fad6',4,'0','1','0',0,0,NULL,'2026-02-11 21:37:26','2026-02-11 21:37:26',0),(138,NULL,'LUHUMBO INVESTMENT','1010182','Opening balance','ac7e5b0f-d0dd-44a4-913c-6d365861fad6',4,'0','1','0',0,0,NULL,'2026-02-11 21:37:26','2026-02-11 21:37:26',0),(139,NULL,'MAPACHA COTTON CO. LTD','1010183','Opening balance','ac7e5b0f-d0dd-44a4-913c-6d365861fad6',4,'0','1','0',0,0,NULL,'2026-02-11 21:37:26','2026-02-11 21:37:26',0),(140,NULL,'MASUKE SIBABA','1010184','Opening balance','ac7e5b0f-d0dd-44a4-913c-6d365861fad6',4,'0','1','0',0,0,NULL,'2026-02-11 21:37:26','2026-02-11 21:37:26',0),(141,NULL,'MASWA DISTRICT COUNCIL ','1010185','Opening balance','ac7e5b0f-d0dd-44a4-913c-6d365861fad6',4,'0','1','0',0,0,NULL,'2026-02-11 21:37:26','2026-02-11 21:37:26',0),(142,NULL,'MEATU DISTRICT COUNCIL','1010186','Opening balance','ac7e5b0f-d0dd-44a4-913c-6d365861fad6',4,'0','1','0',0,0,NULL,'2026-02-11 21:37:26','2026-02-11 21:37:26',0),(143,NULL,'MONDO INVESTMENT','1010187','Opening balance','ac7e5b0f-d0dd-44a4-913c-6d365861fad6',4,'0','1','0',0,0,NULL,'2026-02-11 21:37:26','2026-02-11 21:37:26',0),(144,NULL,'MHANGU AMCOS','1010188','Opening balance','ac7e5b0f-d0dd-44a4-913c-6d365861fad6',4,'0','1','0',0,0,NULL,'2026-02-11 21:37:26','2026-02-11 21:37:26',0),(145,NULL,'MUSOMA FOOD','1010189','Opening balance','ac7e5b0f-d0dd-44a4-913c-6d365861fad6',4,'0','1','0',0,0,NULL,'2026-02-11 21:37:26','2026-02-11 21:37:26',0),(146,NULL,'MWAKASHISHI AMCOS','1010190','Opening balance','ac7e5b0f-d0dd-44a4-913c-6d365861fad6',4,'0','1','0',0,0,NULL,'2026-02-11 21:37:26','2026-02-11 21:37:26',0),(147,NULL,'MWENGE AMCOS','1010191','Opening balance','ac7e5b0f-d0dd-44a4-913c-6d365861fad6',4,'0','1','0',0,0,NULL,'2026-02-11 21:37:26','2026-02-11 21:37:26',0),(148,NULL,'NEEMA NTELYA','1010192','Opening balance','ac7e5b0f-d0dd-44a4-913c-6d365861fad6',4,'0','1','0',0,0,NULL,'2026-02-11 21:37:26','2026-02-11 21:37:26',0),(149,NULL,'NGEME AMCOS','1010193','Opening balance','ac7e5b0f-d0dd-44a4-913c-6d365861fad6',4,'0','1','0',0,0,NULL,'2026-02-11 21:37:26','2026-02-11 21:37:26',0),(150,NULL,'NG\'WASHINONG\'HELA AMCOS','1010194','Opening balance','ac7e5b0f-d0dd-44a4-913c-6d365861fad6',4,'0','1','0',0,0,NULL,'2026-02-11 21:37:26','2026-02-11 21:37:26',0),(151,NULL,'NYODA INVESTMENT CO. LTD','1010195','Opening balance','ac7e5b0f-d0dd-44a4-913c-6d365861fad6',4,'0','1','0',0,0,NULL,'2026-02-11 21:37:26','2026-02-11 21:37:26',0),(152,NULL,'PERPETUA MAKWAIA','1010196','Opening balance','ac7e5b0f-d0dd-44a4-913c-6d365861fad6',4,'0','1','0',0,0,NULL,'2026-02-11 21:37:26','2026-02-11 21:37:26',0),(153,NULL,'SANJO AMCOS','1010197','Opening balance','ac7e5b0f-d0dd-44a4-913c-6d365861fad6',4,'0','1','0',0,0,NULL,'2026-02-11 21:37:26','2026-02-11 21:37:26',0),(154,NULL,'SEBASTIAN MAXIMILLIAN','1010198','Opening balance','ac7e5b0f-d0dd-44a4-913c-6d365861fad6',4,'0','1','0',0,0,NULL,'2026-02-11 21:37:26','2026-02-11 21:37:26',0),(155,NULL,'SIBUKA FM LTD','1010199','Opening balance','ac7e5b0f-d0dd-44a4-913c-6d365861fad6',4,'0','1','0',0,0,NULL,'2026-02-11 21:37:26','2026-02-11 21:37:26',0),(156,NULL,'SHILABELA AMCOS','1010200','Opening balance','ac7e5b0f-d0dd-44a4-913c-6d365861fad6',4,'0','1','0',0,0,NULL,'2026-02-11 21:37:26','2026-02-11 21:37:26',0),(157,NULL,'SHINYANGA DISTRICT COUNCIL','1010201','Opening balance','ac7e5b0f-d0dd-44a4-913c-6d365861fad6',4,'0','1','0',0,0,NULL,'2026-02-11 21:37:26','2026-02-11 21:37:26',0),(158,NULL,'SHIRIKA LA MZINGA','1010202','Opening balance','ac7e5b0f-d0dd-44a4-913c-6d365861fad6',4,'0','1','0',0,0,NULL,'2026-02-11 21:37:26','2026-02-11 21:37:26',0),(159,NULL,'TAKUKURU','1010203','Opening balance','ac7e5b0f-d0dd-44a4-913c-6d365861fad6',4,'0','1','0',0,0,NULL,'2026-02-11 21:37:26','2026-02-11 21:37:26',0),(160,NULL,'TANZANIA COFFEE BOARD','1010204','Opening balance','ac7e5b0f-d0dd-44a4-913c-6d365861fad6',4,'0','1','0',0,0,NULL,'2026-02-11 21:37:26','2026-02-11 21:37:26',0),(161,NULL,'FRESHO INVESTMENT CO. LTD','1010205','Opening balance','ac7e5b0f-d0dd-44a4-913c-6d365861fad6',4,'0','1','0',0,0,NULL,'2026-02-11 21:37:26','2026-02-11 21:37:26',0),(162,NULL,'MASHATI OIL MILL','1010206','Opening balance','ac7e5b0f-d0dd-44a4-913c-6d365861fad6',4,'0','1','0',0,0,NULL,'2026-02-11 21:37:26','2026-02-11 21:37:26',0),(163,NULL,'BIG ONE INVESTMENT','1010207','Opening balance','ac7e5b0f-d0dd-44a4-913c-6d365861fad6',4,'0','1','0',0,0,NULL,'2026-02-11 21:37:26','2026-02-11 21:37:26',0),(164,NULL,'CHESANO COTTON','1010208','Opening balance','ac7e5b0f-d0dd-44a4-913c-6d365861fad6',4,'0','1','0',0,0,NULL,'2026-02-11 21:37:26','2026-02-11 21:37:26',0),(165,NULL,'BIRCHAND OIL MILL','1010209','Opening balance','ac7e5b0f-d0dd-44a4-913c-6d365861fad6',4,'0','1','0',0,0,NULL,'2026-02-11 21:37:26','2026-02-11 21:37:26',0),(166,NULL,'MWATEX [2001] LTD','1010210','Opening balance','ac7e5b0f-d0dd-44a4-913c-6d365861fad6',4,'0','1','0',0,0,NULL,'2026-02-11 21:37:26','2026-02-11 21:37:26',0),(167,NULL,'MOUNT MERU MILLERS','1010211','Opening balance','ac7e5b0f-d0dd-44a4-913c-6d365861fad6',4,'0','1','0',0,0,NULL,'2026-02-11 21:37:26','2026-02-11 21:37:26',0),(168,NULL,'MATONGO FARMING','1010212','Opening balance','ac7e5b0f-d0dd-44a4-913c-6d365861fad6',4,'0','1','0',0,0,NULL,'2026-02-11 21:37:26','2026-02-11 21:37:26',0),(169,NULL,'WILBERT BUCHEYEKI','1010213','Opening balance','ac7e5b0f-d0dd-44a4-913c-6d365861fad6',4,'0','1','0',0,0,NULL,'2026-02-11 21:37:26','2026-02-11 21:37:26',0),(170,NULL,'CHARLES MAYUMA','1010214','Opening balance','ac7e5b0f-d0dd-44a4-913c-6d365861fad6',4,'0','1','0',0,0,NULL,'2026-02-11 21:37:26','2026-02-11 21:37:26',0),(171,NULL,'AMINA RAMADHANI','1010215','Opening balance','ac7e5b0f-d0dd-44a4-913c-6d365861fad6',4,'0','1','0',0,0,NULL,'2026-02-11 21:37:26','2026-02-11 21:37:26',0),(172,NULL,'ALLY SHABAAN','1010216','Opening balance','ac7e5b0f-d0dd-44a4-913c-6d365861fad6',4,'0','1','0',0,0,NULL,'2026-02-11 21:37:26','2026-02-11 21:37:26',0),(173,NULL,'MUJUNI TANAEL','1010217','Opening balance','ac7e5b0f-d0dd-44a4-913c-6d365861fad6',4,'0','1','0',0,0,NULL,'2026-02-11 21:37:26','2026-02-11 21:37:26',0),(174,NULL,'ROBERT D. MREMA','1010218','Opening balance','ac7e5b0f-d0dd-44a4-913c-6d365861fad6',4,'0','1','0',0,0,NULL,'2026-02-11 21:37:26','2026-02-11 21:37:26',0),(175,NULL,'JANE KICHELE','1010219','Opening balance','ac7e5b0f-d0dd-44a4-913c-6d365861fad6',4,'0','1','0',0,0,NULL,'2026-02-11 21:37:26','2026-02-11 21:37:26',0),(176,NULL,'ASHA ABDALLAH','1010220','Opening balance','ac7e5b0f-d0dd-44a4-913c-6d365861fad6',4,'0','1','0',0,0,NULL,'2026-02-11 21:37:26','2026-02-11 21:37:26',0),(177,NULL,'WILBERT BUCHEYEKI','1010221','Opening balance','ac7e5b0f-d0dd-44a4-913c-6d365861fad6',4,'0','1','0',0,0,NULL,'2026-02-11 21:37:26','2026-02-11 21:37:26',0),(178,NULL,'JUBILEE INSURANCE','1010222','Opening balance','ac7e5b0f-d0dd-44a4-913c-6d365861fad6',4,'0','1','0',0,0,NULL,'2026-02-11 21:37:26','2026-02-11 21:37:26',0),(179,NULL,'INTERBEST INVESTMENT','1010223','Opening balance','ac7e5b0f-d0dd-44a4-913c-6d365861fad6',4,'0','1','0',0,0,NULL,'2026-02-11 21:37:26','2026-02-11 21:37:26',0),(180,NULL,'ELISA MUGISHA','1010224','Opening balance','ac7e5b0f-d0dd-44a4-913c-6d365861fad6',4,'0','1','0',0,0,NULL,'2026-02-11 21:37:26','2026-02-11 21:37:26',0),(181,NULL,'KHADIJA MOLLEL','1010225','Opening balance','ac7e5b0f-d0dd-44a4-913c-6d365861fad6',4,'0','1','0',0,0,NULL,'2026-02-11 21:37:26','2026-02-11 21:37:26',0),(182,NULL,'AFRISIAN GINNING','1010226','Opening balance','ac7e5b0f-d0dd-44a4-913c-6d365861fad6',4,'0','1','0',0,0,NULL,'2026-02-11 21:37:26','2026-02-11 21:37:26',0),(183,NULL,'AHAM INVESTMENT CO. LTD','1010227','Opening balance','ac7e5b0f-d0dd-44a4-913c-6d365861fad6',4,'0','1','0',0,0,NULL,'2026-02-11 21:37:26','2026-02-11 21:37:26',0),(184,NULL,'AMINA RAMADHANI','1010228','Opening balance','ac7e5b0f-d0dd-44a4-913c-6d365861fad6',4,'0','1','0',0,0,NULL,'2026-02-11 21:37:26','2026-02-11 21:37:26',0),(185,NULL,'BIG ONE INVESTMENT','1010229','Opening balance','ac7e5b0f-d0dd-44a4-913c-6d365861fad6',4,'0','1','0',0,0,NULL,'2026-02-11 21:37:26','2026-02-11 21:37:26',0),(186,NULL,'BIOSUSTAIN (T) LTD','1010230','Opening balance','ac7e5b0f-d0dd-44a4-913c-6d365861fad6',4,'0','1','0',0,0,NULL,'2026-02-11 21:37:26','2026-02-11 21:37:26',0),(187,NULL,'BIRCHAND OIL MILL','1010231','Opening balance','ac7e5b0f-d0dd-44a4-913c-6d365861fad6',4,'0','1','0',0,0,NULL,'2026-02-11 21:37:26','2026-02-11 21:37:26',0),(188,NULL,'CHARLES MAYUMA','1010232','Opening balance','ac7e5b0f-d0dd-44a4-913c-6d365861fad6',4,'0','1','0',0,0,NULL,'2026-02-11 21:37:26','2026-02-11 21:37:26',0),(189,NULL,'CHESANO COTTON','1010233','Opening balance','ac7e5b0f-d0dd-44a4-913c-6d365861fad6',4,'0','1','0',0,0,NULL,'2026-02-11 21:37:26','2026-02-11 21:37:26',0),(190,NULL,'CONSTANCIA MUGINI','1010234','Opening balance','ac7e5b0f-d0dd-44a4-913c-6d365861fad6',4,'0','1','0',0,0,NULL,'2026-02-11 21:37:26','2026-02-11 21:37:26',0),(191,NULL,'ELISHA MUGISHA','1010235','Opening balance','ac7e5b0f-d0dd-44a4-913c-6d365861fad6',4,'0','1','0',0,0,NULL,'2026-02-11 21:37:26','2026-02-11 21:37:26',0),(192,NULL,'ELITULIZA MNKENI ','1010236','Opening balance','ac7e5b0f-d0dd-44a4-913c-6d365861fad6',4,'0','1','0',0,0,NULL,'2026-02-11 21:37:26','2026-02-11 21:37:26',0),(193,NULL,'EMAC ','1010237','Opening balance','ac7e5b0f-d0dd-44a4-913c-6d365861fad6',4,'0','1','0',0,0,NULL,'2026-02-11 21:37:26','2026-02-11 21:37:26',0),(194,NULL,'FRATERENE TESHA','1010238','Opening balance','ac7e5b0f-d0dd-44a4-913c-6d365861fad6',4,'0','1','0',0,0,NULL,'2026-02-11 21:37:26','2026-02-11 21:37:26',0),(195,NULL,'HEKE WINGA ','1010239','Opening balance','ac7e5b0f-d0dd-44a4-913c-6d365861fad6',4,'0','1','0',0,0,NULL,'2026-02-11 21:37:26','2026-02-11 21:37:26',0),(196,NULL,'ICK COTTON','1010240','Opening balance','ac7e5b0f-d0dd-44a4-913c-6d365861fad6',4,'0','1','0',0,0,NULL,'2026-02-11 21:37:26','2026-02-11 21:37:26',0),(197,NULL,'INTERBEST','1010241','Opening balance','ac7e5b0f-d0dd-44a4-913c-6d365861fad6',4,'0','1','0',0,0,NULL,'2026-02-11 21:37:26','2026-02-11 21:37:26',0),(198,NULL,'JANE KICHELE','1010242','Opening balance','ac7e5b0f-d0dd-44a4-913c-6d365861fad6',4,'0','1','0',0,0,NULL,'2026-02-11 21:37:26','2026-02-11 21:37:26',0),(199,NULL,'LUCAS LUGWILA','1010243','Opening balance','ac7e5b0f-d0dd-44a4-913c-6d365861fad6',4,'0','1','0',0,0,NULL,'2026-02-11 21:37:26','2026-02-11 21:37:26',0),(200,NULL,'MAPACHA COTTON CO. LTD','1010244','Opening balance','ac7e5b0f-d0dd-44a4-913c-6d365861fad6',4,'0','1','0',0,0,NULL,'2026-02-11 21:37:26','2026-02-11 21:37:26',0),(201,NULL,'MUJUNU TANAEL','1010245','Opening balance','ac7e5b0f-d0dd-44a4-913c-6d365861fad6',4,'0','1','0',0,0,NULL,'2026-02-11 21:37:26','2026-02-11 21:37:26',0),(202,NULL,'MUSOMA FOOD','1010246','Opening balance','ac7e5b0f-d0dd-44a4-913c-6d365861fad6',4,'0','1','0',0,0,NULL,'2026-02-11 21:37:26','2026-02-11 21:37:26',0),(203,NULL,'MWATEX ','1010247','Opening balance','ac7e5b0f-d0dd-44a4-913c-6d365861fad6',4,'0','1','0',0,0,NULL,'2026-02-11 21:37:26','2026-02-11 21:37:26',0),(204,NULL,'ROBERT MREMA','1010248','Opening balance','ac7e5b0f-d0dd-44a4-913c-6d365861fad6',4,'0','1','0',0,0,NULL,'2026-02-11 21:37:26','2026-02-11 21:37:26',0),(205,NULL,'SM HOLDING','1010249','Opening balance','ac7e5b0f-d0dd-44a4-913c-6d365861fad6',4,'0','1','0',0,0,NULL,'2026-02-11 21:37:26','2026-02-11 21:37:26',0),(206,NULL,'ABEDNEGO NEBETI','1010250','Opening balance','ac7e5b0f-d0dd-44a4-913c-6d365861fad6',4,'0','1','0',0,0,NULL,'2026-02-11 21:37:26','2026-02-11 21:37:26',0),(207,NULL,'ALLAN KIRENGA','1010251','Opening balance','ac7e5b0f-d0dd-44a4-913c-6d365861fad6',4,'0','1','0',0,0,NULL,'2026-02-11 21:37:26','2026-02-11 21:37:26',0),(208,NULL,'AMIRI MWARABU','1010252','Opening balance','ac7e5b0f-d0dd-44a4-913c-6d365861fad6',4,'0','1','0',0,0,NULL,'2026-02-11 21:37:26','2026-02-11 21:37:26',0),(209,NULL,'AMON STEPHEN MAHIMBO','1010253','Opening balance','ac7e5b0f-d0dd-44a4-913c-6d365861fad6',4,'0','1','0',0,0,NULL,'2026-02-11 21:37:26','2026-02-11 21:37:26',0),(210,NULL,'ANNA ANDREW','1010254','Opening balance','ac7e5b0f-d0dd-44a4-913c-6d365861fad6',4,'0','1','0',0,0,NULL,'2026-02-11 21:37:26','2026-02-11 21:37:26',0),(211,NULL,'ANTONY J. MASHISHANGA','1010255','Opening balance','ac7e5b0f-d0dd-44a4-913c-6d365861fad6',4,'0','1','0',0,0,NULL,'2026-02-11 21:37:27','2026-02-11 21:37:27',0),(212,NULL,'ARON HUNJU SHAGAMBA','1010256','Opening balance','ac7e5b0f-d0dd-44a4-913c-6d365861fad6',4,'0','1','0',0,0,NULL,'2026-02-11 21:37:27','2026-02-11 21:37:27',0),(213,NULL,'ASNATH CHANGAMIKE','1010257','Opening balance','ac7e5b0f-d0dd-44a4-913c-6d365861fad6',4,'0','1','0',0,0,NULL,'2026-02-11 21:37:27','2026-02-11 21:37:27',0),(214,NULL,'ATHANAS MAKULA','1010258','Opening balance','ac7e5b0f-d0dd-44a4-913c-6d365861fad6',4,'0','1','0',0,0,NULL,'2026-02-11 21:37:27','2026-02-11 21:37:27',0),(215,NULL,'ATHUMAN SHABAN','1010259','Opening balance','ac7e5b0f-d0dd-44a4-913c-6d365861fad6',4,'0','1','0',0,0,NULL,'2026-02-11 21:37:27','2026-02-11 21:37:27',0),(216,NULL,'AUGUSTINE MBUNDU','1010260','Opening balance','ac7e5b0f-d0dd-44a4-913c-6d365861fad6',4,'0','1','0',0,0,NULL,'2026-02-11 21:37:27','2026-02-11 21:37:27',0),(217,NULL,'BARTAZAR KICHELE','1010261','Opening balance','ac7e5b0f-d0dd-44a4-913c-6d365861fad6',4,'0','1','0',0,0,NULL,'2026-02-11 21:37:27','2026-02-11 21:37:27',0),(218,NULL,'BAYI HOLELA','1010262','Opening balance','ac7e5b0f-d0dd-44a4-913c-6d365861fad6',4,'0','1','0',0,0,NULL,'2026-02-11 21:37:27','2026-02-11 21:37:27',0),(219,NULL,'BERNAD MADUHU','1010263','Opening balance','ac7e5b0f-d0dd-44a4-913c-6d365861fad6',4,'0','1','0',0,0,NULL,'2026-02-11 21:37:27','2026-02-11 21:37:27',0),(220,NULL,'BENJAMIN NDUTA','1010264','Opening balance','ac7e5b0f-d0dd-44a4-913c-6d365861fad6',4,'0','1','0',0,0,NULL,'2026-02-11 21:37:27','2026-02-11 21:37:27',0),(221,NULL,'BONAVENTURA MASHENENE','1010265','Opening balance','ac7e5b0f-d0dd-44a4-913c-6d365861fad6',4,'0','1','0',0,0,NULL,'2026-02-11 21:37:27','2026-02-11 21:37:27',0),(222,NULL,'BONIPHACE LUHENDE','1010266','Opening balance','ac7e5b0f-d0dd-44a4-913c-6d365861fad6',4,'0','1','0',0,0,NULL,'2026-02-11 21:37:27','2026-02-11 21:37:27',0),(223,NULL,'CASTORY DESHI','1010267','Opening balance','ac7e5b0f-d0dd-44a4-913c-6d365861fad6',4,'0','1','0',0,0,NULL,'2026-02-11 21:37:27','2026-02-11 21:37:27',0),(224,NULL,'CASTORY SYLIVESTER','1010268','Opening balance','ac7e5b0f-d0dd-44a4-913c-6d365861fad6',4,'0','1','0',0,0,NULL,'2026-02-11 21:37:27','2026-02-11 21:37:27',0),(225,NULL,'CELINA MICHAEL','1010269','Opening balance','ac7e5b0f-d0dd-44a4-913c-6d365861fad6',4,'0','1','0',0,0,NULL,'2026-02-11 21:37:27','2026-02-11 21:37:27',0),(226,NULL,'CESILIA DELLAH','1010270','Opening balance','ac7e5b0f-d0dd-44a4-913c-6d365861fad6',4,'0','1','0',0,0,NULL,'2026-02-11 21:37:27','2026-02-11 21:37:27',0),(227,NULL,'CHABA MATANGA','1010271','Opening balance','ac7e5b0f-d0dd-44a4-913c-6d365861fad6',4,'0','1','0',0,0,NULL,'2026-02-11 21:37:27','2026-02-11 21:37:27',0),(228,NULL,'CHANJO NGELELA','1010272','Opening balance','ac7e5b0f-d0dd-44a4-913c-6d365861fad6',4,'0','1','0',0,0,NULL,'2026-02-11 21:37:27','2026-02-11 21:37:27',0),(229,NULL,'CHARLES BUNDALA','1010273','Opening balance','ac7e5b0f-d0dd-44a4-913c-6d365861fad6',4,'0','1','0',0,0,NULL,'2026-02-11 21:37:27','2026-02-11 21:37:27',0),(230,NULL,'CHARLES MAHONA','1010274','Opening balance','ac7e5b0f-d0dd-44a4-913c-6d365861fad6',4,'0','1','0',0,0,NULL,'2026-02-11 21:37:27','2026-02-11 21:37:27',0),(231,NULL,'CHARLES MAHUBE','1010275','Opening balance','ac7e5b0f-d0dd-44a4-913c-6d365861fad6',4,'0','1','0',0,0,NULL,'2026-02-11 21:37:27','2026-02-11 21:37:27',0),(232,NULL,'CHARLES SAYIDA','1010276','Opening balance','ac7e5b0f-d0dd-44a4-913c-6d365861fad6',4,'0','1','0',0,0,NULL,'2026-02-11 21:37:27','2026-02-11 21:37:27',0),(233,NULL,'CHARLES WILLIAM','1010277','Opening balance','ac7e5b0f-d0dd-44a4-913c-6d365861fad6',4,'0','1','0',0,0,NULL,'2026-02-11 21:37:27','2026-02-11 21:37:27',0),(234,NULL,'CLEMENT Z. MASASI','1010278','Opening balance','ac7e5b0f-d0dd-44a4-913c-6d365861fad6',4,'0','1','0',0,0,NULL,'2026-02-11 21:37:27','2026-02-11 21:37:27',0),(235,NULL,'CLEMENT MAYUNGA','1010279','Opening balance','ac7e5b0f-d0dd-44a4-913c-6d365861fad6',4,'0','1','0',0,0,NULL,'2026-02-11 21:37:27','2026-02-11 21:37:27',0),(236,NULL,'CHRISTOPHER SALAGANDA','1010280','Opening balance','ac7e5b0f-d0dd-44a4-913c-6d365861fad6',4,'0','1','0',0,0,NULL,'2026-02-11 21:37:27','2026-02-11 21:37:27',0),(237,NULL,'DANIEL SIMBILA','1010281','Opening balance','ac7e5b0f-d0dd-44a4-913c-6d365861fad6',4,'0','1','0',0,0,NULL,'2026-02-11 21:37:27','2026-02-11 21:37:27',0),(238,NULL,'DASHI NSHOKA','1010282','Opening balance','ac7e5b0f-d0dd-44a4-913c-6d365861fad6',4,'0','1','0',0,0,NULL,'2026-02-11 21:37:27','2026-02-11 21:37:27',0),(239,NULL,'DAUDI JILALA','1010283','Opening balance','ac7e5b0f-d0dd-44a4-913c-6d365861fad6',4,'0','1','0',0,0,NULL,'2026-02-11 21:37:27','2026-02-11 21:37:27',0),(240,NULL,'DAUD MAKALA','1010284','Opening balance','ac7e5b0f-d0dd-44a4-913c-6d365861fad6',4,'0','1','0',0,0,NULL,'2026-02-11 21:37:27','2026-02-11 21:37:27',0),(241,NULL,'DAVID NG\'WANANJASHI','1010285','Opening balance','ac7e5b0f-d0dd-44a4-913c-6d365861fad6',4,'0','1','0',0,0,NULL,'2026-02-11 21:37:27','2026-02-11 21:37:27',0),(242,NULL,'DISMAS ABDALLAH','1010286','Opening balance','ac7e5b0f-d0dd-44a4-913c-6d365861fad6',4,'0','1','0',0,0,NULL,'2026-02-11 21:37:27','2026-02-11 21:37:27',0),(243,NULL,'DONALD LUJIGA','1010287','Opening balance','ac7e5b0f-d0dd-44a4-913c-6d365861fad6',4,'0','1','0',0,0,NULL,'2026-02-11 21:37:27','2026-02-11 21:37:27',0),(244,NULL,'DONHE NJIGE','1010288','Opening balance','ac7e5b0f-d0dd-44a4-913c-6d365861fad6',4,'0','1','0',0,0,NULL,'2026-02-11 21:37:27','2026-02-11 21:37:27',0),(245,NULL,'EDSON NGULIMI','1010289','Opening balance','ac7e5b0f-d0dd-44a4-913c-6d365861fad6',4,'0','1','0',0,0,NULL,'2026-02-11 21:37:27','2026-02-11 21:37:27',0),(246,NULL,'EDWARD DAUD','1010290','Opening balance','ac7e5b0f-d0dd-44a4-913c-6d365861fad6',4,'0','1','0',0,0,NULL,'2026-02-11 21:37:27','2026-02-11 21:37:27',0),(247,NULL,'EDWARD M. MANYILIZU','1010291','Opening balance','ac7e5b0f-d0dd-44a4-913c-6d365861fad6',4,'0','1','0',0,0,NULL,'2026-02-11 21:37:27','2026-02-11 21:37:27',0),(248,NULL,'EDWARD MAYUNGA','1010292','Opening balance','ac7e5b0f-d0dd-44a4-913c-6d365861fad6',4,'0','1','0',0,0,NULL,'2026-02-11 21:37:27','2026-02-11 21:37:27',0),(249,NULL,'ELIAS NCHIBA','1010293','Opening balance','ac7e5b0f-d0dd-44a4-913c-6d365861fad6',4,'0','1','0',0,0,NULL,'2026-02-11 21:37:27','2026-02-11 21:37:27',0),(250,NULL,'ELIAS NG\'WIGULU','1010294','Opening balance','ac7e5b0f-d0dd-44a4-913c-6d365861fad6',4,'0','1','0',0,0,NULL,'2026-02-11 21:37:27','2026-02-11 21:37:27',0),(251,NULL,'ELIAS NGASSA','1010295','Opening balance','ac7e5b0f-d0dd-44a4-913c-6d365861fad6',4,'0','1','0',0,0,NULL,'2026-02-11 21:37:27','2026-02-11 21:37:27',0),(252,NULL,'ELISHA NIMA','1010296','Opening balance','ac7e5b0f-d0dd-44a4-913c-6d365861fad6',4,'0','1','0',0,0,NULL,'2026-02-11 21:37:27','2026-02-11 21:37:27',0),(253,NULL,'EMMANUEL JUSTINE','1010297','Opening balance','ac7e5b0f-d0dd-44a4-913c-6d365861fad6',4,'0','1','0',0,0,NULL,'2026-02-11 21:37:27','2026-02-11 21:37:27',0),(254,NULL,'EMMANUEL NYAMOYE','1010298','Opening balance','ac7e5b0f-d0dd-44a4-913c-6d365861fad6',4,'0','1','0',0,0,NULL,'2026-02-11 21:37:27','2026-02-11 21:37:27',0),(255,NULL,'ESTHER DAMAS','1010299','Opening balance','ac7e5b0f-d0dd-44a4-913c-6d365861fad6',4,'0','1','0',0,0,NULL,'2026-02-11 21:37:27','2026-02-11 21:37:27',0),(256,NULL,'FAIDA BWIRE','1010300','Opening balance','ac7e5b0f-d0dd-44a4-913c-6d365861fad6',4,'0','1','0',0,0,NULL,'2026-02-11 21:37:27','2026-02-11 21:37:27',0),(257,NULL,'FAUSTIN EMMANUEL','1010301','Opening balance','ac7e5b0f-d0dd-44a4-913c-6d365861fad6',4,'0','1','0',0,0,NULL,'2026-02-11 21:37:27','2026-02-11 21:37:27',0),(258,NULL,'FELICIAN KIFUNGA','1010302','Opening balance','ac7e5b0f-d0dd-44a4-913c-6d365861fad6',4,'0','1','0',0,0,NULL,'2026-02-11 21:37:27','2026-02-11 21:37:27',0),(259,NULL,'FRANCIS CHARLES','1010303','Opening balance','ac7e5b0f-d0dd-44a4-913c-6d365861fad6',4,'0','1','0',0,0,NULL,'2026-02-11 21:37:27','2026-02-11 21:37:27',0),(260,NULL,'FRANCIS LOLELA','1010304','Opening balance','ac7e5b0f-d0dd-44a4-913c-6d365861fad6',4,'0','1','0',0,0,NULL,'2026-02-11 21:37:27','2026-02-11 21:37:27',0),(261,NULL,'FRANCIS NTELYA','1010305','Opening balance','ac7e5b0f-d0dd-44a4-913c-6d365861fad6',4,'0','1','0',0,0,NULL,'2026-02-11 21:37:27','2026-02-11 21:37:27',0),(262,NULL,'GAMBA MASANJA','1010306','Opening balance','ac7e5b0f-d0dd-44a4-913c-6d365861fad6',4,'0','1','0',0,0,NULL,'2026-02-11 21:37:27','2026-02-11 21:37:27',0),(263,NULL,'GEORGE G. MKUNI','1010307','Opening balance','ac7e5b0f-d0dd-44a4-913c-6d365861fad6',4,'0','1','0',0,0,NULL,'2026-02-11 21:37:27','2026-02-11 21:37:27',0),(264,NULL,'GEORGE SAMWEL','1010308','Opening balance','ac7e5b0f-d0dd-44a4-913c-6d365861fad6',4,'0','1','0',0,0,NULL,'2026-02-11 21:37:27','2026-02-11 21:37:27',0),(265,NULL,'GETRUDE JOHN','1010309','Opening balance','ac7e5b0f-d0dd-44a4-913c-6d365861fad6',4,'0','1','0',0,0,NULL,'2026-02-11 21:37:27','2026-02-11 21:37:27',0),(266,NULL,'GRACE PETRO BUNGA','1010310','Opening balance','ac7e5b0f-d0dd-44a4-913c-6d365861fad6',4,'0','1','0',0,0,NULL,'2026-02-11 21:37:27','2026-02-11 21:37:27',0),(267,NULL,'HABIBA KHALFAN','1010311','Opening balance','ac7e5b0f-d0dd-44a4-913c-6d365861fad6',4,'0','1','0',0,0,NULL,'2026-02-11 21:37:27','2026-02-11 21:37:27',0),(268,NULL,'HADIJA MPAUKWA','1010312','Opening balance','ac7e5b0f-d0dd-44a4-913c-6d365861fad6',4,'0','1','0',0,0,NULL,'2026-02-11 21:37:27','2026-02-11 21:37:27',0),(269,NULL,'HAMIS ALLY (KOKOTO)','1010313','Opening balance','ac7e5b0f-d0dd-44a4-913c-6d365861fad6',4,'0','1','0',0,0,NULL,'2026-02-11 21:37:27','2026-02-11 21:37:27',0),(270,NULL,'HAMIS MAGESE','1010314','Opening balance','ac7e5b0f-d0dd-44a4-913c-6d365861fad6',4,'0','1','0',0,0,NULL,'2026-02-11 21:37:27','2026-02-11 21:37:27',0),(271,NULL,'HAPPINES KABOGO','1010315','Opening balance','ac7e5b0f-d0dd-44a4-913c-6d365861fad6',4,'0','1','0',0,0,NULL,'2026-02-11 21:37:27','2026-02-11 21:37:27',0),(272,NULL,'HERMAN MABULA','1010316','Opening balance','ac7e5b0f-d0dd-44a4-913c-6d365861fad6',4,'0','1','0',0,0,NULL,'2026-02-11 21:37:27','2026-02-11 21:37:27',0),(273,NULL,'IBRAHIM ABDALLAH','1010317','Opening balance','ac7e5b0f-d0dd-44a4-913c-6d365861fad6',4,'0','1','0',0,0,NULL,'2026-02-11 21:37:27','2026-02-11 21:37:27',0),(274,NULL,'IGWINA MAGEMBE','1010318','Opening balance','ac7e5b0f-d0dd-44a4-913c-6d365861fad6',4,'0','1','0',0,0,NULL,'2026-02-11 21:37:27','2026-02-11 21:37:27',0),(275,NULL,'JACOB MBOJE','1010319','Opening balance','ac7e5b0f-d0dd-44a4-913c-6d365861fad6',4,'0','1','0',0,0,NULL,'2026-02-11 21:37:27','2026-02-11 21:37:27',0),(276,NULL,'JACOB UDOBA','1010320','Opening balance','ac7e5b0f-d0dd-44a4-913c-6d365861fad6',4,'0','1','0',0,0,NULL,'2026-02-11 21:37:27','2026-02-11 21:37:27',0),(277,NULL,'JAMES KUSEKWA','1010321','Opening balance','ac7e5b0f-d0dd-44a4-913c-6d365861fad6',4,'0','1','0',0,0,NULL,'2026-02-11 21:37:27','2026-02-11 21:37:27',0),(278,NULL,'JAMES MASONGA','1010322','Opening balance','ac7e5b0f-d0dd-44a4-913c-6d365861fad6',4,'0','1','0',0,0,NULL,'2026-02-11 21:37:27','2026-02-11 21:37:27',0),(279,NULL,'JAMES MICHAEL JAPI','1010323','Opening balance','ac7e5b0f-d0dd-44a4-913c-6d365861fad6',4,'0','1','0',0,0,NULL,'2026-02-11 21:37:27','2026-02-11 21:37:27',0),(280,NULL,'JAMES NYANZA','1010324','Opening balance','ac7e5b0f-d0dd-44a4-913c-6d365861fad6',4,'0','1','0',0,0,NULL,'2026-02-11 21:37:27','2026-02-11 21:37:27',0),(281,NULL,'JAMES SUMUNI','1010325','Opening balance','ac7e5b0f-d0dd-44a4-913c-6d365861fad6',4,'0','1','0',0,0,NULL,'2026-02-11 21:37:27','2026-02-11 21:37:27',0),(282,NULL,'JAMES TITTO KACHIMA','1010326','Opening balance','ac7e5b0f-d0dd-44a4-913c-6d365861fad6',4,'0','1','0',0,0,NULL,'2026-02-11 21:37:27','2026-02-11 21:37:27',0),(283,NULL,'JOHN BUTTA','1010327','Opening balance','ac7e5b0f-d0dd-44a4-913c-6d365861fad6',4,'0','1','0',0,0,NULL,'2026-02-11 21:37:27','2026-02-11 21:37:27',0),(284,NULL,'JOHN EZEKIEL','1010328','Opening balance','ac7e5b0f-d0dd-44a4-913c-6d365861fad6',4,'0','1','0',0,0,NULL,'2026-02-11 21:37:27','2026-02-11 21:37:27',0),(285,NULL,'JOHN ISACK','1010329','Opening balance','ac7e5b0f-d0dd-44a4-913c-6d365861fad6',4,'0','1','0',0,0,NULL,'2026-02-11 21:37:27','2026-02-11 21:37:27',0),(286,NULL,'JOHN KWILASA','1010330','Opening balance','ac7e5b0f-d0dd-44a4-913c-6d365861fad6',4,'0','1','0',0,0,NULL,'2026-02-11 21:37:27','2026-02-11 21:37:27',0),(287,NULL,'JOHN MASUNGA','1010331','Opening balance','ac7e5b0f-d0dd-44a4-913c-6d365861fad6',4,'0','1','0',0,0,NULL,'2026-02-11 21:37:27','2026-02-11 21:37:27',0),(288,NULL,'JOHN MAYENGA','1010332','Opening balance','ac7e5b0f-d0dd-44a4-913c-6d365861fad6',4,'0','1','0',0,0,NULL,'2026-02-11 21:37:27','2026-02-11 21:37:27',0),(289,NULL,'JOHN MIPAWA MAKOLO','1010333','Opening balance','ac7e5b0f-d0dd-44a4-913c-6d365861fad6',4,'0','1','0',0,0,NULL,'2026-02-11 21:37:27','2026-02-11 21:37:27',0),(290,NULL,'JOHN NTUNDU','1010334','Opening balance','ac7e5b0f-d0dd-44a4-913c-6d365861fad6',4,'0','1','0',0,0,NULL,'2026-02-11 21:37:27','2026-02-11 21:37:27',0),(291,NULL,'JOHN OMARY','1010335','Opening balance','ac7e5b0f-d0dd-44a4-913c-6d365861fad6',4,'0','1','0',0,0,NULL,'2026-02-11 21:37:27','2026-02-11 21:37:27',0),(292,NULL,'JOHN M. SENI','1010336','Opening balance','ac7e5b0f-d0dd-44a4-913c-6d365861fad6',4,'0','1','0',0,0,NULL,'2026-02-11 21:37:27','2026-02-11 21:37:27',0),(293,NULL,'JOHN M. SITTA','1010337','Opening balance','ac7e5b0f-d0dd-44a4-913c-6d365861fad6',4,'0','1','0',0,0,NULL,'2026-02-11 21:37:27','2026-02-11 21:37:27',0),(294,NULL,'JOHN WILLIAM','1010338','Opening balance','ac7e5b0f-d0dd-44a4-913c-6d365861fad6',4,'0','1','0',0,0,NULL,'2026-02-11 21:37:27','2026-02-11 21:37:27',0),(295,NULL,'JOSEPH MIHANGWA','1010339','Opening balance','ac7e5b0f-d0dd-44a4-913c-6d365861fad6',4,'0','1','0',0,0,NULL,'2026-02-11 21:37:27','2026-02-11 21:37:27',0),(296,NULL,'JOSEPH NANGALE','1010340','Opening balance','ac7e5b0f-d0dd-44a4-913c-6d365861fad6',4,'0','1','0',0,0,NULL,'2026-02-11 21:37:27','2026-02-11 21:37:27',0),(297,NULL,'JOSEPH FAUSTINE','1010341','Opening balance','ac7e5b0f-d0dd-44a4-913c-6d365861fad6',4,'0','1','0',0,0,NULL,'2026-02-11 21:37:27','2026-02-11 21:37:27',0),(298,NULL,'JOSEPH KULWA','1010342','Opening balance','ac7e5b0f-d0dd-44a4-913c-6d365861fad6',4,'0','1','0',0,0,NULL,'2026-02-11 21:37:27','2026-02-11 21:37:27',0),(299,NULL,'JOSEPH MANYILIZU','1010343','Opening balance','ac7e5b0f-d0dd-44a4-913c-6d365861fad6',4,'0','1','0',0,0,NULL,'2026-02-11 21:37:27','2026-02-11 21:37:27',0),(300,NULL,'JOSEPH MBULUZI','1010344','Opening balance','ac7e5b0f-d0dd-44a4-913c-6d365861fad6',4,'0','1','0',0,0,NULL,'2026-02-11 21:37:27','2026-02-11 21:37:27',0),(301,NULL,'JOSEPH MEDARD','1010345','Opening balance','ac7e5b0f-d0dd-44a4-913c-6d365861fad6',4,'0','1','0',0,0,NULL,'2026-02-11 21:37:27','2026-02-11 21:37:27',0),(302,NULL,'JOSEPH RUPIA','1010346','Opening balance','ac7e5b0f-d0dd-44a4-913c-6d365861fad6',4,'0','1','0',0,0,NULL,'2026-02-11 21:37:27','2026-02-11 21:37:27',0),(303,NULL,'JOSEPH SHOKA','1010347','Opening balance','ac7e5b0f-d0dd-44a4-913c-6d365861fad6',4,'0','1','0',0,0,NULL,'2026-02-11 21:37:28','2026-02-11 21:37:28',0),(304,NULL,'JOSHUA MASALLU','1010348','Opening balance','ac7e5b0f-d0dd-44a4-913c-6d365861fad6',4,'0','1','0',0,0,NULL,'2026-02-11 21:37:28','2026-02-11 21:37:28',0),(305,NULL,'JOYCE EDWARD','1010349','Opening balance','ac7e5b0f-d0dd-44a4-913c-6d365861fad6',4,'0','1','0',0,0,NULL,'2026-02-11 21:37:28','2026-02-11 21:37:28',0),(306,NULL,'JOYCE H. SICHEMBE','1010350','Opening balance','ac7e5b0f-d0dd-44a4-913c-6d365861fad6',4,'0','1','0',0,0,NULL,'2026-02-11 21:37:28','2026-02-11 21:37:28',0),(307,NULL,'JULIUS MAKULE','1010351','Opening balance','ac7e5b0f-d0dd-44a4-913c-6d365861fad6',4,'0','1','0',0,0,NULL,'2026-02-11 21:37:28','2026-02-11 21:37:28',0),(308,NULL,'JUMA MATANGA','1010352','Opening balance','ac7e5b0f-d0dd-44a4-913c-6d365861fad6',4,'0','1','0',0,0,NULL,'2026-02-11 21:37:28','2026-02-11 21:37:28',0),(309,NULL,'JUMA MAZIKU','1010353','Opening balance','ac7e5b0f-d0dd-44a4-913c-6d365861fad6',4,'0','1','0',0,0,NULL,'2026-02-11 21:37:28','2026-02-11 21:37:28',0),(310,NULL,'JUMA MUSA','1010354','Opening balance','ac7e5b0f-d0dd-44a4-913c-6d365861fad6',4,'0','1','0',0,0,NULL,'2026-02-11 21:37:28','2026-02-11 21:37:28',0),(311,NULL,'JUMA L. NTOBI','1010355','Opening balance','ac7e5b0f-d0dd-44a4-913c-6d365861fad6',4,'0','1','0',0,0,NULL,'2026-02-11 21:37:28','2026-02-11 21:37:28',0),(312,NULL,'KABENGWE N. KABENGWE','1010356','Opening balance','ac7e5b0f-d0dd-44a4-913c-6d365861fad6',4,'0','1','0',0,0,NULL,'2026-02-11 21:37:28','2026-02-11 21:37:28',0),(313,NULL,'KADELYA D. KADELYA','1010357','Opening balance','ac7e5b0f-d0dd-44a4-913c-6d365861fad6',4,'0','1','0',0,0,NULL,'2026-02-11 21:37:28','2026-02-11 21:37:28',0),(314,NULL,'KALIBALA MAKANGA','1010358','Opening balance','ac7e5b0f-d0dd-44a4-913c-6d365861fad6',4,'0','1','0',0,0,NULL,'2026-02-11 21:37:28','2026-02-11 21:37:28',0),(315,NULL,'KANONI MAIGE','1010359','Opening balance','ac7e5b0f-d0dd-44a4-913c-6d365861fad6',4,'0','1','0',0,0,NULL,'2026-02-11 21:37:28','2026-02-11 21:37:28',0),(316,NULL,'KASHINJE SUNG\'HWA','1010360','Opening balance','ac7e5b0f-d0dd-44a4-913c-6d365861fad6',4,'0','1','0',0,0,NULL,'2026-02-11 21:37:28','2026-02-11 21:37:28',0),(317,NULL,'KHASSIM MAFTAHA','1010361','Opening balance','ac7e5b0f-d0dd-44a4-913c-6d365861fad6',4,'0','1','0',0,0,NULL,'2026-02-11 21:37:28','2026-02-11 21:37:28',0),(318,NULL,'KIDANHA NG\'WANANKAMBA','1010362','Opening balance','ac7e5b0f-d0dd-44a4-913c-6d365861fad6',4,'0','1','0',0,0,NULL,'2026-02-11 21:37:28','2026-02-11 21:37:28',0),(319,NULL,'KISENDI MAHULU','1010363','Opening balance','ac7e5b0f-d0dd-44a4-913c-6d365861fad6',4,'0','1','0',0,0,NULL,'2026-02-11 21:37:28','2026-02-11 21:37:28',0),(320,NULL,'LALA MAHANGILA','1010364','Opening balance','ac7e5b0f-d0dd-44a4-913c-6d365861fad6',4,'0','1','0',0,0,NULL,'2026-02-11 21:37:28','2026-02-11 21:37:28',0),(321,NULL,'LAURENCE N.B. DEDE','1010365','Opening balance','ac7e5b0f-d0dd-44a4-913c-6d365861fad6',4,'0','1','0',0,0,NULL,'2026-02-11 21:37:28','2026-02-11 21:37:28',0),(322,NULL,'LEONARD KISIMBA','1010366','Opening balance','ac7e5b0f-d0dd-44a4-913c-6d365861fad6',4,'0','1','0',0,0,NULL,'2026-02-11 21:37:28','2026-02-11 21:37:28',0),(323,NULL,'LEONARD KUBAGWA','1010367','Opening balance','ac7e5b0f-d0dd-44a4-913c-6d365861fad6',4,'0','1','0',0,0,NULL,'2026-02-11 21:37:28','2026-02-11 21:37:28',0),(324,NULL,'LEONARD SANGALALI','1010368','Opening balance','ac7e5b0f-d0dd-44a4-913c-6d365861fad6',4,'0','1','0',0,0,NULL,'2026-02-11 21:37:28','2026-02-11 21:37:28',0),(325,NULL,'LEONIDA M. MANYILIZU','1010369','Opening balance','ac7e5b0f-d0dd-44a4-913c-6d365861fad6',4,'0','1','0',0,0,NULL,'2026-02-11 21:37:28','2026-02-11 21:37:28',0),(326,NULL,'LEONARD WATOSHA','1010370','Opening balance','ac7e5b0f-d0dd-44a4-913c-6d365861fad6',4,'0','1','0',0,0,NULL,'2026-02-11 21:37:28','2026-02-11 21:37:28',0),(327,NULL,'LUCAS KIJA','1010371','Opening balance','ac7e5b0f-d0dd-44a4-913c-6d365861fad6',4,'0','1','0',0,0,NULL,'2026-02-11 21:37:28','2026-02-11 21:37:28',0),(328,NULL,'LUCAS NG\'WIGULU','1010372','Opening balance','ac7e5b0f-d0dd-44a4-913c-6d365861fad6',4,'0','1','0',0,0,NULL,'2026-02-11 21:37:28','2026-02-11 21:37:28',0),(329,NULL,'LUPONYA SHIMBA','1010373','Opening balance','ac7e5b0f-d0dd-44a4-913c-6d365861fad6',4,'0','1','0',0,0,NULL,'2026-02-11 21:37:28','2026-02-11 21:37:28',0),(330,NULL,'MADUHU NKAMAKAZI','1010374','Opening balance','ac7e5b0f-d0dd-44a4-913c-6d365861fad6',4,'0','1','0',0,0,NULL,'2026-02-11 21:37:28','2026-02-11 21:37:28',0),(331,NULL,'MADUHU MAGASHI','1010375','Opening balance','ac7e5b0f-d0dd-44a4-913c-6d365861fad6',4,'0','1','0',0,0,NULL,'2026-02-11 21:37:28','2026-02-11 21:37:28',0),(332,NULL,'MAGEMBE MASUNGA','1010376','Opening balance','ac7e5b0f-d0dd-44a4-913c-6d365861fad6',4,'0','1','0',0,0,NULL,'2026-02-11 21:37:28','2026-02-11 21:37:28',0),(333,NULL,'MAIGE PAULO','1010377','Opening balance','ac7e5b0f-d0dd-44a4-913c-6d365861fad6',4,'0','1','0',0,0,NULL,'2026-02-11 21:37:28','2026-02-11 21:37:28',0),(334,NULL,'MAKULILE MILAMBO','1010378','Opening balance','ac7e5b0f-d0dd-44a4-913c-6d365861fad6',4,'0','1','0',0,0,NULL,'2026-02-11 21:37:28','2026-02-11 21:37:28',0),(335,NULL,'MALABA NYANGA','1010379','Opening balance','ac7e5b0f-d0dd-44a4-913c-6d365861fad6',4,'0','1','0',0,0,NULL,'2026-02-11 21:37:28','2026-02-11 21:37:28',0),(336,NULL,'MALANDO ZAMU','1010380','Opening balance','ac7e5b0f-d0dd-44a4-913c-6d365861fad6',4,'0','1','0',0,0,NULL,'2026-02-11 21:37:28','2026-02-11 21:37:28',0),(337,NULL,'MALIMI KISINGA','1010381','Opening balance','ac7e5b0f-d0dd-44a4-913c-6d365861fad6',4,'0','1','0',0,0,NULL,'2026-02-11 21:37:28','2026-02-11 21:37:28',0),(338,NULL,'MALISA J. RICHARD','1010382','Opening balance','ac7e5b0f-d0dd-44a4-913c-6d365861fad6',4,'0','1','0',0,0,NULL,'2026-02-11 21:37:28','2026-02-11 21:37:28',0),(339,NULL,'MANDAGO DOYI','1010383','Opening balance','ac7e5b0f-d0dd-44a4-913c-6d365861fad6',4,'0','1','0',0,0,NULL,'2026-02-11 21:37:28','2026-02-11 21:37:28',0),(340,NULL,'MARCO MAZOYA','1010384','Opening balance','ac7e5b0f-d0dd-44a4-913c-6d365861fad6',4,'0','1','0',0,0,NULL,'2026-02-11 21:37:28','2026-02-11 21:37:28',0),(341,NULL,'MARCO MSENGI','1010385','Opening balance','ac7e5b0f-d0dd-44a4-913c-6d365861fad6',4,'0','1','0',0,0,NULL,'2026-02-11 21:37:28','2026-02-11 21:37:28',0),(342,NULL,'MARCO NIMA','1010386','Opening balance','ac7e5b0f-d0dd-44a4-913c-6d365861fad6',4,'0','1','0',0,0,NULL,'2026-02-11 21:37:28','2026-02-11 21:37:28',0),(343,NULL,'MARTIN MACHALI','1010387','Opening balance','ac7e5b0f-d0dd-44a4-913c-6d365861fad6',4,'0','1','0',0,0,NULL,'2026-02-11 21:37:28','2026-02-11 21:37:28',0),(344,NULL,'MARY MTUNGA','1010388','Opening balance','ac7e5b0f-d0dd-44a4-913c-6d365861fad6',4,'0','1','0',0,0,NULL,'2026-02-11 21:37:28','2026-02-11 21:37:28',0),(345,NULL,'MARY NDETTO','1010389','Opening balance','ac7e5b0f-d0dd-44a4-913c-6d365861fad6',4,'0','1','0',0,0,NULL,'2026-02-11 21:37:28','2026-02-11 21:37:28',0),(346,NULL,'MASAGA D. KATANI','1010390','Opening balance','ac7e5b0f-d0dd-44a4-913c-6d365861fad6',4,'0','1','0',0,0,NULL,'2026-02-11 21:37:28','2026-02-11 21:37:28',0),(347,NULL,'MASALA SAMWEL','1010391','Opening balance','ac7e5b0f-d0dd-44a4-913c-6d365861fad6',4,'0','1','0',0,0,NULL,'2026-02-11 21:37:28','2026-02-11 21:37:28',0),(348,NULL,'MASANJA MWANDU','1010392','Opening balance','ac7e5b0f-d0dd-44a4-913c-6d365861fad6',4,'0','1','0',0,0,NULL,'2026-02-11 21:37:28','2026-02-11 21:37:28',0),(349,NULL,'MASANYIWA KAGUMBA','1010393','Opening balance','ac7e5b0f-d0dd-44a4-913c-6d365861fad6',4,'0','1','0',0,0,NULL,'2026-02-11 21:37:28','2026-02-11 21:37:28',0),(350,NULL,'MASELE KUNJI','1010394','Opening balance','ac7e5b0f-d0dd-44a4-913c-6d365861fad6',4,'0','1','0',0,0,NULL,'2026-02-11 21:37:28','2026-02-11 21:37:28',0),(351,NULL,'MASHALLA NTUGWA','1010395','Opening balance','ac7e5b0f-d0dd-44a4-913c-6d365861fad6',4,'0','1','0',0,0,NULL,'2026-02-11 21:37:28','2026-02-11 21:37:28',0),(352,NULL,'MASILA LUZWILO','1010396','Opening balance','ac7e5b0f-d0dd-44a4-913c-6d365861fad6',4,'0','1','0',0,0,NULL,'2026-02-11 21:37:28','2026-02-11 21:37:28',0),(353,NULL,'MASUKE SULLA','1010397','Opening balance','ac7e5b0f-d0dd-44a4-913c-6d365861fad6',4,'0','1','0',0,0,NULL,'2026-02-11 21:37:28','2026-02-11 21:37:28',0),(354,NULL,'MASUNGA I. SALLI','1010398','Opening balance','ac7e5b0f-d0dd-44a4-913c-6d365861fad6',4,'0','1','0',0,0,NULL,'2026-02-11 21:37:28','2026-02-11 21:37:28',0),(355,NULL,'MATHIAS CHARLES','1010399','Opening balance','ac7e5b0f-d0dd-44a4-913c-6d365861fad6',4,'0','1','0',0,0,NULL,'2026-02-11 21:37:28','2026-02-11 21:37:28',0),(356,NULL,'MATHEW KASHINJE','1010400','Opening balance','ac7e5b0f-d0dd-44a4-913c-6d365861fad6',4,'0','1','0',0,0,NULL,'2026-02-11 21:37:28','2026-02-11 21:37:28',0),(357,NULL,'MATHIAS KIBOGORA','1010401','Opening balance','ac7e5b0f-d0dd-44a4-913c-6d365861fad6',4,'0','1','0',0,0,NULL,'2026-02-11 21:37:28','2026-02-11 21:37:28',0),(358,NULL,'MAYUNGA MBOGO','1010402','Opening balance','ac7e5b0f-d0dd-44a4-913c-6d365861fad6',4,'0','1','0',0,0,NULL,'2026-02-11 21:37:28','2026-02-11 21:37:28',0),(359,NULL,'MGALULA RASHID','1010403','Opening balance','ac7e5b0f-d0dd-44a4-913c-6d365861fad6',4,'0','1','0',0,0,NULL,'2026-02-11 21:37:28','2026-02-11 21:37:28',0),(360,NULL,'MKONGA LUHENDE','1010404','Opening balance','ac7e5b0f-d0dd-44a4-913c-6d365861fad6',4,'0','1','0',0,0,NULL,'2026-02-11 21:37:28','2026-02-11 21:37:28',0),(361,NULL,'MUNGO MALA','1010405','Opening balance','ac7e5b0f-d0dd-44a4-913c-6d365861fad6',4,'0','1','0',0,0,NULL,'2026-02-11 21:37:28','2026-02-11 21:37:28',0),(362,NULL,'NDURUMA MABOKO','1010406','Opening balance','ac7e5b0f-d0dd-44a4-913c-6d365861fad6',4,'0','1','0',0,0,NULL,'2026-02-11 21:37:28','2026-02-11 21:37:28',0),(363,NULL,'NGASSA MACHIMU','1010407','Opening balance','ac7e5b0f-d0dd-44a4-913c-6d365861fad6',4,'0','1','0',0,0,NULL,'2026-02-11 21:37:28','2026-02-11 21:37:28',0),(364,NULL,'NGONDE OBEID','1010408','Opening balance','ac7e5b0f-d0dd-44a4-913c-6d365861fad6',4,'0','1','0',0,0,NULL,'2026-02-11 21:37:28','2026-02-11 21:37:28',0),(365,NULL,'NGUSSA','1010409','Opening balance','ac7e5b0f-d0dd-44a4-913c-6d365861fad6',4,'0','1','0',0,0,NULL,'2026-02-11 21:37:28','2026-02-11 21:37:28',0),(366,NULL,'NKINGA LUCAS','1010410','Opening balance','ac7e5b0f-d0dd-44a4-913c-6d365861fad6',4,'0','1','0',0,0,NULL,'2026-02-11 21:37:28','2026-02-11 21:37:28',0),(367,NULL,'NKINDA MAYENGA','1010411','Opening balance','ac7e5b0f-d0dd-44a4-913c-6d365861fad6',4,'0','1','0',0,0,NULL,'2026-02-11 21:37:28','2026-02-11 21:37:28',0),(368,NULL,'NSULWA MBOJE','1010412','Opening balance','ac7e5b0f-d0dd-44a4-913c-6d365861fad6',4,'0','1','0',0,0,NULL,'2026-02-11 21:37:28','2026-02-11 21:37:28',0),(369,NULL,'NTEMI SHIMBI','1010413','Opening balance','ac7e5b0f-d0dd-44a4-913c-6d365861fad6',4,'0','1','0',0,0,NULL,'2026-02-11 21:37:28','2026-02-11 21:37:28',0),(370,NULL,'NYERERE NTEMI','1010414','Opening balance','ac7e5b0f-d0dd-44a4-913c-6d365861fad6',4,'0','1','0',0,0,NULL,'2026-02-11 21:37:28','2026-02-11 21:37:28',0),(371,NULL,'PATRICIA SHIMBA','1010415','Opening balance','ac7e5b0f-d0dd-44a4-913c-6d365861fad6',4,'0','1','0',0,0,NULL,'2026-02-11 21:37:28','2026-02-11 21:37:28',0),(372,NULL,'PAUL GASHI ZENGO','1010416','Opening balance','ac7e5b0f-d0dd-44a4-913c-6d365861fad6',4,'0','1','0',0,0,NULL,'2026-02-11 21:37:28','2026-02-11 21:37:28',0),(373,NULL,'PAULO E. NG\'WALA','1010417','Opening balance','ac7e5b0f-d0dd-44a4-913c-6d365861fad6',4,'0','1','0',0,0,NULL,'2026-02-11 21:37:28','2026-02-11 21:37:28',0),(374,NULL,'PERPETUA PAUL NG\'HWANI','1010418','Opening balance','ac7e5b0f-d0dd-44a4-913c-6d365861fad6',4,'0','1','0',0,0,NULL,'2026-02-11 21:37:28','2026-02-11 21:37:28',0),(375,NULL,'PETER ISORE','1010419','Opening balance','ac7e5b0f-d0dd-44a4-913c-6d365861fad6',4,'0','1','0',0,0,NULL,'2026-02-11 21:37:28','2026-02-11 21:37:28',0),(376,NULL,'PETER MVANGA','1010420','Opening balance','ac7e5b0f-d0dd-44a4-913c-6d365861fad6',4,'0','1','0',0,0,NULL,'2026-02-11 21:37:28','2026-02-11 21:37:28',0),(377,NULL,'PHILOMENA SENYA.','1010421','Opening balance','ac7e5b0f-d0dd-44a4-913c-6d365861fad6',4,'0','1','0',0,0,NULL,'2026-02-11 21:37:28','2026-02-11 21:37:28',0),(378,NULL,'PHILIPO NTAULIJA','1010422','Opening balance','ac7e5b0f-d0dd-44a4-913c-6d365861fad6',4,'0','1','0',0,0,NULL,'2026-02-11 21:37:28','2026-02-11 21:37:28',0),(379,NULL,'PIUS GENGE','1010423','Opening balance','ac7e5b0f-d0dd-44a4-913c-6d365861fad6',4,'0','1','0',0,0,NULL,'2026-02-11 21:37:28','2026-02-11 21:37:28',0),(380,NULL,'PIUS MADAHA','1010424','Opening balance','ac7e5b0f-d0dd-44a4-913c-6d365861fad6',4,'0','1','0',0,0,NULL,'2026-02-11 21:37:28','2026-02-11 21:37:28',0),(381,NULL,'PIUS KIMALI','1010425','Opening balance','ac7e5b0f-d0dd-44a4-913c-6d365861fad6',4,'0','1','0',0,0,NULL,'2026-02-11 21:37:28','2026-02-11 21:37:28',0),(382,NULL,'RABBY MENYA','1010426','Opening balance','ac7e5b0f-d0dd-44a4-913c-6d365861fad6',4,'0','1','0',0,0,NULL,'2026-02-11 21:37:28','2026-02-11 21:37:28',0),(383,NULL,'RACHEL MAHONA','1010427','Opening balance','ac7e5b0f-d0dd-44a4-913c-6d365861fad6',4,'0','1','0',0,0,NULL,'2026-02-11 21:37:28','2026-02-11 21:37:28',0),(384,NULL,'RAMADHAN ISSA','1010428','Opening balance','ac7e5b0f-d0dd-44a4-913c-6d365861fad6',4,'0','1','0',0,0,NULL,'2026-02-11 21:37:28','2026-02-11 21:37:28',0),(385,NULL,'RAMADHAN MBITTA','1010429','Opening balance','ac7e5b0f-d0dd-44a4-913c-6d365861fad6',4,'0','1','0',0,0,NULL,'2026-02-11 21:37:28','2026-02-11 21:37:28',0),(386,NULL,'RAMADHAN KATTO','1010430','Opening balance','ac7e5b0f-d0dd-44a4-913c-6d365861fad6',4,'0','1','0',0,0,NULL,'2026-02-11 21:37:28','2026-02-11 21:37:28',0),(387,NULL,'RASHID SHABAN','1010431','Opening balance','ac7e5b0f-d0dd-44a4-913c-6d365861fad6',4,'0','1','0',0,0,NULL,'2026-02-11 21:37:28','2026-02-11 21:37:28',0),(388,NULL,'RASHID MSABILA','1010432','Opening balance','ac7e5b0f-d0dd-44a4-913c-6d365861fad6',4,'0','1','0',0,0,NULL,'2026-02-11 21:37:28','2026-02-11 21:37:28',0),(389,NULL,'REUBEN SHILA','1010433','Opening balance','ac7e5b0f-d0dd-44a4-913c-6d365861fad6',4,'0','1','0',0,0,NULL,'2026-02-11 21:37:28','2026-02-11 21:37:28',0),(390,NULL,'ROBERT HILYA','1010434','Opening balance','ac7e5b0f-d0dd-44a4-913c-6d365861fad6',4,'0','1','0',0,0,NULL,'2026-02-11 21:37:28','2026-02-11 21:37:28',0),(391,NULL,'ROBERT KATUMBI','1010435','Opening balance','ac7e5b0f-d0dd-44a4-913c-6d365861fad6',4,'0','1','0',0,0,NULL,'2026-02-11 21:37:28','2026-02-11 21:37:28',0),(392,NULL,'ROBERT ZENGO','1010436','Opening balance','ac7e5b0f-d0dd-44a4-913c-6d365861fad6',4,'0','1','0',0,0,NULL,'2026-02-11 21:37:29','2026-02-11 21:37:29',0),(393,NULL,'SALLI HUNJU','1010437','Opening balance','ac7e5b0f-d0dd-44a4-913c-6d365861fad6',4,'0','1','0',0,0,NULL,'2026-02-11 21:37:29','2026-02-11 21:37:29',0),(394,NULL,'SALUM MASKATI','1010438','Opening balance','ac7e5b0f-d0dd-44a4-913c-6d365861fad6',4,'0','1','0',0,0,NULL,'2026-02-11 21:37:29','2026-02-11 21:37:29',0),(395,NULL,'SAMSON GAGALA','1010439','Opening balance','ac7e5b0f-d0dd-44a4-913c-6d365861fad6',4,'0','1','0',0,0,NULL,'2026-02-11 21:37:29','2026-02-11 21:37:29',0),(396,NULL,'SAMSON SHIGANZA','1010440','Opening balance','ac7e5b0f-d0dd-44a4-913c-6d365861fad6',4,'0','1','0',0,0,NULL,'2026-02-11 21:37:29','2026-02-11 21:37:29',0),(397,NULL,'SAMWEL MASHALLA','1010441','Opening balance','ac7e5b0f-d0dd-44a4-913c-6d365861fad6',4,'0','1','0',0,0,NULL,'2026-02-11 21:37:29','2026-02-11 21:37:29',0),(398,NULL,'SAYI DANDA','1010442','Opening balance','ac7e5b0f-d0dd-44a4-913c-6d365861fad6',4,'0','1','0',0,0,NULL,'2026-02-11 21:37:29','2026-02-11 21:37:29',0),(399,NULL,'SAYI DEUS','1010443','Opening balance','ac7e5b0f-d0dd-44a4-913c-6d365861fad6',4,'0','1','0',0,0,NULL,'2026-02-11 21:37:29','2026-02-11 21:37:29',0),(400,NULL,'SAYI SENGA','1010444','Opening balance','ac7e5b0f-d0dd-44a4-913c-6d365861fad6',4,'0','1','0',0,0,NULL,'2026-02-11 21:37:29','2026-02-11 21:37:29',0),(401,NULL,'SHADRACK KAYANDA','1010445','Opening balance','ac7e5b0f-d0dd-44a4-913c-6d365861fad6',4,'0','1','0',0,0,NULL,'2026-02-11 21:37:29','2026-02-11 21:37:29',0),(402,NULL,'SHAHA MAGEMBE','1010446','Opening balance','ac7e5b0f-d0dd-44a4-913c-6d365861fad6',4,'0','1','0',0,0,NULL,'2026-02-11 21:37:29','2026-02-11 21:37:29',0),(403,NULL,'SHIJA MALALE','1010447','Opening balance','ac7e5b0f-d0dd-44a4-913c-6d365861fad6',4,'0','1','0',0,0,NULL,'2026-02-11 21:37:29','2026-02-11 21:37:29',0),(404,NULL,'SIMON CHARLES','1010448','Opening balance','ac7e5b0f-d0dd-44a4-913c-6d365861fad6',4,'0','1','0',0,0,NULL,'2026-02-11 21:37:29','2026-02-11 21:37:29',0),(405,NULL,'SIMON SENGA','1010449','Opening balance','ac7e5b0f-d0dd-44a4-913c-6d365861fad6',4,'0','1','0',0,0,NULL,'2026-02-11 21:37:29','2026-02-11 21:37:29',0),(406,NULL,'SOLO MHOJA','1010450','Opening balance','ac7e5b0f-d0dd-44a4-913c-6d365861fad6',4,'0','1','0',0,0,NULL,'2026-02-11 21:37:29','2026-02-11 21:37:29',0),(407,NULL,'SOPHIA MATONDO','1010451','Opening balance','ac7e5b0f-d0dd-44a4-913c-6d365861fad6',4,'0','1','0',0,0,NULL,'2026-02-11 21:37:29','2026-02-11 21:37:29',0),(408,NULL,'STEPHEN NCHAMIKE','1010452','Opening balance','ac7e5b0f-d0dd-44a4-913c-6d365861fad6',4,'0','1','0',0,0,NULL,'2026-02-11 21:37:29','2026-02-11 21:37:29',0),(409,NULL,'STEPHANO CHALYA','1010453','Opening balance','ac7e5b0f-d0dd-44a4-913c-6d365861fad6',4,'0','1','0',0,0,NULL,'2026-02-11 21:37:29','2026-02-11 21:37:29',0),(410,NULL,'STEPHANO LEYA','1010454','Opening balance','ac7e5b0f-d0dd-44a4-913c-6d365861fad6',4,'0','1','0',0,0,NULL,'2026-02-11 21:37:29','2026-02-11 21:37:29',0),(411,NULL,'SUNDAY ROBERT LUHENDE','1010455','Opening balance','ac7e5b0f-d0dd-44a4-913c-6d365861fad6',4,'0','1','0',0,0,NULL,'2026-02-11 21:37:29','2026-02-11 21:37:29',0),(412,NULL,'SYLIVESTER ABDALLAH','1010456','Opening balance','ac7e5b0f-d0dd-44a4-913c-6d365861fad6',4,'0','1','0',0,0,NULL,'2026-02-11 21:37:29','2026-02-11 21:37:29',0),(413,NULL,'SYLIVESTER MALEGI','1010457','Opening balance','ac7e5b0f-d0dd-44a4-913c-6d365861fad6',4,'0','1','0',0,0,NULL,'2026-02-11 21:37:29','2026-02-11 21:37:29',0),(414,NULL,'TABU PAULO','1010458','Opening balance','ac7e5b0f-d0dd-44a4-913c-6d365861fad6',4,'0','1','0',0,0,NULL,'2026-02-11 21:37:29','2026-02-11 21:37:29',0),(415,NULL,'THEOPHIL  A.TANDA ','1010459','Opening balance','ac7e5b0f-d0dd-44a4-913c-6d365861fad6',4,'0','1','0',0,0,NULL,'2026-02-11 21:37:29','2026-02-11 21:37:29',0),(416,NULL,'THOMAS CHARLES','1010460','Opening balance','ac7e5b0f-d0dd-44a4-913c-6d365861fad6',4,'0','1','0',0,0,NULL,'2026-02-11 21:37:29','2026-02-11 21:37:29',0),(417,NULL,'THOMAS MATHIAS','1010461','Opening balance','ac7e5b0f-d0dd-44a4-913c-6d365861fad6',4,'0','1','0',0,0,NULL,'2026-02-11 21:37:29','2026-02-11 21:37:29',0),(418,NULL,'VERONICA BUNG\'ANDO','1010462','Opening balance','ac7e5b0f-d0dd-44a4-913c-6d365861fad6',4,'0','1','0',0,0,NULL,'2026-02-11 21:37:29','2026-02-11 21:37:29',0),(419,NULL,'WILLIAM CHARLES','1010463','Opening balance','ac7e5b0f-d0dd-44a4-913c-6d365861fad6',4,'0','1','0',0,0,NULL,'2026-02-11 21:37:29','2026-02-11 21:37:29',0),(420,NULL,'WILLIAM DANIEL','1010464','Opening balance','ac7e5b0f-d0dd-44a4-913c-6d365861fad6',4,'0','1','0',0,0,NULL,'2026-02-11 21:37:29','2026-02-11 21:37:29',0),(421,NULL,'WILLIAM KITEBI','1010465','Opening balance','ac7e5b0f-d0dd-44a4-913c-6d365861fad6',4,'0','1','0',0,0,NULL,'2026-02-11 21:37:29','2026-02-11 21:37:29',0),(422,NULL,'WILLIAM MAGESE','1010466','Opening balance','ac7e5b0f-d0dd-44a4-913c-6d365861fad6',4,'0','1','0',0,0,NULL,'2026-02-11 21:37:29','2026-02-11 21:37:29',0),(423,NULL,'WILBERT KISESA','1010467','Opening balance','ac7e5b0f-d0dd-44a4-913c-6d365861fad6',4,'0','1','0',0,0,NULL,'2026-02-11 21:37:29','2026-02-11 21:37:29',0),(424,NULL,'YUGA MASANJA','1010468','Opening balance','ac7e5b0f-d0dd-44a4-913c-6d365861fad6',4,'0','1','0',0,0,NULL,'2026-02-11 21:37:29','2026-02-11 21:37:29',0),(425,NULL,'ZAKARIA SAMSON','1010469','Opening balance','ac7e5b0f-d0dd-44a4-913c-6d365861fad6',4,'0','1','0',0,0,NULL,'2026-02-11 21:37:29','2026-02-11 21:37:29',0),(426,NULL,'ZEPHANIA KEPHER','1010470','Opening balance','ac7e5b0f-d0dd-44a4-913c-6d365861fad6',4,'0','1','0',0,0,NULL,'2026-02-11 21:37:29','2026-02-11 21:37:29',0),(427,NULL,'ABEDNEGO NEBETI','1010471','Opening balance','ac7e5b0f-d0dd-44a4-913c-6d365861fad6',4,'0','1','0',0,0,NULL,'2026-02-11 21:37:29','2026-02-11 21:37:29',0),(428,NULL,'ALLAN KIRENGA','1010472','Opening balance','ac7e5b0f-d0dd-44a4-913c-6d365861fad6',4,'0','1','0',0,0,NULL,'2026-02-11 21:37:29','2026-02-11 21:37:29',0),(429,NULL,'ANTHONY MAKWAIA','1010473','Opening balance','ac7e5b0f-d0dd-44a4-913c-6d365861fad6',4,'0','1','0',0,0,NULL,'2026-02-11 21:37:29','2026-02-11 21:37:29',0),(430,NULL,'ATHUMAN SHABAN','1010474','Opening balance','ac7e5b0f-d0dd-44a4-913c-6d365861fad6',4,'0','1','0',0,0,NULL,'2026-02-11 21:37:29','2026-02-11 21:37:29',0),(431,NULL,'AUGUSTINE MBUNDU','1010475','Opening balance','ac7e5b0f-d0dd-44a4-913c-6d365861fad6',4,'0','1','0',0,0,NULL,'2026-02-11 21:37:29','2026-02-11 21:37:29',0),(432,NULL,'BAKARI ZENGO','1010476','Opening balance','ac7e5b0f-d0dd-44a4-913c-6d365861fad6',4,'0','1','0',0,0,NULL,'2026-02-11 21:37:29','2026-02-11 21:37:29',0),(433,NULL,'BENSON PANDAPANDA','1010477','Opening balance','ac7e5b0f-d0dd-44a4-913c-6d365861fad6',4,'0','1','0',0,0,NULL,'2026-02-11 21:37:29','2026-02-11 21:37:29',0),(434,NULL,'BONAVENTURA MASHENENE','1010478','Opening balance','ac7e5b0f-d0dd-44a4-913c-6d365861fad6',4,'0','1','0',0,0,NULL,'2026-02-11 21:37:29','2026-02-11 21:37:29',0),(435,NULL,'CHARLES MAKULA','1010479','Opening balance','ac7e5b0f-d0dd-44a4-913c-6d365861fad6',4,'0','1','0',0,0,NULL,'2026-02-11 21:37:29','2026-02-11 21:37:29',0),(436,NULL,'CHARLES NDIHWA','1010480','Opening balance','ac7e5b0f-d0dd-44a4-913c-6d365861fad6',4,'0','1','0',0,0,NULL,'2026-02-11 21:37:29','2026-02-11 21:37:29',0),(437,NULL,'CHARLES SANG\'UDI','1010481','Opening balance','ac7e5b0f-d0dd-44a4-913c-6d365861fad6',4,'0','1','0',0,0,NULL,'2026-02-11 21:37:29','2026-02-11 21:37:29',0),(438,NULL,'DANDA MAHUNJA','1010482','Opening balance','ac7e5b0f-d0dd-44a4-913c-6d365861fad6',4,'0','1','0',0,0,NULL,'2026-02-11 21:37:29','2026-02-11 21:37:29',0),(439,NULL,'DANIEL JOHN','1010483','Opening balance','ac7e5b0f-d0dd-44a4-913c-6d365861fad6',4,'0','1','0',0,0,NULL,'2026-02-11 21:37:29','2026-02-11 21:37:29',0),(440,NULL,'DAVID NG`WANANJASHI','1010484','Opening balance','ac7e5b0f-d0dd-44a4-913c-6d365861fad6',4,'0','1','0',0,0,NULL,'2026-02-11 21:37:29','2026-02-11 21:37:29',0),(441,NULL,'EDWARD DAUD','1010485','Opening balance','ac7e5b0f-d0dd-44a4-913c-6d365861fad6',4,'0','1','0',0,0,NULL,'2026-02-11 21:37:29','2026-02-11 21:37:29',0),(442,NULL,'FAIDA BWIRE','1010486','Opening balance','ac7e5b0f-d0dd-44a4-913c-6d365861fad6',4,'0','1','0',0,0,NULL,'2026-02-11 21:37:29','2026-02-11 21:37:29',0),(443,NULL,'FAUSTINE ZENGO','1010487','Opening balance','ac7e5b0f-d0dd-44a4-913c-6d365861fad6',4,'0','1','0',0,0,NULL,'2026-02-11 21:37:29','2026-02-11 21:37:29',0),(444,NULL,'FRANCIS NTELYA','1010488','Opening balance','ac7e5b0f-d0dd-44a4-913c-6d365861fad6',4,'0','1','0',0,0,NULL,'2026-02-11 21:37:29','2026-02-11 21:37:29',0),(445,NULL,'GETRUDE JOHN','1010489','Opening balance','ac7e5b0f-d0dd-44a4-913c-6d365861fad6',4,'0','1','0',0,0,NULL,'2026-02-11 21:37:29','2026-02-11 21:37:29',0),(446,NULL,'GASHI ZENGO','1010490','Opening balance','ac7e5b0f-d0dd-44a4-913c-6d365861fad6',4,'0','1','0',0,0,NULL,'2026-02-11 21:37:29','2026-02-11 21:37:29',0),(447,NULL,'HUSSEIN POLLE','1010491','Opening balance','ac7e5b0f-d0dd-44a4-913c-6d365861fad6',4,'0','1','0',0,0,NULL,'2026-02-11 21:37:29','2026-02-11 21:37:29',0),(448,NULL,'HABIBA KHALFAN','1010492','Opening balance','ac7e5b0f-d0dd-44a4-913c-6d365861fad6',4,'0','1','0',0,0,NULL,'2026-02-11 21:37:29','2026-02-11 21:37:29',0),(449,NULL,'HELON NDAKI','1010493','Opening balance','ac7e5b0f-d0dd-44a4-913c-6d365861fad6',4,'0','1','0',0,0,NULL,'2026-02-11 21:37:29','2026-02-11 21:37:29',0),(450,NULL,'IDD AMANI','1010494','Opening balance','ac7e5b0f-d0dd-44a4-913c-6d365861fad6',4,'0','1','0',0,0,NULL,'2026-02-11 21:37:29','2026-02-11 21:37:29',0),(451,NULL,'JAMES KUESKWA','1010495','Opening balance','ac7e5b0f-d0dd-44a4-913c-6d365861fad6',4,'0','1','0',0,0,NULL,'2026-02-11 21:37:29','2026-02-11 21:37:29',0),(452,NULL,'JEREMIAH MAGOSSO','1010496','Opening balance','ac7e5b0f-d0dd-44a4-913c-6d365861fad6',4,'0','1','0',0,0,NULL,'2026-02-11 21:37:29','2026-02-11 21:37:29',0),(453,NULL,'JOHN MIPAWA','1010497','Opening balance','ac7e5b0f-d0dd-44a4-913c-6d365861fad6',4,'0','1','0',0,0,NULL,'2026-02-11 21:37:29','2026-02-11 21:37:29',0),(454,NULL,'JOHN MWANDU','1010498','Opening balance','ac7e5b0f-d0dd-44a4-913c-6d365861fad6',4,'0','1','0',0,0,NULL,'2026-02-11 21:37:29','2026-02-11 21:37:29',0),(455,NULL,'JOHN NTUNDU','1010499','Opening balance','ac7e5b0f-d0dd-44a4-913c-6d365861fad6',4,'0','1','0',0,0,NULL,'2026-02-11 21:37:29','2026-02-11 21:37:29',0),(456,NULL,'JONATHAN M. SITTA','1010500','Opening balance','ac7e5b0f-d0dd-44a4-913c-6d365861fad6',4,'0','1','0',0,0,NULL,'2026-02-11 21:37:29','2026-02-11 21:37:29',0),(457,NULL,'JOSEPH NANGALE','1010501','Opening balance','ac7e5b0f-d0dd-44a4-913c-6d365861fad6',4,'0','1','0',0,0,NULL,'2026-02-11 21:37:29','2026-02-11 21:37:29',0),(458,NULL,'JOSEPH MAKANGA','1010502','Opening balance','ac7e5b0f-d0dd-44a4-913c-6d365861fad6',4,'0','1','0',0,0,NULL,'2026-02-11 21:37:29','2026-02-11 21:37:29',0),(459,NULL,'JOSHUA MASALU','1010503','Opening balance','ac7e5b0f-d0dd-44a4-913c-6d365861fad6',4,'0','1','0',0,0,NULL,'2026-02-11 21:37:29','2026-02-11 21:37:29',0),(460,NULL,'JUMA MATANGA','1010504','Opening balance','ac7e5b0f-d0dd-44a4-913c-6d365861fad6',4,'0','1','0',0,0,NULL,'2026-02-11 21:37:29','2026-02-11 21:37:29',0),(461,NULL,'JUMA MAZIKU','1010505','Opening balance','ac7e5b0f-d0dd-44a4-913c-6d365861fad6',4,'0','1','0',0,0,NULL,'2026-02-11 21:37:29','2026-02-11 21:37:29',0),(462,NULL,'JUMANNE NGASSA','1010506','Opening balance','ac7e5b0f-d0dd-44a4-913c-6d365861fad6',4,'0','1','0',0,0,NULL,'2026-02-11 21:37:29','2026-02-11 21:37:29',0),(463,NULL,'KANONI MAIGE','1010507','Opening balance','ac7e5b0f-d0dd-44a4-913c-6d365861fad6',4,'0','1','0',0,0,NULL,'2026-02-11 21:37:29','2026-02-11 21:37:29',0),(464,NULL,'LEONARD SANGALALI','1010508','Opening balance','ac7e5b0f-d0dd-44a4-913c-6d365861fad6',4,'0','1','0',0,0,NULL,'2026-02-11 21:37:29','2026-02-11 21:37:29',0),(465,NULL,'LEONARD SULLA','1010509','Opening balance','ac7e5b0f-d0dd-44a4-913c-6d365861fad6',4,'0','1','0',0,0,NULL,'2026-02-11 21:37:29','2026-02-11 21:37:29',0),(466,NULL,'LUCAS KIJA','1010510','Opening balance','ac7e5b0f-d0dd-44a4-913c-6d365861fad6',4,'0','1','0',0,0,NULL,'2026-02-11 21:37:29','2026-02-11 21:37:29',0),(467,NULL,'LUCAS MAYUNGA','1010511','Opening balance','ac7e5b0f-d0dd-44a4-913c-6d365861fad6',4,'0','1','0',0,0,NULL,'2026-02-11 21:37:29','2026-02-11 21:37:29',0),(468,NULL,'LUGIDA MHELA','1010512','Opening balance','ac7e5b0f-d0dd-44a4-913c-6d365861fad6',4,'0','1','0',0,0,NULL,'2026-02-11 21:37:29','2026-02-11 21:37:29',0),(469,NULL,'MAGAKA SHAGIHILU','1010513','Opening balance','ac7e5b0f-d0dd-44a4-913c-6d365861fad6',4,'0','1','0',0,0,NULL,'2026-02-11 21:37:30','2026-02-11 21:37:30',0),(470,NULL,'MAGEMBE MASUNGA','1010514','Opening balance','ac7e5b0f-d0dd-44a4-913c-6d365861fad6',4,'0','1','0',0,0,NULL,'2026-02-11 21:37:30','2026-02-11 21:37:30',0),(471,NULL,'MATHIAS MAKULE','1010515','Opening balance','ac7e5b0f-d0dd-44a4-913c-6d365861fad6',4,'0','1','0',0,0,NULL,'2026-02-11 21:37:30','2026-02-11 21:37:30',0),(472,NULL,'MALANDO ZAMU','1010516','Opening balance','ac7e5b0f-d0dd-44a4-913c-6d365861fad6',4,'0','1','0',0,0,NULL,'2026-02-11 21:37:30','2026-02-11 21:37:30',0),(473,NULL,'MANDAGO DOYI','1010517','Opening balance','ac7e5b0f-d0dd-44a4-913c-6d365861fad6',4,'0','1','0',0,0,NULL,'2026-02-11 21:37:30','2026-02-11 21:37:30',0),(474,NULL,'MADUHU NKAMAKAZI','1010518','Opening balance','ac7e5b0f-d0dd-44a4-913c-6d365861fad6',4,'0','1','0',0,0,NULL,'2026-02-11 21:37:30','2026-02-11 21:37:30',0),(475,NULL,'MASELE KUNJI','1010519','Opening balance','ac7e5b0f-d0dd-44a4-913c-6d365861fad6',4,'0','1','0',0,0,NULL,'2026-02-11 21:37:30','2026-02-11 21:37:30',0),(476,NULL,'MASELE MASHISHANGA','1010520','Opening balance','ac7e5b0f-d0dd-44a4-913c-6d365861fad6',4,'0','1','0',0,0,NULL,'2026-02-11 21:37:30','2026-02-11 21:37:30',0),(477,NULL,'MUSSA CHEREHANI','1010521','Opening balance','ac7e5b0f-d0dd-44a4-913c-6d365861fad6',4,'0','1','0',0,0,NULL,'2026-02-11 21:37:30','2026-02-11 21:37:30',0),(478,NULL,'MORLA CHOTTO','1010522','Opening balance','ac7e5b0f-d0dd-44a4-913c-6d365861fad6',4,'0','1','0',0,0,NULL,'2026-02-11 21:37:30','2026-02-11 21:37:30',0),(479,NULL,'MARCO MACHIBYA','1010523','Opening balance','ac7e5b0f-d0dd-44a4-913c-6d365861fad6',4,'0','1','0',0,0,NULL,'2026-02-11 21:37:30','2026-02-11 21:37:30',0),(480,NULL,'NHIGA DITTU','1010524','Opening balance','ac7e5b0f-d0dd-44a4-913c-6d365861fad6',4,'0','1','0',0,0,NULL,'2026-02-11 21:37:30','2026-02-11 21:37:30',0),(481,NULL,'NYARUGA LAMECK','1010525','Opening balance','ac7e5b0f-d0dd-44a4-913c-6d365861fad6',4,'0','1','0',0,0,NULL,'2026-02-11 21:37:30','2026-02-11 21:37:30',0),(482,NULL,'PAULO EMMANUEL','1010526','Opening balance','ac7e5b0f-d0dd-44a4-913c-6d365861fad6',4,'0','1','0',0,0,NULL,'2026-02-11 21:37:30','2026-02-11 21:37:30',0),(483,NULL,'PETER MASANJA','1010527','Opening balance','ac7e5b0f-d0dd-44a4-913c-6d365861fad6',4,'0','1','0',0,0,NULL,'2026-02-11 21:37:30','2026-02-11 21:37:30',0),(484,NULL,'PIUS MADAHA','1010528','Opening balance','ac7e5b0f-d0dd-44a4-913c-6d365861fad6',4,'0','1','0',0,0,NULL,'2026-02-11 21:37:30','2026-02-11 21:37:30',0),(485,NULL,'PIUS KIMALI','1010529','Opening balance','ac7e5b0f-d0dd-44a4-913c-6d365861fad6',4,'0','1','0',0,0,NULL,'2026-02-11 21:37:30','2026-02-11 21:37:30',0),(486,NULL,'RAMADHAN MBITTA','1010530','Opening balance','ac7e5b0f-d0dd-44a4-913c-6d365861fad6',4,'0','1','0',0,0,NULL,'2026-02-11 21:37:30','2026-02-11 21:37:30',0),(487,NULL,'RASHID MSABILA','1010531','Opening balance','ac7e5b0f-d0dd-44a4-913c-6d365861fad6',4,'0','1','0',0,0,NULL,'2026-02-11 21:37:30','2026-02-11 21:37:30',0),(488,NULL,'RICHARD FUKO','1010532','Opening balance','ac7e5b0f-d0dd-44a4-913c-6d365861fad6',4,'0','1','0',0,0,NULL,'2026-02-11 21:37:30','2026-02-11 21:37:30',0),(489,NULL,'ROBERT HILYA','1010533','Opening balance','ac7e5b0f-d0dd-44a4-913c-6d365861fad6',4,'0','1','0',0,0,NULL,'2026-02-11 21:37:30','2026-02-11 21:37:30',0),(490,NULL,'ROBERT KILAGA','1010534','Opening balance','ac7e5b0f-d0dd-44a4-913c-6d365861fad6',4,'0','1','0',0,0,NULL,'2026-02-11 21:37:30','2026-02-11 21:37:30',0),(491,NULL,'SAYIDA SHATILA','1010535','Opening balance','ac7e5b0f-d0dd-44a4-913c-6d365861fad6',4,'0','1','0',0,0,NULL,'2026-02-11 21:37:30','2026-02-11 21:37:30',0),(492,NULL,'SHADRACK KAYANDA','1010536','Opening balance','ac7e5b0f-d0dd-44a4-913c-6d365861fad6',4,'0','1','0',0,0,NULL,'2026-02-11 21:37:30','2026-02-11 21:37:30',0),(493,NULL,'SELLINA MICHAEL','1010537','Opening balance','ac7e5b0f-d0dd-44a4-913c-6d365861fad6',4,'0','1','0',0,0,NULL,'2026-02-11 21:37:30','2026-02-11 21:37:30',0),(494,NULL,'SILLU MBOGO','1010538','Opening balance','ac7e5b0f-d0dd-44a4-913c-6d365861fad6',4,'0','1','0',0,0,NULL,'2026-02-11 21:37:30','2026-02-11 21:37:30',0),(495,NULL,'SIMON LIMBU','1010539','Opening balance','ac7e5b0f-d0dd-44a4-913c-6d365861fad6',4,'0','1','0',0,0,NULL,'2026-02-11 21:37:30','2026-02-11 21:37:30',0),(496,NULL,'STEPHEN MABULA','1010540','Opening balance','ac7e5b0f-d0dd-44a4-913c-6d365861fad6',4,'0','1','0',0,0,NULL,'2026-02-11 21:37:30','2026-02-11 21:37:30',0),(497,NULL,'STEPHEN NCHAHIMIKE','1010541','Opening balance','ac7e5b0f-d0dd-44a4-913c-6d365861fad6',4,'0','1','0',0,0,NULL,'2026-02-11 21:37:30','2026-02-11 21:37:30',0),(498,NULL,'THEOPHIL  A. TANDA','1010542','Opening balance','ac7e5b0f-d0dd-44a4-913c-6d365861fad6',4,'0','1','0',0,0,NULL,'2026-02-11 21:37:30','2026-02-11 21:37:30',0),(499,NULL,'YONA MASASI','1010543','Opening balance','ac7e5b0f-d0dd-44a4-913c-6d365861fad6',4,'0','1','0',0,0,NULL,'2026-02-11 21:37:30','2026-02-11 21:37:30',0),(500,NULL,'WENCESLAUS SENI','1010544','Opening balance','ac7e5b0f-d0dd-44a4-913c-6d365861fad6',4,'0','1','0',0,0,NULL,'2026-02-11 21:37:30','2026-02-11 21:37:30',0),(501,NULL,'ZENATH MAKILA','1010545','Opening balance','ac7e5b0f-d0dd-44a4-913c-6d365861fad6',4,'0','1','0',0,0,NULL,'2026-02-11 21:37:30','2026-02-11 21:37:30',0),(502,NULL,'ZENGO JILALA','1010546','Opening balance','ac7e5b0f-d0dd-44a4-913c-6d365861fad6',4,'0','1','0',0,0,NULL,'2026-02-11 21:37:30','2026-02-11 21:37:30',0),(503,NULL,'Fedha Hamishwa/Safirishwa','1010547','Opening balance','ac7e5b0f-d0dd-44a4-913c-6d365861fad6',4,'0','1','0',0,0,NULL,'2026-02-11 21:37:30','2026-02-11 21:37:30',0),(504,NULL,'Tengo la Wadaiwa Waliomashakani','1010548','Opening balance','ac7e5b0f-d0dd-44a4-913c-6d365861fad6',4,'0','1','0',0,0,NULL,'2026-02-11 21:37:30','2026-02-11 21:37:30',0),(505,NULL,'DAF AVM','1010549','OPENING BALANCE','ac7e5b0f-d0dd-44a4-913c-6d365861fad6',5,'0','1','0',0,0,NULL,'2026-02-11 21:37:30','2026-02-11 21:37:30',0),(506,NULL,'ISUZU HTR','1010550','OPENING BALANCE','ac7e5b0f-d0dd-44a4-913c-6d365861fad6',5,'0','1','0',0,0,NULL,'2026-02-11 21:37:30','2026-02-11 21:37:30',0),(507,NULL,'ISUZU HTR 113-31','1010551','OPENING BALANCE','ac7e5b0f-d0dd-44a4-913c-6d365861fad6',5,'0','1','0',0,0,NULL,'2026-02-11 21:37:30','2026-02-11 21:37:30',0),(508,NULL,'LAYLAND COMET','1010552','OPENING BALANCE','ac7e5b0f-d0dd-44a4-913c-6d365861fad6',5,'0','1','0',0,0,NULL,'2026-02-11 21:37:30','2026-02-11 21:37:30',0),(509,NULL,'LAYLAND COMET','1010553','OPENING BALANCE','ac7e5b0f-d0dd-44a4-913c-6d365861fad6',5,'0','1','0',0,0,NULL,'2026-02-11 21:37:30','2026-02-11 21:37:30',0),(510,NULL,'LAYLAND COMET','1010554','OPENING BALANCE','ac7e5b0f-d0dd-44a4-913c-6d365861fad6',5,'0','1','0',0,0,NULL,'2026-02-11 21:37:30','2026-02-11 21:37:30',0),(511,NULL,'TOYOTA L/CRUISER HZJ75','1010555','OPENING BALANCE','ac7e5b0f-d0dd-44a4-913c-6d365861fad6',5,'0','1','0',0,0,NULL,'2026-02-11 21:37:30','2026-02-11 21:37:30',0),(512,NULL,'TOYOTA L/CRUISER HZJ75','1010556','OPENING BALANCE','ac7e5b0f-d0dd-44a4-913c-6d365861fad6',5,'0','1','0',0,0,NULL,'2026-02-11 21:37:30','2026-02-11 21:37:30',0),(513,NULL,'TOYOTA L/CRUISER HZJ75','1010557','OPENING BALANCE','ac7e5b0f-d0dd-44a4-913c-6d365861fad6',5,'0','1','0',0,0,NULL,'2026-02-11 21:37:30','2026-02-11 21:37:30',0),(514,NULL,'TOYOTA L/CRUISER HZJ75','1010558','OPENING BALANCE','ac7e5b0f-d0dd-44a4-913c-6d365861fad6',5,'0','1','0',0,0,NULL,'2026-02-11 21:37:30','2026-02-11 21:37:30',0),(515,NULL,'TOYOTA L/CRUISER HZJ80R','1010559','OPENING BALANCE','ac7e5b0f-d0dd-44a4-913c-6d365861fad6',5,'0','1','0',0,0,NULL,'2026-02-11 21:37:30','2026-02-11 21:37:30',0),(516,NULL,'TOYOTA L/CRUISER HZJ75','1010560','OPENING BALANCE','ac7e5b0f-d0dd-44a4-913c-6d365861fad6',5,'0','1','0',0,0,NULL,'2026-02-11 21:37:30','2026-02-11 21:37:30',0),(517,NULL,'TENKI LA GARI (SCANIA)','1010561','OPENING BALANCE','ac7e5b0f-d0dd-44a4-913c-6d365861fad6',5,'0','1','0',0,0,NULL,'2026-02-11 21:37:30','2026-02-11 21:37:30',0),(518,NULL,'TENKI LA GARI (SCANIA)','1010562','OPENING BALANCE','ac7e5b0f-d0dd-44a4-913c-6d365861fad6',5,'0','1','0',0,0,NULL,'2026-02-11 21:37:30','2026-02-11 21:37:30',0),(519,NULL,'TENKI LA GARI (1600 DAF)','1010563','OPENING BALANCE','ac7e5b0f-d0dd-44a4-913c-6d365861fad6',5,'0','1','0',0,0,NULL,'2026-02-11 21:37:30','2026-02-11 21:37:30',0),(520,NULL,'PIKIPIKI LIFAN','1010564','OPENING BALANCE','ac7e5b0f-d0dd-44a4-913c-6d365861fad6',5,'0','1','0',0,0,NULL,'2026-02-11 21:37:30','2026-02-11 21:37:30',0),(521,NULL,'PIKIPIKI LIFAN','1010565','OPENING BALANCE','ac7e5b0f-d0dd-44a4-913c-6d365861fad6',5,'0','1','0',0,0,NULL,'2026-02-11 21:37:30','2026-02-11 21:37:30',0),(522,NULL,'PIKIPIKI LIFAN','1010566','OPENING BALANCE','ac7e5b0f-d0dd-44a4-913c-6d365861fad6',5,'0','1','0',0,0,NULL,'2026-02-11 21:37:30','2026-02-11 21:37:30',0),(523,NULL,'PIKIPIKI LIFAN','1010567','OPENING BALANCE','ac7e5b0f-d0dd-44a4-913c-6d365861fad6',5,'0','1','0',0,0,NULL,'2026-02-11 21:37:30','2026-02-11 21:37:30',0),(524,NULL,'PIKIPIKI LIFAN','1010568','OPENING BALANCE','ac7e5b0f-d0dd-44a4-913c-6d365861fad6',5,'0','1','0',0,0,NULL,'2026-02-11 21:37:30','2026-02-11 21:37:30',0),(525,NULL,'PIKIPIKI LIFAN','1010569','OPENING BALANCE','ac7e5b0f-d0dd-44a4-913c-6d365861fad6',5,'0','1','0',0,0,NULL,'2026-02-11 21:37:30','2026-02-11 21:37:30',0),(526,NULL,'PIKIPIKI LIFAN','1010570','OPENING BALANCE','ac7e5b0f-d0dd-44a4-913c-6d365861fad6',5,'0','1','0',0,0,NULL,'2026-02-11 21:37:30','2026-02-11 21:37:30',0),(527,NULL,'PIKIPIKI LIFAN','1010571','OPENING BALANCE','ac7e5b0f-d0dd-44a4-913c-6d365861fad6',5,'0','1','0',0,0,NULL,'2026-02-11 21:37:30','2026-02-11 21:37:30',0),(528,NULL,'PIKIPIKI LIFAN','1010572','OPENING BALANCE','ac7e5b0f-d0dd-44a4-913c-6d365861fad6',5,'0','1','0',0,0,NULL,'2026-02-11 21:37:30','2026-02-11 21:37:30',0),(529,NULL,'Fedha za Matumizi Benki ya CRDB  01J1058431307 operations','1010064','OPENING BALANCE','ac7e5b0f-d0dd-44a4-913c-6d365861fad6',6,'0','1','0',0,0,NULL,'2026-02-11 21:37:30','2026-02-11 21:37:30',0),(530,NULL,'Fedha za Kigeni Benki ya CRDB 02J1058431300','1010060','OPENING BALANCE','ac7e5b0f-d0dd-44a4-913c-6d365861fad6',6,'0','1','0',0,0,NULL,'2026-02-11 21:37:30','2026-02-11 21:37:30',0),(531,NULL,'Fedha za Makusanyo Benki ya CRDB   01J1058431301 collections','1010061','OPENING BALANCE','ac7e5b0f-d0dd-44a4-913c-6d365861fad6',6,'0','1','0',0,0,NULL,'2026-02-11 21:37:30','2026-02-11 21:37:30',0),(532,NULL,'Benki ya NMB Akaunti ya Makusanyo  30710046889 farm input','1010062','OPENING BALANCE','ac7e5b0f-d0dd-44a4-913c-6d365861fad6',6,'0','1','0',0,0,NULL,'2026-02-11 21:37:30','2026-02-11 21:37:30',0),(533,NULL,'Fedha za Mauzo ya Vyuma Chakavu Benki ya Posta (TCB) 290207000134','1010063','OPENING BALANCE','ac7e5b0f-d0dd-44a4-913c-6d365861fad6',6,'0','1','0',0,0,NULL,'2026-02-11 21:37:30','2026-02-11 21:37:30',0),(534,NULL,'Akiba ya Mtaji -  Buluba Sekondari ','200109','OPENING BALANCE','ac7e5b0f-d0dd-44a4-913c-6d365861fad6',22,'0','1','0',0,0,NULL,'2026-02-11 21:37:30','2026-02-11 21:37:30',0),(535,NULL,'Akiba ya Uthamishaji','200110','OPENING BALANCE','ac7e5b0f-d0dd-44a4-913c-6d365861fad6',23,'0','1','0',0,0,NULL,'2026-02-11 21:37:30','2026-02-11 21:37:30',0),(536,NULL,'Limbikizo la Faida/(Hasara)','200111','OPENING BALANCE','ac7e5b0f-d0dd-44a4-913c-6d365861fad6',24,'0','1','0',0,0,NULL,'2026-02-11 21:37:30','2026-02-11 21:37:30',0),(537,NULL,'Mikopo toka benki','200112','OPENING BALANCE','ac7e5b0f-d0dd-44a4-913c-6d365861fad6',13,'0','1','0',0,0,NULL,'2026-02-11 21:37:30','2026-02-11 21:37:30',0),(538,NULL,'21,400 HISA ZILIZOKAMILIKA @ 5,000/=','3000110','OPENING BALANCE','ac7e5b0f-d0dd-44a4-913c-6d365861fad6',15,'0','1','0',0,0,NULL,'2026-02-11 21:37:30','2026-02-11 21:37:30',0),(539,NULL,'19,538 HISA AMBAZO HAZIJAKAMILIKA @ 2,071.10','3000111','OPENING BALANCE','ac7e5b0f-d0dd-44a4-913c-6d365861fad6',15,'0','1','0',0,0,NULL,'2026-02-11 21:37:30','2026-02-11 21:37:30',0),(540,NULL,'Michango ya wakulima kutoka miaka ya nyuma','3000112','OPENING BALANCE','ac7e5b0f-d0dd-44a4-913c-6d365861fad6',15,'0','1','0',0,0,NULL,'2026-02-11 21:37:30','2026-02-11 21:37:30',0),(541,NULL,'Mkutano mkuu wa mwaka 1993/94','3000113','OPENING BALANCE','ac7e5b0f-d0dd-44a4-913c-6d365861fad6',15,'0','1','0',0,0,NULL,'2026-02-11 21:37:30','2026-02-11 21:37:30',0),(542,NULL,'Mkutano mkuu wa mwaka 1998/99','3000114','OPENING BALANCE','ac7e5b0f-d0dd-44a4-913c-6d365861fad6',15,'0','1','0',0,0,NULL,'2026-02-11 21:37:30','2026-02-11 21:37:30',0),(543,NULL,'Mkutano mkuu wa mwaka 1998/99','3000115','OPENING BALANCE','ac7e5b0f-d0dd-44a4-913c-6d365861fad6',15,'0','1','0',0,0,NULL,'2026-02-11 21:37:30','2026-02-11 21:37:30',0),(544,NULL,'AIRTEL TANZANIA LTD','1004569','OPENING BALANCE','ac7e5b0f-d0dd-44a4-913c-6d365861fad6',16,'0','1','0',0,0,NULL,'2026-02-11 21:37:30','2026-02-11 21:37:30',0),(545,NULL,'BONIPHACE MPINA','1004570','OPENING BALANCE','ac7e5b0f-d0dd-44a4-913c-6d365861fad6',16,'0','1','0',0,0,NULL,'2026-02-11 21:37:30','2026-02-11 21:37:30',0),(546,NULL,'CDTF','1004571','OPENING BALANCE','ac7e5b0f-d0dd-44a4-913c-6d365861fad6',16,'0','1','0',0,0,NULL,'2026-02-11 21:37:31','2026-02-11 21:37:31',0),(547,NULL,'CHUO CHA SERIKALI ZA MITAA','1004572','OPENING BALANCE','ac7e5b0f-d0dd-44a4-913c-6d365861fad6',21,'0','1','0',0,0,NULL,'2026-02-11 21:37:31','2026-02-11 21:37:31',0),(548,NULL,'COASCO','1004573','OPENING BALANCE','ac7e5b0f-d0dd-44a4-913c-6d365861fad6',16,'0','1','0',0,0,NULL,'2026-02-11 21:37:31','2026-02-11 21:37:31',0),(549,NULL,'HTT INFRACO LTD','1004574','OPENING BALANCE','ac7e5b0f-d0dd-44a4-913c-6d365861fad6',21,'0','1','0',0,0,NULL,'2026-02-11 21:37:31','2026-02-11 21:37:31',0),(550,NULL,'KAMISHINA WA ARDHI','1004575','OPENING BALANCE','ac7e5b0f-d0dd-44a4-913c-6d365861fad6',16,'0','1','0',0,0,NULL,'2026-02-11 21:37:31','2026-02-11 21:37:31',0),(551,NULL,'KARAGWE ESTATE','1004576','OPENING BALANCE','ac7e5b0f-d0dd-44a4-913c-6d365861fad6',21,'0','1','0',0,0,NULL,'2026-02-11 21:37:31','2026-02-11 21:37:31',0),(552,NULL,'MATIMBA ENTERPRISES','1004577','OPENING BALANCE','ac7e5b0f-d0dd-44a4-913c-6d365861fad6',16,'0','1','0',0,0,NULL,'2026-02-11 21:37:31','2026-02-11 21:37:31',0),(553,NULL,'MUSSA MASANZU','1004578','OPENING BALANCE','ac7e5b0f-d0dd-44a4-913c-6d365861fad6',16,'0','1','0',0,0,NULL,'2026-02-11 21:37:31','2026-02-11 21:37:31',0),(554,NULL,'MWANANCHI COMUNICATION','1004579','OPENING BALANCE','ac7e5b0f-d0dd-44a4-913c-6d365861fad6',16,'0','1','0',0,0,NULL,'2026-02-11 21:37:31','2026-02-11 21:37:31',0),(555,NULL,'N. I. C. TAIFA','1004580','OPENING BALANCE','ac7e5b0f-d0dd-44a4-913c-6d365861fad6',16,'0','1','0',0,0,NULL,'2026-02-11 21:37:31','2026-02-11 21:37:31',0),(556,NULL,'OSHA','1004581','OPENING BALANCE','ac7e5b0f-d0dd-44a4-913c-6d365861fad6',16,'0','1','0',0,0,NULL,'2026-02-11 21:37:31','2026-02-11 21:37:31',0),(557,NULL,'PAUL MNDEME','1004582','OPENING BALANCE','ac7e5b0f-d0dd-44a4-913c-6d365861fad6',16,'0','1','0',0,0,NULL,'2026-02-11 21:37:31','2026-02-11 21:37:31',0),(558,NULL,'RENATA MZINGA','1004583','OPENING BALANCE','ac7e5b0f-d0dd-44a4-913c-6d365861fad6',16,'0','1','0',0,0,NULL,'2026-02-11 21:37:31','2026-02-11 21:37:31',0),(559,NULL,'RVK COMPANY LTD','1004584','OPENING BALANCE','ac7e5b0f-d0dd-44a4-913c-6d365861fad6',16,'0','1','0',0,0,NULL,'2026-02-11 21:37:31','2026-02-11 21:37:31',0),(560,NULL,'S.A. PATEL','1004585','OPENING BALANCE','ac7e5b0f-d0dd-44a4-913c-6d365861fad6',16,'0','1','0',0,0,NULL,'2026-02-11 21:37:31','2026-02-11 21:37:31',0),(561,NULL,'TBC1 MEDIA','1004586','OPENING BALANCE','ac7e5b0f-d0dd-44a4-913c-6d365861fad6',16,'0','1','0',0,0,NULL,'2026-02-11 21:37:31','2026-02-11 21:37:31',0),(562,NULL,'TFC','1004587','OPENING BALANCE','ac7e5b0f-d0dd-44a4-913c-6d365861fad6',21,'0','1','0',0,0,NULL,'2026-02-11 21:37:31','2026-02-11 21:37:31',0),(563,NULL,'SKY STAR FREIGHT','1004588','OPENING BALANCE','ac7e5b0f-d0dd-44a4-913c-6d365861fad6',21,'0','1','0',0,0,NULL,'2026-02-11 21:37:31','2026-02-11 21:37:31',0),(564,NULL,'UNIVERSAL PRINTERS','1004589','OPENING BALANCE','ac7e5b0f-d0dd-44a4-913c-6d365861fad6',16,'0','1','0',0,0,NULL,'2026-02-11 21:37:31','2026-02-11 21:37:31',0),(565,NULL,'MIZANI YA  KIDIGITALI','1004590','OPENING BALANCE','ac7e5b0f-d0dd-44a4-913c-6d365861fad6',16,'0','1','0',0,0,NULL,'2026-02-11 21:37:31','2026-02-11 21:37:31',0),(566,NULL,'TANCOOPS','1004591','OPENING BALANCE','ac7e5b0f-d0dd-44a4-913c-6d365861fad6',16,'0','1','0',0,0,NULL,'2026-02-11 21:37:31','2026-02-11 21:37:31',0),(567,NULL,'MAHMUD AMOUR','1004592','OPENING BALANCE','ac7e5b0f-d0dd-44a4-913c-6d365861fad6',17,'0','1','0',0,0,NULL,'2026-02-11 21:37:31','2026-02-11 21:37:31',0),(568,NULL,'COSTANCIO MUGINI','1004593','OPENING BALANCE','ac7e5b0f-d0dd-44a4-913c-6d365861fad6',17,'0','1','0',0,0,NULL,'2026-02-11 21:37:31','2026-02-11 21:37:31',0),(569,NULL,'21 ST CENTURY PACKAGING ','1004594','OPENING BALANCE','ac7e5b0f-d0dd-44a4-913c-6d365861fad6',17,'0','1','0',0,0,NULL,'2026-02-11 21:37:31','2026-02-11 21:37:31',0),(570,NULL,'EMMANUEL NG\'WALA','1004595','OPENING BALANCE','ac7e5b0f-d0dd-44a4-913c-6d365861fad6',17,'0','1','0',0,0,NULL,'2026-02-11 21:37:31','2026-02-11 21:37:31',0),(571,NULL,'HAPPINESS HENRY KABOGO','1004596','OPENING BALANCE','ac7e5b0f-d0dd-44a4-913c-6d365861fad6',17,'0','1','0',0,0,NULL,'2026-02-11 21:37:31','2026-02-11 21:37:31',0),(572,NULL,'MAYUNGA FANDE','1004597','OPENING BALANCE','ac7e5b0f-d0dd-44a4-913c-6d365861fad6',17,'0','1','0',0,0,NULL,'2026-02-11 21:37:31','2026-02-11 21:37:31',0),(573,NULL,'SHABAN RAMADHAN','1004598','OPENING BALANCE','ac7e5b0f-d0dd-44a4-913c-6d365861fad6',17,'0','1','0',0,0,NULL,'2026-02-11 21:37:31','2026-02-11 21:37:31',0),(574,NULL,'GERRARD KIBIKI','1004599','OPENING BALANCE','ac7e5b0f-d0dd-44a4-913c-6d365861fad6',17,'0','1','0',0,0,NULL,'2026-02-11 21:37:31','2026-02-11 21:37:31',0),(575,NULL,'MAYUNGA MBOGO','1004600','OPENING BALANCE','ac7e5b0f-d0dd-44a4-913c-6d365861fad6',17,'0','1','0',0,0,NULL,'2026-02-11 21:37:31','2026-02-11 21:37:31',0),(576,NULL,'NEEMA NTELYA','1004601','OPENING BALANCE','ac7e5b0f-d0dd-44a4-913c-6d365861fad6',17,'0','1','0',0,0,NULL,'2026-02-11 21:37:31','2026-02-11 21:37:31',0),(577,NULL,'JULIUS A. MAKULE','1004602','OPENING BALANCE','ac7e5b0f-d0dd-44a4-913c-6d365861fad6',17,'0','1','0',0,0,NULL,'2026-02-11 21:37:31','2026-02-11 21:37:31',0),(578,NULL,'MKOKOTENI MHUNZE','1004603','OPENING BALANCE','ac7e5b0f-d0dd-44a4-913c-6d365861fad6',17,'0','1','0',0,0,NULL,'2026-02-11 21:37:31','2026-02-11 21:37:31',0),(579,NULL,'Zuio la Kodi','1004604','OPENING BALANCE','ac7e5b0f-d0dd-44a4-913c-6d365861fad6',17,'0','1','0',0,0,NULL,'2026-02-11 21:37:31','2026-02-11 21:37:31',0),(580,NULL,'Ada ya ukaguzi (coasco)','1004605','OPENING BALANCE','ac7e5b0f-d0dd-44a4-913c-6d365861fad6',17,'0','1','0',0,0,NULL,'2026-02-11 21:37:31','2026-02-11 21:37:31',0),(581,NULL,'Michango ya Wafanyakazi NSSF','1004606','OPENING BALANCE','ac7e5b0f-d0dd-44a4-913c-6d365861fad6',17,'0','1','0',0,0,NULL,'2026-02-11 21:37:31','2026-02-11 21:37:31',0),(582,NULL,'Michango ya Mwajiri NSSF','1004607','OPENING BALANCE','ac7e5b0f-d0dd-44a4-913c-6d365861fad6',17,'0','1','0',0,0,NULL,'2026-02-11 21:37:31','2026-02-11 21:37:31',0),(583,NULL,'TPAWU','1004608','OPENING BALANCE','ac7e5b0f-d0dd-44a4-913c-6d365861fad6',17,'0','1','0',0,0,NULL,'2026-02-11 21:37:31','2026-02-11 21:37:31',0),(584,NULL,'PAYE','1004609','OPENING BALANCE','ac7e5b0f-d0dd-44a4-913c-6d365861fad6',17,'0','1','0',0,0,NULL,'2026-02-11 21:37:31','2026-02-11 21:37:31',0),(585,NULL,'Ushuru wa Mishahara na Maendeleo ya Elimu','1004610','OPENING BALANCE','ac7e5b0f-d0dd-44a4-913c-6d365861fad6',17,'0','1','0',0,0,NULL,'2026-02-11 21:37:31','2026-02-11 21:37:31',0),(586,NULL,'Kodi','1004611','OPENING BALANCE','ac7e5b0f-d0dd-44a4-913c-6d365861fad6',17,'0','1','0',0,0,NULL,'2026-02-11 21:37:31','2026-02-11 21:37:31',0),(587,NULL,'Madai ya Mishahara ya Wafanyakazi ','1004612','OPENING BALANCE','ac7e5b0f-d0dd-44a4-913c-6d365861fad6',17,'0','1','0',0,0,NULL,'2026-02-11 21:37:31','2026-02-11 21:37:31',0),(588,NULL,'MALWILO','1004613','OPENING BALANCE','ac7e5b0f-d0dd-44a4-913c-6d365861fad6',18,'0','1','0',0,0,NULL,'2026-02-11 21:37:31','2026-02-11 21:37:31',0),(589,NULL,'NGOFILA','1004614','OPENING BALANCE','ac7e5b0f-d0dd-44a4-913c-6d365861fad6',18,'0','1','0',0,0,NULL,'2026-02-11 21:37:31','2026-02-11 21:37:31',0),(590,NULL,'MWAMASHELE','1004615','OPENING BALANCE','ac7e5b0f-d0dd-44a4-913c-6d365861fad6',18,'0','1','0',0,0,NULL,'2026-02-11 21:37:31','2026-02-11 21:37:31',0),(591,NULL,'BULUBA MHUNZE','1004616','OPENING BALANCE','ac7e5b0f-d0dd-44a4-913c-6d365861fad6',18,'0','1','0',0,0,NULL,'2026-02-11 21:37:31','2026-02-11 21:37:31',0),(592,NULL,'IGAGA','1004617','OPENING BALANCE','ac7e5b0f-d0dd-44a4-913c-6d365861fad6',18,'0','1','0',0,0,NULL,'2026-02-11 21:37:31','2026-02-11 21:37:31',0),(593,NULL,'LWAGALALO','1004618','OPENING BALANCE','ac7e5b0f-d0dd-44a4-913c-6d365861fad6',18,'0','1','0',0,0,NULL,'2026-02-11 21:37:31','2026-02-11 21:37:31',0),(594,NULL,'KISHAPU','1004619','OPENING BALANCE','ac7e5b0f-d0dd-44a4-913c-6d365861fad6',18,'0','1','0',0,0,NULL,'2026-02-11 21:37:31','2026-02-11 21:37:31',0),(595,NULL,'LAGANA','1004620','OPENING BALANCE','ac7e5b0f-d0dd-44a4-913c-6d365861fad6',18,'0','1','0',0,0,NULL,'2026-02-11 21:37:31','2026-02-11 21:37:31',0),(596,NULL,'KILOLELI','1004621','OPENING BALANCE','ac7e5b0f-d0dd-44a4-913c-6d365861fad6',18,'0','1','0',0,0,NULL,'2026-02-11 21:37:31','2026-02-11 21:37:31',0),(597,NULL,'IMALABUPINA','1004622','OPENING BALANCE','ac7e5b0f-d0dd-44a4-913c-6d365861fad6',18,'0','1','0',0,0,NULL,'2026-02-11 21:37:31','2026-02-11 21:37:31',0),(598,NULL,'IGUMILAMAWE','1004623','OPENING BALANCE','ac7e5b0f-d0dd-44a4-913c-6d365861fad6',18,'0','1','0',0,0,NULL,'2026-02-11 21:37:31','2026-02-11 21:37:31',0),(599,NULL,'BUKWABI','1004624','OPENING BALANCE','ac7e5b0f-d0dd-44a4-913c-6d365861fad6',18,'0','1','0',0,0,NULL,'2026-02-11 21:37:31','2026-02-11 21:37:31',0),(600,NULL,'BUTALIJALALA','1004625','OPENING BALANCE','ac7e5b0f-d0dd-44a4-913c-6d365861fad6',18,'0','1','0',0,0,NULL,'2026-02-11 21:37:31','2026-02-11 21:37:31',0),(601,NULL,'IDUSHI','1004626','OPENING BALANCE','ac7e5b0f-d0dd-44a4-913c-6d365861fad6',18,'0','1','0',0,0,NULL,'2026-02-11 21:37:31','2026-02-11 21:37:31',0),(602,NULL,'BELEDI','1004627','OPENING BALANCE','ac7e5b0f-d0dd-44a4-913c-6d365861fad6',18,'0','1','0',0,0,NULL,'2026-02-11 21:37:31','2026-02-11 21:37:31',0),(603,NULL,'ISAGARA','1004628','OPENING BALANCE','ac7e5b0f-d0dd-44a4-913c-6d365861fad6',18,'0','1','0',0,0,NULL,'2026-02-11 21:37:31','2026-02-11 21:37:31',0),(604,NULL,'MWATAGA','1004629','OPENING BALANCE','ac7e5b0f-d0dd-44a4-913c-6d365861fad6',18,'0','1','0',0,0,NULL,'2026-02-11 21:37:31','2026-02-11 21:37:31',0),(605,NULL,'MWAMASHIMBA','1004630','OPENING BALANCE','ac7e5b0f-d0dd-44a4-913c-6d365861fad6',18,'0','1','0',0,0,NULL,'2026-02-11 21:37:31','2026-02-11 21:37:31',0),(606,NULL,'IKOMAGULILO','1004631','OPENING BALANCE','ac7e5b0f-d0dd-44a4-913c-6d365861fad6',18,'0','1','0',0,0,NULL,'2026-02-11 21:37:31','2026-02-11 21:37:31',0),(607,NULL,'BUKWIMBA','1004632','OPENING BALANCE','ac7e5b0f-d0dd-44a4-913c-6d365861fad6',18,'0','1','0',0,0,NULL,'2026-02-11 21:37:31','2026-02-11 21:37:31',0),(608,NULL,'BULEKELA','1004633','OPENING BALANCE','ac7e5b0f-d0dd-44a4-913c-6d365861fad6',18,'0','1','0',0,0,NULL,'2026-02-11 21:37:31','2026-02-11 21:37:31',0),(609,NULL,'BUZINZA','1004634','OPENING BALANCE','ac7e5b0f-d0dd-44a4-913c-6d365861fad6',18,'0','1','0',0,0,NULL,'2026-02-11 21:37:31','2026-02-11 21:37:31',0),(610,NULL,'GIMAGI','1004635','OPENING BALANCE','ac7e5b0f-d0dd-44a4-913c-6d365861fad6',18,'0','1','0',0,0,NULL,'2026-02-11 21:37:31','2026-02-11 21:37:31',0),(611,NULL,'IGUNGUMKILO','1004636','OPENING BALANCE','ac7e5b0f-d0dd-44a4-913c-6d365861fad6',18,'0','1','0',0,0,NULL,'2026-02-11 21:37:31','2026-02-11 21:37:31',0),(612,NULL,'IPANDIKILO','1004637','OPENING BALANCE','ac7e5b0f-d0dd-44a4-913c-6d365861fad6',18,'0','1','0',0,0,NULL,'2026-02-11 21:37:31','2026-02-11 21:37:31',0),(613,NULL,'IPEJA','1004638','OPENING BALANCE','ac7e5b0f-d0dd-44a4-913c-6d365861fad6',18,'0','1','0',0,0,NULL,'2026-02-11 21:37:31','2026-02-11 21:37:31',0),(614,NULL,'ISABILO','1004639','OPENING BALANCE','ac7e5b0f-d0dd-44a4-913c-6d365861fad6',18,'0','1','0',0,0,NULL,'2026-02-11 21:37:31','2026-02-11 21:37:31',0),(615,NULL,'ISHOSHABASAMI','1004640','OPENING BALANCE','ac7e5b0f-d0dd-44a4-913c-6d365861fad6',18,'0','1','0',0,0,NULL,'2026-02-11 21:37:31','2026-02-11 21:37:31',0),(616,NULL,'ITOBANILO','1004641','OPENING BALANCE','ac7e5b0f-d0dd-44a4-913c-6d365861fad6',18,'0','1','0',0,0,NULL,'2026-02-11 21:37:31','2026-02-11 21:37:31',0),(617,NULL,'IYOGELO','1004642','OPENING BALANCE','ac7e5b0f-d0dd-44a4-913c-6d365861fad6',18,'0','1','0',0,0,NULL,'2026-02-11 21:37:31','2026-02-11 21:37:31',0),(618,NULL,'KALITU','1004643','OPENING BALANCE','ac7e5b0f-d0dd-44a4-913c-6d365861fad6',18,'0','1','0',0,0,NULL,'2026-02-11 21:37:31','2026-02-11 21:37:31',0),(619,NULL,'LUBAGA','1004644','OPENING BALANCE','ac7e5b0f-d0dd-44a4-913c-6d365861fad6',18,'0','1','0',0,0,NULL,'2026-02-11 21:37:31','2026-02-11 21:37:31',0),(620,NULL,'MANGU','1004645','OPENING BALANCE','ac7e5b0f-d0dd-44a4-913c-6d365861fad6',18,'0','1','0',0,0,NULL,'2026-02-11 21:37:31','2026-02-11 21:37:31',0),(621,NULL,'MASANGA','1004646','OPENING BALANCE','ac7e5b0f-d0dd-44a4-913c-6d365861fad6',18,'0','1','0',0,0,NULL,'2026-02-11 21:37:32','2026-02-11 21:37:32',0),(622,NULL,'MIHAMA','1004647','OPENING BALANCE','ac7e5b0f-d0dd-44a4-913c-6d365861fad6',18,'0','1','0',0,0,NULL,'2026-02-11 21:37:32','2026-02-11 21:37:32',0),(623,NULL,'MUGUDA','1004648','OPENING BALANCE','ac7e5b0f-d0dd-44a4-913c-6d365861fad6',18,'0','1','0',0,0,NULL,'2026-02-11 21:37:32','2026-02-11 21:37:32',0),(624,NULL,'MWAKIPOYA','1004649','OPENING BALANCE','ac7e5b0f-d0dd-44a4-913c-6d365861fad6',18,'0','1','0',0,0,NULL,'2026-02-11 21:37:32','2026-02-11 21:37:32',0),(625,NULL,'MWALATA','1004650','OPENING BALANCE','ac7e5b0f-d0dd-44a4-913c-6d365861fad6',18,'0','1','0',0,0,NULL,'2026-02-11 21:37:32','2026-02-11 21:37:32',0),(626,NULL,'MWAMADULU','1004651','OPENING BALANCE','ac7e5b0f-d0dd-44a4-913c-6d365861fad6',18,'0','1','0',0,0,NULL,'2026-02-11 21:37:32','2026-02-11 21:37:32',0),(627,NULL,'MWAMALASA','1004652','OPENING BALANCE','ac7e5b0f-d0dd-44a4-913c-6d365861fad6',18,'0','1','0',0,0,NULL,'2026-02-11 21:37:32','2026-02-11 21:37:32',0),(628,NULL,'MWAMANOTA','1004653','OPENING BALANCE','ac7e5b0f-d0dd-44a4-913c-6d365861fad6',18,'0','1','0',0,0,NULL,'2026-02-11 21:37:32','2026-02-11 21:37:32',0),(629,NULL,'NGEME','1004654','OPENING BALANCE','ac7e5b0f-d0dd-44a4-913c-6d365861fad6',18,'0','1','0',0,0,NULL,'2026-02-11 21:37:32','2026-02-11 21:37:32',0),(630,NULL,'NG\'WANG\'HALANGA','1004655','OPENING BALANCE','ac7e5b0f-d0dd-44a4-913c-6d365861fad6',18,'0','1','0',0,0,NULL,'2026-02-11 21:37:32','2026-02-11 21:37:32',0),(631,NULL,'RAHAYABALIMI','1004656','OPENING BALANCE','ac7e5b0f-d0dd-44a4-913c-6d365861fad6',18,'0','1','0',0,0,NULL,'2026-02-11 21:37:32','2026-02-11 21:37:32',0),(632,NULL,'SANJO','1004657','OPENING BALANCE','ac7e5b0f-d0dd-44a4-913c-6d365861fad6',18,'0','1','0',0,0,NULL,'2026-02-11 21:37:32','2026-02-11 21:37:32',0),(633,NULL,'SUKASUKA','1004658','OPENING BALANCE','ac7e5b0f-d0dd-44a4-913c-6d365861fad6',18,'0','1','0',0,0,NULL,'2026-02-11 21:37:32','2026-02-11 21:37:32',0),(634,NULL,'WIMATE','1004659','OPENING BALANCE','ac7e5b0f-d0dd-44a4-913c-6d365861fad6',18,'0','1','0',0,0,NULL,'2026-02-11 21:37:32','2026-02-11 21:37:32',0),(635,NULL,'MWAMADILANHA','1004660','OPENING BALANCE','ac7e5b0f-d0dd-44a4-913c-6d365861fad6',18,'0','1','0',0,0,NULL,'2026-02-11 21:37:32','2026-02-11 21:37:32',0),(636,NULL,'NYAMALOGO','1004661','OPENING BALANCE','ac7e5b0f-d0dd-44a4-913c-6d365861fad6',18,'0','1','0',0,0,NULL,'2026-02-11 21:37:32','2026-02-11 21:37:32',0),(637,NULL,'SAYU','1004662','OPENING BALANCE','ac7e5b0f-d0dd-44a4-913c-6d365861fad6',18,'0','1','0',0,0,NULL,'2026-02-11 21:37:32','2026-02-11 21:37:32',0),(638,NULL,'MWASINGU','1004663','OPENING BALANCE','ac7e5b0f-d0dd-44a4-913c-6d365861fad6',18,'0','1','0',0,0,NULL,'2026-02-11 21:37:32','2026-02-11 21:37:32',0),(639,NULL,'ISELEMAGAZI','1004664','OPENING BALANCE','ac7e5b0f-d0dd-44a4-913c-6d365861fad6',18,'0','1','0',0,0,NULL,'2026-02-11 21:37:32','2026-02-11 21:37:32',0),(640,NULL,'IKUMBO','1004665','OPENING BALANCE','ac7e5b0f-d0dd-44a4-913c-6d365861fad6',18,'0','1','0',0,0,NULL,'2026-02-11 21:37:32','2026-02-11 21:37:32',0),(641,NULL,'BULAMBILA','1004666','OPENING BALANCE','ac7e5b0f-d0dd-44a4-913c-6d365861fad6',18,'0','1','0',0,0,NULL,'2026-02-11 21:37:32','2026-02-11 21:37:32',0),(642,NULL,'KWELI BALIMI','1004667','OPENING BALANCE','ac7e5b0f-d0dd-44a4-913c-6d365861fad6',18,'0','1','0',0,0,NULL,'2026-02-11 21:37:32','2026-02-11 21:37:32',0),(643,NULL,'MWAMAKARANGA','1004668','OPENING BALANCE','ac7e5b0f-d0dd-44a4-913c-6d365861fad6',18,'0','1','0',0,0,NULL,'2026-02-11 21:37:32','2026-02-11 21:37:32',0),(644,NULL,'MUUNGANO','1004669','OPENING BALANCE','ac7e5b0f-d0dd-44a4-913c-6d365861fad6',18,'0','1','0',0,0,NULL,'2026-02-11 21:37:32','2026-02-11 21:37:32',0),(645,NULL,'NG\'HAMA','1004670','OPENING BALANCE','ac7e5b0f-d0dd-44a4-913c-6d365861fad6',18,'0','1','0',0,0,NULL,'2026-02-11 21:37:32','2026-02-11 21:37:32',0),(646,NULL,'MWAKASHISHI','1004671','OPENING BALANCE','ac7e5b0f-d0dd-44a4-913c-6d365861fad6',18,'0','1','0',0,0,NULL,'2026-02-11 21:37:32','2026-02-11 21:37:32',0),(647,NULL,'NG\'WANG\'OSHA','1004672','OPENING BALANCE','ac7e5b0f-d0dd-44a4-913c-6d365861fad6',18,'0','1','0',0,0,NULL,'2026-02-11 21:37:32','2026-02-11 21:37:32',0),(648,NULL,'PANDAGICHIZA','1004673','OPENING BALANCE','ac7e5b0f-d0dd-44a4-913c-6d365861fad6',18,'0','1','0',0,0,NULL,'2026-02-11 21:37:32','2026-02-11 21:37:32',0),(649,NULL,'SHILABELA','1004674','OPENING BALANCE','ac7e5b0f-d0dd-44a4-913c-6d365861fad6',18,'0','1','0',0,0,NULL,'2026-02-11 21:37:32','2026-02-11 21:37:32',0),(650,NULL,'MWASUBI','1004675','OPENING BALANCE','ac7e5b0f-d0dd-44a4-913c-6d365861fad6',18,'0','1','0',0,0,NULL,'2026-02-11 21:37:32','2026-02-11 21:37:32',0),(651,NULL,'MWAGALA','1004676','OPENING BALANCE','ac7e5b0f-d0dd-44a4-913c-6d365861fad6',18,'0','1','0',0,0,NULL,'2026-02-11 21:37:32','2026-02-11 21:37:32',0),(652,NULL,'IBADAKULI','1004677','OPENING BALANCE','ac7e5b0f-d0dd-44a4-913c-6d365861fad6',18,'0','1','0',0,0,NULL,'2026-02-11 21:37:32','2026-02-11 21:37:32',0),(653,NULL,'GALAMBA','1004678','OPENING BALANCE','ac7e5b0f-d0dd-44a4-913c-6d365861fad6',18,'0','1','0',0,0,NULL,'2026-02-11 21:37:32','2026-02-11 21:37:32',0),(654,NULL,'IGUNGUMLA BALIMI','1004679','OPENING BALANCE','ac7e5b0f-d0dd-44a4-913c-6d365861fad6',18,'0','1','0',0,0,NULL,'2026-02-11 21:37:32','2026-02-11 21:37:32',0),(655,NULL,'JOJABABI','1004680','OPENING BALANCE','ac7e5b0f-d0dd-44a4-913c-6d365861fad6',18,'0','1','0',0,0,NULL,'2026-02-11 21:37:32','2026-02-11 21:37:32',0),(656,NULL,'IZUNYA BUGANIKA','1004681','OPENING BALANCE','ac7e5b0f-d0dd-44a4-913c-6d365861fad6',18,'0','1','0',0,0,NULL,'2026-02-11 21:37:32','2026-02-11 21:37:32',0),(657,NULL,'MAENDELEO','1004682','OPENING BALANCE','ac7e5b0f-d0dd-44a4-913c-6d365861fad6',18,'0','1','0',0,0,NULL,'2026-02-11 21:37:32','2026-02-11 21:37:32',0),(658,NULL,'BUBIKI','1004683','OPENING BALANCE','ac7e5b0f-d0dd-44a4-913c-6d365861fad6',18,'0','1','0',0,0,NULL,'2026-02-11 21:37:32','2026-02-11 21:37:32',0),(659,NULL,'MWAMALA B','1004684','OPENING BALANCE','ac7e5b0f-d0dd-44a4-913c-6d365861fad6',18,'0','1','0',0,0,NULL,'2026-02-11 21:37:32','2026-02-11 21:37:32',0),(660,NULL,'BUGORO','1004685','OPENING BALANCE','ac7e5b0f-d0dd-44a4-913c-6d365861fad6',18,'0','1','0',0,0,NULL,'2026-02-11 21:37:32','2026-02-11 21:37:32',0),(661,NULL,'BUKINGWAMANDEGE','1004686','OPENING BALANCE','ac7e5b0f-d0dd-44a4-913c-6d365861fad6',18,'0','1','0',0,0,NULL,'2026-02-11 21:37:32','2026-02-11 21:37:32',0),(662,NULL,'BULIMA','1004687','OPENING BALANCE','ac7e5b0f-d0dd-44a4-913c-6d365861fad6',18,'0','1','0',0,0,NULL,'2026-02-11 21:37:32','2026-02-11 21:37:32',0),(663,NULL,'BUNAMBIYU','1004688','OPENING BALANCE','ac7e5b0f-d0dd-44a4-913c-6d365861fad6',18,'0','1','0',0,0,NULL,'2026-02-11 21:37:32','2026-02-11 21:37:32',0),(664,NULL,'BUSANGWA','1004689','OPENING BALANCE','ac7e5b0f-d0dd-44a4-913c-6d365861fad6',18,'0','1','0',0,0,NULL,'2026-02-11 21:37:32','2026-02-11 21:37:32',0),(665,NULL,'BUSHOLA','1004690','OPENING BALANCE','ac7e5b0f-d0dd-44a4-913c-6d365861fad6',18,'0','1','0',0,0,NULL,'2026-02-11 21:37:32','2026-02-11 21:37:32',0),(666,NULL,'BUTUYU','1004691','OPENING BALANCE','ac7e5b0f-d0dd-44a4-913c-6d365861fad6',18,'0','1','0',0,0,NULL,'2026-02-11 21:37:32','2026-02-11 21:37:32',0),(667,NULL,'CHIBE','1004692','OPENING BALANCE','ac7e5b0f-d0dd-44a4-913c-6d365861fad6',18,'0','1','0',0,0,NULL,'2026-02-11 21:37:32','2026-02-11 21:37:32',0),(668,NULL,'IDUKILO','1004693','OPENING BALANCE','ac7e5b0f-d0dd-44a4-913c-6d365861fad6',18,'0','1','0',0,0,NULL,'2026-02-11 21:37:32','2026-02-11 21:37:32',0),(669,NULL,'IGINYABALIMI','1004694','OPENING BALANCE','ac7e5b0f-d0dd-44a4-913c-6d365861fad6',18,'0','1','0',0,0,NULL,'2026-02-11 21:37:32','2026-02-11 21:37:32',0),(670,NULL,'IHUMJA KIJONGO','1004695','OPENING BALANCE','ac7e5b0f-d0dd-44a4-913c-6d365861fad6',18,'0','1','0',0,0,NULL,'2026-02-11 21:37:32','2026-02-11 21:37:32',0),(671,NULL,'IKOMA','1004696','OPENING BALANCE','ac7e5b0f-d0dd-44a4-913c-6d365861fad6',18,'0','1','0',0,0,NULL,'2026-02-11 21:37:32','2026-02-11 21:37:32',0),(672,NULL,'ILOBASHI','1004697','OPENING BALANCE','ac7e5b0f-d0dd-44a4-913c-6d365861fad6',18,'0','1','0',0,0,NULL,'2026-02-11 21:37:32','2026-02-11 21:37:32',0),(673,NULL,'IKONDA B','1004698','OPENING BALANCE','ac7e5b0f-d0dd-44a4-913c-6d365861fad6',18,'0','1','0',0,0,NULL,'2026-02-11 21:37:32','2026-02-11 21:37:32',0),(674,NULL,'IMISHABALIMI','1004699','OPENING BALANCE','ac7e5b0f-d0dd-44a4-913c-6d365861fad6',18,'0','1','0',0,0,NULL,'2026-02-11 21:37:32','2026-02-11 21:37:32',0),(675,NULL,'ITONGAITALE','1004700','OPENING BALANCE','ac7e5b0f-d0dd-44a4-913c-6d365861fad6',18,'0','1','0',0,0,NULL,'2026-02-11 21:37:32','2026-02-11 21:37:32',0),(676,NULL,'KADOTO B','1004701','OPENING BALANCE','ac7e5b0f-d0dd-44a4-913c-6d365861fad6',18,'0','1','0',0,0,NULL,'2026-02-11 21:37:32','2026-02-11 21:37:32',0),(677,NULL,'MASENGWA','1004702','OPENING BALANCE','ac7e5b0f-d0dd-44a4-913c-6d365861fad6',18,'0','1','0',0,0,NULL,'2026-02-11 21:37:32','2026-02-11 21:37:32',0),(678,NULL,'MIDU MIPA','1004703','OPENING BALANCE','ac7e5b0f-d0dd-44a4-913c-6d365861fad6',18,'0','1','0',0,0,NULL,'2026-02-11 21:37:32','2026-02-11 21:37:32',0),(679,NULL,'MWAMALILI','1004704','OPENING BALANCE','ac7e5b0f-d0dd-44a4-913c-6d365861fad6',18,'0','1','0',0,0,NULL,'2026-02-11 21:37:32','2026-02-11 21:37:32',0),(680,NULL,'MWAMISHONI','1004705','OPENING BALANCE','ac7e5b0f-d0dd-44a4-913c-6d365861fad6',18,'0','1','0',0,0,NULL,'2026-02-11 21:37:32','2026-02-11 21:37:32',0),(681,NULL,'NG\'WANG\'HALANGA','1004706','OPENING BALANCE','ac7e5b0f-d0dd-44a4-913c-6d365861fad6',18,'0','1','0',0,0,NULL,'2026-02-11 21:37:32','2026-02-11 21:37:32',0),(682,NULL,'NG\'WANHENDELE','1004707','OPENING BALANCE','ac7e5b0f-d0dd-44a4-913c-6d365861fad6',18,'0','1','0',0,0,NULL,'2026-02-11 21:37:32','2026-02-11 21:37:32',0),(683,NULL,'NG\'WASHISNONG\'HELA','1004708','OPENING BALANCE','ac7e5b0f-d0dd-44a4-913c-6d365861fad6',18,'0','1','0',0,0,NULL,'2026-02-11 21:37:32','2026-02-11 21:37:32',0),(684,NULL,'NYANDEKWA','1004709','OPENING BALANCE','ac7e5b0f-d0dd-44a4-913c-6d365861fad6',18,'0','1','0',0,0,NULL,'2026-02-11 21:37:32','2026-02-11 21:37:32',0),(685,NULL,'NYASAMBA','1004710','OPENING BALANCE','ac7e5b0f-d0dd-44a4-913c-6d365861fad6',18,'0','1','0',0,0,NULL,'2026-02-11 21:37:32','2026-02-11 21:37:32',0),(686,NULL,'NYENZE','1004711','OPENING BALANCE','ac7e5b0f-d0dd-44a4-913c-6d365861fad6',18,'0','1','0',0,0,NULL,'2026-02-11 21:37:32','2026-02-11 21:37:32',0),(687,NULL,'SEKE IDIDI','1004712','OPENING BALANCE','ac7e5b0f-d0dd-44a4-913c-6d365861fad6',18,'0','1','0',0,0,NULL,'2026-02-11 21:37:32','2026-02-11 21:37:32',0),(688,NULL,'SEKE BUGORO','1004713','OPENING BALANCE','ac7e5b0f-d0dd-44a4-913c-6d365861fad6',18,'0','1','0',0,0,NULL,'2026-02-11 21:37:32','2026-02-11 21:37:32',0),(689,NULL,'SOLAKO','1004714','OPENING BALANCE','ac7e5b0f-d0dd-44a4-913c-6d365861fad6',18,'0','1','0',0,0,NULL,'2026-02-11 21:37:33','2026-02-11 21:37:33',0),(690,NULL,'UZOGORE','1004715','OPENING BALANCE','ac7e5b0f-d0dd-44a4-913c-6d365861fad6',18,'0','1','0',0,0,NULL,'2026-02-11 21:37:33','2026-02-11 21:37:33',0),(691,NULL,'WIKA','1004716','OPENING BALANCE','ac7e5b0f-d0dd-44a4-913c-6d365861fad6',18,'0','1','0',0,0,NULL,'2026-02-11 21:37:33','2026-02-11 21:37:33',0),(692,NULL,'Luhala ','1004717','OPENING BALANCE','ac7e5b0f-d0dd-44a4-913c-6d365861fad6',18,'0','1','0',0,0,NULL,'2026-02-11 21:37:33','2026-02-11 21:37:33',0),(693,NULL,'Bugelenga','1004718','OPENING BALANCE','ac7e5b0f-d0dd-44a4-913c-6d365861fad6',19,'0','1','0',0,0,NULL,'2026-02-11 21:37:33','2026-02-11 21:37:33',0),(694,NULL,'Mkwangulwa','1004719','OPENING BALANCE','ac7e5b0f-d0dd-44a4-913c-6d365861fad6',19,'0','1','0',0,0,NULL,'2026-02-11 21:37:33','2026-02-11 21:37:33',0),(695,NULL,'Nyalwelwe \'B\'','1004720','OPENING BALANCE','ac7e5b0f-d0dd-44a4-913c-6d365861fad6',19,'0','1','0',0,0,NULL,'2026-02-11 21:37:33','2026-02-11 21:37:33',0),(696,NULL,'Bulima','1004721','OPENING BALANCE','ac7e5b0f-d0dd-44a4-913c-6d365861fad6',19,'0','1','0',0,0,NULL,'2026-02-11 21:37:33','2026-02-11 21:37:33',0),(697,NULL,'Isanga','1004722','OPENING BALANCE','ac7e5b0f-d0dd-44a4-913c-6d365861fad6',19,'0','1','0',0,0,NULL,'2026-02-11 21:37:33','2026-02-11 21:37:33',0),(698,NULL,'Ibelansuha','1004723','OPENING BALANCE','ac7e5b0f-d0dd-44a4-913c-6d365861fad6',19,'0','1','0',0,0,NULL,'2026-02-11 21:37:33','2026-02-11 21:37:33',0),(699,NULL,'Kagaramo','1004724','OPENING BALANCE','ac7e5b0f-d0dd-44a4-913c-6d365861fad6',19,'0','1','0',0,0,NULL,'2026-02-11 21:37:33','2026-02-11 21:37:33',0),(700,NULL,'Kawekunelela','1004725','OPENING BALANCE','ac7e5b0f-d0dd-44a4-913c-6d365861fad6',19,'0','1','0',0,0,NULL,'2026-02-11 21:37:33','2026-02-11 21:37:33',0),(701,NULL,'Kundikili','1004726','OPENING BALANCE','ac7e5b0f-d0dd-44a4-913c-6d365861fad6',19,'0','1','0',0,0,NULL,'2026-02-11 21:37:33','2026-02-11 21:37:33',0),(702,NULL,'Mtanganya','1004727','OPENING BALANCE','ac7e5b0f-d0dd-44a4-913c-6d365861fad6',19,'0','1','0',0,0,NULL,'2026-02-11 21:37:33','2026-02-11 21:37:33',0),(703,NULL,'Mbika','1004728','OPENING BALANCE','ac7e5b0f-d0dd-44a4-913c-6d365861fad6',19,'0','1','0',0,0,NULL,'2026-02-11 21:37:33','2026-02-11 21:37:33',0),(704,NULL,'Mwasengi','1004729','OPENING BALANCE','ac7e5b0f-d0dd-44a4-913c-6d365861fad6',19,'0','1','0',0,0,NULL,'2026-02-11 21:37:33','2026-02-11 21:37:33',0),(705,NULL,'Ngokolo','1004730','OPENING BALANCE','ac7e5b0f-d0dd-44a4-913c-6d365861fad6',19,'0','1','0',0,0,NULL,'2026-02-11 21:37:33','2026-02-11 21:37:33',0),(706,NULL,'Ushetu','1004731','OPENING BALANCE','ac7e5b0f-d0dd-44a4-913c-6d365861fad6',19,'0','1','0',0,0,NULL,'2026-02-11 21:37:33','2026-02-11 21:37:33',0),(707,NULL,'Uyogo','1004732','OPENING BALANCE','ac7e5b0f-d0dd-44a4-913c-6d365861fad6',19,'0','1','0',0,0,NULL,'2026-02-11 21:37:33','2026-02-11 21:37:33',0),(708,NULL,'Bukuba','1004733','OPENING BALANCE','ac7e5b0f-d0dd-44a4-913c-6d365861fad6',19,'0','1','0',0,0,NULL,'2026-02-11 21:37:33','2026-02-11 21:37:33',0),(709,NULL,'Kahanga','1004734','OPENING BALANCE','ac7e5b0f-d0dd-44a4-913c-6d365861fad6',19,'0','1','0',0,0,NULL,'2026-02-11 21:37:33','2026-02-11 21:37:33',0),(710,NULL,'Kisuke Farm','1004735','OPENING BALANCE','ac7e5b0f-d0dd-44a4-913c-6d365861fad6',19,'0','1','0',0,0,NULL,'2026-02-11 21:37:33','2026-02-11 21:37:33',0),(711,NULL,'Nyang\'hwale','1004736','OPENING BALANCE','ac7e5b0f-d0dd-44a4-913c-6d365861fad6',19,'0','1','0',0,0,NULL,'2026-02-11 21:37:33','2026-02-11 21:37:33',0),(712,NULL,'Itebele ','1004737','OPENING BALANCE','ac7e5b0f-d0dd-44a4-913c-6d365861fad6',19,'0','1','0',0,0,NULL,'2026-02-11 21:37:33','2026-02-11 21:37:33',0),(713,NULL,'Iponanabolo - Mwagimagi ','1004738','OPENING BALANCE','ac7e5b0f-d0dd-44a4-913c-6d365861fad6',19,'0','1','0',0,0,NULL,'2026-02-11 21:37:33','2026-02-11 21:37:33',0),(714,NULL,'Nyasambe - Sawida','1004739','OPENING BALANCE','ac7e5b0f-d0dd-44a4-913c-6d365861fad6',19,'0','1','0',0,0,NULL,'2026-02-11 21:37:33','2026-02-11 21:37:33',0),(715,NULL,'Iponyangobo - Bunamhala Mbugani','1004740','OPENING BALANCE','ac7e5b0f-d0dd-44a4-913c-6d365861fad6',19,'0','1','0',0,0,NULL,'2026-02-11 21:37:33','2026-02-11 21:37:33',0),(716,NULL,'Ngolomamali - Nyamalapa','1004741','OPENING BALANCE','ac7e5b0f-d0dd-44a4-913c-6d365861fad6',19,'0','1','0',0,0,NULL,'2026-02-11 21:37:33','2026-02-11 21:37:33',0),(717,NULL,'Igolabasigani - Lulayu','1004742','OPENING BALANCE','ac7e5b0f-d0dd-44a4-913c-6d365861fad6',19,'0','1','0',0,0,NULL,'2026-02-11 21:37:33','2026-02-11 21:37:33',0),(718,NULL,'Ngala ','1004743','OPENING BALANCE','ac7e5b0f-d0dd-44a4-913c-6d365861fad6',19,'0','1','0',0,0,NULL,'2026-02-11 21:37:33','2026-02-11 21:37:33',0),(719,NULL,'Igunabalimi - Ikungulyambesi','1004744','OPENING BALANCE','ac7e5b0f-d0dd-44a4-913c-6d365861fad6',19,'0','1','0',0,0,NULL,'2026-02-11 21:37:33','2026-02-11 21:37:33',0),(720,NULL,'Majahida','1004745','OPENING BALANCE','ac7e5b0f-d0dd-44a4-913c-6d365861fad6',19,'0','1','0',0,0,NULL,'2026-02-11 21:37:33','2026-02-11 21:37:33',0),(721,NULL,'Bugarama \'\'A\'\'','1004746','OPENING BALANCE','ac7e5b0f-d0dd-44a4-913c-6d365861fad6',19,'0','1','0',0,0,NULL,'2026-02-11 21:37:33','2026-02-11 21:37:33',0),(722,NULL,'Ng\'wang\'honoli','1004747','OPENING BALANCE','ac7e5b0f-d0dd-44a4-913c-6d365861fad6',19,'0','1','0',0,0,NULL,'2026-02-11 21:37:33','2026-02-11 21:37:33',0),(723,NULL,'Jija','1004748','OPENING BALANCE','ac7e5b0f-d0dd-44a4-913c-6d365861fad6',19,'0','1','0',0,0,NULL,'2026-02-11 21:37:33','2026-02-11 21:37:33',0),(724,NULL,'Sapa','1004749','OPENING BALANCE','ac7e5b0f-d0dd-44a4-913c-6d365861fad6',19,'0','1','0',0,0,NULL,'2026-02-11 21:37:33','2026-02-11 21:37:33',0),(725,NULL,'Mwabusalu','1004750','OPENING BALANCE','ac7e5b0f-d0dd-44a4-913c-6d365861fad6',19,'0','1','0',0,0,NULL,'2026-02-11 21:37:33','2026-02-11 21:37:33',0),(726,NULL,'Songambele','1004751','OPENING BALANCE','ac7e5b0f-d0dd-44a4-913c-6d365861fad6',19,'0','1','0',0,0,NULL,'2026-02-11 21:37:33','2026-02-11 21:37:33',0),(727,NULL,'Nkoma - Mwabagalu','1004752','OPENING BALANCE','ac7e5b0f-d0dd-44a4-913c-6d365861fad6',19,'0','1','0',0,0,NULL,'2026-02-11 21:37:33','2026-02-11 21:37:33',0),(728,NULL,'Mwamala','1004753','OPENING BALANCE','ac7e5b0f-d0dd-44a4-913c-6d365861fad6',19,'0','1','0',0,0,NULL,'2026-02-11 21:37:33','2026-02-11 21:37:33',0),(729,NULL,'Mandang\'ombe','1004754','OPENING BALANCE','ac7e5b0f-d0dd-44a4-913c-6d365861fad6',19,'0','1','0',0,0,NULL,'2026-02-11 21:37:33','2026-02-11 21:37:33',0),(730,NULL,'Butuyu Amcs Ltd','1004755','OPENING BALANCE','ac7e5b0f-d0dd-44a4-913c-6d365861fad6',19,'0','1','0',0,0,NULL,'2026-02-11 21:37:33','2026-02-11 21:37:33',0),(731,NULL,'Ihumuja - Kijongo Amcs Ltd','1004756','OPENING BALANCE','ac7e5b0f-d0dd-44a4-913c-6d365861fad6',19,'0','1','0',0,0,NULL,'2026-02-11 21:37:33','2026-02-11 21:37:33',0),(732,NULL,'Iponyabuhabi - Kinungu Amcs Ltd','1004757','OPENING BALANCE','ac7e5b0f-d0dd-44a4-913c-6d365861fad6',19,'0','1','0',0,0,NULL,'2026-02-11 21:37:33','2026-02-11 21:37:33',0),(733,NULL,'Ipejabupina Amcs Ltd','1004758','OPENING BALANCE','ac7e5b0f-d0dd-44a4-913c-6d365861fad6',19,'0','1','0',0,0,NULL,'2026-02-11 21:37:33','2026-02-11 21:37:33',0),(734,NULL,'Ilemabuhabi Amcs Ltd','1004759','OPENING BALANCE','ac7e5b0f-d0dd-44a4-913c-6d365861fad6',19,'0','1','0',0,0,NULL,'2026-02-11 21:37:33','2026-02-11 21:37:33',0),(735,NULL,'Ipandikilo - Bulenya Amcs Ltd','1004760','OPENING BALANCE','ac7e5b0f-d0dd-44a4-913c-6d365861fad6',19,'0','1','0',0,0,NULL,'2026-02-11 21:37:33','2026-02-11 21:37:33',0),(736,NULL,'Igogo Amcs Ltd','1004761','OPENING BALANCE','ac7e5b0f-d0dd-44a4-913c-6d365861fad6',19,'0','1','0',0,0,NULL,'2026-02-11 21:37:33','2026-02-11 21:37:33',0),(737,NULL,'Lyaki - Lyabukande Amcs Ltd ','1004762','OPENING BALANCE','ac7e5b0f-d0dd-44a4-913c-6d365861fad6',19,'0','1','0',0,0,NULL,'2026-02-11 21:37:33','2026-02-11 21:37:33',0),(738,NULL,'Lubaga Farm','1004763','OPENING BALANCE','ac7e5b0f-d0dd-44a4-913c-6d365861fad6',19,'0','1','0',0,0,NULL,'2026-02-11 21:37:33','2026-02-11 21:37:33',0),(739,NULL,'Mwajiji - Mwakashishi AMCS Ltd','1004764','OPENING BALANCE','ac7e5b0f-d0dd-44a4-913c-6d365861fad6',19,'0','1','0',0,0,NULL,'2026-02-11 21:37:33','2026-02-11 21:37:33',0),(740,NULL,'Mwamashele Amcs Ltd','1004765','OPENING BALANCE','ac7e5b0f-d0dd-44a4-913c-6d365861fad6',19,'0','1','0',0,0,NULL,'2026-02-11 21:37:33','2026-02-11 21:37:33',0),(741,NULL,'Mwanhendele - Mwajiningu Amcs Ltd','1004766','OPENING BALANCE','ac7e5b0f-d0dd-44a4-913c-6d365861fad6',19,'0','1','0',0,0,NULL,'2026-02-11 21:37:33','2026-02-11 21:37:33',0),(742,NULL,'Nyamalogo  Amcs Ltd','1004767','OPENING BALANCE','ac7e5b0f-d0dd-44a4-913c-6d365861fad6',19,'0','1','0',0,0,NULL,'2026-02-11 21:37:33','2026-02-11 21:37:33',0),(743,NULL,'Shimbai - Mendo Amcs Ltd','1004768','OPENING BALANCE','ac7e5b0f-d0dd-44a4-913c-6d365861fad6',19,'0','1','0',0,0,NULL,'2026-02-11 21:37:33','2026-02-11 21:37:33',0),(744,NULL,'Solako - Seseko Amcs Ltd','1004769','OPENING BALANCE','ac7e5b0f-d0dd-44a4-913c-6d365861fad6',19,'0','1','0',0,0,NULL,'2026-02-11 21:37:33','2026-02-11 21:37:33',0),(745,NULL,'Shabuluba AMCS Ltd','1004770','OPENING BALANCE','ac7e5b0f-d0dd-44a4-913c-6d365861fad6',19,'0','1','0',0,0,NULL,'2026-02-11 21:37:33','2026-02-11 21:37:33',0),(746,NULL,'Kodi iliyoahirishwa(Differed Tax Liability)','1004771','OPENING BALANCE','ac7e5b0f-d0dd-44a4-913c-6d365861fad6',20,'0','1','0',0,0,NULL,'2026-02-11 21:37:33','2026-02-11 21:37:33',0),(747,NULL,'Ushuru wa Choroko','100053',NULL,'ac7e5b0f-d0dd-44a4-913c-6d365861fad6',29,'0','1','0',0,0,NULL,'2026-03-12 15:20:55','2026-03-12 15:20:55',0),(748,NULL,'test','753945',NULL,'ac7e5b0f-d0dd-44a4-913c-6d365861fad6',42,'0','1','0',0,0,'2026-03-27 08:39:17','2026-03-12 18:57:51','2026-03-27 08:39:17',0);

--
