-- Table structure for table `deduction_types`
--

CREATE TABLE `deduction_types` (
  `id` char(36) COLLATE utf8mb4_unicode_ci NOT NULL,
  `organisation_id` char(36) COLLATE utf8mb4_unicode_ci NOT NULL,
  `name` varchar(255) COLLATE utf8mb4_unicode_ci NOT NULL,
  `is_tax` tinyint(1) NOT NULL DEFAULT '0',
  `frequency` enum('One-Time','Monthly','Yearly') COLLATE utf8mb4_unicode_ci NOT NULL DEFAULT 'Monthly',
  `account_id` bigint unsigned DEFAULT NULL,
  `calculation_method` enum('amount','percent') COLLATE utf8mb4_unicode_ci NOT NULL DEFAULT 'amount',
  `deduction_is` enum('mandatory','optional','adjustable') COLLATE utf8mb4_unicode_ci NOT NULL DEFAULT 'mandatory',
  `auto_apply` tinyint(1) NOT NULL DEFAULT '0',
  `default_value` decimal(20,2) NOT NULL DEFAULT '0.00',
  `description` text COLLATE utf8mb4_unicode_ci,
  `created_at` timestamp NULL DEFAULT NULL,
  `updated_at` timestamp NULL DEFAULT NULL,
  `deleted_at` timestamp NULL DEFAULT NULL,
  PRIMARY KEY (`id`),
  KEY `deduction_types_account_id_foreign` (`account_id`),
  CONSTRAINT `deduction_types_account_id_foreign` FOREIGN KEY (`account_id`) REFERENCES `chart_of_accounts` (`id`)
) ENGINE=InnoDB DEFAULT CHARSET=utf8mb4 COLLATE=utf8mb4_unicode_ci;

--
-- Dumping data for table `deduction_types`
--

INSERT INTO `deduction_types` VALUES ('08e4769c-1dd0-4d34-8e0e-797a00a4d56b','6d09af6b-ca58-4967-bbb1-02d0ecafc7e9','PAYE (Income Tax)',0,'Monthly',NULL,'amount','mandatory',0,0.00,NULL,'2026-01-20 02:08:22','2026-01-20 02:08:22',NULL),('1044a75b-b48f-44a9-82de-07c1e7a6a9a1','6d09af6b-ca58-4967-bbb1-02d0ecafc7e9','NSSF Contribution',0,'Monthly',NULL,'amount','mandatory',0,0.00,NULL,'2026-01-20 02:08:22','2026-01-20 02:08:22',NULL),('1321d037-c42f-4d3d-99fa-e7e518dcaa46','6d09af6b-ca58-4967-bbb1-02d0ecafc7e9','Union Contribution',0,'Monthly',NULL,'amount','mandatory',0,0.00,NULL,'2026-01-20 02:08:22','2026-01-20 02:08:22',NULL),('1b85d766-ea5b-49c5-a4a4-584fbad42264','6d09af6b-ca58-4967-bbb1-02d0ecafc7e9','Travel Allowance',0,'One-Time',NULL,'amount','mandatory',0,0.00,NULL,'2026-01-20 02:08:22','2026-01-20 02:08:22',NULL),('244f0e96-0a2a-461c-a2ff-c226937d00e5','6d09af6b-ca58-4967-bbb1-02d0ecafc7e9','Other Deduction',0,'One-Time',NULL,'amount','mandatory',0,0.00,NULL,'2026-01-20 02:08:22','2026-01-20 02:08:22',NULL),('3f821051-9a2f-4e10-bae5-689994af4c70','6d09af6b-ca58-4967-bbb1-02d0ecafc7e9','Meal Allowance',0,'Monthly',NULL,'amount','mandatory',0,0.00,NULL,'2026-01-20 02:08:22','2026-01-20 02:08:22',NULL),('4648f7d9-11de-4ae7-be0a-f58670a4a5e8','6d09af6b-ca58-4967-bbb1-02d0ecafc7e9','Education Allowance',0,'Yearly',NULL,'amount','mandatory',0,0.00,NULL,'2026-01-20 02:08:22','2026-01-20 02:08:22',NULL),('66246019-04f1-4a86-a207-fa10e5ac4910','6d09af6b-ca58-4967-bbb1-02d0ecafc7e9','Overtime',0,'One-Time',NULL,'amount','mandatory',0,0.00,NULL,'2026-01-20 02:08:22','2026-01-20 02:08:22',NULL),('695b19b1-bdf1-4642-a712-62b3ccb4ad06','6d09af6b-ca58-4967-bbb1-02d0ecafc7e9','Phone Allowance',0,'Monthly',NULL,'amount','mandatory',0,0.00,NULL,'2026-01-20 02:08:22','2026-01-20 02:08:22',NULL),('6d298dc0-7109-4597-81a3-dfa2efa867e4','6d09af6b-ca58-4967-bbb1-02d0ecafc7e9','Loan Repayment',0,'Monthly',NULL,'amount','mandatory',0,0.00,NULL,'2026-01-20 02:08:22','2026-01-20 02:08:22',NULL),('93546f67-b821-45bf-a8ef-0513939258b8','6d09af6b-ca58-4967-bbb1-02d0ecafc7e9','Pension Contribution',0,'Monthly',NULL,'amount','mandatory',0,0.00,NULL,'2026-01-20 02:08:22','2026-01-20 02:08:22',NULL),('c96bceed-4e0f-4426-908b-c073a21ff3db','6d09af6b-ca58-4967-bbb1-02d0ecafc7e9','Salary Advance',0,'One-Time',NULL,'amount','mandatory',0,0.00,NULL,'2026-01-20 02:08:22','2026-01-20 02:08:22',NULL),('dd6eb8cf-0ce0-4095-a8da-e9588be8a18a','6d09af6b-ca58-4967-bbb1-02d0ecafc7e9','Housing Allowance',0,'Monthly',NULL,'amount','mandatory',0,0.00,NULL,'2026-01-20 02:08:22','2026-01-20 02:08:22',NULL),('df460bb1-f354-4c9b-a128-d796c3af4bf3','6d09af6b-ca58-4967-bbb1-02d0ecafc7e9','Transport Allowance',0,'Monthly',NULL,'amount','mandatory',0,0.00,NULL,'2026-01-20 02:08:22','2026-01-20 02:08:22',NULL),('e4f34bf4-3029-45eb-bcd9-92ea3a1d4548','6d09af6b-ca58-4967-bbb1-02d0ecafc7e9','Health Insurance (NHIF)',0,'Monthly',NULL,'amount','mandatory',0,0.00,NULL,'2026-01-20 02:08:22','2026-01-20 02:08:22',NULL),('f1170465-a3af-4e4d-adb1-85d89647f8c1','6d09af6b-ca58-4967-bbb1-02d0ecafc7e9','TPAWU',0,'Monthly',15,'amount','mandatory',1,0.00,NULL,'2026-01-20 12:28:58','2026-01-20 12:28:58',NULL),('f660cb5b-f8f0-4451-8597-4b0fa6eacb2c','6d09af6b-ca58-4967-bbb1-02d0ecafc7e9','Medical Allowance',0,'Yearly',NULL,'amount','mandatory',0,0.00,NULL,'2026-01-20 02:08:22','2026-01-20 02:08:22',NULL);

--
-- Table structure for table `default_accounts`
--

CREATE TABLE `default_accounts` (
  `id` char(36) COLLATE utf8mb4_unicode_ci NOT NULL,
  `organisation_id` char(36) COLLATE utf8mb4_unicode_ci NOT NULL,
  `account_type` varchar(50) COLLATE utf8mb4_unicode_ci NOT NULL,
  `chart_of_account_id` bigint unsigned NOT NULL,
  `created_at` timestamp NULL DEFAULT NULL,
  `updated_at` timestamp NULL DEFAULT NULL,
  PRIMARY KEY (`id`),
  UNIQUE KEY `unique_org_account_type` (`organisation_id`,`account_type`),
  KEY `default_accounts_chart_of_account_id_foreign` (`chart_of_account_id`),
  CONSTRAINT `default_accounts_chart_of_account_id_foreign` FOREIGN KEY (`chart_of_account_id`) REFERENCES `chart_of_accounts` (`id`) ON DELETE CASCADE ON UPDATE CASCADE,
  CONSTRAINT `default_accounts_organisation_id_foreign` FOREIGN KEY (`organisation_id`) REFERENCES `organisations` (`id`) ON DELETE CASCADE
) ENGINE=InnoDB DEFAULT CHARSET=utf8mb4 COLLATE=utf8mb4_unicode_ci;

--
-- Dumping data for table `default_accounts`
--


--
-- Table structure for table `defects`
--

CREATE TABLE `defects` (
  `id` char(36) COLLATE utf8mb4_unicode_ci NOT NULL,
  `organisation_id` char(36) COLLATE utf8mb4_unicode_ci NOT NULL,
  `quality_check_id` char(36) COLLATE utf8mb4_unicode_ci NOT NULL,
  `defect_type` varchar(255) COLLATE utf8mb4_unicode_ci NOT NULL,
  `severity` varchar(255) COLLATE utf8mb4_unicode_ci NOT NULL,
  `quantity` int NOT NULL,
  `action_taken` varchar(255) COLLATE utf8mb4_unicode_ci DEFAULT NULL,
  `created_at` timestamp NULL DEFAULT NULL,
  `updated_at` timestamp NULL DEFAULT NULL,
  `deleted_at` timestamp NULL DEFAULT NULL,
  PRIMARY KEY (`id`),
  KEY `defects_organisation_id_foreign` (`organisation_id`),
  KEY `defects_quality_check_id_foreign` (`quality_check_id`),
  CONSTRAINT `defects_organisation_id_foreign` FOREIGN KEY (`organisation_id`) REFERENCES `organisations` (`id`),
  CONSTRAINT `defects_quality_check_id_foreign` FOREIGN KEY (`quality_check_id`) REFERENCES `production_quality_checks` (`id`) ON DELETE CASCADE
) ENGINE=InnoDB DEFAULT CHARSET=utf8mb4 COLLATE=utf8mb4_unicode_ci;

--
-- Dumping data for table `defects`
--


--
-- Table structure for table `deliveries`
--

CREATE TABLE `deliveries` (
  `id` char(36) COLLATE utf8mb4_unicode_ci NOT NULL,
  `organisation_id` char(36) COLLATE utf8mb4_unicode_ci NOT NULL,
  `order_id` char(36) COLLATE utf8mb4_unicode_ci NOT NULL,
  `delivery_number` varchar(255) COLLATE utf8mb4_unicode_ci NOT NULL,
  `delivery_date` date NOT NULL,
  `delivery_method` enum('Truck','Courier','Motorbike','Company Vehicle','Pickup by Customer','On-Site','Remote','Workshop') COLLATE utf8mb4_unicode_ci DEFAULT NULL,
  `tracking_number` varchar(255) COLLATE utf8mb4_unicode_ci DEFAULT NULL,
  `carrier_id` char(36) COLLATE utf8mb4_unicode_ci DEFAULT NULL,
  `warehouse_id` char(36) COLLATE utf8mb4_unicode_ci DEFAULT NULL,
  `delivery_address_id` char(36) COLLATE utf8mb4_unicode_ci DEFAULT NULL,
  `route_id` char(36) COLLATE utf8mb4_unicode_ci DEFAULT NULL,
  `created_by` char(36) COLLATE utf8mb4_unicode_ci DEFAULT NULL,
  `shipped_by` varchar(255) COLLATE utf8mb4_unicode_ci DEFAULT NULL,
  `delivered_by` varchar(255) COLLATE utf8mb4_unicode_ci DEFAULT NULL,
  `signature_path` char(36) COLLATE utf8mb4_unicode_ci DEFAULT NULL,
  `status` enum('draft','ready_for_pickup','shipped','in_transit','delivered','returned','confirmed','disputed','failed','canceled') COLLATE utf8mb4_unicode_ci NOT NULL DEFAULT 'draft',
  `canceled_at` timestamp NULL DEFAULT NULL,
  `shipped_at` timestamp NULL DEFAULT NULL,
  `returned_at` timestamp NULL DEFAULT NULL,
  `delivered_at` timestamp NULL DEFAULT NULL,
  `confirmed_at` timestamp NULL DEFAULT NULL,
  `disputed_at` timestamp NULL DEFAULT NULL,
  `created_at` timestamp NULL DEFAULT NULL,
  `updated_at` timestamp NULL DEFAULT NULL,
  `deleted_at` timestamp NULL DEFAULT NULL,
  PRIMARY KEY (`id`),
  UNIQUE KEY `deliveries_delivery_number_unique` (`delivery_number`),
  KEY `deliveries_order_id_foreign` (`order_id`),
  KEY `deliveries_delivered_by_foreign` (`delivered_by`),
  KEY `deliveries_created_by_foreign` (`created_by`),
  KEY `deliveries_shipped_by_foreign` (`shipped_by`),
  KEY `deliveries_warehouse_id_foreign` (`warehouse_id`),
  KEY `deliveries_carrier_id_foreign` (`carrier_id`),
  CONSTRAINT `deliveries_carrier_id_foreign` FOREIGN KEY (`carrier_id`) REFERENCES `trucks` (`id`),
  CONSTRAINT `deliveries_created_by_foreign` FOREIGN KEY (`created_by`) REFERENCES `employees` (`id`) ON DELETE CASCADE,
  CONSTRAINT `deliveries_delivered_by_foreign` FOREIGN KEY (`delivered_by`) REFERENCES `employees` (`id`) ON DELETE CASCADE,
  CONSTRAINT `deliveries_order_id_foreign` FOREIGN KEY (`order_id`) REFERENCES `sale_orders` (`id`) ON DELETE CASCADE,
  CONSTRAINT `deliveries_shipped_by_foreign` FOREIGN KEY (`shipped_by`) REFERENCES `employees` (`id`) ON DELETE CASCADE,
  CONSTRAINT `deliveries_warehouse_id_foreign` FOREIGN KEY (`warehouse_id`) REFERENCES `warehouses` (`id`)
) ENGINE=InnoDB DEFAULT CHARSET=utf8mb4 COLLATE=utf8mb4_unicode_ci;

--
-- Dumping data for table `deliveries`
--


--
-- Table structure for table `delivery_attempts`
--

CREATE TABLE `delivery_attempts` (
  `id` char(36) COLLATE utf8mb4_unicode_ci NOT NULL,
  `shipment_id` char(36) COLLATE utf8mb4_unicode_ci NOT NULL,
  `attempt_date` date NOT NULL,
  `status` enum('FAILED','PARTIAL') COLLATE utf8mb4_unicode_ci NOT NULL DEFAULT 'FAILED',
  `reason` varchar(255) COLLATE utf8mb4_unicode_ci NOT NULL,
  `notes` varchar(255) COLLATE utf8mb4_unicode_ci DEFAULT NULL,
  `attempted_by` char(36) COLLATE utf8mb4_unicode_ci NOT NULL,
  PRIMARY KEY (`id`),
  KEY `delivery_attempts_shipment_id_foreign` (`shipment_id`),
  KEY `delivery_attempts_attempted_by_foreign` (`attempted_by`),
  CONSTRAINT `delivery_attempts_attempted_by_foreign` FOREIGN KEY (`attempted_by`) REFERENCES `employees` (`id`) ON DELETE CASCADE,
  CONSTRAINT `delivery_attempts_shipment_id_foreign` FOREIGN KEY (`shipment_id`) REFERENCES `shipments` (`id`) ON DELETE CASCADE
) ENGINE=InnoDB DEFAULT CHARSET=utf8mb4 COLLATE=utf8mb4_unicode_ci;

--
-- Dumping data for table `delivery_attempts`
--


--
-- Table structure for table `delivery_lines`
--

CREATE TABLE `delivery_lines` (
  `id` char(36) COLLATE utf8mb4_unicode_ci NOT NULL,
  `delivery_id` char(36) COLLATE utf8mb4_unicode_ci NOT NULL,
  `order_line_id` char(36) COLLATE utf8mb4_unicode_ci NOT NULL,
  `item_id` char(36) COLLATE utf8mb4_unicode_ci DEFAULT NULL,
  `uom_id` char(36) COLLATE utf8mb4_unicode_ci NOT NULL,
  `quantity_delivered` decimal(10,2) NOT NULL,
  `quantity_returned` decimal(10,2) DEFAULT NULL,
  `condition` enum('Good','Damaged') COLLATE utf8mb4_unicode_ci NOT NULL DEFAULT 'Good',
  `notes` text COLLATE utf8mb4_unicode_ci,
  `created_at` timestamp NULL DEFAULT NULL,
  `updated_at` timestamp NULL DEFAULT NULL,
  `deleted_at` timestamp NULL DEFAULT NULL,
  PRIMARY KEY (`id`),
  KEY `delivery_lines_delivery_id_foreign` (`delivery_id`),
  KEY `delivery_lines_order_line_id_foreign` (`order_line_id`),
  KEY `delivery_lines_item_id_foreign` (`item_id`),
  KEY `delivery_lines_uom_id_foreign` (`uom_id`),
  CONSTRAINT `delivery_lines_delivery_id_foreign` FOREIGN KEY (`delivery_id`) REFERENCES `deliveries` (`id`) ON DELETE CASCADE,
  CONSTRAINT `delivery_lines_item_id_foreign` FOREIGN KEY (`item_id`) REFERENCES `items` (`id`),
  CONSTRAINT `delivery_lines_order_line_id_foreign` FOREIGN KEY (`order_line_id`) REFERENCES `order_lines` (`id`) ON DELETE CASCADE,
  CONSTRAINT `delivery_lines_uom_id_foreign` FOREIGN KEY (`uom_id`) REFERENCES `unit_of_measures` (`id`)
) ENGINE=InnoDB DEFAULT CHARSET=utf8mb4 COLLATE=utf8mb4_unicode_ci;

--
-- Dumping data for table `delivery_lines`
--


--
-- Table structure for table `departments`
--

CREATE TABLE `departments` (
  `id` char(36) COLLATE utf8mb4_unicode_ci NOT NULL,
  `organisation_id` char(36) COLLATE utf8mb4_unicode_ci NOT NULL,
  `head_employee_id` char(36) COLLATE utf8mb4_unicode_ci DEFAULT NULL,
  `parent_department_id` char(36) COLLATE utf8mb4_unicode_ci DEFAULT NULL,
  `name` varchar(255) COLLATE utf8mb4_unicode_ci NOT NULL,
  `description` varchar(255) COLLATE utf8mb4_unicode_ci DEFAULT NULL,
  `created_at` timestamp NULL DEFAULT NULL,
  `updated_at` timestamp NULL DEFAULT NULL,
  `deleted_at` timestamp NULL DEFAULT NULL,
  PRIMARY KEY (`id`)
) ENGINE=InnoDB DEFAULT CHARSET=utf8mb4 COLLATE=utf8mb4_unicode_ci;

--
-- Dumping data for table `departments`
--

INSERT INTO `departments` VALUES ('02e593a7-ebd7-4949-b1b8-bdf6baa8844a','6d09af6b-ca58-4967-bbb1-02d0ecafc7e9',NULL,NULL,'Information and Communication Technology','Information and Communication Technology','2026-01-20 12:19:50','2026-01-20 12:19:50',NULL),('11c684dc-8412-4c9a-bce4-c4260956045d','6d09af6b-ca58-4967-bbb1-02d0ecafc7e9',NULL,NULL,'Operation and Transport','Operation and Transport','2026-01-20 16:49:26','2026-01-20 16:49:26',NULL),('2c06ffdc-0994-4f1e-b7be-89ea7056fad5','6d09af6b-ca58-4967-bbb1-02d0ecafc7e9',NULL,NULL,'SRCUSS – D1','GHJHGDFJHGU','2026-01-22 13:42:19','2026-01-22 13:42:42','2026-01-22 13:42:42'),('759d125f-0504-4210-860b-aa5a7e3234c0','6d09af6b-ca58-4967-bbb1-02d0ecafc7e9',NULL,NULL,'Audit','Audit','2026-01-20 12:22:43','2026-01-20 12:22:43',NULL),('b75eb4df-23d1-4f95-b0dd-fd76ef7a30b3','6d09af6b-ca58-4967-bbb1-02d0ecafc7e9',NULL,NULL,'Human Resource and Administration','Human Resource and Administration','2026-01-20 12:22:11','2026-01-20 12:22:11',NULL),('c4cdef40-63ec-45db-b1b2-4864e6af1784','6d09af6b-ca58-4967-bbb1-02d0ecafc7e9',NULL,NULL,'Accounts','Account','2026-01-20 02:08:20','2026-01-20 02:08:20',NULL),('ee8e9b63-032e-49ca-94c1-471c51b94f48','6d09af6b-ca58-4967-bbb1-02d0ecafc7e9',NULL,NULL,'Procurement and Supply','Procurement and Supply','2026-01-20 12:21:09','2026-01-20 12:21:09',NULL);

--
-- Table structure for table `depreciation_records`
--

CREATE TABLE `depreciation_records` (
  `id` char(36) COLLATE utf8mb4_unicode_ci NOT NULL,
  `asset_id` char(36) COLLATE utf8mb4_unicode_ci NOT NULL,
  `calculation_date` date NOT NULL,
  `current_value` decimal(18,2) NOT NULL,
  `depreciation_amount` decimal(18,2) NOT NULL,
  `accumulated_depreciation` decimal(18,2) NOT NULL,
  `net_book_value` decimal(18,2) NOT NULL,
  `method` enum('straight_line','declining_balance') COLLATE utf8mb4_unicode_ci NOT NULL,
  `depreciation_rate` decimal(5,2) NOT NULL,
  `status` enum('Calculated','Posted','Reversed') COLLATE utf8mb4_unicode_ci NOT NULL DEFAULT 'Calculated',
  `notes` text COLLATE utf8mb4_unicode_ci,
  `unique_id` varchar(255) COLLATE utf8mb4_unicode_ci DEFAULT NULL,
  `created_at` timestamp NULL DEFAULT NULL,
  `updated_at` timestamp NULL DEFAULT NULL,
  `deleted_at` timestamp NULL DEFAULT NULL,
  PRIMARY KEY (`id`),
  KEY `depreciation_records_asset_id_foreign` (`asset_id`),
  CONSTRAINT `depreciation_records_asset_id_foreign` FOREIGN KEY (`asset_id`) REFERENCES `assets` (`id`) ON DELETE CASCADE
) ENGINE=InnoDB DEFAULT CHARSET=utf8mb4 COLLATE=utf8mb4_unicode_ci;

--
-- Dumping data for table `depreciation_records`
--


--
-- Table structure for table `designations`
--

CREATE TABLE `designations` (
  `id` char(36) COLLATE utf8mb4_unicode_ci NOT NULL,
  `organisation_id` char(36) COLLATE utf8mb4_unicode_ci NOT NULL,
  `department_id` char(36) COLLATE utf8mb4_unicode_ci NOT NULL,
  `designation_name` varchar(255) COLLATE utf8mb4_unicode_ci NOT NULL,
  `description` text COLLATE utf8mb4_unicode_ci,
  `created_at` timestamp NULL DEFAULT NULL,
  `updated_at` timestamp NULL DEFAULT NULL,
  `deleted_at` timestamp NULL DEFAULT NULL,
  PRIMARY KEY (`id`),
  KEY `designations_department_id_foreign` (`department_id`),
  CONSTRAINT `designations_department_id_foreign` FOREIGN KEY (`department_id`) REFERENCES `departments` (`id`) ON DELETE CASCADE
) ENGINE=InnoDB DEFAULT CHARSET=utf8mb4 COLLATE=utf8mb4_unicode_ci;

--
-- Dumping data for table `designations`
--

INSERT INTO `designations` VALUES ('0d07ec22-6f9c-4472-83aa-e7037a22d532','6d09af6b-ca58-4967-bbb1-02d0ecafc7e9','11c684dc-8412-4c9a-bce4-c4260956045d','Zonal Manager','Zonal Manager','2026-01-21 09:10:25','2026-01-21 09:10:25',NULL),('1334f6c9-ba92-4d16-9122-9b7d84905d28','6d09af6b-ca58-4967-bbb1-02d0ecafc7e9','b75eb4df-23d1-4f95-b0dd-fd76ef7a30b3','Security Guard','Security Guard','2026-01-21 09:12:44','2026-01-21 09:12:44',NULL),('2570de6e-430e-4000-b727-d4ba7458f806','6d09af6b-ca58-4967-bbb1-02d0ecafc7e9','b75eb4df-23d1-4f95-b0dd-fd76ef7a30b3','Office Cleaner','Office Cleaner','2026-01-21 09:20:38','2026-01-21 09:20:38',NULL),('2b667163-4234-46a5-be18-33bb04d91da0','6d09af6b-ca58-4967-bbb1-02d0ecafc7e9','b75eb4df-23d1-4f95-b0dd-fd76ef7a30b3','OS','Office Supervisor','2026-01-21 09:09:45','2026-01-21 09:09:45',NULL),('3851cc29-63a7-429b-a5c3-209a349988f4','6d09af6b-ca58-4967-bbb1-02d0ecafc7e9','11c684dc-8412-4c9a-bce4-c4260956045d','Estate Officer','Estate Officer','2026-01-21 09:13:31','2026-01-21 09:13:31',NULL),('53ff1e3e-dcf8-4db9-845c-165715d968b5','6d09af6b-ca58-4967-bbb1-02d0ecafc7e9','11c684dc-8412-4c9a-bce4-c4260956045d','Operation & Transport Manager','Operation and Transport Manager','2026-01-20 16:50:19','2026-01-20 16:50:19',NULL),('6bd78016-e491-47b7-825d-83905a27f2d9','6d09af6b-ca58-4967-bbb1-02d0ecafc7e9','b75eb4df-23d1-4f95-b0dd-fd76ef7a30b3','General Manager','General Manager','2026-01-20 12:27:50','2026-01-20 12:27:50',NULL),('6c8a081f-e750-49d0-b609-e6c2ef1f9036','6d09af6b-ca58-4967-bbb1-02d0ecafc7e9','759d125f-0504-4210-860b-aa5a7e3234c0','Chief Internal Auditor','Chief Internal Auditor','2026-01-20 12:27:19','2026-01-20 12:27:19',NULL),('73a1edf3-dc81-4af8-b2e7-862eee4acb31','6d09af6b-ca58-4967-bbb1-02d0ecafc7e9','b75eb4df-23d1-4f95-b0dd-fd76ef7a30b3','PS','Personal Secretay','2026-01-21 09:11:01','2026-01-21 09:11:01',NULL),('84652bfc-15d1-43f1-8a1b-dbc45fb72e75','6d09af6b-ca58-4967-bbb1-02d0ecafc7e9','ee8e9b63-032e-49ca-94c1-471c51b94f48','Store Keeper','Store Keeper','2026-01-21 09:18:27','2026-01-21 09:18:27',NULL),('89e7a23c-c415-451f-b753-2ceab2051012','6d09af6b-ca58-4967-bbb1-02d0ecafc7e9','b75eb4df-23d1-4f95-b0dd-fd76ef7a30b3','Hr & Administration Manager','Hr & Administration Manager','2026-01-20 16:47:43','2026-01-20 16:47:43',NULL),('adc8b598-06f0-4286-a11d-c45ce5a4e5f0','6d09af6b-ca58-4967-bbb1-02d0ecafc7e9','02e593a7-ebd7-4949-b1b8-bdf6baa8844a','IT Officer','ICT Officer','2026-01-20 12:24:00','2026-01-20 12:24:19',NULL),('baa5d666-a262-4918-a4c5-81a4d1d79411','6d09af6b-ca58-4967-bbb1-02d0ecafc7e9','c4cdef40-63ec-45db-b1b2-4864e6af1784','Assistant Accountant','Assistant Accountant','2026-01-21 09:17:59','2026-01-21 09:17:59',NULL),('cc63b1c6-d384-40a0-be80-2fc038b8360e','6d09af6b-ca58-4967-bbb1-02d0ecafc7e9','11c684dc-8412-4c9a-bce4-c4260956045d','Extension Officer','Extension Officer','2026-01-21 09:19:29','2026-01-21 09:19:29',NULL),('d982aa7b-8b1b-4061-b973-214812f964fb','6d09af6b-ca58-4967-bbb1-02d0ecafc7e9','ee8e9b63-032e-49ca-94c1-471c51b94f48','Procurement and Supply Officer','Procurement and Supply Officer','2026-01-20 12:25:26','2026-01-20 12:25:26',NULL),('f2fc0c62-ef2b-4a7e-9f64-7373362afa9a','6d09af6b-ca58-4967-bbb1-02d0ecafc7e9','c4cdef40-63ec-45db-b1b2-4864e6af1784','Chief Accountant','Chief Accountant','2026-01-20 12:26:27','2026-01-20 12:26:44',NULL),('f70758e2-c758-4584-8379-988acc55408d','6d09af6b-ca58-4967-bbb1-02d0ecafc7e9','b75eb4df-23d1-4f95-b0dd-fd76ef7a30b3','Office attendant','Office attendant','2026-01-21 09:20:06','2026-01-21 09:20:06',NULL),('f9b50f3f-fb3e-471a-a870-31399c1f3c4a','6d09af6b-ca58-4967-bbb1-02d0ecafc7e9','c4cdef40-63ec-45db-b1b2-4864e6af1784','Cashier','Cashier','2026-01-21 09:11:55','2026-01-21 09:11:55',NULL),('fa54abc8-a873-436c-91fd-ac4de9134c67','6d09af6b-ca58-4967-bbb1-02d0ecafc7e9','11c684dc-8412-4c9a-bce4-c4260956045d','Driver','Driver','2026-01-21 09:11:29','2026-01-21 09:11:29',NULL);

--
-- Table structure for table `disciplinary_actions`
--

CREATE TABLE `disciplinary_actions` (
  `id` char(36) COLLATE utf8mb4_unicode_ci NOT NULL,
  `organisation_id` char(36) COLLATE utf8mb4_unicode_ci NOT NULL,
  `employee_id` char(36) COLLATE utf8mb4_unicode_ci NOT NULL,
  `action_type` varchar(255) COLLATE utf8mb4_unicode_ci NOT NULL,
  `description` text COLLATE utf8mb4_unicode_ci,
  `action_date` date NOT NULL,
  `created_at` timestamp NULL DEFAULT NULL,
  `updated_at` timestamp NULL DEFAULT NULL,
  PRIMARY KEY (`id`),
  KEY `disciplinary_actions_employee_id_foreign` (`employee_id`),
  CONSTRAINT `disciplinary_actions_employee_id_foreign` FOREIGN KEY (`employee_id`) REFERENCES `employees` (`id`) ON DELETE CASCADE
) ENGINE=InnoDB DEFAULT CHARSET=utf8mb4 COLLATE=utf8mb4_unicode_ci;

--
-- Dumping data for table `disciplinary_actions`
--


--
-- Table structure for table `discounts`
--

CREATE TABLE `discounts` (
  `id` char(36) COLLATE utf8mb4_unicode_ci NOT NULL,
  `item_id` char(36) COLLATE utf8mb4_unicode_ci NOT NULL,
  `discount_type` enum('percentage','fixed') COLLATE utf8mb4_unicode_ci NOT NULL DEFAULT 'percentage',
  `discount_value` decimal(10,2) NOT NULL,
  `start_date` date NOT NULL,
  `end_date` date NOT NULL,
  `created_at` timestamp NOT NULL DEFAULT CURRENT_TIMESTAMP,
  PRIMARY KEY (`id`),
  KEY `discounts_item_id_foreign` (`item_id`),
  CONSTRAINT `discounts_item_id_foreign` FOREIGN KEY (`item_id`) REFERENCES `items` (`id`) ON DELETE CASCADE
) ENGINE=InnoDB DEFAULT CHARSET=utf8mb4 COLLATE=utf8mb4_unicode_ci;

--
-- Dumping data for table `discounts`
--


--
-- Table structure for table `disposal_approvals`
--

CREATE TABLE `disposal_approvals` (
  `id` char(36) COLLATE utf8mb4_unicode_ci NOT NULL,
  `asset_disposal_id` char(36) COLLATE utf8mb4_unicode_ci NOT NULL,
  `approver_id` char(36) COLLATE utf8mb4_unicode_ci NOT NULL,
  `approval_level` int NOT NULL,
  `status` enum('Pending','Approved','Rejected') COLLATE utf8mb4_unicode_ci NOT NULL DEFAULT 'Pending',
  `comments` text COLLATE utf8mb4_unicode_ci,
  `action_date` timestamp NULL DEFAULT NULL,
  `created_at` timestamp NULL DEFAULT NULL,
  `updated_at` timestamp NULL DEFAULT NULL,
  `deleted_at` timestamp NULL DEFAULT NULL,
  PRIMARY KEY (`id`),
  KEY `disposal_approvals_asset_disposal_id_foreign` (`asset_disposal_id`),
  KEY `disposal_approvals_approver_id_foreign` (`approver_id`),
  CONSTRAINT `disposal_approvals_approver_id_foreign` FOREIGN KEY (`approver_id`) REFERENCES `employees` (`id`),
  CONSTRAINT `disposal_approvals_asset_disposal_id_foreign` FOREIGN KEY (`asset_disposal_id`) REFERENCES `asset_disposals` (`id`) ON DELETE CASCADE
) ENGINE=InnoDB DEFAULT CHARSET=utf8mb4 COLLATE=utf8mb4_unicode_ci;

--
-- Dumping data for table `disposal_approvals`
--


--
-- Table structure for table `districts`
--

CREATE TABLE `districts` (
  `id` char(36) COLLATE utf8mb4_unicode_ci NOT NULL,
  `region_id` char(36) COLLATE utf8mb4_unicode_ci NOT NULL,
  `name` varchar(255) COLLATE utf8mb4_unicode_ci NOT NULL,
  `code` varchar(255) COLLATE utf8mb4_unicode_ci DEFAULT NULL,
  `created_at` timestamp NULL DEFAULT NULL,
  `updated_at` timestamp NULL DEFAULT NULL,
  `deleted_at` timestamp NULL DEFAULT NULL,
  PRIMARY KEY (`id`),
  KEY `districts_region_id_foreign` (`region_id`),
  CONSTRAINT `districts_region_id_foreign` FOREIGN KEY (`region_id`) REFERENCES `regions` (`id`) ON DELETE CASCADE
) ENGINE=InnoDB DEFAULT CHARSET=utf8mb4 COLLATE=utf8mb4_unicode_ci;

--
-- Dumping data for table `districts`
--


--
-- Table structure for table `document_conversions`
--

CREATE TABLE `document_conversions` (
  `id` char(36) COLLATE utf8mb4_unicode_ci NOT NULL,
  `original_file_id` char(36) COLLATE utf8mb4_unicode_ci NOT NULL,
  `converted_file_id` char(36) COLLATE utf8mb4_unicode_ci DEFAULT NULL,
  `target_format` varchar(255) COLLATE utf8mb4_unicode_ci NOT NULL,
  `status` enum('pending','processing','completed','failed') COLLATE utf8mb4_unicode_ci NOT NULL DEFAULT 'pending',
  `error_message` text COLLATE utf8mb4_unicode_ci,
  `created_at` timestamp NULL DEFAULT NULL,
  `updated_at` timestamp NULL DEFAULT NULL,
  PRIMARY KEY (`id`),
  KEY `document_conversions_original_file_id_foreign` (`original_file_id`),
  KEY `document_conversions_converted_file_id_foreign` (`converted_file_id`),
  CONSTRAINT `document_conversions_converted_file_id_foreign` FOREIGN KEY (`converted_file_id`) REFERENCES `files` (`id`),
  CONSTRAINT `document_conversions_original_file_id_foreign` FOREIGN KEY (`original_file_id`) REFERENCES `files` (`id`)
) ENGINE=InnoDB DEFAULT CHARSET=utf8mb4 COLLATE=utf8mb4_unicode_ci;

--
-- Dumping data for table `document_conversions`
--


--
-- Table structure for table `document_ocr_data`
--

CREATE TABLE `document_ocr_data` (
  `id` char(36) COLLATE utf8mb4_unicode_ci NOT NULL,
  `file_id` char(36) COLLATE utf8mb4_unicode_ci NOT NULL,
  `extracted_text` text COLLATE utf8mb4_unicode_ci NOT NULL,
  `metadata` json DEFAULT NULL,
  `created_at` timestamp NULL DEFAULT NULL,
  `updated_at` timestamp NULL DEFAULT NULL,
  PRIMARY KEY (`id`),
  KEY `document_ocr_data_file_id_foreign` (`file_id`),
  CONSTRAINT `document_ocr_data_file_id_foreign` FOREIGN KEY (`file_id`) REFERENCES `files` (`id`) ON DELETE CASCADE
) ENGINE=InnoDB DEFAULT CHARSET=utf8mb4 COLLATE=utf8mb4_unicode_ci;

--
-- Dumping data for table `document_ocr_data`
--


--
-- Table structure for table `documents`
--

CREATE TABLE `documents` (
  `id` char(36) COLLATE utf8mb4_unicode_ci NOT NULL,
  `name` varchar(255) COLLATE utf8mb4_unicode_ci NOT NULL,
  `path` varchar(255) COLLATE utf8mb4_unicode_ci NOT NULL,
  `documentable_type` varchar(255) COLLATE utf8mb4_unicode_ci NOT NULL,
  `documentable_id` char(36) COLLATE utf8mb4_unicode_ci NOT NULL,
  `uploaded_by` char(36) COLLATE utf8mb4_unicode_ci DEFAULT NULL,
  `metadata` json DEFAULT NULL,
  `description` text COLLATE utf8mb4_unicode_ci,
  `created_at` timestamp NULL DEFAULT NULL,
  `updated_at` timestamp NULL DEFAULT NULL,
  `deleted_at` timestamp NULL DEFAULT NULL,
  PRIMARY KEY (`id`),
  KEY `documents_documentable_type_documentable_id_index` (`documentable_type`,`documentable_id`)
) ENGINE=InnoDB DEFAULT CHARSET=utf8mb4 COLLATE=utf8mb4_unicode_ci;

--
-- Dumping data for table `documents`
--


--
-- Table structure for table `drivers`
--

CREATE TABLE `drivers` (
  `id` char(36) COLLATE utf8mb4_unicode_ci NOT NULL,
  `organisation_id` char(36) COLLATE utf8mb4_unicode_ci NOT NULL,
  `employee_id` char(36) COLLATE utf8mb4_unicode_ci NOT NULL,
  `license_number` varchar(255) COLLATE utf8mb4_unicode_ci DEFAULT NULL,
  `status` tinyint(1) NOT NULL DEFAULT '1',
  `description` varchar(255) COLLATE utf8mb4_unicode_ci DEFAULT NULL,
  `created_at` timestamp NULL DEFAULT NULL,
  `updated_at` timestamp NULL DEFAULT NULL,
  PRIMARY KEY (`id`),
  KEY `drivers_employee_id_foreign` (`employee_id`),
  CONSTRAINT `drivers_employee_id_foreign` FOREIGN KEY (`employee_id`) REFERENCES `employees` (`id`) ON DELETE CASCADE
) ENGINE=InnoDB DEFAULT CHARSET=utf8mb4 COLLATE=utf8mb4_unicode_ci;

--
-- Dumping data for table `drivers`
--

INSERT INTO `drivers` VALUES ('4ba77364-7b8d-48d9-90a2-bf80ee00161a','6d09af6b-ca58-4967-bbb1-02d0ecafc7e9','dcd443ee-31f4-475e-a170-66c860e46abb','T 585 AMY',1,NULL,'2026-01-21 13:09:49','2026-01-21 13:09:49'),('5e0d8cf2-5753-4368-a2a4-3d483ef309ff','6d09af6b-ca58-4967-bbb1-02d0ecafc7e9','dcd443ee-31f4-475e-a170-66c860e46abb','T 846 AND',1,NULL,'2026-01-21 13:09:30','2026-01-21 13:09:30'),('84f5390e-d94f-4c4a-b3a3-e20da4f79951','6d09af6b-ca58-4967-bbb1-02d0ecafc7e9','dcd443ee-31f4-475e-a170-66c860e46abb','T 358 APA',1,NULL,'2026-01-21 12:48:13','2026-01-21 12:48:13'),('929b8151-1a48-47c9-9a53-a90fa3f20601','6d09af6b-ca58-4967-bbb1-02d0ecafc7e9','0d907abb-d962-40ae-92e8-cbad09d41a2d','T 374 ANW',1,NULL,'2026-01-21 12:47:19','2026-01-21 12:47:19');

--
-- Table structure for table `education_levels`
--

CREATE TABLE `education_levels` (
  `id` char(36) COLLATE utf8mb4_unicode_ci NOT NULL,
  `title` varchar(255) COLLATE utf8mb4_unicode_ci NOT NULL,
  `level` varchar(255) COLLATE utf8mb4_unicode_ci NOT NULL,
  `created_at` timestamp NULL DEFAULT NULL,
  `updated_at` timestamp NULL DEFAULT NULL,
  `deleted_at` timestamp NULL DEFAULT NULL,
  PRIMARY KEY (`id`)
) ENGINE=InnoDB DEFAULT CHARSET=utf8mb4 COLLATE=utf8mb4_unicode_ci;

--
-- Dumping data for table `education_levels`
--


--
-- Table structure for table `employee_allowances`
--

CREATE TABLE `employee_allowances` (
  `id` char(36) COLLATE utf8mb4_unicode_ci NOT NULL,
  `employee_id` char(36) COLLATE utf8mb4_unicode_ci NOT NULL,
  `allowance_type_id` char(36) COLLATE utf8mb4_unicode_ci NOT NULL,
  `value` decimal(20,2) DEFAULT NULL,
  `status` enum('active','inactive') COLLATE utf8mb4_unicode_ci NOT NULL DEFAULT 'active',
  `start_date` date NOT NULL,
  `end_date` date DEFAULT NULL,
  `created_at` timestamp NULL DEFAULT NULL,
  `updated_at` timestamp NULL DEFAULT NULL,
  PRIMARY KEY (`id`),
  KEY `employee_allowances_employee_id_foreign` (`employee_id`),
  KEY `employee_allowances_allowance_type_id_foreign` (`allowance_type_id`),
  CONSTRAINT `employee_allowances_allowance_type_id_foreign` FOREIGN KEY (`allowance_type_id`) REFERENCES `allowance_types` (`id`) ON DELETE CASCADE,
  CONSTRAINT `employee_allowances_employee_id_foreign` FOREIGN KEY (`employee_id`) REFERENCES `employees` (`id`) ON DELETE CASCADE
) ENGINE=InnoDB DEFAULT CHARSET=utf8mb4 COLLATE=utf8mb4_unicode_ci;

--
-- Dumping data for table `employee_allowances`
--

INSERT INTO `employee_allowances` VALUES ('0cb10501-26aa-4e61-be87-577f9f97b404','0ce29044-b626-407b-8000-d0ec38b721d4','81e2c578-3d4e-4e23-bf3b-f7afeddc419f',60000.00,'active','2026-01-20',NULL,'2026-01-20 17:10:35','2026-01-20 17:10:35'),('1a4b9fe6-841b-4c76-973a-ada2796c1d40','0ce29044-b626-407b-8000-d0ec38b721d4','c8189025-5578-48fa-b7a5-c670b13dbda9',40000.00,'active','2026-01-20',NULL,'2026-01-20 17:10:35','2026-01-20 17:10:35'),('321bca67-47f6-401b-bfcf-ca5d74459e09','3de7c572-94cb-4a65-b30e-ba55d6c94893','c8189025-5578-48fa-b7a5-c670b13dbda9',50000.00,'active','2026-01-21',NULL,'2026-01-21 08:46:21','2026-01-21 08:46:21'),('401df220-5c58-4f31-9021-be8a68bc0554','96455ad8-19dc-4d71-ac7c-19e23d7b3e0c','81e2c578-3d4e-4e23-bf3b-f7afeddc419f',100000.00,'active','2026-01-20',NULL,'2026-01-20 16:42:13','2026-01-20 16:42:13'),('42d1577a-5d6d-4894-9438-4d5ad2e1e01e','0ce29044-b626-407b-8000-d0ec38b721d4','45f563ed-c8b9-417f-84f4-f59e6ca06a3f',150000.00,'active','2026-01-20',NULL,'2026-01-20 17:10:35','2026-01-20 17:10:35'),('62dbae0c-b381-432d-b0c5-5ca9910a6a58','3de7c572-94cb-4a65-b30e-ba55d6c94893','45f563ed-c8b9-417f-84f4-f59e6ca06a3f',200000.00,'active','2026-01-21',NULL,'2026-01-21 08:46:21','2026-01-21 08:46:21'),('6519cae0-2820-40dc-92d3-ccda0bf28ff6','981f4aa5-af80-492d-9275-6a63c2dd2e7a','81e2c578-3d4e-4e23-bf3b-f7afeddc419f',60000.00,'active','2026-01-21',NULL,'2026-01-21 09:47:11','2026-01-21 09:47:11'),('660513fe-f2ee-4f6a-a1fe-57c4373efc12','981f4aa5-af80-492d-9275-6a63c2dd2e7a','c8189025-5578-48fa-b7a5-c670b13dbda9',40000.00,'active','2026-01-21',NULL,'2026-01-21 09:47:11','2026-01-21 09:47:11'),('724ea316-0c74-4476-af86-c5ecc54eda35','96455ad8-19dc-4d71-ac7c-19e23d7b3e0c','45f563ed-c8b9-417f-84f4-f59e6ca06a3f',200000.00,'active','2026-01-20',NULL,'2026-01-20 16:42:13','2026-01-20 16:42:13'),('727379cc-93a1-435f-966d-6b358b6f2688','1035d30f-a9e7-40de-bdfb-d8dfca74bf22','81e2c578-3d4e-4e23-bf3b-f7afeddc419f',60000.00,'active','2026-01-22',NULL,'2026-01-22 13:26:01','2026-01-22 13:26:01'),('850d71f6-5209-4526-b555-baca2133a629','32b66d4d-b771-4092-8897-c827b37e1d1d','81e2c578-3d4e-4e23-bf3b-f7afeddc419f',60000.00,'active','2026-01-21',NULL,'2026-01-21 09:56:11','2026-01-21 09:56:11'),('8ccb7863-b35b-4b38-8399-388d48a1ba99','96455ad8-19dc-4d71-ac7c-19e23d7b3e0c','c8189025-5578-48fa-b7a5-c670b13dbda9',60000.00,'active','2026-01-20',NULL,'2026-01-20 16:42:13','2026-01-20 16:42:13'),('8e4446d9-7b58-4092-93d7-7b10a1ebbaad','c4eaf525-c9e9-465b-a06b-a40f9979dee0','45f563ed-c8b9-417f-84f4-f59e6ca06a3f',200000.00,'active','2026-01-21',NULL,'2026-01-21 08:59:47','2026-01-21 08:59:47'),('a0484b5c-22c3-484f-afb4-5c851f173ef7','1035d30f-a9e7-40de-bdfb-d8dfca74bf22','c8189025-5578-48fa-b7a5-c670b13dbda9',40000.00,'active','2026-01-22',NULL,'2026-01-22 13:26:01','2026-01-22 13:26:01'),('bb01c0c2-e37c-4bdf-8546-85bc547424f7','3de7c572-94cb-4a65-b30e-ba55d6c94893','81e2c578-3d4e-4e23-bf3b-f7afeddc419f',80000.00,'active','2026-01-21',NULL,'2026-01-21 08:46:21','2026-01-21 08:46:21'),('cebcb9c1-4837-429f-b06b-7c1dec1231a0','ee29c4ea-996d-4700-923c-b211ebed5d1c','c8189025-5578-48fa-b7a5-c670b13dbda9',40000.00,'active','2026-01-21',NULL,'2026-01-21 09:46:43','2026-01-21 09:46:43'),('d3cdc129-13e3-4735-b70b-68cec4566a23','c4eaf525-c9e9-465b-a06b-a40f9979dee0','81e2c578-3d4e-4e23-bf3b-f7afeddc419f',80000.00,'active','2026-01-21',NULL,'2026-01-21 08:59:47','2026-01-21 08:59:47'),('ebb3ddf2-2d3f-4d7f-9063-7dce2db51152','32b66d4d-b771-4092-8897-c827b37e1d1d','c8189025-5578-48fa-b7a5-c670b13dbda9',40000.00,'active','2026-01-21',NULL,'2026-01-21 09:56:11','2026-01-21 09:56:11'),('fc2992b9-68ef-4428-a5c9-b338cfc16458','c4eaf525-c9e9-465b-a06b-a40f9979dee0','c8189025-5578-48fa-b7a5-c670b13dbda9',50000.00,'active','2026-01-21',NULL,'2026-01-21 08:59:47','2026-01-21 08:59:47');

--
-- Table structure for table `employee_awards`
--

CREATE TABLE `employee_awards` (
  `id` char(36) COLLATE utf8mb4_unicode_ci NOT NULL,
  `organisation_id` char(36) COLLATE utf8mb4_unicode_ci NOT NULL,
  `employee_id` char(36) COLLATE utf8mb4_unicode_ci NOT NULL,
  `award_name` varchar(255) COLLATE utf8mb4_unicode_ci NOT NULL,
  `description` text COLLATE utf8mb4_unicode_ci,
  `award_date` date NOT NULL,
  `created_at` timestamp NULL DEFAULT NULL,
  `updated_at` timestamp NULL DEFAULT NULL,
  PRIMARY KEY (`id`),
  KEY `employee_awards_employee_id_foreign` (`employee_id`),
  CONSTRAINT `employee_awards_employee_id_foreign` FOREIGN KEY (`employee_id`) REFERENCES `employees` (`id`) ON DELETE CASCADE
) ENGINE=InnoDB DEFAULT CHARSET=utf8mb4 COLLATE=utf8mb4_unicode_ci;

--
-- Dumping data for table `employee_awards`
--


--
-- Table structure for table `employee_certifications`
--

CREATE TABLE `employee_certifications` (
  `id` char(36) COLLATE utf8mb4_unicode_ci NOT NULL,
  `organisation_id` char(36) COLLATE utf8mb4_unicode_ci NOT NULL,
  `employee_id` char(36) COLLATE utf8mb4_unicode_ci NOT NULL,
  `certification_name` varchar(255) COLLATE utf8mb4_unicode_ci NOT NULL,
  `certifying_body` varchar(255) COLLATE utf8mb4_unicode_ci NOT NULL,
  `date_obtained` date NOT NULL,
  `details` text COLLATE utf8mb4_unicode_ci,
  `created_at` timestamp NULL DEFAULT NULL,
  `updated_at` timestamp NULL DEFAULT NULL,
  PRIMARY KEY (`id`),
  KEY `employee_certifications_employee_id_foreign` (`employee_id`),
  CONSTRAINT `employee_certifications_employee_id_foreign` FOREIGN KEY (`employee_id`) REFERENCES `employees` (`id`) ON DELETE CASCADE
) ENGINE=InnoDB DEFAULT CHARSET=utf8mb4 COLLATE=utf8mb4_unicode_ci;

--
-- Dumping data for table `employee_certifications`
--


--
-- Table structure for table `employee_deductions`
--

CREATE TABLE `employee_deductions` (
  `id` char(36) COLLATE utf8mb4_unicode_ci NOT NULL,
  `employee_id` char(36) COLLATE utf8mb4_unicode_ci NOT NULL,
  `deduction_type_id` char(36) COLLATE utf8mb4_unicode_ci NOT NULL,
  `value` decimal(20,2) DEFAULT NULL,
  `status` enum('active','inactive') COLLATE utf8mb4_unicode_ci NOT NULL DEFAULT 'active',
  `created_at` timestamp NULL DEFAULT NULL,
  `updated_at` timestamp NULL DEFAULT NULL,
  PRIMARY KEY (`id`),
  KEY `employee_deductions_deduction_type_id_foreign` (`deduction_type_id`),
  KEY `employee_deductions_employee_id_foreign` (`employee_id`),
  CONSTRAINT `employee_deductions_deduction_type_id_foreign` FOREIGN KEY (`deduction_type_id`) REFERENCES `deduction_types` (`id`) ON DELETE CASCADE,
  CONSTRAINT `employee_deductions_employee_id_foreign` FOREIGN KEY (`employee_id`) REFERENCES `employees` (`id`) ON DELETE CASCADE
) ENGINE=InnoDB DEFAULT CHARSET=utf8mb4 COLLATE=utf8mb4_unicode_ci;

--
-- Dumping data for table `employee_deductions`
--

INSERT INTO `employee_deductions` VALUES ('2050d912-3406-4d62-b261-1f92934eea05','b22d4a77-aa25-46c8-9468-51ef5afcabea','08e4769c-1dd0-4d34-8e0e-797a00a4d56b',34373.00,'active','2026-01-20 16:06:52','2026-01-20 16:06:52'),('2933df4c-3db9-4297-b980-a8cf6777cd86','3de7c572-94cb-4a65-b30e-ba55d6c94893','08e4769c-1dd0-4d34-8e0e-797a00a4d56b',124350.00,'active','2026-01-21 08:46:21','2026-01-21 08:46:21'),('2e4a9599-0de4-4e8d-95ef-478e9a68a413','0ce29044-b626-407b-8000-d0ec38b721d4','08e4769c-1dd0-4d34-8e0e-797a00a4d56b',34373.00,'active','2026-01-20 17:10:35','2026-01-20 17:10:35'),('49182972-0b79-495e-9ba1-d7ae8e8226a5','981f4aa5-af80-492d-9275-6a63c2dd2e7a','08e4769c-1dd0-4d34-8e0e-797a00a4d56b',9747.00,'active','2026-01-21 09:47:11','2026-01-21 09:47:11'),('563645a6-cd49-42c4-91ed-c959ec77081f','32b66d4d-b771-4092-8897-c827b37e1d1d','1044a75b-b48f-44a9-82de-07c1e7a6a9a1',44806.00,'active','2026-01-21 09:56:11','2026-01-21 09:56:11'),('5ee87d20-9b6e-4e9f-b18d-023f060c512a','32b66d4d-b771-4092-8897-c827b37e1d1d','f1170465-a3af-4e4d-adb1-85d89647f8c1',8961.00,'active','2026-01-21 09:56:11','2026-01-21 09:56:11'),('61671c69-05a9-4bb8-b182-3421cb205db6','ee29c4ea-996d-4700-923c-b211ebed5d1c','1044a75b-b48f-44a9-82de-07c1e7a6a9a1',55033.00,'active','2026-01-21 09:46:43','2026-01-21 09:46:43'),('6693bc86-2fbb-4919-a334-9cd243861a14','ee29c4ea-996d-4700-923c-b211ebed5d1c','f1170465-a3af-4e4d-adb1-85d89647f8c1',11007.00,'active','2026-01-21 09:46:43','2026-01-21 09:46:43'),('6f21aeb3-dd88-465e-992b-91ff56d8101c','b22d4a77-aa25-46c8-9468-51ef5afcabea','1044a75b-b48f-44a9-82de-07c1e7a6a9a1',65763.00,'active','2026-01-20 16:06:52','2026-01-20 16:06:52'),('978c7200-e8ec-4638-9915-f71a208cd046','1035d30f-a9e7-40de-bdfb-d8dfca74bf22','1044a75b-b48f-44a9-82de-07c1e7a6a9a1',65763.00,'active','2026-01-22 13:26:01','2026-01-22 13:26:01'),('9afc407d-6654-47b6-ac33-4b21bd21ba15','c4eaf525-c9e9-465b-a06b-a40f9979dee0','08e4769c-1dd0-4d34-8e0e-797a00a4d56b',124350.00,'active','2026-01-21 08:59:47','2026-01-21 08:59:47'),('a0b00390-e6bf-4abe-963c-4ec24d13fa06','1035d30f-a9e7-40de-bdfb-d8dfca74bf22','f1170465-a3af-4e4d-adb1-85d89647f8c1',13153.00,'active','2026-01-22 13:26:01','2026-01-22 13:26:01'),('a5fc7c4d-a70c-49e8-99f7-0580bca547ea','96455ad8-19dc-4d71-ac7c-19e23d7b3e0c','1044a75b-b48f-44a9-82de-07c1e7a6a9a1',140000.00,'active','2026-01-20 16:42:13','2026-01-20 16:42:13'),('af66edbc-58e3-4003-8a8c-e58ff34230d5','981f4aa5-af80-492d-9275-6a63c2dd2e7a','1044a75b-b48f-44a9-82de-07c1e7a6a9a1',43538.00,'active','2026-01-21 09:47:11','2026-01-21 09:47:11'),('b2475e4a-66f8-4ebf-a1d5-baf1193753bc','96455ad8-19dc-4d71-ac7c-19e23d7b3e0c','f1170465-a3af-4e4d-adb1-85d89647f8c1',28000.00,'active','2026-01-20 16:42:13','2026-01-20 16:42:13'),('b664934f-fa11-4ded-b062-eee3ad3b602d','c4eaf525-c9e9-465b-a06b-a40f9979dee0','1044a75b-b48f-44a9-82de-07c1e7a6a9a1',109489.00,'active','2026-01-21 08:59:47','2026-01-21 08:59:47'),('b79a6889-36f1-4b85-a179-1208011faa19','b22d4a77-aa25-46c8-9468-51ef5afcabea','f1170465-a3af-4e4d-adb1-85d89647f8c1',13153.00,'active','2026-01-20 16:06:52','2026-01-20 16:06:52'),('ba28c9ce-41d1-4993-bfd4-7d81dfb4daf2','ee29c4ea-996d-4700-923c-b211ebed5d1c','08e4769c-1dd0-4d34-8e0e-797a00a4d56b',18024.00,'active','2026-01-21 09:46:43','2026-01-21 09:46:43'),('c9882a06-c326-43d9-91a0-a9a09515071f','96455ad8-19dc-4d71-ac7c-19e23d7b3e0c','08e4769c-1dd0-4d34-8e0e-797a00a4d56b',206000.00,'active','2026-01-20 16:42:13','2026-01-20 16:42:13'),('ca478cac-207b-4b27-b439-ce2d27c44a7e','c4eaf525-c9e9-465b-a06b-a40f9979dee0','f1170465-a3af-4e4d-adb1-85d89647f8c1',21898.00,'active','2026-01-21 08:59:47','2026-01-21 08:59:47'),('caeb0bf4-d94a-4093-a6d1-249fa926f4bb','1035d30f-a9e7-40de-bdfb-d8dfca74bf22','08e4769c-1dd0-4d34-8e0e-797a00a4d56b',34373.00,'active','2026-01-22 13:26:01','2026-01-22 13:26:01'),('e3b99263-a47e-46a4-b318-2aa970570b0e','3de7c572-94cb-4a65-b30e-ba55d6c94893','1044a75b-b48f-44a9-82de-07c1e7a6a9a1',109489.00,'active','2026-01-21 08:46:21','2026-01-21 08:46:21'),('f13e450b-9a38-4d65-852a-182e5401cce4','3de7c572-94cb-4a65-b30e-ba55d6c94893','f1170465-a3af-4e4d-adb1-85d89647f8c1',21898.00,'active','2026-01-21 08:46:21','2026-01-21 08:46:21'),('f545cc8f-7cf3-4c45-b8a1-98c55ee02c03','981f4aa5-af80-492d-9275-6a63c2dd2e7a','f1170465-a3af-4e4d-adb1-85d89647f8c1',8708.00,'active','2026-01-21 09:47:11','2026-01-21 09:47:11'),('f6746dee-2347-42f6-b835-0c2860cef96a','32b66d4d-b771-4092-8897-c827b37e1d1d','08e4769c-1dd0-4d34-8e0e-797a00a4d56b',10660.00,'active','2026-01-21 09:56:11','2026-01-21 09:56:11');

--
-- Table structure for table `employee_dependants`
--

CREATE TABLE `employee_dependants` (
  `id` char(36) COLLATE utf8mb4_unicode_ci NOT NULL,
  `organisation_id` char(36) COLLATE utf8mb4_unicode_ci NOT NULL,
  `employee_id` char(36) COLLATE utf8mb4_unicode_ci NOT NULL,
  `dependent_name` varchar(255) COLLATE utf8mb4_unicode_ci NOT NULL,
  `relationship` varchar(255) COLLATE utf8mb4_unicode_ci NOT NULL,
  `date_of_birth` date NOT NULL,
  `created_at` timestamp NULL DEFAULT NULL,
  `updated_at` timestamp NULL DEFAULT NULL,
  PRIMARY KEY (`id`),
  KEY `employee_dependants_employee_id_foreign` (`employee_id`),
  CONSTRAINT `employee_dependants_employee_id_foreign` FOREIGN KEY (`employee_id`) REFERENCES `employees` (`id`) ON DELETE CASCADE
) ENGINE=InnoDB DEFAULT CHARSET=utf8mb4 COLLATE=utf8mb4_unicode_ci;

--
-- Dumping data for table `employee_dependants`
--


--
-- Table structure for table `employee_documents`
--

CREATE TABLE `employee_documents` (
  `id` char(36) COLLATE utf8mb4_unicode_ci NOT NULL,
  `organisation_id` char(36) COLLATE utf8mb4_unicode_ci NOT NULL,
  `employee_id` char(36) COLLATE utf8mb4_unicode_ci NOT NULL,
  `document_name` varchar(255) COLLATE utf8mb4_unicode_ci NOT NULL,
  `document_url` text COLLATE utf8mb4_unicode_ci NOT NULL,
  `created_at` timestamp NULL DEFAULT NULL,
  `updated_at` timestamp NULL DEFAULT NULL,
  PRIMARY KEY (`id`),
  KEY `employee_documents_employee_id_foreign` (`employee_id`),
  CONSTRAINT `employee_documents_employee_id_foreign` FOREIGN KEY (`employee_id`) REFERENCES `employees` (`id`) ON DELETE CASCADE
) ENGINE=InnoDB DEFAULT CHARSET=utf8mb4 COLLATE=utf8mb4_unicode_ci;

--
-- Dumping data for table `employee_documents`
--


--
-- Table structure for table `employee_insurances`
--

CREATE TABLE `employee_insurances` (
  `id` char(36) COLLATE utf8mb4_unicode_ci NOT NULL,
  `organisation_id` char(36) COLLATE utf8mb4_unicode_ci NOT NULL,
  `employee_id` char(36) COLLATE utf8mb4_unicode_ci NOT NULL,
  `insurance_provider_id` char(36) COLLATE utf8mb4_unicode_ci NOT NULL,
  `policy_number` varchar(255) COLLATE utf8mb4_unicode_ci NOT NULL,
  `coverage_start_date` date NOT NULL,
  `coverage_end_date` date DEFAULT NULL,
  `created_at` timestamp NULL DEFAULT NULL,
  `updated_at` timestamp NULL DEFAULT NULL,
  PRIMARY KEY (`id`),
  KEY `employee_insurances_employee_id_foreign` (`employee_id`),
  KEY `employee_insurances_insurance_provider_id_foreign` (`insurance_provider_id`),
  CONSTRAINT `employee_insurances_employee_id_foreign` FOREIGN KEY (`employee_id`) REFERENCES `employees` (`id`) ON DELETE CASCADE,
  CONSTRAINT `employee_insurances_insurance_provider_id_foreign` FOREIGN KEY (`insurance_provider_id`) REFERENCES `insurance_providers` (`id`) ON DELETE CASCADE
) ENGINE=InnoDB DEFAULT CHARSET=utf8mb4 COLLATE=utf8mb4_unicode_ci;

--
-- Dumping data for table `employee_insurances`
--


--
-- Table structure for table `employee_leaves`
--

CREATE TABLE `employee_leaves` (
  `id` char(36) COLLATE utf8mb4_unicode_ci NOT NULL,
  `organisation_id` char(36) COLLATE utf8mb4_unicode_ci NOT NULL,
  `employee_id` char(36) COLLATE utf8mb4_unicode_ci NOT NULL,
  `leave_type_id` char(36) COLLATE utf8mb4_unicode_ci NOT NULL,
  `start_date` date NOT NULL,
  `end_date` date NOT NULL,
  `reason` text COLLATE utf8mb4_unicode_ci,
  `status` enum('Pending','Approved','Rejected') COLLATE utf8mb4_unicode_ci NOT NULL DEFAULT 'Pending',
  `created_at` timestamp NULL DEFAULT NULL,
  `updated_at` timestamp NULL DEFAULT NULL,
  PRIMARY KEY (`id`),
  KEY `employee_leaves_employee_id_foreign` (`employee_id`),
  KEY `employee_leaves_leave_type_id_foreign` (`leave_type_id`),
  CONSTRAINT `employee_leaves_employee_id_foreign` FOREIGN KEY (`employee_id`) REFERENCES `employees` (`id`) ON DELETE CASCADE,
  CONSTRAINT `employee_leaves_leave_type_id_foreign` FOREIGN KEY (`leave_type_id`) REFERENCES `leave_types` (`id`) ON DELETE CASCADE
) ENGINE=InnoDB DEFAULT CHARSET=utf8mb4 COLLATE=utf8mb4_unicode_ci;

--
-- Dumping data for table `employee_leaves`
--


--
-- Table structure for table `employee_loans`
--

CREATE TABLE `employee_loans` (
  `id` char(36) COLLATE utf8mb4_unicode_ci NOT NULL,
  `employee_id` char(36) COLLATE utf8mb4_unicode_ci NOT NULL,
  `type_id` char(36) COLLATE utf8mb4_unicode_ci NOT NULL,
  `amount` decimal(15,2) NOT NULL,
  `balance` decimal(15,2) NOT NULL DEFAULT '0.00',
  `installment_amount` decimal(15,2) NOT NULL,
  `start_date` date NOT NULL,
  `end_date` date DEFAULT NULL,
  `status` enum('requested','approved','disbursed','active','closed','defaulted') COLLATE utf8mb4_unicode_ci NOT NULL DEFAULT 'requested',
  `disbursed_at` date DEFAULT NULL,
  `created_at` timestamp NULL DEFAULT NULL,
  `updated_at` timestamp NULL DEFAULT NULL,
  `deleted_at` timestamp NULL DEFAULT NULL,
  PRIMARY KEY (`id`),
  KEY `employee_loans_employee_id_foreign` (`employee_id`),
  KEY `employee_loans_type_id_foreign` (`type_id`),
  CONSTRAINT `employee_loans_employee_id_foreign` FOREIGN KEY (`employee_id`) REFERENCES `employees` (`id`) ON DELETE CASCADE,
  CONSTRAINT `employee_loans_type_id_foreign` FOREIGN KEY (`type_id`) REFERENCES `loan_types` (`id`) ON DELETE CASCADE
) ENGINE=InnoDB DEFAULT CHARSET=utf8mb4 COLLATE=utf8mb4_unicode_ci;

--
-- Dumping data for table `employee_loans`
--


--
-- Table structure for table `employee_overtimes`
--

CREATE TABLE `employee_overtimes` (
  `id` char(36) COLLATE utf8mb4_unicode_ci NOT NULL,
  `employee_id` char(36) COLLATE utf8mb4_unicode_ci NOT NULL,
  `date` date NOT NULL,
  `hours` decimal(8,2) NOT NULL,
  `rate` decimal(15,2) NOT NULL,
  `amount` decimal(15,2) NOT NULL,
  `created_at` timestamp NULL DEFAULT NULL,
  `updated_at` timestamp NULL DEFAULT NULL,
  PRIMARY KEY (`id`),
  KEY `employee_overtimes_employee_id_date_index` (`employee_id`,`date`),
  CONSTRAINT `employee_overtimes_employee_id_foreign` FOREIGN KEY (`employee_id`) REFERENCES `employees` (`id`) ON DELETE CASCADE
) ENGINE=InnoDB DEFAULT CHARSET=utf8mb4 COLLATE=utf8mb4_unicode_ci;

--
-- Dumping data for table `employee_overtimes`
--


--
-- Table structure for table `employee_reimbursements`
--

CREATE TABLE `employee_reimbursements` (
  `id` char(36) COLLATE utf8mb4_unicode_ci NOT NULL,
  `organisation_id` char(36) COLLATE utf8mb4_unicode_ci NOT NULL,
  `employee_id` char(36) COLLATE utf8mb4_unicode_ci NOT NULL,
  `reimbursement_type_id` char(36) COLLATE utf8mb4_unicode_ci NOT NULL,
  `amount` decimal(10,2) NOT NULL,
  `reimbursement_date` date NOT NULL,
  `details` text COLLATE utf8mb4_unicode_ci,
  `status` enum('Pending','Approved','Rejected') COLLATE utf8mb4_unicode_ci NOT NULL DEFAULT 'Pending',
  `created_at` timestamp NULL DEFAULT NULL,
  `updated_at` timestamp NULL DEFAULT NULL,
  PRIMARY KEY (`id`),
  KEY `employee_reimbursements_employee_id_foreign` (`employee_id`),
  KEY `employee_reimbursements_reimbursement_type_id_foreign` (`reimbursement_type_id`),
  CONSTRAINT `employee_reimbursements_employee_id_foreign` FOREIGN KEY (`employee_id`) REFERENCES `employees` (`id`) ON DELETE CASCADE,
  CONSTRAINT `employee_reimbursements_reimbursement_type_id_foreign` FOREIGN KEY (`reimbursement_type_id`) REFERENCES `reimbursement_types` (`id`) ON DELETE CASCADE
) ENGINE=InnoDB DEFAULT CHARSET=utf8mb4 COLLATE=utf8mb4_unicode_ci;

--
-- Dumping data for table `employee_reimbursements`
--


--
-- Table structure for table `employee_salary_structures`
--

CREATE TABLE `employee_salary_structures` (
  `id` char(36) COLLATE utf8mb4_unicode_ci NOT NULL,
  `employee_id` char(36) COLLATE utf8mb4_unicode_ci NOT NULL,
  `salary_structure_id` char(36) COLLATE utf8mb4_unicode_ci NOT NULL,
  `base_salary` decimal(15,2) NOT NULL DEFAULT '0.00',
  `effective_from` date NOT NULL,
  `effective_to` date DEFAULT NULL,
  `status` enum('active','inactive') COLLATE utf8mb4_unicode_ci NOT NULL DEFAULT 'active',
  `created_at` timestamp NULL DEFAULT NULL,
  `updated_at` timestamp NULL DEFAULT NULL,
  `deleted_at` timestamp NULL DEFAULT NULL,
  PRIMARY KEY (`id`),
  KEY `employee_salary_structures_employee_id_index` (`employee_id`),
  KEY `employee_salary_structures_salary_structure_id_index` (`salary_structure_id`),
  KEY `employee_salary_structures_effective_from_index` (`effective_from`),
  KEY `employee_salary_structures_effective_to_index` (`effective_to`),
  CONSTRAINT `employee_salary_structures_employee_id_foreign` FOREIGN KEY (`employee_id`) REFERENCES `employees` (`id`) ON DELETE CASCADE,
  CONSTRAINT `employee_salary_structures_salary_structure_id_foreign` FOREIGN KEY (`salary_structure_id`) REFERENCES `salary_structures` (`id`) ON DELETE CASCADE
) ENGINE=InnoDB DEFAULT CHARSET=utf8mb4 COLLATE=utf8mb4_unicode_ci;

--
-- Dumping data for table `employee_salary_structures`
--

INSERT INTO `employee_salary_structures` VALUES ('23b8fb0a-1072-48b9-bc38-6c53064483bc','32b66d4d-b771-4092-8897-c827b37e1d1d','110cfbfe-01ce-4213-bf58-e6f129b93be7',448058.00,'2026-01-21',NULL,'active','2026-01-21 09:56:11','2026-01-21 09:56:11',NULL),('3c00e237-bf37-42a1-8e0f-a50b4f40ebeb','d2fc8698-04df-4591-8c9e-72124f6bf94e','34c5305c-997b-42d3-9424-6e2c5419eacf',657627.00,'2026-01-20',NULL,'active','2026-01-20 16:57:29','2026-01-20 16:57:29',NULL),('4c7eaf5d-99fa-4cfc-9393-1eefe419e57f','96455ad8-19dc-4d71-ac7c-19e23d7b3e0c','b053c22f-567a-45fa-8d19-7ee142b28fa1',1400000.00,'2026-01-20',NULL,'active','2026-01-20 16:42:13','2026-01-20 16:42:13',NULL),('5703a1ad-022f-4a0d-b493-65418bba9dd7','3de7c572-94cb-4a65-b30e-ba55d6c94893','0b4c3c30-afcb-4cf4-ba03-79fe8d409d7d',1094888.00,'2026-01-21',NULL,'active','2026-01-21 08:46:21','2026-01-21 08:46:21',NULL),('59c6a52d-bbd5-4b3f-ab51-bf39f6b37f69','1035d30f-a9e7-40de-bdfb-d8dfca74bf22','5363e2b7-8e9c-4e4a-9404-561a224e3449',657627.00,'2026-01-22',NULL,'active','2026-01-22 13:26:01','2026-01-22 13:26:01',NULL),('5c2db450-31fe-4eba-96d9-79aa5c4c4ffd','c4eaf525-c9e9-465b-a06b-a40f9979dee0','dab4f876-0adf-436c-bc41-1b7c74998bee',1094888.00,'2026-01-21',NULL,'active','2026-01-21 08:59:47','2026-01-21 08:59:47',NULL),('69ec9db1-6c8a-4f12-a1a1-7827916ed3e7','dcd443ee-31f4-475e-a170-66c860e46abb','84fd0360-5326-4ad4-b595-7c038c8480ab',350000.00,'2026-01-21',NULL,'active','2026-01-21 12:43:05','2026-01-21 12:43:05',NULL),('7685efc9-2840-4344-b750-207848051bed','0ce29044-b626-407b-8000-d0ec38b721d4','e518599c-0c07-4947-980f-154cdb9049e9',657627.00,'2026-01-20',NULL,'active','2026-01-20 17:10:35','2026-01-20 17:10:35',NULL),('7d731dc8-d619-4d6b-a163-ef96666d0847','ee29c4ea-996d-4700-923c-b211ebed5d1c','3d560a52-5d03-4618-9470-47101e4b4a2f',550333.00,'2026-01-21',NULL,'active','2026-01-21 09:46:43','2026-01-21 09:46:43',NULL),('b3e08c59-204d-4a58-8113-65260a8aa007','b93d6dcc-79cd-4a45-aeca-1b647f9066d5','34c5305c-997b-42d3-9424-6e2c5419eacf',657627.00,'2026-01-20',NULL,'active','2026-01-20 17:03:02','2026-01-20 17:03:02',NULL),('bc2fa872-d9ad-482c-863d-38e98c9a1b94','0d907abb-d962-40ae-92e8-cbad09d41a2d','e799ec36-ce06-4337-b794-550323754ff6',350000.00,'2026-01-21',NULL,'active','2026-01-21 12:39:11','2026-01-21 12:39:11',NULL),('c1caf72d-f733-4104-8f97-1a06a582fa66','b22d4a77-aa25-46c8-9468-51ef5afcabea','34c5305c-997b-42d3-9424-6e2c5419eacf',657627.00,'2026-01-20',NULL,'active','2026-01-20 16:06:52','2026-01-20 16:06:52',NULL),('d57725ed-0095-45ba-b3f3-8828969bedad','981f4aa5-af80-492d-9275-6a63c2dd2e7a','6f018a2a-8ea6-44ed-b170-77abc89e6e0e',435375.00,'2026-01-21',NULL,'active','2026-01-21 09:37:27','2026-01-21 09:37:27',NULL);

--
-- Table structure for table `employee_trainings`
--

CREATE TABLE `employee_trainings` (
  `id` char(36) COLLATE utf8mb4_unicode_ci NOT NULL,
  `organisation_id` char(36) COLLATE utf8mb4_unicode_ci NOT NULL,
  `employee_id` char(36) COLLATE utf8mb4_unicode_ci NOT NULL,
  `training_program_id` char(36) COLLATE utf8mb4_unicode_ci NOT NULL,
  `completion_date` date DEFAULT NULL,
  `status` enum('Enrolled','Completed','Failed') COLLATE utf8mb4_unicode_ci NOT NULL DEFAULT 'Enrolled',
  `created_at` timestamp NULL DEFAULT NULL,
  `updated_at` timestamp NULL DEFAULT NULL,
  PRIMARY KEY (`id`),
  KEY `employee_trainings_employee_id_foreign` (`employee_id`),
  KEY `employee_trainings_training_program_id_foreign` (`training_program_id`),
  CONSTRAINT `employee_trainings_employee_id_foreign` FOREIGN KEY (`employee_id`) REFERENCES `employees` (`id`) ON DELETE CASCADE,
  CONSTRAINT `employee_trainings_training_program_id_foreign` FOREIGN KEY (`training_program_id`) REFERENCES `training_programs` (`id`) ON DELETE CASCADE
) ENGINE=InnoDB DEFAULT CHARSET=utf8mb4 COLLATE=utf8mb4_unicode_ci;

--
-- Dumping data for table `employee_trainings`
--


--
-- Table structure for table `employee_warehouse`
--

CREATE TABLE `employee_warehouse` (
  `id` char(36) COLLATE utf8mb4_unicode_ci NOT NULL,
  `employee_id` char(36) COLLATE utf8mb4_unicode_ci NOT NULL,
  `warehouse_id` char(36) COLLATE utf8mb4_unicode_ci NOT NULL,
  `created_at` timestamp NULL DEFAULT NULL,
  `updated_at` timestamp NULL DEFAULT NULL,
  PRIMARY KEY (`id`),
  KEY `employee_warehouse_employee_id_foreign` (`employee_id`),
  CONSTRAINT `employee_warehouse_employee_id_foreign` FOREIGN KEY (`employee_id`) REFERENCES `employees` (`id`) ON DELETE CASCADE
) ENGINE=InnoDB DEFAULT CHARSET=utf8mb4 COLLATE=utf8mb4_unicode_ci;

--
-- Dumping data for table `employee_warehouse`
--


--
-- Table structure for table `employees`
--

CREATE TABLE `employees` (
  `id` char(36) COLLATE utf8mb4_unicode_ci NOT NULL,
  `organisation_id` char(36) COLLATE utf8mb4_unicode_ci NOT NULL,
  `biometric_user_id` varchar(255) COLLATE utf8mb4_unicode_ci DEFAULT NULL,
  `employee_code` varchar(255) COLLATE utf8mb4_unicode_ci DEFAULT NULL,
  `first_name` varchar(255) COLLATE utf8mb4_unicode_ci NOT NULL,
  `last_name` varchar(255) COLLATE utf8mb4_unicode_ci NOT NULL,
  `other_name` varchar(255) COLLATE utf8mb4_unicode_ci DEFAULT NULL,
  `email` varchar(255) COLLATE utf8mb4_unicode_ci NOT NULL,
  `official_email` varchar(255) COLLATE utf8mb4_unicode_ci DEFAULT NULL,
  `phone` varchar(255) COLLATE utf8mb4_unicode_ci NOT NULL,
  `gender` enum('male','female') COLLATE utf8mb4_unicode_ci NOT NULL,
  `date_of_birth` date DEFAULT NULL,
  `marital_status` enum('single','married','divorced','widowed') COLLATE utf8mb4_unicode_ci DEFAULT NULL,
  `employment_type` enum('full_time','part_time','contract') COLLATE utf8mb4_unicode_ci NOT NULL DEFAULT 'full_time',
  `salutation` varchar(255) COLLATE utf8mb4_unicode_ci NOT NULL,
  `address` text COLLATE utf8mb4_unicode_ci,
  `city` varchar(255) COLLATE utf8mb4_unicode_ci DEFAULT NULL,
  `state` varchar(255) COLLATE utf8mb4_unicode_ci DEFAULT NULL,
  `postal_code` varchar(20) COLLATE utf8mb4_unicode_ci DEFAULT NULL,
  `country` varchar(255) COLLATE utf8mb4_unicode_ci DEFAULT NULL,
  `photo` varchar(255) COLLATE utf8mb4_unicode_ci DEFAULT NULL,
  `hire_date` date DEFAULT NULL,
  `termination_date` date DEFAULT NULL,
  `tax_identification_number` varchar(255) COLLATE utf8mb4_unicode_ci DEFAULT NULL,
  `bank_account_number` varchar(255) COLLATE utf8mb4_unicode_ci DEFAULT NULL,
  `bank_name` varchar(255) COLLATE utf8mb4_unicode_ci DEFAULT NULL,
  `designation_id` char(36) COLLATE utf8mb4_unicode_ci DEFAULT NULL,
  `salary_structure_id` char(36) COLLATE utf8mb4_unicode_ci DEFAULT NULL,
  `job_title_id` char(36) COLLATE utf8mb4_unicode_ci DEFAULT NULL,
  `bassic_salary` decimal(15,2) NOT NULL DEFAULT '0.00',
  `commission` decimal(15,2) NOT NULL DEFAULT '0.00',
  `overtime_rate` decimal(20,2) DEFAULT NULL,
  `supervisor_id` char(36) COLLATE utf8mb4_unicode_ci DEFAULT NULL,
  `user_id` char(36) COLLATE utf8mb4_unicode_ci NOT NULL,
  `status` enum('active','inactive','terminated','resigned') COLLATE utf8mb4_unicode_ci NOT NULL DEFAULT 'active',
  `created_at` timestamp NULL DEFAULT NULL,
  `updated_at` timestamp NULL DEFAULT NULL,
  `deleted_at` timestamp NULL DEFAULT NULL,
  PRIMARY KEY (`id`),
  KEY `employees_user_id_foreign` (`user_id`),
  KEY `employees_salary_structure_id_foreign` (`salary_structure_id`),
  KEY `employees_designation_id_foreign` (`designation_id`),
  KEY `employees_supervisor_id_foreign` (`supervisor_id`),
  CONSTRAINT `employees_designation_id_foreign` FOREIGN KEY (`designation_id`) REFERENCES `designations` (`id`) ON DELETE CASCADE,
  CONSTRAINT `employees_salary_structure_id_foreign` FOREIGN KEY (`salary_structure_id`) REFERENCES `salary_structures` (`id`) ON DELETE CASCADE,
  CONSTRAINT `employees_supervisor_id_foreign` FOREIGN KEY (`supervisor_id`) REFERENCES `employees` (`id`) ON DELETE SET NULL,
  CONSTRAINT `employees_user_id_foreign` FOREIGN KEY (`user_id`) REFERENCES `users` (`id`) ON DELETE CASCADE
) ENGINE=InnoDB DEFAULT CHARSET=utf8mb4 COLLATE=utf8mb4_unicode_ci;

--
-- Dumping data for table `employees`
--

INSERT INTO `employees` VALUES ('0689a7df-1792-4ec3-8596-9d4ffb6efa69','6d09af6b-ca58-4967-bbb1-02d0ecafc7e9',NULL,'001','Veridco','Veridoc','nullable','veritest@2025',NULL,'256702771124','male','2008-08-08','married','full_time','Mr',NULL,NULL,NULL,NULL,NULL,NULL,NULL,NULL,NULL,NULL,NULL,NULL,NULL,NULL,0.00,0.00,NULL,NULL,'09ba2537-d2ac-4b24-99f1-9710a9848540','active','2026-01-20 02:08:22','2026-01-20 02:08:22',NULL),('0ce29044-b626-407b-8000-d0ec38b721d4','6d09af6b-ca58-4967-bbb1-02d0ecafc7e9',NULL,'EMP-WEM5UV','Kelvin','Mrope','Peter','procurementofficer@shireculimited.co.tz',NULL,'+255 654 174 669','male','1992-11-11','single','full_time','Mr','P.O.Box 349, Shinyanga,  Miti Mirefu Street',NULL,'Shinyanga',NULL,'Tanzania',NULL,'2024-11-18',NULL,NULL,NULL,NULL,'d982aa7b-8b1b-4061-b973-214812f964fb','e518599c-0c07-4947-980f-154cdb9049e9',NULL,0.00,0.00,NULL,NULL,'db76612e-7eae-40e5-83c9-78f38ed17581','active','2026-01-20 17:10:35','2026-01-20 17:10:35',NULL),('0d907abb-d962-40ae-92e8-cbad09d41a2d','6d09af6b-ca58-4967-bbb1-02d0ecafc7e9',NULL,'EMP-1HJJKA','Kheri','Kakolwa','Hassan','kherihassan@gmail.com',NULL,'+255 756 877 767','male','1969-02-19','married','full_time','Mr','P.O.Box 349, Shinyanga,  Miti Mirefu Street',NULL,'Shinyanga',NULL,'Tanzania',NULL,'2026-01-01',NULL,NULL,NULL,NULL,'fa54abc8-a873-436c-91fd-ac4de9134c67','e799ec36-ce06-4337-b794-550323754ff6',NULL,0.00,0.00,NULL,NULL,'56f0fcd2-4fa1-463a-9997-2db1a78c7b2c','active','2026-01-21 12:39:11','2026-01-21 12:39:11',NULL),('1035d30f-a9e7-40de-bdfb-d8dfca74bf22','6d09af6b-ca58-4967-bbb1-02d0ecafc7e9',NULL,'EMP-D2MQZJ','Ramadhan','Katto','Khamis','ramadhankatto@gmail.com',NULL,'+255 754 010 095','male','1964-08-20','married','full_time','Mr','P.O.Box 349, Shinyanga,  Miti Mirefu Street',NULL,'Shinyanga',NULL,'Tanzania',NULL,'2013-07-01',NULL,NULL,NULL,NULL,'0d07ec22-6f9c-4472-83aa-e7037a22d532','5363e2b7-8e9c-4e4a-9404-561a224e3449',NULL,0.00,0.00,NULL,NULL,'0541c03e-a05a-443d-bda1-4ad252451421','active','2026-01-22 13:26:01','2026-01-22 13:26:01',NULL),('32b66d4d-b771-4092-8897-c827b37e1d1d','6d09af6b-ca58-4967-bbb1-02d0ecafc7e9',NULL,'EMP-0RN71K','Francis','Kilala','Lolela','francislolela@gmail.com',NULL,'+255 753 232 471','male','1972-08-07','married','full_time','Mr','P.O.Box 349, Shinyanga,  Miti Mirefu Street',NULL,'Shinyanga',NULL,'Tanzania',NULL,'2009-08-17',NULL,NULL,NULL,NULL,'0d07ec22-6f9c-4472-83aa-e7037a22d532','110cfbfe-01ce-4213-bf58-e6f129b93be7',NULL,0.00,0.00,NULL,NULL,'4da4c3ce-1098-40fa-aac2-30fb73b43301','active','2026-01-21 09:56:11','2026-01-21 09:56:11',NULL),('3de7c572-94cb-4a65-b30e-ba55d6c94893','6d09af6b-ca58-4967-bbb1-02d0ecafc7e9',NULL,'EMP-1S6QLZ','Thomas','Merengo','Ernest','finance@shireculimited.co.tz',NULL,'+255 746 067 712','male','1986-11-06','married','full_time','Mr','P.O.Box 349, Shinyanga,  Miti Mirefu Street',NULL,'Shinyanga',NULL,'Tanzania',NULL,'2024-11-18',NULL,NULL,NULL,NULL,'f2fc0c62-ef2b-4a7e-9f64-7373362afa9a','0b4c3c30-afcb-4cf4-ba03-79fe8d409d7d',NULL,0.00,0.00,NULL,NULL,'cc10bd7e-9f0e-453d-bece-e76872f0854f','active','2026-01-21 08:46:21','2026-01-21 08:46:21',NULL),('96455ad8-19dc-4d71-ac7c-19e23d7b3e0c','6d09af6b-ca58-4967-bbb1-02d0ecafc7e9',NULL,'EMP-RLSNDI','Alpha','Makasi','Joab','gm@shireculimited.co.tz',NULL,'+255 753 142 348','male','1993-08-23','married','full_time','Mr','P.O.Box , Dodoma',NULL,'Dodoma',NULL,'Tanzania',NULL,'2025-03-31',NULL,NULL,NULL,NULL,'6bd78016-e491-47b7-825d-83905a27f2d9','b053c22f-567a-45fa-8d19-7ee142b28fa1',NULL,0.00,0.00,NULL,NULL,'8c855c64-34dd-4970-a80c-77f1b73be813','active','2026-01-20 16:42:13','2026-01-20 16:42:13',NULL),('981f4aa5-af80-492d-9275-6a63c2dd2e7a','6d09af6b-ca58-4967-bbb1-02d0ecafc7e9',NULL,'EMP-SECEWU','Happiness','Kabogo','Henry','happinesskabogo@gmail.com',NULL,'+255 784 396 346','female','1990-06-25','single','full_time','Miss','P.O.Box 349, Shinyanga,  Miti Mirefu Street',NULL,'Shinyanga',NULL,'Tanzania',NULL,'2020-10-27',NULL,NULL,NULL,NULL,'2b667163-4234-46a5-be18-33bb04d91da0','6f018a2a-8ea6-44ed-b170-77abc89e6e0e',NULL,0.00,0.00,NULL,NULL,'3b2f297e-c981-4415-b303-42496eedcbb0','active','2026-01-21 09:37:27','2026-01-21 09:47:11',NULL),('b22d4a77-aa25-46c8-9468-51ef5afcabea','6d09af6b-ca58-4967-bbb1-02d0ecafc7e9',NULL,'007','Wilson','Gatani','Titus','itsupport@shireculimited.co.tz',NULL,'+255 653 532 145','male','1995-04-12','single','full_time','Mr','P.O.Box 349, Shinyanga,  Miti Mirefu Street',NULL,'Shinyanga',NULL,'Tanzania',NULL,'2024-11-18',NULL,NULL,NULL,NULL,'adc8b598-06f0-4286-a11d-c45ce5a4e5f0','34c5305c-997b-42d3-9424-6e2c5419eacf',NULL,0.00,0.00,NULL,NULL,'2f53812f-395f-46da-97cd-1b2a21aa41da','active','2026-01-20 16:06:52','2026-01-20 16:06:52',NULL),('b93d6dcc-79cd-4a45-aeca-1b647f9066d5','6d09af6b-ca58-4967-bbb1-02d0ecafc7e9',NULL,'EMP-JU7UM6','HR','ADM',NULL,'hrofficer@shireculimited.co.tz',NULL,'+255 653 532 145','male','1995-04-12','single','full_time','Mr','P.O.Box 349, Shinyanga,  Miti Mirefu Street',NULL,'Shinyanga',NULL,'Tanzania',NULL,'2024-08-06',NULL,NULL,NULL,NULL,'89e7a23c-c415-451f-b753-2ceab2051012','34c5305c-997b-42d3-9424-6e2c5419eacf',NULL,0.00,0.00,NULL,NULL,'ffd625c8-6186-446c-bff1-6983463bdabd','active','2026-01-20 17:03:02','2026-01-20 17:03:02',NULL),('c4eaf525-c9e9-465b-a06b-a40f9979dee0','6d09af6b-ca58-4967-bbb1-02d0ecafc7e9',NULL,'EMP-PPMEBG','Joseph','Bukombe','Julius','internalauditor@shireculimited.co.tz',NULL,'+255 255 785 407 479','male','1988-05-12','married','full_time','Mr','P.O.Box 349, Shinyanga,  Miti Mirefu Street',NULL,'Shinyanga',NULL,'Tanzania',NULL,'2024-11-18',NULL,NULL,NULL,NULL,'6c8a081f-e750-49d0-b609-e6c2ef1f9036','dab4f876-0adf-436c-bc41-1b7c74998bee',NULL,0.00,0.00,NULL,NULL,'98eae2f6-6d69-4078-b187-e95f8187ee80','active','2026-01-21 08:59:47','2026-01-21 08:59:47',NULL),('d2fc8698-04df-4591-8c9e-72124f6bf94e','6d09af6b-ca58-4967-bbb1-02d0ecafc7e9',NULL,'EMP-VAM5S6','OT','Manager',NULL,'operationmanager@shireculimited.co.tz',NULL,'+255 653 532 145','male','1993-02-17','single','full_time','Mr','P.O.Box 349, Shinyanga,  Miti Mirefu Street',NULL,'Shinyanga',NULL,'Tanzania',NULL,'2024-04-01',NULL,NULL,NULL,NULL,'53ff1e3e-dcf8-4db9-845c-165715d968b5','34c5305c-997b-42d3-9424-6e2c5419eacf',NULL,0.00,0.00,NULL,NULL,'a3fc9881-c570-4a43-86cc-e5dc3f465f39','active','2026-01-20 16:57:29','2026-01-20 16:57:29',NULL),('dcd443ee-31f4-475e-a170-66c860e46abb','6d09af6b-ca58-4967-bbb1-02d0ecafc7e9',NULL,'EMP-CQDVUG','John','Mipawa',NULL,'johnmipawa@gmail.com',NULL,'+255 784 983 516','male','1968-07-01','married','full_time','Mr','P.O.Box 349, Shinyanga,  Miti Mirefu Street',NULL,'Shinyanga',NULL,'Tanzania',NULL,'2025-11-01',NULL,NULL,NULL,NULL,'fa54abc8-a873-436c-91fd-ac4de9134c67','84fd0360-5326-4ad4-b595-7c038c8480ab',NULL,0.00,0.00,NULL,NULL,'19b12682-3f57-4ff3-99b7-a0d2e565b861','active','2026-01-21 12:43:05','2026-01-21 12:43:05',NULL),('ee29c4ea-996d-4700-923c-b211ebed5d1c','6d09af6b-ca58-4967-bbb1-02d0ecafc7e9',NULL,'EMP-IY2UJL','Selina','Matembe','Michael','selinamichael@gmail.com',NULL,'+255 786 479 649','female','1969-05-01','married','full_time','Miss','P.O.Box 349, Shinyanga,  Miti Mirefu Street',NULL,'Shinyanga',NULL,'Tanzania',NULL,'1989-12-01',NULL,NULL,NULL,NULL,'84652bfc-15d1-43f1-8a1b-dbc45fb72e75','3d560a52-5d03-4618-9470-47101e4b4a2f',NULL,0.00,0.00,NULL,NULL,'b1c6259e-e057-4907-8b10-c122e80820f7','active','2026-01-21 09:46:43','2026-01-21 09:46:43',NULL),('f3683bee-094b-4aa6-8163-8d418a27eb6a','6d09af6b-ca58-4967-bbb1-02d0ecafc7e9',NULL,'001','Alfred','Platin','nullable','mplat84@gmail.com',NULL,'256702771124','male','2008-08-08','married','full_time','Mr',NULL,NULL,NULL,NULL,NULL,NULL,NULL,NULL,NULL,NULL,NULL,NULL,NULL,NULL,0.00,0.00,NULL,NULL,'768bae0b-3b3f-476e-b7a9-4529fa1f9158','active','2026-01-20 02:08:21','2026-01-20 02:08:21',NULL);

--
-- Table structure for table `evaluation_criterias`
--

CREATE TABLE `evaluation_criterias` (
  `id` char(36) COLLATE utf8mb4_unicode_ci NOT NULL,
  `organisation_id` char(36) COLLATE utf8mb4_unicode_ci NOT NULL,
  `name` varchar(255) COLLATE utf8mb4_unicode_ci NOT NULL,
  `description` varchar(255) COLLATE utf8mb4_unicode_ci DEFAULT NULL,
  `deleted_at` timestamp NULL DEFAULT NULL,
  `created_at` timestamp NULL DEFAULT NULL,
  `updated_at` timestamp NULL DEFAULT NULL,
  PRIMARY KEY (`id`)
) ENGINE=InnoDB DEFAULT CHARSET=utf8mb4 COLLATE=utf8mb4_unicode_ci;

--
-- Dumping data for table `evaluation_criterias`
--


--
-- Table structure for table `exchange_rates`
--

CREATE TABLE `exchange_rates` (
  `id` char(36) COLLATE utf8mb4_unicode_ci NOT NULL,
  `base_currency_id` char(36) COLLATE utf8mb4_unicode_ci NOT NULL,
  `target_currency_id` char(36) COLLATE utf8mb4_unicode_ci NOT NULL,
  `rate` decimal(20,8) NOT NULL,
  `effective_date` date NOT NULL,
  `created_at` timestamp NULL DEFAULT NULL,
  `updated_at` timestamp NULL DEFAULT NULL,
  `deleted_at` timestamp NULL DEFAULT NULL,
  PRIMARY KEY (`id`),
  UNIQUE KEY `uniq_rate_per_day` (`base_currency_id`,`target_currency_id`,`effective_date`),
  KEY `exchange_rates_base_currency_id_index` (`base_currency_id`),
  KEY `exchange_rates_target_currency_id_index` (`target_currency_id`),
  KEY `exchange_rates_effective_date_index` (`effective_date`),
  CONSTRAINT `exchange_rates_base_currency_id_foreign` FOREIGN KEY (`base_currency_id`) REFERENCES `currencies` (`id`) ON DELETE CASCADE,
  CONSTRAINT `exchange_rates_target_currency_id_foreign` FOREIGN KEY (`target_currency_id`) REFERENCES `currencies` (`id`) ON DELETE CASCADE
) ENGINE=InnoDB DEFAULT CHARSET=utf8mb4 COLLATE=utf8mb4_unicode_ci;

--
-- Dumping data for table `exchange_rates`
--

INSERT INTO `exchange_rates` VALUES ('4199c3ab-87ad-4659-94f7-4ce6c3014212','26b3126e-62de-40bc-bfcc-794fcd220251','61a083cd-1cfb-473f-8bdb-d5daf2374469',2520.31000000,'2026-01-20','2026-01-20 02:08:22','2026-01-20 02:08:22',NULL),('8f4153e8-bbd8-42fd-ac6c-bfe49db289ee','61a083cd-1cfb-473f-8bdb-d5daf2374469','26b3126e-62de-40bc-bfcc-794fcd220251',0.00040000,'2026-01-20','2026-01-20 02:08:22','2026-01-21 19:11:48','2026-01-21 19:11:48');

--
-- Table structure for table `farmer_collected_weights`
--

CREATE TABLE `farmer_collected_weights` (
  `id` char(36) COLLATE utf8mb4_unicode_ci NOT NULL,
  `farmerUid` char(36) COLLATE utf8mb4_unicode_ci NOT NULL,
  `productUid` char(36) COLLATE utf8mb4_unicode_ci NOT NULL,
  `gradeUid` char(36) COLLATE utf8mb4_unicode_ci NOT NULL,
  `warehouseUid` char(36) COLLATE utf8mb4_unicode_ci NOT NULL,
  `memberType` enum('MEMBER','NON-MEMBER') COLLATE utf8mb4_unicode_ci NOT NULL DEFAULT 'MEMBER',
  `batchRef` varchar(255) COLLATE utf8mb4_unicode_ci NOT NULL,
  `bags` int NOT NULL,
  `moistureInPercent` decimal(10,2) NOT NULL,
  `grossWeight` decimal(10,2) NOT NULL,
  `packageWeight` decimal(10,2) NOT NULL,
  `netWeight` decimal(10,2) NOT NULL,
  `receiptNo` varchar(255) COLLATE utf8mb4_unicode_ci NOT NULL,
  `receiptDate` date NOT NULL,
  `clerkName` varchar(255) COLLATE utf8mb4_unicode_ci NOT NULL,
  `isFinalCollection` tinyint(1) NOT NULL DEFAULT '0',
  `created_at` timestamp NULL DEFAULT NULL,
  `updated_at` timestamp NULL DEFAULT NULL,
  `deleted_at` timestamp NULL DEFAULT NULL,
  PRIMARY KEY (`id`)
) ENGINE=InnoDB DEFAULT CHARSET=utf8mb4 COLLATE=utf8mb4_unicode_ci;

--
-- Dumping data for table `farmer_collected_weights`
--


--
-- Table structure for table `fee_ranges`
--

CREATE TABLE `fee_ranges` (
  `id` char(36) COLLATE utf8mb4_unicode_ci NOT NULL,
  `fee_id` char(36) COLLATE utf8mb4_unicode_ci NOT NULL,
  `min_amount` decimal(12,2) NOT NULL,
  `max_amount` decimal(12,2) NOT NULL,
  `range_type` enum('Fixed','Percentage') COLLATE utf8mb4_unicode_ci NOT NULL DEFAULT 'Percentage',
  `value` decimal(12,2) NOT NULL,
  `created_at` timestamp NULL DEFAULT NULL,
  `updated_at` timestamp NULL DEFAULT NULL,
  `deleted_at` timestamp NULL DEFAULT NULL,
  PRIMARY KEY (`id`),
  KEY `fee_ranges_fee_id_foreign` (`fee_id`),
  CONSTRAINT `fee_ranges_fee_id_foreign` FOREIGN KEY (`fee_id`) REFERENCES `financing_fees` (`id`) ON DELETE CASCADE
) ENGINE=InnoDB DEFAULT CHARSET=utf8mb4 COLLATE=utf8mb4_unicode_ci;

--
-- Dumping data for table `fee_ranges`
--


--
-- Table structure for table `file_activities`
--

CREATE TABLE `file_activities` (
  `id` char(36) COLLATE utf8mb4_unicode_ci NOT NULL,
  `file_id` char(36) COLLATE utf8mb4_unicode_ci DEFAULT NULL,
  `folder_id` char(36) COLLATE utf8mb4_unicode_ci DEFAULT NULL,
  `employee_id` char(36) COLLATE utf8mb4_unicode_ci NOT NULL,
  `action` varchar(255) COLLATE utf8mb4_unicode_ci NOT NULL,
  `description` text COLLATE utf8mb4_unicode_ci,
  `ip_address` varchar(45) COLLATE utf8mb4_unicode_ci DEFAULT NULL,
  `user_agent` text COLLATE utf8mb4_unicode_ci,
  `created_at` timestamp NULL DEFAULT NULL,
  `updated_at` timestamp NULL DEFAULT NULL,
  PRIMARY KEY (`id`),
  KEY `file_activities_file_id_foreign` (`file_id`),
  KEY `file_activities_folder_id_foreign` (`folder_id`),
  KEY `file_activities_employee_id_foreign` (`employee_id`),
  CONSTRAINT `file_activities_employee_id_foreign` FOREIGN KEY (`employee_id`) REFERENCES `employees` (`id`),
  CONSTRAINT `file_activities_file_id_foreign` FOREIGN KEY (`file_id`) REFERENCES `files` (`id`) ON DELETE CASCADE,
  CONSTRAINT `file_activities_folder_id_foreign` FOREIGN KEY (`folder_id`) REFERENCES `folders` (`id`) ON DELETE CASCADE
) ENGINE=InnoDB DEFAULT CHARSET=utf8mb4 COLLATE=utf8mb4_unicode_ci;

--
-- Dumping data for table `file_activities`
--


--
-- Table structure for table `file_comments`
--

CREATE TABLE `file_comments` (
  `id` char(36) COLLATE utf8mb4_unicode_ci NOT NULL,
  `file_id` char(36) COLLATE utf8mb4_unicode_ci NOT NULL,
  `employee_id` char(36) COLLATE utf8mb4_unicode_ci NOT NULL,
  `parent_id` char(36) COLLATE utf8mb4_unicode_ci DEFAULT NULL,
  `content` text COLLATE utf8mb4_unicode_ci NOT NULL,
  `created_at` timestamp NULL DEFAULT NULL,
  `updated_at` timestamp NULL DEFAULT NULL,
  PRIMARY KEY (`id`),
  KEY `file_comments_file_id_foreign` (`file_id`),
  KEY `file_comments_employee_id_foreign` (`employee_id`),
  KEY `file_comments_parent_id_foreign` (`parent_id`),
  CONSTRAINT `file_comments_employee_id_foreign` FOREIGN KEY (`employee_id`) REFERENCES `employees` (`id`),
  CONSTRAINT `file_comments_file_id_foreign` FOREIGN KEY (`file_id`) REFERENCES `files` (`id`) ON DELETE CASCADE,
  CONSTRAINT `file_comments_parent_id_foreign` FOREIGN KEY (`parent_id`) REFERENCES `file_comments` (`id`) ON DELETE CASCADE
) ENGINE=InnoDB DEFAULT CHARSET=utf8mb4 COLLATE=utf8mb4_unicode_ci;

--
-- Dumping data for table `file_comments`
--


--
-- Table structure for table `file_permissions`
--

CREATE TABLE `file_permissions` (
  `id` char(36) COLLATE utf8mb4_unicode_ci NOT NULL,
  `file_id` char(36) COLLATE utf8mb4_unicode_ci NOT NULL,
  `permissible_type` varchar(255) COLLATE utf8mb4_unicode_ci NOT NULL,
  `permissible_id` bigint unsigned NOT NULL,
  `can_view` tinyint(1) NOT NULL DEFAULT '0',
  `can_download` tinyint(1) NOT NULL DEFAULT '0',
  `can_edit` tinyint(1) NOT NULL DEFAULT '0',
  `can_delete` tinyint(1) NOT NULL DEFAULT '0',
  `can_share` tinyint(1) NOT NULL DEFAULT '0',
  `created_at` timestamp NULL DEFAULT NULL,
  `updated_at` timestamp NULL DEFAULT NULL,
  PRIMARY KEY (`id`),
  UNIQUE KEY `file_perm_unique` (`file_id`,`permissible_id`,`permissible_type`),
  KEY `file_permissions_permissible_type_permissible_id_index` (`permissible_type`,`permissible_id`),
  KEY `file_permissions_permissible_id_permissible_type_index` (`permissible_id`,`permissible_type`),
  CONSTRAINT `file_permissions_file_id_foreign` FOREIGN KEY (`file_id`) REFERENCES `files` (`id`) ON DELETE CASCADE
) ENGINE=InnoDB DEFAULT CHARSET=utf8mb4 COLLATE=utf8mb4_unicode_ci;

--
-- Dumping data for table `file_permissions`
--


--
-- Table structure for table `file_previews`
--

CREATE TABLE `file_previews` (
  `id` char(36) COLLATE utf8mb4_unicode_ci NOT NULL,
  `file_id` char(36) COLLATE utf8mb4_unicode_ci NOT NULL,
  `preview_path` varchar(255) COLLATE utf8mb4_unicode_ci NOT NULL,
  `format` varchar(255) COLLATE utf8mb4_unicode_ci NOT NULL,
  `width` int DEFAULT NULL,
  `height` int DEFAULT NULL,
  `size` int NOT NULL,
  `created_at` timestamp NULL DEFAULT NULL,
  `updated_at` timestamp NULL DEFAULT NULL,
  PRIMARY KEY (`id`),
  KEY `file_previews_file_id_format_index` (`file_id`,`format`),
  CONSTRAINT `file_previews_file_id_foreign` FOREIGN KEY (`file_id`) REFERENCES `files` (`id`) ON DELETE CASCADE
) ENGINE=InnoDB DEFAULT CHARSET=utf8mb4 COLLATE=utf8mb4_unicode_ci;

--
-- Dumping data for table `file_previews`
--


--
-- Table structure for table `file_tags`
--

CREATE TABLE `file_tags` (
  `file_id` char(36) COLLATE utf8mb4_unicode_ci NOT NULL,
  `tag_id` char(36) COLLATE utf8mb4_unicode_ci NOT NULL,
  PRIMARY KEY (`file_id`,`tag_id`),
  KEY `file_tags_tag_id_foreign` (`tag_id`),
  CONSTRAINT `file_tags_file_id_foreign` FOREIGN KEY (`file_id`) REFERENCES `files` (`id`) ON DELETE CASCADE,
  CONSTRAINT `file_tags_tag_id_foreign` FOREIGN KEY (`tag_id`) REFERENCES `tags` (`id`) ON DELETE CASCADE
) ENGINE=InnoDB DEFAULT CHARSET=utf8mb4 COLLATE=utf8mb4_unicode_ci;

--
-- Dumping data for table `file_tags`
--


--
-- Table structure for table `file_versions`
--

CREATE TABLE `file_versions` (
  `id` char(36) COLLATE utf8mb4_unicode_ci NOT NULL,
  `file_id` char(36) COLLATE utf8mb4_unicode_ci NOT NULL,
  `version_number` int NOT NULL,
  `path` varchar(255) COLLATE utf8mb4_unicode_ci NOT NULL,
  `size` int NOT NULL,
  `created_by` char(36) COLLATE utf8mb4_unicode_ci NOT NULL,
  `changes` text COLLATE utf8mb4_unicode_ci,
  `created_at` timestamp NULL DEFAULT NULL,
  `updated_at` timestamp NULL DEFAULT NULL,
  PRIMARY KEY (`id`),
  KEY `file_versions_file_id_foreign` (`file_id`),
  KEY `file_versions_created_by_foreign` (`created_by`),
  CONSTRAINT `file_versions_created_by_foreign` FOREIGN KEY (`created_by`) REFERENCES `employees` (`id`),
  CONSTRAINT `file_versions_file_id_foreign` FOREIGN KEY (`file_id`) REFERENCES `files` (`id`) ON DELETE CASCADE
) ENGINE=InnoDB DEFAULT CHARSET=utf8mb4 COLLATE=utf8mb4_unicode_ci;

--
-- Dumping data for table `file_versions`
--


--
-- Table structure for table `financing_applications`
--

CREATE TABLE `financing_applications` (
  `id` char(36) COLLATE utf8mb4_unicode_ci NOT NULL,
  `customer_id` char(36) COLLATE utf8mb4_unicode_ci NOT NULL,
  `product_id` char(36) COLLATE utf8mb4_unicode_ci NOT NULL,
  `application_ref` varchar(255) COLLATE utf8mb4_unicode_ci NOT NULL,
  `application_date` date NOT NULL,
  `requested_amount` decimal(20,2) NOT NULL,
  `approved_amount` decimal(20,2) NOT NULL DEFAULT '0.00',
  `requested_tenure_months` int NOT NULL,
  `purpose` text COLLATE utf8mb4_unicode_ci NOT NULL,
  `status` enum('Draft','Submitted','Under Review','Approved','Rejected','Disbursed') COLLATE utf8mb4_unicode_ci NOT NULL DEFAULT 'Draft',
  `created_at` timestamp NULL DEFAULT NULL,
  `updated_at` timestamp NULL DEFAULT NULL,
  `deleted_at` timestamp NULL DEFAULT NULL,
  PRIMARY KEY (`id`),
  UNIQUE KEY `financing_applications_application_ref_unique` (`application_ref`),
  KEY `financing_applications_customer_id_foreign` (`customer_id`),
  KEY `financing_applications_product_id_foreign` (`product_id`),
  CONSTRAINT `financing_applications_customer_id_foreign` FOREIGN KEY (`customer_id`) REFERENCES `financing_fees` (`id`) ON DELETE CASCADE,
  CONSTRAINT `financing_applications_product_id_foreign` FOREIGN KEY (`product_id`) REFERENCES `financing_fees` (`id`) ON DELETE CASCADE
) ENGINE=InnoDB DEFAULT CHARSET=utf8mb4 COLLATE=utf8mb4_unicode_ci;

--
-- Dumping data for table `financing_applications`
--


--
-- Table structure for table `financing_approvals`
--

CREATE TABLE `financing_approvals` (
  `id` char(36) COLLATE utf8mb4_unicode_ci NOT NULL,
  `financing_application_id` char(36) COLLATE utf8mb4_unicode_ci NOT NULL,
  `approval_level_id` char(36) COLLATE utf8mb4_unicode_ci NOT NULL,
  `approver_id` char(36) COLLATE utf8mb4_unicode_ci NOT NULL,
  `status` enum('Pending','Approved','Reviewed','Rejected','Canceled') COLLATE utf8mb4_unicode_ci NOT NULL DEFAULT 'Pending',
  `approved_amount` decimal(20,2) NOT NULL DEFAULT '0.00',
  `record_date` date NOT NULL,
  `comments` text COLLATE utf8mb4_unicode_ci,
  `created_at` timestamp NULL DEFAULT NULL,
  `updated_at` timestamp NULL DEFAULT NULL,
  PRIMARY KEY (`id`),
  KEY `financing_approvals_financing_application_id_foreign` (`financing_application_id`),
  KEY `financing_approvals_approver_id_foreign` (`approver_id`),
  KEY `financing_approvals_approval_level_id_foreign` (`approval_level_id`),
  CONSTRAINT `financing_approvals_approval_level_id_foreign` FOREIGN KEY (`approval_level_id`) REFERENCES `approval_levels` (`id`) ON DELETE CASCADE,
  CONSTRAINT `financing_approvals_approver_id_foreign` FOREIGN KEY (`approver_id`) REFERENCES `employees` (`id`) ON DELETE CASCADE,
  CONSTRAINT `financing_approvals_financing_application_id_foreign` FOREIGN KEY (`financing_application_id`) REFERENCES `financing_applications` (`id`) ON DELETE CASCADE
) ENGINE=InnoDB DEFAULT CHARSET=utf8mb4 COLLATE=utf8mb4_unicode_ci;

--
-- Dumping data for table `financing_approvals`
--


--
-- Table structure for table `financing_contracts`
--

CREATE TABLE `financing_contracts` (
  `id` char(36) COLLATE utf8mb4_unicode_ci NOT NULL,
  `contract_type` enum('Hire Purchase','Finance Lease','Operating Lease') COLLATE utf8mb4_unicode_ci NOT NULL,
  `application_id` char(36) COLLATE utf8mb4_unicode_ci NOT NULL,
  `contract_number` varchar(255) COLLATE utf8mb4_unicode_ci NOT NULL,
  `start_date` date NOT NULL,
  `end_date` date NOT NULL,
  `principal_amount` decimal(12,2) NOT NULL,
  `interest_rate` decimal(5,2) NOT NULL,
  `total_repayment` decimal(12,2) NOT NULL,
  `payment_frequency` int NOT NULL,
  `status` enum('Active','Completed','Defaulted','Terminated') COLLATE utf8mb4_unicode_ci NOT NULL DEFAULT 'Active',
  `terms_conditions` text COLLATE utf8mb4_unicode_ci NOT NULL,
  `residual_value` decimal(12,2) NOT NULL DEFAULT '0.00',
  `has_balloon_payment` tinyint(1) NOT NULL DEFAULT '0',
  `balloon_payment_amount` decimal(12,2) NOT NULL DEFAULT '0.00',
  `created_at` timestamp NULL DEFAULT NULL,
  `updated_at` timestamp NULL DEFAULT NULL,
  PRIMARY KEY (`id`),
  UNIQUE KEY `financing_contracts_contract_number_unique` (`contract_number`),
  KEY `financing_contracts_application_id_foreign` (`application_id`),
  CONSTRAINT `financing_contracts_application_id_foreign` FOREIGN KEY (`application_id`) REFERENCES `financing_applications` (`id`) ON DELETE CASCADE
) ENGINE=InnoDB DEFAULT CHARSET=utf8mb4 COLLATE=utf8mb4_unicode_ci;

--
-- Dumping data for table `financing_contracts`
--


--
-- Table structure for table `financing_fees`
--

CREATE TABLE `financing_fees` (
  `id` char(36) COLLATE utf8mb4_unicode_ci NOT NULL,
  `name` varchar(255) COLLATE utf8mb4_unicode_ci NOT NULL,
  `description` text COLLATE utf8mb4_unicode_ci NOT NULL,
  `fee_type` enum('Fixed','Percentage','Range') COLLATE utf8mb4_unicode_ci NOT NULL DEFAULT 'Percentage',
  `value` decimal(12,2) NOT NULL,
  `created_at` timestamp NULL DEFAULT NULL,
  `updated_at` timestamp NULL DEFAULT NULL,
  `deleted_at` timestamp NULL DEFAULT NULL,
  PRIMARY KEY (`id`)
) ENGINE=InnoDB DEFAULT CHARSET=utf8mb4 COLLATE=utf8mb4_unicode_ci;

--
-- Dumping data for table `financing_fees`
--


--
-- Table structure for table `financing_product_fees`
--

CREATE TABLE `financing_product_fees` (
  `id` char(36) COLLATE utf8mb4_unicode_ci NOT NULL,
  `financing_product_id` char(36) COLLATE utf8mb4_unicode_ci NOT NULL,
  `fee_id` char(36) COLLATE utf8mb4_unicode_ci NOT NULL,
  `amount` decimal(20,2) NOT NULL DEFAULT '0.00',
  `created_at` timestamp NULL DEFAULT NULL,
  `updated_at` timestamp NULL DEFAULT NULL,
  `deleted_at` timestamp NULL DEFAULT NULL,
  PRIMARY KEY (`id`),
  KEY `financing_product_fees_fee_id_foreign` (`fee_id`),
  KEY `financing_product_fees_financing_product_id_foreign` (`financing_product_id`),
  CONSTRAINT `financing_product_fees_fee_id_foreign` FOREIGN KEY (`fee_id`) REFERENCES `financing_fees` (`id`) ON DELETE CASCADE,
  CONSTRAINT `financing_product_fees_financing_product_id_foreign` FOREIGN KEY (`financing_product_id`) REFERENCES `financing_products` (`id`) ON DELETE CASCADE
) ENGINE=InnoDB DEFAULT CHARSET=utf8mb4 COLLATE=utf8mb4_unicode_ci;

--
-- Dumping data for table `financing_product_fees`
--


--
-- Table structure for table `financing_products`
--

CREATE TABLE `financing_products` (
  `id` char(36) COLLATE utf8mb4_unicode_ci NOT NULL,
  `name` varchar(255) COLLATE utf8mb4_unicode_ci NOT NULL,
  `description` text COLLATE utf8mb4_unicode_ci NOT NULL,
  `min_tenure_months` int NOT NULL,
  `max_tenure_months` int NOT NULL,
  `min_amount` decimal(12,2) NOT NULL,
  `max_amount` decimal(12,2) NOT NULL,
  `interest_rate` decimal(5,2) NOT NULL,
  `interest_type` enum('Fixed','Variable') COLLATE utf8mb4_unicode_ci NOT NULL,
  `created_at` timestamp NULL DEFAULT NULL,
  `updated_at` timestamp NULL DEFAULT NULL,
  `deleted_at` timestamp NULL DEFAULT NULL,
  PRIMARY KEY (`id`)
) ENGINE=InnoDB DEFAULT CHARSET=utf8mb4 COLLATE=utf8mb4_unicode_ci;

--
-- Dumping data for table `financing_products`
--


--
-- Table structure for table `fiscal_years`
--

CREATE TABLE `fiscal_years` (
  `id` char(36) COLLATE utf8mb4_unicode_ci NOT NULL,
  `financial_year` varchar(255) COLLATE utf8mb4_unicode_ci NOT NULL,
  `start_date` date NOT NULL,
  `end_date` date NOT NULL,
  `organisation_id` char(36) COLLATE utf8mb4_unicode_ci NOT NULL,
  `status` tinyint NOT NULL DEFAULT '0' COMMENT '0=Inactive, 1=Active, 2=Closed',
  `deleted_at` timestamp NULL DEFAULT NULL,
  `created_at` timestamp NULL DEFAULT NULL,
  `updated_at` timestamp NULL DEFAULT NULL,
  `profit_balance` decimal(18,2) NOT NULL DEFAULT '0.00',
  PRIMARY KEY (`id`)
) ENGINE=InnoDB DEFAULT CHARSET=utf8mb4 COLLATE=utf8mb4_unicode_ci;

--
-- Dumping data for table `fiscal_years`
--

INSERT INTO `fiscal_years` VALUES ('d09a3298-eced-477a-8c29-2b1d43c1b89a','2025/2026','2025-04-01','2026-03-31','6d09af6b-ca58-4967-bbb1-02d0ecafc7e9',1,NULL,'2026-01-21 11:39:33','2026-02-02 09:58:28',0.00);

--
-- Table structure for table `folder_permissions`
--

CREATE TABLE `folder_permissions` (
  `id` char(36) COLLATE utf8mb4_unicode_ci NOT NULL,
  `folder_id` char(36) COLLATE utf8mb4_unicode_ci NOT NULL,
  `permissible_type` varchar(255) COLLATE utf8mb4_unicode_ci NOT NULL,
  `permissible_id` bigint unsigned NOT NULL,
  `can_view` tinyint(1) NOT NULL DEFAULT '0',
  `can_create` tinyint(1) NOT NULL DEFAULT '0',
  `can_upload` tinyint(1) NOT NULL DEFAULT '0',
  `can_delete` tinyint(1) NOT NULL DEFAULT '0',
  `can_share` tinyint(1) NOT NULL DEFAULT '0',
  `inheritable` tinyint(1) NOT NULL DEFAULT '1',
  `created_at` timestamp NULL DEFAULT NULL,
  `updated_at` timestamp NULL DEFAULT NULL,
  PRIMARY KEY (`id`),
  UNIQUE KEY `folder_perm_unique` (`folder_id`,`permissible_id`,`permissible_type`),
  KEY `folder_permissions_permissible_type_permissible_id_index` (`permissible_type`,`permissible_id`),
  KEY `folder_perm_index` (`permissible_id`,`permissible_type`),
  CONSTRAINT `folder_permissions_folder_id_foreign` FOREIGN KEY (`folder_id`) REFERENCES `folders` (`id`) ON DELETE CASCADE
) ENGINE=InnoDB DEFAULT CHARSET=utf8mb4 COLLATE=utf8mb4_unicode_ci;

--
-- Dumping data for table `folder_permissions`
--


--
-- Table structure for table `folders`
--

CREATE TABLE `folders` (
  `id` char(36) COLLATE utf8mb4_unicode_ci NOT NULL,
  `organisation_id` char(36) COLLATE utf8mb4_unicode_ci NOT NULL,
  `name` varchar(255) COLLATE utf8mb4_unicode_ci NOT NULL,
  `parent_id` char(36) COLLATE utf8mb4_unicode_ci DEFAULT NULL,
  `path` varchar(255) COLLATE utf8mb4_unicode_ci NOT NULL,
  `depth` int NOT NULL DEFAULT '0',
  `created_at` timestamp NULL DEFAULT NULL,
  `updated_at` timestamp NULL DEFAULT NULL,
  `deleted_at` timestamp NULL DEFAULT NULL,
  PRIMARY KEY (`id`),
  KEY `folders_parent_id_foreign` (`parent_id`),
  CONSTRAINT `folders_parent_id_foreign` FOREIGN KEY (`parent_id`) REFERENCES `folders` (`id`) ON DELETE CASCADE
) ENGINE=InnoDB DEFAULT CHARSET=utf8mb4 COLLATE=utf8mb4_unicode_ci;

--
-- Dumping data for table `folders`
--


--
-- Table structure for table `form_questions`
--

CREATE TABLE `form_questions` (
  `id` char(36) COLLATE utf8mb4_unicode_ci NOT NULL,
  `form_id` char(36) COLLATE utf8mb4_unicode_ci NOT NULL,
  `question` varchar(255) COLLATE utf8mb4_unicode_ci NOT NULL,
  `type` enum('Email','Text','Number','Decimal') COLLATE utf8mb4_unicode_ci NOT NULL,
  `created_at` timestamp NULL DEFAULT NULL,
  `updated_at` timestamp NULL DEFAULT NULL,
  `deleted_at` timestamp NULL DEFAULT NULL,
  PRIMARY KEY (`id`)
) ENGINE=InnoDB DEFAULT CHARSET=utf8mb4 COLLATE=utf8mb4_unicode_ci;

--
-- Dumping data for table `form_questions`
--


--
-- Table structure for table `form_responses`
--

CREATE TABLE `form_responses` (
  `id` char(36) COLLATE utf8mb4_unicode_ci NOT NULL,
  `form_id` char(36) COLLATE utf8mb4_unicode_ci NOT NULL,
  `response` text COLLATE utf8mb4_unicode_ci NOT NULL,
  `created_at` timestamp NULL DEFAULT NULL,
  `updated_at` timestamp NULL DEFAULT NULL,
  PRIMARY KEY (`id`)
) ENGINE=InnoDB DEFAULT CHARSET=utf8mb4 COLLATE=utf8mb4_unicode_ci;

--
-- Dumping data for table `form_responses`
--


--
-- Table structure for table `forms`
--

CREATE TABLE `forms` (
  `id` char(36) COLLATE utf8mb4_unicode_ci NOT NULL,
  `name` varchar(255) COLLATE utf8mb4_unicode_ci NOT NULL,
  `title` varchar(255) COLLATE utf8mb4_unicode_ci NOT NULL,
  `description` text COLLATE utf8mb4_unicode_ci NOT NULL,
  `status` enum('draft','active','inactive','expired') COLLATE utf8mb4_unicode_ci NOT NULL DEFAULT 'draft',
  `user_id` int NOT NULL,
  `created_at` timestamp NULL DEFAULT NULL,
  `updated_at` timestamp NULL DEFAULT NULL,
  PRIMARY KEY (`id`)
) ENGINE=InnoDB DEFAULT CHARSET=utf8mb4 COLLATE=utf8mb4_unicode_ci;

--
-- Dumping data for table `forms`
--


--
-- Table structure for table `fuel_requisition_approvals`
--

CREATE TABLE `fuel_requisition_approvals` (
  `id` char(36) COLLATE utf8mb4_unicode_ci NOT NULL,
  `fuel_requisition_id` char(36) COLLATE utf8mb4_unicode_ci NOT NULL,
  `approved_by` char(36) COLLATE utf8mb4_unicode_ci NOT NULL,
  `approval_level_id` char(36) COLLATE utf8mb4_unicode_ci NOT NULL,
  `status` enum('approved','rejected') COLLATE utf8mb4_unicode_ci NOT NULL,
  `approved_amount` decimal(20,2) NOT NULL DEFAULT '0.00',
  `comments` text COLLATE utf8mb4_unicode_ci,
  `date_approved` date NOT NULL,
  `created_at` timestamp NULL DEFAULT NULL,
  `updated_at` timestamp NULL DEFAULT NULL,
  `deleted_at` timestamp NULL DEFAULT NULL,
  PRIMARY KEY (`id`),
  KEY `fuel_requisition_approvals_fuel_requisition_id_foreign` (`fuel_requisition_id`),
  KEY `fuel_requisition_approvals_approved_by_foreign` (`approved_by`),
  KEY `fuel_requisition_approvals_approval_level_id_foreign` (`approval_level_id`),
  CONSTRAINT `fuel_requisition_approvals_approval_level_id_foreign` FOREIGN KEY (`approval_level_id`) REFERENCES `approval_levels` (`id`) ON DELETE CASCADE,
  CONSTRAINT `fuel_requisition_approvals_approved_by_foreign` FOREIGN KEY (`approved_by`) REFERENCES `employees` (`id`) ON DELETE CASCADE,
  CONSTRAINT `fuel_requisition_approvals_fuel_requisition_id_foreign` FOREIGN KEY (`fuel_requisition_id`) REFERENCES `fuel_requisitions` (`id`) ON DELETE CASCADE
) ENGINE=InnoDB DEFAULT CHARSET=utf8mb4 COLLATE=utf8mb4_unicode_ci;

--
-- Dumping data for table `fuel_requisition_approvals`
--


--
-- Table structure for table `fuel_requisitions`
--

CREATE TABLE `fuel_requisitions` (
  `id` char(36) COLLATE utf8mb4_unicode_ci NOT NULL,
  `requisition_no` varchar(255) COLLATE utf8mb4_unicode_ci NOT NULL,
  `request_date` date NOT NULL,
  `organisation_id` char(36) COLLATE utf8mb4_unicode_ci NOT NULL,
  `department_id` char(36) COLLATE utf8mb4_unicode_ci NOT NULL,
  `truck_id` char(36) COLLATE utf8mb4_unicode_ci NOT NULL,
  `budget_item_id` char(36) COLLATE utf8mb4_unicode_ci DEFAULT NULL,
  `project_id` char(36) COLLATE utf8mb4_unicode_ci DEFAULT NULL,
  `amount` decimal(20,2) NOT NULL DEFAULT '0.00',
  `approved_amount` decimal(20,2) NOT NULL DEFAULT '0.00',
  `trip` varchar(255) COLLATE utf8mb4_unicode_ci NOT NULL,
  `current_approval_level` char(36) COLLATE utf8mb4_unicode_ci NOT NULL,
  `total_round_kilometers` decimal(10,2) NOT NULL DEFAULT '0.00',
  `reason` varchar(255) COLLATE utf8mb4_unicode_ci NOT NULL,
  `requested_by` char(36) COLLATE utf8mb4_unicode_ci NOT NULL,
  `last_quantity_fuel_used` varchar(255) COLLATE utf8mb4_unicode_ci NOT NULL,
  `last_mileage` varchar(255) COLLATE utf8mb4_unicode_ci NOT NULL,
  `status` enum('Pending','Reviewed','Approved','Rejected','Disbursed') COLLATE utf8mb4_unicode_ci NOT NULL DEFAULT 'Pending',
  `created_at` timestamp NULL DEFAULT NULL,
  `updated_at` timestamp NULL DEFAULT NULL,
  `deleted_at` timestamp NULL DEFAULT NULL,
  `requested_quantity` varchar(255) COLLATE utf8mb4_unicode_ci NOT NULL DEFAULT '0',
  `approved_quantity` varchar(255) COLLATE utf8mb4_unicode_ci NOT NULL DEFAULT '0',
  `disbursed_amount` varchar(255) COLLATE utf8mb4_unicode_ci NOT NULL DEFAULT '0',
  PRIMARY KEY (`id`),
  KEY `fuel_requisitions_requested_by_foreign` (`requested_by`),
  KEY `fuel_requisitions_department_id_foreign` (`department_id`),
  KEY `fuel_requisitions_budget_item_id_foreign` (`budget_item_id`),
  KEY `fuel_requisitions_project_id_foreign` (`project_id`),
  CONSTRAINT `fuel_requisitions_budget_item_id_foreign` FOREIGN KEY (`budget_item_id`) REFERENCES `budget_items` (`id`) ON DELETE CASCADE,
  CONSTRAINT `fuel_requisitions_department_id_foreign` FOREIGN KEY (`department_id`) REFERENCES `departments` (`id`) ON DELETE CASCADE,
  CONSTRAINT `fuel_requisitions_project_id_foreign` FOREIGN KEY (`project_id`) REFERENCES `projects` (`id`) ON DELETE CASCADE,
  CONSTRAINT `fuel_requisitions_requested_by_foreign` FOREIGN KEY (`requested_by`) REFERENCES `employees` (`id`) ON DELETE CASCADE
) ENGINE=InnoDB DEFAULT CHARSET=utf8mb4 COLLATE=utf8mb4_unicode_ci;

--
-- Dumping data for table `fuel_requisitions`
--


--
-- Table structure for table `full_fillment_items`
--

CREATE TABLE `full_fillment_items` (
  `id` char(36) COLLATE utf8mb4_unicode_ci NOT NULL,
  `fulfillment_id` char(36) COLLATE utf8mb4_unicode_ci NOT NULL,
  `store_requisition_item_id` char(36) COLLATE utf8mb4_unicode_ci NOT NULL,
  `inventory_item_id` char(36) COLLATE utf8mb4_unicode_ci NOT NULL,
  `quantity_issued` decimal(10,2) NOT NULL,
  `issued_by` char(36) COLLATE utf8mb4_unicode_ci NOT NULL,
  `received_by` char(36) COLLATE utf8mb4_unicode_ci DEFAULT NULL,
  `issued_at` datetime NOT NULL,
  `notes` text COLLATE utf8mb4_unicode_ci,
  `created_at` timestamp NULL DEFAULT NULL,
  `updated_at` timestamp NULL DEFAULT NULL,
  `deleted_at` timestamp NULL DEFAULT NULL,
  PRIMARY KEY (`id`),
  KEY `full_fillment_items_fulfillment_id_foreign` (`fulfillment_id`),
  KEY `full_fillment_items_store_requisition_item_id_foreign` (`store_requisition_item_id`),
  KEY `full_fillment_items_issued_by_foreign` (`issued_by`),
  KEY `full_fillment_items_received_by_foreign` (`received_by`),
  CONSTRAINT `full_fillment_items_fulfillment_id_foreign` FOREIGN KEY (`fulfillment_id`) REFERENCES `requisition_full_fillments` (`id`),
  CONSTRAINT `full_fillment_items_issued_by_foreign` FOREIGN KEY (`issued_by`) REFERENCES `employees` (`id`),
  CONSTRAINT `full_fillment_items_received_by_foreign` FOREIGN KEY (`received_by`) REFERENCES `employees` (`id`),
  CONSTRAINT `full_fillment_items_store_requisition_item_id_foreign` FOREIGN KEY (`store_requisition_item_id`) REFERENCES `store_requisition_items` (`id`)
) ENGINE=InnoDB DEFAULT CHARSET=utf8mb4 COLLATE=utf8mb4_unicode_ci;

--
-- Dumping data for table `full_fillment_items`
--

INSERT INTO `full_fillment_items` VALUES ('7de13104-0ced-4cc9-bc3a-e636abe93a91','41bb2aea-1b81-4d26-b441-d321d84c3125','f660ddca-15f2-4b82-89ae-93f815d5504e','fc6d6e72-a3ef-47d1-a20b-78f819e42781',1.00,'f3683bee-094b-4aa6-8163-8d418a27eb6a',NULL,'2026-01-24 15:26:54',NULL,'2026-01-24 15:26:54','2026-01-24 15:26:54',NULL),('da908c0a-3176-4ecb-a0ee-2307aeb7e330','95dc563e-204b-4fa6-a628-884978f17677','9fc16015-264f-46e0-909f-5a582c504b29','eb766a58-04f7-419c-becf-e6b89743018c',30.00,'0ce29044-b626-407b-8000-d0ec38b721d4',NULL,'2026-01-28 18:15:18',NULL,'2026-01-28 18:15:18','2026-01-28 18:15:18',NULL);

--
-- Table structure for table `general_settings`
--

CREATE TABLE `general_settings` (
  `id` bigint unsigned NOT NULL AUTO_INCREMENT,
  `bills_of_material_code_prefix` varchar(255) COLLATE utf8mb4_unicode_ci DEFAULT NULL,
  `next_bills_of_material_code` char(36) COLLATE utf8mb4_unicode_ci NOT NULL,
  `routing_code` char(36) COLLATE utf8mb4_unicode_ci NOT NULL,
  `created_at` timestamp NULL DEFAULT NULL,
  `updated_at` timestamp NULL DEFAULT NULL,
  PRIMARY KEY (`id`)
) ENGINE=InnoDB DEFAULT CHARSET=utf8mb4 COLLATE=utf8mb4_unicode_ci;

--
-- Dumping data for table `general_settings`
--


--
-- Table structure for table `goods_receipt_items`
--

CREATE TABLE `goods_receipt_items` (
  `id` char(36) COLLATE utf8mb4_unicode_ci NOT NULL,
  `goods_receipt_id` char(36) COLLATE utf8mb4_unicode_ci NOT NULL,
  `purchase_order_item_id` char(36) COLLATE utf8mb4_unicode_ci NOT NULL,
  `received_quantity` decimal(20,2) NOT NULL,
  `accepted_quantity` decimal(20,2) NOT NULL DEFAULT '0.00',
  `rejected_quantity` decimal(20,2) NOT NULL DEFAULT '0.00',
  `remarks` text COLLATE utf8mb4_unicode_ci,
  `created_at` timestamp NULL DEFAULT NULL,
  `updated_at` timestamp NULL DEFAULT NULL,
  `deleted_at` timestamp NULL DEFAULT NULL,
  PRIMARY KEY (`id`),
  KEY `goods_receipt_items_goods_receipt_id_foreign` (`goods_receipt_id`),
  KEY `goods_receipt_items_purchase_order_item_id_foreign` (`purchase_order_item_id`),
  CONSTRAINT `goods_receipt_items_goods_receipt_id_foreign` FOREIGN KEY (`goods_receipt_id`) REFERENCES `goods_receipts` (`id`) ON DELETE CASCADE,
  CONSTRAINT `goods_receipt_items_purchase_order_item_id_foreign` FOREIGN KEY (`purchase_order_item_id`) REFERENCES `purchase_order_items` (`id`) ON DELETE CASCADE
) ENGINE=InnoDB DEFAULT CHARSET=utf8mb4 COLLATE=utf8mb4_unicode_ci;

--
-- Dumping data for table `goods_receipt_items`
--


--
-- Table structure for table `goods_receipts`
--

CREATE TABLE `goods_receipts` (
  `id` char(36) COLLATE utf8mb4_unicode_ci NOT NULL,
  `purchase_order_id` char(36) COLLATE utf8mb4_unicode_ci NOT NULL,
  `grn_number` varchar(255) COLLATE utf8mb4_unicode_ci NOT NULL,
  `received_date` date NOT NULL,
  `delivery_note_ref` varchar(255) COLLATE utf8mb4_unicode_ci DEFAULT NULL,
  `received_by` char(36) COLLATE utf8mb4_unicode_ci NOT NULL,
  `status` enum('pending_inspection','accepted','partially_accepted','rejected') COLLATE utf8mb4_unicode_ci NOT NULL DEFAULT 'pending_inspection',
  `created_at` timestamp NULL DEFAULT NULL,
  `updated_at` timestamp NULL DEFAULT NULL,
  `deleted_at` timestamp NULL DEFAULT NULL,
  PRIMARY KEY (`id`),
  UNIQUE KEY `goods_receipts_grn_number_unique` (`grn_number`),
  KEY `goods_receipts_purchase_order_id_foreign` (`purchase_order_id`),
  CONSTRAINT `goods_receipts_purchase_order_id_foreign` FOREIGN KEY (`purchase_order_id`) REFERENCES `purchase_orders` (`id`) ON DELETE CASCADE
) ENGINE=InnoDB DEFAULT CHARSET=utf8mb4 COLLATE=utf8mb4_unicode_ci;

--
-- Dumping data for table `goods_receipts`
--


--
-- Table structure for table `grades`
--

CREATE TABLE `grades` (
  `id` char(36) COLLATE utf8mb4_unicode_ci NOT NULL,
  `product_id` char(36) COLLATE utf8mb4_unicode_ci NOT NULL,
  `name` varchar(255) COLLATE utf8mb4_unicode_ci NOT NULL,
  `muvu_uid` char(36) COLLATE utf8mb4_unicode_ci DEFAULT NULL,
  `created_at` timestamp NULL DEFAULT NULL,
  `updated_at` timestamp NULL DEFAULT NULL,
  `deleted_at` timestamp NULL DEFAULT NULL,
  PRIMARY KEY (`id`),
  KEY `grades_product_id_foreign` (`product_id`),
  CONSTRAINT `grades_product_id_foreign` FOREIGN KEY (`product_id`) REFERENCES `products` (`id`) ON DELETE CASCADE
) ENGINE=InnoDB DEFAULT CHARSET=utf8mb4 COLLATE=utf8mb4_unicode_ci;

--
-- Dumping data for table `grades`
--


--
-- Table structure for table `grn_notes`
--

CREATE TABLE `grn_notes` (
  `id` char(36) COLLATE utf8mb4_unicode_ci NOT NULL,
  `delivery_id` char(36) COLLATE utf8mb4_unicode_ci NOT NULL,
  `grn_number` varchar(255) COLLATE utf8mb4_unicode_ci DEFAULT NULL,
  `grn_date` timestamp NULL DEFAULT NULL,
  `grn_remarks` text COLLATE utf8mb4_unicode_ci,
  `grn_attachment` varchar(255) COLLATE utf8mb4_unicode_ci DEFAULT NULL,
  `received_by` char(36) COLLATE utf8mb4_unicode_ci DEFAULT NULL,
  `created_by` char(36) COLLATE utf8mb4_unicode_ci DEFAULT NULL,
  `created_at` timestamp NULL DEFAULT NULL,
  `updated_at` timestamp NULL DEFAULT NULL,
  `deleted_at` timestamp NULL DEFAULT NULL,
  PRIMARY KEY (`id`),
  KEY `grn_notes_delivery_id_foreign` (`delivery_id`),
  KEY `grn_notes_received_by_foreign` (`received_by`),
  KEY `grn_notes_created_by_foreign` (`created_by`),
  CONSTRAINT `grn_notes_created_by_foreign` FOREIGN KEY (`created_by`) REFERENCES `employees` (`id`) ON DELETE CASCADE,
  CONSTRAINT `grn_notes_delivery_id_foreign` FOREIGN KEY (`delivery_id`) REFERENCES `deliveries` (`id`) ON DELETE CASCADE,
  CONSTRAINT `grn_notes_received_by_foreign` FOREIGN KEY (`received_by`) REFERENCES `employees` (`id`) ON DELETE CASCADE
) ENGINE=InnoDB DEFAULT CHARSET=utf8mb4 COLLATE=utf8mb4_unicode_ci;

--
-- Dumping data for table `grn_notes`
--


--
-- Table structure for table `holiday_calendars`
--

CREATE TABLE `holiday_calendars` (
  `id` char(36) COLLATE utf8mb4_unicode_ci NOT NULL,
  `organisation_id` char(36) COLLATE utf8mb4_unicode_ci NOT NULL,
  `holiday_date` date NOT NULL,
  `holiday_name` varchar(255) COLLATE utf8mb4_unicode_ci NOT NULL,
  `created_at` timestamp NULL DEFAULT NULL,
  `updated_at` timestamp NULL DEFAULT NULL,
  PRIMARY KEY (`id`)
) ENGINE=InnoDB DEFAULT CHARSET=utf8mb4 COLLATE=utf8mb4_unicode_ci;

--
-- Dumping data for table `holiday_calendars`
--


--
-- Table structure for table `input_loan_approvals`
--

CREATE TABLE `input_loan_approvals` (
  `id` char(36) COLLATE utf8mb4_unicode_ci NOT NULL,
  `input_loan_id` char(36) COLLATE utf8mb4_unicode_ci NOT NULL,
  `input_loan_item_id` char(36) COLLATE utf8mb4_unicode_ci NOT NULL,
  `approval_level_id` char(36) COLLATE utf8mb4_unicode_ci NOT NULL,
  `approved_by_id` char(36) COLLATE utf8mb4_unicode_ci NOT NULL,
  `decision` enum('approved','rejected') COLLATE utf8mb4_unicode_ci NOT NULL,
  `remarks` text COLLATE utf8mb4_unicode_ci,
  `approved_at` timestamp NOT NULL,
  `created_at` timestamp NULL DEFAULT NULL,
  `updated_at` timestamp NULL DEFAULT NULL,
  PRIMARY KEY (`id`),
  KEY `input_loan_approvals_input_loan_item_id_foreign` (`input_loan_item_id`),
  KEY `input_loan_approvals_input_loan_id_foreign` (`input_loan_id`),
  KEY `input_loan_approvals_approval_level_id_foreign` (`approval_level_id`),
  KEY `input_loan_approvals_approved_by_id_foreign` (`approved_by_id`),
  CONSTRAINT `input_loan_approvals_approval_level_id_foreign` FOREIGN KEY (`approval_level_id`) REFERENCES `approval_levels` (`id`) ON DELETE CASCADE,
  CONSTRAINT `input_loan_approvals_approved_by_id_foreign` FOREIGN KEY (`approved_by_id`) REFERENCES `employees` (`id`) ON DELETE CASCADE,
  CONSTRAINT `input_loan_approvals_input_loan_id_foreign` FOREIGN KEY (`input_loan_id`) REFERENCES `input_loans` (`id`) ON DELETE CASCADE,
  CONSTRAINT `input_loan_approvals_input_loan_item_id_foreign` FOREIGN KEY (`input_loan_item_id`) REFERENCES `input_loan_items` (`id`) ON DELETE CASCADE
) ENGINE=InnoDB DEFAULT CHARSET=utf8mb4 COLLATE=utf8mb4_unicode_ci;

--
-- Dumping data for table `input_loan_approvals`
--


--
-- Table structure for table `input_loan_items`
--

CREATE TABLE `input_loan_items` (
  `id` char(36) COLLATE utf8mb4_unicode_ci NOT NULL,
  `input_loan_id` char(36) COLLATE utf8mb4_unicode_ci NOT NULL,
  `item_id` char(36) COLLATE utf8mb4_unicode_ci NOT NULL,
  `quantity` decimal(10,2) NOT NULL,
  `unit_price` decimal(10,2) NOT NULL,
  `total_value` decimal(15,2) NOT NULL,
  `balance_due` decimal(15,2) NOT NULL,
  `status` enum('pending','approved','rejected') COLLATE utf8mb4_unicode_ci NOT NULL DEFAULT 'pending',
  `created_at` timestamp NULL DEFAULT NULL,
  `updated_at` timestamp NULL DEFAULT NULL,
  PRIMARY KEY (`id`),
  KEY `input_loan_items_input_loan_id_foreign` (`input_loan_id`),
  KEY `input_loan_items_item_id_foreign` (`item_id`),
  CONSTRAINT `input_loan_items_input_loan_id_foreign` FOREIGN KEY (`input_loan_id`) REFERENCES `input_loans` (`id`) ON DELETE CASCADE,
  CONSTRAINT `input_loan_items_item_id_foreign` FOREIGN KEY (`item_id`) REFERENCES `items` (`id`) ON DELETE CASCADE
) ENGINE=InnoDB DEFAULT CHARSET=utf8mb4 COLLATE=utf8mb4_unicode_ci;

--
-- Dumping data for table `input_loan_items`
--


--
-- Table structure for table `input_loans`
--

CREATE TABLE `input_loans` (
  `id` char(36) COLLATE utf8mb4_unicode_ci NOT NULL,
  `organisation_id` char(36) COLLATE utf8mb4_unicode_ci NOT NULL,
  `member_id` char(36) COLLATE utf8mb4_unicode_ci NOT NULL,
  `current_approval_level_id` char(36) COLLATE utf8mb4_unicode_ci NOT NULL,
  `total_value` decimal(15,2) NOT NULL DEFAULT '0.00',
  `balance_due` decimal(15,2) NOT NULL DEFAULT '0.00',
  `status` enum('pending','partially_paid','paid','overdue') COLLATE utf8mb4_unicode_ci NOT NULL DEFAULT 'pending',
  `created_at` timestamp NULL DEFAULT NULL,
  `updated_at` timestamp NULL DEFAULT NULL,
  `deleted_at` timestamp NULL DEFAULT NULL,
  PRIMARY KEY (`id`),
  KEY `input_loans_current_approval_level_id_foreign` (`current_approval_level_id`),
  CONSTRAINT `input_loans_current_approval_level_id_foreign` FOREIGN KEY (`current_approval_level_id`) REFERENCES `approval_levels` (`id`) ON DELETE CASCADE
) ENGINE=InnoDB DEFAULT CHARSET=utf8mb4 COLLATE=utf8mb4_unicode_ci;

--
-- Dumping data for table `input_loans`
--


--
-- Table structure for table `input_request_approvals`
--

CREATE TABLE `input_request_approvals` (
  `id` char(36) COLLATE utf8mb4_unicode_ci NOT NULL,
  `approver_id` char(36) COLLATE utf8mb4_unicode_ci NOT NULL,
  `approval_level_id` char(36) COLLATE utf8mb4_unicode_ci NOT NULL,
  `input_request_id` char(36) COLLATE utf8mb4_unicode_ci NOT NULL,
  `approved_by_id` char(36) COLLATE utf8mb4_unicode_ci NOT NULL,
  `input_request_item_id` char(36) COLLATE utf8mb4_unicode_ci NOT NULL,
  `status` enum('approved','rejected','reviewed','pending') COLLATE utf8mb4_unicode_ci NOT NULL,
  `remarks` text COLLATE utf8mb4_unicode_ci,
  `rejection_reason` text COLLATE utf8mb4_unicode_ci,
  `date_approved` timestamp NOT NULL DEFAULT CURRENT_TIMESTAMP,
  `created_at` timestamp NULL DEFAULT NULL,
  `updated_at` timestamp NULL DEFAULT NULL,
  `deleted_at` timestamp NULL DEFAULT NULL,
  PRIMARY KEY (`id`),
  KEY `input_request_approvals_approval_level_id_foreign` (`approval_level_id`),
  KEY `input_request_approvals_approved_by_id_foreign` (`approved_by_id`),
  KEY `input_request_approvals_input_request_item_id_foreign` (`input_request_item_id`),
  KEY `input_request_approvals_input_request_id_index` (`input_request_id`),
  KEY `input_request_approvals_approver_id_index` (`approver_id`),
  KEY `input_request_approvals_status_index` (`status`),
  CONSTRAINT `input_request_approvals_approval_level_id_foreign` FOREIGN KEY (`approval_level_id`) REFERENCES `approval_levels` (`id`) ON DELETE CASCADE,
  CONSTRAINT `input_request_approvals_approved_by_id_foreign` FOREIGN KEY (`approved_by_id`) REFERENCES `employees` (`id`) ON DELETE CASCADE,
  CONSTRAINT `input_request_approvals_input_request_id_foreign` FOREIGN KEY (`input_request_id`) REFERENCES `input_requests` (`id`) ON DELETE CASCADE,
  CONSTRAINT `input_request_approvals_input_request_item_id_foreign` FOREIGN KEY (`input_request_item_id`) REFERENCES `input_request_items` (`id`) ON DELETE CASCADE
) ENGINE=InnoDB DEFAULT CHARSET=utf8mb4 COLLATE=utf8mb4_unicode_ci;

--
-- Dumping data for table `input_request_approvals`
--


--
-- Table structure for table `input_request_items`
--

CREATE TABLE `input_request_items` (
  `id` char(36) COLLATE utf8mb4_unicode_ci NOT NULL,
  `input_request_id` char(36) COLLATE utf8mb4_unicode_ci NOT NULL,
  `item_id` char(36) COLLATE utf8mb4_unicode_ci NOT NULL,
  `quantity_requested` decimal(10,2) NOT NULL,
  `uom` char(36) COLLATE utf8mb4_unicode_ci DEFAULT NULL,
  `quantity_approved` decimal(10,2) DEFAULT NULL,
  `remarks` text COLLATE utf8mb4_unicode_ci,
  `created_at` timestamp NULL DEFAULT NULL,
  `updated_at` timestamp NULL DEFAULT NULL,
  `deleted_at` timestamp NULL DEFAULT NULL,
  PRIMARY KEY (`id`),
  KEY `input_request_items_input_request_id_foreign` (`input_request_id`),
  KEY `input_request_items_item_id_foreign` (`item_id`),
  KEY `input_request_items_uom_foreign` (`uom`),
  CONSTRAINT `input_request_items_input_request_id_foreign` FOREIGN KEY (`input_request_id`) REFERENCES `input_requests` (`id`) ON DELETE CASCADE,
  CONSTRAINT `input_request_items_item_id_foreign` FOREIGN KEY (`item_id`) REFERENCES `items` (`id`) ON DELETE CASCADE,
  CONSTRAINT `input_request_items_uom_foreign` FOREIGN KEY (`uom`) REFERENCES `unit_of_measures` (`id`) ON DELETE CASCADE
) ENGINE=InnoDB DEFAULT CHARSET=utf8mb4 COLLATE=utf8mb4_unicode_ci;

--
-- Dumping data for table `input_request_items`
--


--
-- Table structure for table `input_requests`
--

CREATE TABLE `input_requests` (
  `id` char(36) COLLATE utf8mb4_unicode_ci NOT NULL,
  `requested_by_id` char(36) COLLATE utf8mb4_unicode_ci NOT NULL,
  `requested_from_id` char(36) COLLATE utf8mb4_unicode_ci NOT NULL,
  `current_approval_level_id` char(36) COLLATE utf8mb4_unicode_ci NOT NULL,
  `status` enum('pending','approved','reviewed','rejected','fulfilled') COLLATE utf8mb4_unicode_ci NOT NULL DEFAULT 'pending',
  `remarks` text COLLATE utf8mb4_unicode_ci,
  `approved_at` timestamp NULL DEFAULT NULL,
  `registered_by_id` char(36) COLLATE utf8mb4_unicode_ci NOT NULL,
  `created_at` timestamp NULL DEFAULT NULL,
  `updated_at` timestamp NULL DEFAULT NULL,
  `deleted_at` timestamp NULL DEFAULT NULL,
  PRIMARY KEY (`id`),
  KEY `input_requests_requested_by_id_foreign` (`requested_by_id`),
  KEY `input_requests_requested_from_id_foreign` (`requested_from_id`),
  KEY `input_requests_registered_by_id_foreign` (`registered_by_id`),
  CONSTRAINT `input_requests_registered_by_id_foreign` FOREIGN KEY (`registered_by_id`) REFERENCES `employees` (`id`) ON DELETE CASCADE,
  CONSTRAINT `input_requests_requested_by_id_foreign` FOREIGN KEY (`requested_by_id`) REFERENCES `organisations` (`id`) ON DELETE CASCADE,
  CONSTRAINT `input_requests_requested_from_id_foreign` FOREIGN KEY (`requested_from_id`) REFERENCES `organisations` (`id`) ON DELETE CASCADE
) ENGINE=InnoDB DEFAULT CHARSET=utf8mb4 COLLATE=utf8mb4_unicode_ci;

--
-- Dumping data for table `input_requests`
--


--
-- Table structure for table `input_transfers`
--

CREATE TABLE `input_transfers` (
  `id` char(36) COLLATE utf8mb4_unicode_ci NOT NULL,
  `from_organisation_id` char(36) COLLATE utf8mb4_unicode_ci NOT NULL,
  `to_organisation_id` char(36) COLLATE utf8mb4_unicode_ci NOT NULL,
  `input_request_id` char(36) COLLATE utf8mb4_unicode_ci DEFAULT NULL,
  `type` enum('transfer_in','transfer_out','return','writeoff') COLLATE utf8mb4_unicode_ci NOT NULL,
  `category` enum('in','out') COLLATE utf8mb4_unicode_ci NOT NULL,
  `movement_date` datetime NOT NULL DEFAULT CURRENT_TIMESTAMP,
  `remarks` varchar(255) COLLATE utf8mb4_unicode_ci DEFAULT NULL,
  `status` enum('pending','received','dispatched','reversed') COLLATE utf8mb4_unicode_ci NOT NULL DEFAULT 'received',
  `unique_id` varchar(255) COLLATE utf8mb4_unicode_ci DEFAULT NULL,
  `created_at` timestamp NULL DEFAULT NULL,
  `updated_at` timestamp NULL DEFAULT NULL,
  `deleted_at` timestamp NULL DEFAULT NULL,
  PRIMARY KEY (`id`),
  KEY `input_transfers_input_request_id_foreign` (`input_request_id`),
  KEY `input_transfers_from_organisation_id_foreign` (`from_organisation_id`),
  KEY `input_transfers_to_organisation_id_foreign` (`to_organisation_id`),
  CONSTRAINT `input_transfers_from_organisation_id_foreign` FOREIGN KEY (`from_organisation_id`) REFERENCES `organisations` (`id`) ON DELETE CASCADE,
  CONSTRAINT `input_transfers_input_request_id_foreign` FOREIGN KEY (`input_request_id`) REFERENCES `input_requests` (`id`) ON DELETE CASCADE,
  CONSTRAINT `input_transfers_to_organisation_id_foreign` FOREIGN KEY (`to_organisation_id`) REFERENCES `organisations` (`id`) ON DELETE CASCADE
) ENGINE=InnoDB DEFAULT CHARSET=utf8mb4 COLLATE=utf8mb4_unicode_ci;

--
-- Dumping data for table `input_transfers`
--


--
-- Table structure for table `insurance_providers`
--

CREATE TABLE `insurance_providers` (
  `id` char(36) COLLATE utf8mb4_unicode_ci NOT NULL,
  `organisation_id` char(36) COLLATE utf8mb4_unicode_ci NOT NULL,
  `provider_name` varchar(255) COLLATE utf8mb4_unicode_ci NOT NULL,
  `contact_info` text COLLATE utf8mb4_unicode_ci,
  `created_at` timestamp NULL DEFAULT NULL,
  `updated_at` timestamp NULL DEFAULT NULL,
  PRIMARY KEY (`id`)
) ENGINE=InnoDB DEFAULT CHARSET=utf8mb4 COLLATE=utf8mb4_unicode_ci;

--
-- Dumping data for table `insurance_providers`
--


--
-- Table structure for table `interview_participants`
--

CREATE TABLE `interview_participants` (
  `id` char(36) COLLATE utf8mb4_unicode_ci NOT NULL,
  `interview_id` char(36) COLLATE utf8mb4_unicode_ci NOT NULL,
  `employee_id` char(36) COLLATE utf8mb4_unicode_ci NOT NULL,
  `is_required` tinyint(1) NOT NULL DEFAULT '1',
  `response_status` enum('pending','accepted','declined') COLLATE utf8mb4_unicode_ci NOT NULL DEFAULT 'pending',
  `created_at` timestamp NULL DEFAULT NULL,
  `updated_at` timestamp NULL DEFAULT NULL,
  PRIMARY KEY (`id`),
  KEY `interview_participants_interview_id_foreign` (`interview_id`),
  KEY `interview_participants_employee_id_foreign` (`employee_id`),
  CONSTRAINT `interview_participants_employee_id_foreign` FOREIGN KEY (`employee_id`) REFERENCES `employees` (`id`) ON DELETE CASCADE,
  CONSTRAINT `interview_participants_interview_id_foreign` FOREIGN KEY (`interview_id`) REFERENCES `interviews` (`id`) ON DELETE CASCADE
) ENGINE=InnoDB DEFAULT CHARSET=utf8mb4 COLLATE=utf8mb4_unicode_ci;

--
-- Dumping data for table `interview_participants`
--


--
-- Table structure for table `interviews`
--

CREATE TABLE `interviews` (
  `id` char(36) COLLATE utf8mb4_unicode_ci NOT NULL,
  `organisation_id` char(36) COLLATE utf8mb4_unicode_ci NOT NULL,
  `application_id` char(36) COLLATE utf8mb4_unicode_ci NOT NULL,
  `interviewer_id` char(36) COLLATE utf8mb4_unicode_ci DEFAULT NULL,
  `type` enum('phone','video','in‑person') COLLATE utf8mb4_unicode_ci NOT NULL DEFAULT 'phone',
  `status` enum('scheduled','completed','canceled','rescheduled') COLLATE utf8mb4_unicode_ci NOT NULL DEFAULT 'scheduled',
  `scheduled_at` timestamp NOT NULL,
  `duration` int NOT NULL COMMENT 'Duration in minutes',
  `location` varchar(255) COLLATE utf8mb4_unicode_ci DEFAULT NULL,
  `notes` text COLLATE utf8mb4_unicode_ci,
  `feedback` json DEFAULT NULL,
  `created_at` timestamp NULL DEFAULT NULL,
  `updated_at` timestamp NULL DEFAULT NULL,
  `deleted_at` timestamp NULL DEFAULT NULL,
  PRIMARY KEY (`id`),
  KEY `interviews_application_id_foreign` (`application_id`),
  KEY `interviews_interviewer_id_foreign` (`interviewer_id`),
  CONSTRAINT `interviews_application_id_foreign` FOREIGN KEY (`application_id`) REFERENCES `applications` (`id`) ON DELETE CASCADE,
  CONSTRAINT `interviews_interviewer_id_foreign` FOREIGN KEY (`interviewer_id`) REFERENCES `employees` (`id`) ON DELETE SET NULL
) ENGINE=InnoDB DEFAULT CHARSET=utf8mb4 COLLATE=utf8mb4_unicode_ci;

--
-- Dumping data for table `interviews`
--


--
-- Table structure for table `inventories`
--

CREATE TABLE `inventories` (
  `id` char(36) COLLATE utf8mb4_unicode_ci NOT NULL,
  `organisation_id` char(36) COLLATE utf8mb4_unicode_ci NOT NULL,
  `item_id` char(36) COLLATE utf8mb4_unicode_ci NOT NULL,
  `supplier_id` char(36) COLLATE utf8mb4_unicode_ci DEFAULT NULL,
  `ref_id` varchar(255) COLLATE utf8mb4_unicode_ci DEFAULT NULL,
  `warehouse_id` char(36) COLLATE utf8mb4_unicode_ci NOT NULL,
  `received_date` datetime NOT NULL DEFAULT CURRENT_TIMESTAMP,
  `quantity` decimal(10,2) NOT NULL DEFAULT '0.00',
  `damaged_quantity` decimal(10,2) NOT NULL DEFAULT '0.00',
  `reorder_level` int NOT NULL DEFAULT '10',
  `on_backorder` int NOT NULL DEFAULT '0',
  `expiry_date` date DEFAULT NULL,
  `reason_for_damage` varchar(255) COLLATE utf8mb4_unicode_ci DEFAULT NULL,
  `unique_id` varchar(255) COLLATE utf8mb4_unicode_ci DEFAULT NULL,
  `created_at` timestamp NULL DEFAULT NULL,
  `updated_at` timestamp NULL DEFAULT NULL,
  PRIMARY KEY (`id`),
  KEY `inventories_item_id_foreign` (`item_id`),
  KEY `inventories_supplier_id_foreign` (`supplier_id`),
  KEY `inventories_warehouse_id_foreign` (`warehouse_id`),
  CONSTRAINT `inventories_item_id_foreign` FOREIGN KEY (`item_id`) REFERENCES `items` (`id`) ON DELETE CASCADE,
  CONSTRAINT `inventories_supplier_id_foreign` FOREIGN KEY (`supplier_id`) REFERENCES `suppliers` (`id`) ON DELETE CASCADE,
  CONSTRAINT `inventories_warehouse_id_foreign` FOREIGN KEY (`warehouse_id`) REFERENCES `warehouses` (`id`) ON DELETE CASCADE
) ENGINE=InnoDB DEFAULT CHARSET=utf8mb4 COLLATE=utf8mb4_unicode_ci;

--
-- Dumping data for table `inventories`
--

INSERT INTO `inventories` VALUES ('4eafd2c9-c64e-438c-b183-fa961c93a7a5','6d09af6b-ca58-4967-bbb1-02d0ecafc7e9','eb766a58-04f7-419c-becf-e6b89743018c',NULL,NULL,'610a1eb7-54f9-47a8-9471-ccd7d4de2f37','2026-01-24 00:00:00',20.00,0.00,10,0,NULL,NULL,'INV-20260124-45205','2026-01-24 15:35:36','2026-01-28 18:15:18'),('a6c7f853-712b-4466-a23d-7cd88aff64a3','6d09af6b-ca58-4967-bbb1-02d0ecafc7e9','fc6d6e72-a3ef-47d1-a20b-78f819e42781','43212122-99c5-4089-8851-1b915ebe96c3',NULL,'610a1eb7-54f9-47a8-9471-ccd7d4de2f37','2026-01-24 00:00:00',49.00,0.00,10,0,NULL,NULL,'INV-20260124-59812','2026-01-24 15:26:22','2026-01-24 15:26:54');

--
-- Table structure for table `inventory_balances`
--

CREATE TABLE `inventory_balances` (
  `id` char(36) COLLATE utf8mb4_unicode_ci NOT NULL,
  `organisation_id` char(36) COLLATE utf8mb4_unicode_ci NOT NULL,
  `warehouse_id` char(36) COLLATE utf8mb4_unicode_ci NOT NULL,
  `item_id` char(36) COLLATE utf8mb4_unicode_ci NOT NULL,
  `uom_id` char(36) COLLATE utf8mb4_unicode_ci NOT NULL,
  `period_type` varchar(255) COLLATE utf8mb4_unicode_ci NOT NULL DEFAULT 'monthly',
  `period` varchar(255) COLLATE utf8mb4_unicode_ci DEFAULT NULL,
  `opening_balance` decimal(15,3) NOT NULL DEFAULT '0.000',
  `in_qty` decimal(15,3) NOT NULL DEFAULT '0.000',
  `out_qty` decimal(15,3) NOT NULL DEFAULT '0.000',
  `closing_balance` decimal(15,3) NOT NULL DEFAULT '0.000',
  `avg_unit_cost` decimal(15,4) DEFAULT NULL,
  `total_value` decimal(18,4) DEFAULT NULL,
  `created_at` timestamp NULL DEFAULT NULL,
  `updated_at` timestamp NULL DEFAULT NULL,
  PRIMARY KEY (`id`),
  UNIQUE KEY `unique_inventory_balance_period` (`organisation_id`,`warehouse_id`,`item_id`,`uom_id`,`period_type`,`period`),
  KEY `inventory_balances_warehouse_id_foreign` (`warehouse_id`),
  KEY `inventory_balances_item_id_foreign` (`item_id`),
  KEY `inventory_balances_uom_id_foreign` (`uom_id`),
  CONSTRAINT `inventory_balances_item_id_foreign` FOREIGN KEY (`item_id`) REFERENCES `items` (`id`) ON DELETE CASCADE,
  CONSTRAINT `inventory_balances_organisation_id_foreign` FOREIGN KEY (`organisation_id`) REFERENCES `organisations` (`id`) ON DELETE CASCADE,
  CONSTRAINT `inventory_balances_uom_id_foreign` FOREIGN KEY (`uom_id`) REFERENCES `unit_of_measures` (`id`) ON DELETE CASCADE,
  CONSTRAINT `inventory_balances_warehouse_id_foreign` FOREIGN KEY (`warehouse_id`) REFERENCES `warehouses` (`id`) ON DELETE CASCADE
) ENGINE=InnoDB DEFAULT CHARSET=utf8mb4 COLLATE=utf8mb4_unicode_ci;

--
-- Dumping data for table `inventory_balances`
--

INSERT INTO `inventory_balances` VALUES ('081b4fe1-1eb0-4014-baf1-a1f0f32dc2b0','6d09af6b-ca58-4967-bbb1-02d0ecafc7e9','610a1eb7-54f9-47a8-9471-ccd7d4de2f37','eb766a58-04f7-419c-becf-e6b89743018c','77510517-f24c-4113-851c-1d363904f2b8','monthly','2026-01',0.000,0.000,0.000,0.000,NULL,NULL,'2026-01-24 15:35:36','2026-01-28 18:15:18'),('5222c70e-0f5f-4e12-b7a0-0e43c3a5c5c7','6d09af6b-ca58-4967-bbb1-02d0ecafc7e9','610a1eb7-54f9-47a8-9471-ccd7d4de2f37','fc6d6e72-a3ef-47d1-a20b-78f819e42781','c9bfdf24-0d80-4cd1-b4c6-24148a379706','monthly','2026-01',0.000,0.000,0.000,0.000,NULL,NULL,'2026-01-24 15:26:22','2026-01-24 15:26:54');

--
-- Table structure for table `inventory_configs`
--

CREATE TABLE `inventory_configs` (
  `id` char(36) COLLATE utf8mb4_unicode_ci NOT NULL,
  `organisation_id` char(36) COLLATE utf8mb4_unicode_ci NOT NULL,
  `receipt_disclaimer` varchar(255) COLLATE utf8mb4_unicode_ci NOT NULL DEFAULT 'Goods once sold are not returned',
  `thankyou_message` varchar(255) COLLATE utf8mb4_unicode_ci NOT NULL DEFAULT 'Thank you for your business',
  `terms_and_conditions` varchar(255) COLLATE utf8mb4_unicode_ci DEFAULT NULL,
  `created_at` timestamp NULL DEFAULT NULL,
  `updated_at` timestamp NULL DEFAULT NULL,
  PRIMARY KEY (`id`)
) ENGINE=InnoDB DEFAULT CHARSET=utf8mb4 COLLATE=utf8mb4_unicode_ci;

--
-- Dumping data for table `inventory_configs`
--


--
-- Table structure for table `invoice_item_grn_matches`
--

CREATE TABLE `invoice_item_grn_matches` (
  `id` char(36) COLLATE utf8mb4_unicode_ci NOT NULL,
  `invoice_item_id` char(36) COLLATE utf8mb4_unicode_ci NOT NULL,
  `grn_item_id` char(36) COLLATE utf8mb4_unicode_ci NOT NULL,
  `matched_quantity` decimal(20,4) NOT NULL DEFAULT '0.0000',
  `matched_amount` decimal(20,2) NOT NULL DEFAULT '0.00',
  `created_at` timestamp NULL DEFAULT NULL,
  `updated_at` timestamp NULL DEFAULT NULL,
  PRIMARY KEY (`id`),
  UNIQUE KEY `invoice_item_grn_matches_invoice_item_id_grn_item_id_unique` (`invoice_item_id`,`grn_item_id`),
  KEY `invoice_item_grn_matches_grn_item_id_foreign` (`grn_item_id`),
  CONSTRAINT `invoice_item_grn_matches_grn_item_id_foreign` FOREIGN KEY (`grn_item_id`) REFERENCES `grn_items` (`id`) ON DELETE RESTRICT,
  CONSTRAINT `invoice_item_grn_matches_invoice_item_id_foreign` FOREIGN KEY (`invoice_item_id`) REFERENCES `purchase_invoice_items` (`id`) ON DELETE CASCADE
) ENGINE=InnoDB DEFAULT CHARSET=utf8mb4 COLLATE=utf8mb4_unicode_ci;

--
-- Dumping data for table `invoice_item_grn_matches`
--


--
-- Table structure for table `invoice_lines`
--

CREATE TABLE `invoice_lines` (
  `id` char(36) COLLATE utf8mb4_unicode_ci NOT NULL,
  `invoice_id` char(36) COLLATE utf8mb4_unicode_ci NOT NULL,
  `billable_id` char(36) COLLATE utf8mb4_unicode_ci NOT NULL,
  `item_type` enum('product','service','custom') COLLATE utf8mb4_unicode_ci NOT NULL,
  `item_id` char(36) COLLATE utf8mb4_unicode_ci DEFAULT NULL,
  `uom_id` char(36) COLLATE utf8mb4_unicode_ci DEFAULT NULL,
  `description` varchar(255) COLLATE utf8mb4_unicode_ci NOT NULL,
  `quantity` decimal(10,2) NOT NULL,
  `unit_price` decimal(20,2) NOT NULL,
  `tax_pct` decimal(15,2) NOT NULL,
  `line_total` decimal(20,2) NOT NULL,
  `created_at` timestamp NULL DEFAULT NULL,
  `updated_at` timestamp NULL DEFAULT NULL,
  `deleted_at` timestamp NULL DEFAULT NULL,
  PRIMARY KEY (`id`),
  KEY `invoice_lines_invoice_id_foreign` (`invoice_id`),
  KEY `invoice_lines_uom_id_foreign` (`uom_id`),
  KEY `invoice_lines_item_id_foreign` (`item_id`),
  CONSTRAINT `invoice_lines_invoice_id_foreign` FOREIGN KEY (`invoice_id`) REFERENCES `sale_invoices` (`id`) ON DELETE CASCADE,
  CONSTRAINT `invoice_lines_item_id_foreign` FOREIGN KEY (`item_id`) REFERENCES `items` (`id`) ON DELETE CASCADE,
  CONSTRAINT `invoice_lines_uom_id_foreign` FOREIGN KEY (`uom_id`) REFERENCES `unit_of_measures` (`id`) ON DELETE CASCADE
) ENGINE=InnoDB DEFAULT CHARSET=utf8mb4 COLLATE=utf8mb4_unicode_ci;

--
-- Dumping data for table `invoice_lines`
--


--
-- Table structure for table `invoice_number_sequences`
--

CREATE TABLE `invoice_number_sequences` (
  `id` char(36) COLLATE utf8mb4_unicode_ci NOT NULL,
  `organisation_id` char(36) COLLATE utf8mb4_unicode_ci NOT NULL,
  `prefix` varchar(255) COLLATE utf8mb4_unicode_ci DEFAULT NULL,
  `use_year_month` tinyint(1) NOT NULL DEFAULT '1',
  `use_branch_number` tinyint(1) NOT NULL DEFAULT '0',
  `last_sequence` int NOT NULL DEFAULT '0',
  `created_at` timestamp NULL DEFAULT NULL,
  `updated_at` timestamp NULL DEFAULT NULL,
  `deleted_at` timestamp NULL DEFAULT NULL,
  PRIMARY KEY (`id`),
  UNIQUE KEY `unique_invoice_sequence_per_org` (`organisation_id`)
) ENGINE=InnoDB DEFAULT CHARSET=utf8mb4 COLLATE=utf8mb4_unicode_ci;

--
-- Dumping data for table `invoice_number_sequences`
--

INSERT INTO `invoice_number_sequences` VALUES ('f60e87a6-26a9-4264-914c-4169f3b05876','6d09af6b-ca58-4967-bbb1-02d0ecafc7e9','PRN',1,0,0,NULL,NULL,NULL);

--
-- Table structure for table `item_categories`
--

CREATE TABLE `item_categories` (
  `id` char(36) COLLATE utf8mb4_unicode_ci NOT NULL,
  `organisation_id` char(36) COLLATE utf8mb4_unicode_ci NOT NULL,
  `is_final_product` tinyint(1) NOT NULL DEFAULT '1',
  `name` varchar(255) COLLATE utf8mb4_unicode_ci NOT NULL,
  `parent_id` char(36) COLLATE utf8mb4_unicode_ci DEFAULT NULL,
  `description` varchar(255) COLLATE utf8mb4_unicode_ci DEFAULT NULL,
  `created_at` timestamp NULL DEFAULT NULL,
  `updated_at` timestamp NULL DEFAULT NULL,
  PRIMARY KEY (`id`)
) ENGINE=InnoDB DEFAULT CHARSET=utf8mb4 COLLATE=utf8mb4_unicode_ci;

--
-- Dumping data for table `item_categories`
--

INSERT INTO `item_categories` VALUES ('066fc5b7-c8a1-4be4-b76b-edaabbfe4104','6d09af6b-ca58-4967-bbb1-02d0ecafc7e9',1,'FUEL',NULL,NULL,'2026-01-21 07:38:06','2026-01-21 07:38:06'),('56ea8234-f3ed-4489-afe7-ad66fca9411c','6d09af6b-ca58-4967-bbb1-02d0ecafc7e9',0,'FOOD AND BEVERAGE',NULL,NULL,'2026-01-20 13:31:46','2026-01-20 16:41:31'),('7a023cba-7564-4e1c-8186-77b318a920e8','6d09af6b-ca58-4967-bbb1-02d0ecafc7e9',0,'HARDWARE',NULL,NULL,'2026-01-20 13:31:24','2026-01-20 13:31:24'),('92ed3230-3ac4-43cc-b21c-d25ec8b1a083','6d09af6b-ca58-4967-bbb1-02d0ecafc7e9',1,'STATIONERY',NULL,NULL,'2026-01-20 02:08:22','2026-01-20 02:08:22'),('b8ebae78-09a7-46b2-a1a6-b3fc73f47034','6d09af6b-ca58-4967-bbb1-02d0ecafc7e9',0,'SPARE PARTS AND LUBRICANTS',NULL,'S P L','2026-01-20 16:22:11','2026-01-20 16:22:11'),('e767556d-0968-4bd6-9582-e8bf41612fda','6d09af6b-ca58-4967-bbb1-02d0ecafc7e9',1,'MBEGU NA VIATILIFU',NULL,'CROPS','2026-01-21 07:34:27','2026-01-21 07:34:27'),('f6c5926a-86ea-417e-a84e-28925b36b269','6d09af6b-ca58-4967-bbb1-02d0ecafc7e9',0,'SANITARY ITEMS',NULL,NULL,'2026-01-20 13:32:18','2026-01-20 13:32:18');

--
-- Table structure for table `item_deliveries`
--

CREATE TABLE `item_deliveries` (
  `id` char(36) COLLATE utf8mb4_unicode_ci NOT NULL,
  `organisation_id` char(36) COLLATE utf8mb4_unicode_ci NOT NULL,
  `supplier_id` char(36) COLLATE utf8mb4_unicode_ci NOT NULL,
  `item_id` char(36) COLLATE utf8mb4_unicode_ci NOT NULL,
  `warehouse_id` char(36) COLLATE utf8mb4_unicode_ci NOT NULL,
  `delivery_date` date NOT NULL,
  `quantity` decimal(10,2) NOT NULL,
  `uom_id` char(36) COLLATE utf8mb4_unicode_ci NOT NULL,
  `status` enum('received','qa_done','partially_paid','paid') COLLATE utf8mb4_unicode_ci NOT NULL DEFAULT 'received',
  `final_purchase_price` double NOT NULL DEFAULT '0',
  `notes` text COLLATE utf8mb4_unicode_ci,
  `unique_id` varchar(255) COLLATE utf8mb4_unicode_ci DEFAULT NULL,
  `date_paid` date DEFAULT NULL,
  `created_at` timestamp NULL DEFAULT NULL,
  `updated_at` timestamp NULL DEFAULT NULL,
  `deleted_at` timestamp NULL DEFAULT NULL,
  PRIMARY KEY (`id`),
  KEY `item_deliveries_supplier_id_foreign` (`supplier_id`),
  KEY `item_deliveries_item_id_foreign` (`item_id`),
  KEY `item_deliveries_uom_id_foreign` (`uom_id`),
  KEY `item_deliveries_warehouse_id_foreign` (`warehouse_id`),
  CONSTRAINT `item_deliveries_item_id_foreign` FOREIGN KEY (`item_id`) REFERENCES `items` (`id`) ON DELETE CASCADE,
  CONSTRAINT `item_deliveries_supplier_id_foreign` FOREIGN KEY (`supplier_id`) REFERENCES `suppliers` (`id`) ON DELETE CASCADE,
  CONSTRAINT `item_deliveries_uom_id_foreign` FOREIGN KEY (`uom_id`) REFERENCES `unit_of_measures` (`id`) ON DELETE CASCADE,
  CONSTRAINT `item_deliveries_warehouse_id_foreign` FOREIGN KEY (`warehouse_id`) REFERENCES `warehouses` (`id`) ON DELETE CASCADE
) ENGINE=InnoDB DEFAULT CHARSET=utf8mb4 COLLATE=utf8mb4_unicode_ci;

--
-- Dumping data for table `item_deliveries`
--


--
-- Table structure for table `item_delivery_settlements`
--

CREATE TABLE `item_delivery_settlements` (
  `id` char(36) COLLATE utf8mb4_unicode_ci NOT NULL,
  `organisation_id` char(36) COLLATE utf8mb4_unicode_ci NOT NULL,
  `delivery_id` char(36) COLLATE utf8mb4_unicode_ci NOT NULL,
  `good_beans_rate` decimal(10,2) NOT NULL DEFAULT '0.00',
  `good_beans_cost` decimal(10,2) NOT NULL DEFAULT '0.00',
  `good_beans_cost_per_kg` decimal(10,2) NOT NULL,
  `defects_cost_per_kg` decimal(10,2) NOT NULL,
  `defect_rate` decimal(10,2) NOT NULL,
  `defect_calculated_price` decimal(10,2) NOT NULL,
  `moisture_cost_per_kg` decimal(10,2) NOT NULL,
  `moisture_percentage` decimal(10,2) NOT NULL,
  `preparation_cost` decimal(10,2) NOT NULL DEFAULT '0.00',
  `unit_price` decimal(10,2) NOT NULL DEFAULT '0.00',
  `total_payable` decimal(12,2) NOT NULL DEFAULT '0.00',
  `total_paid` decimal(12,2) NOT NULL DEFAULT '0.00',
  `balance` decimal(12,2) GENERATED ALWAYS AS ((`total_payable` - `total_paid`)) STORED,
  `date_paid` date DEFAULT NULL,
  `approval_remarks` varchar(255) COLLATE utf8mb4_unicode_ci DEFAULT NULL,
  `approved_by` char(36) COLLATE utf8mb4_unicode_ci DEFAULT NULL,
  `added_by` char(36) COLLATE utf8mb4_unicode_ci DEFAULT NULL,
  `is_manually_adjusted` tinyint(1) NOT NULL DEFAULT '0',
  `manually_adjusted_by` char(36) COLLATE utf8mb4_unicode_ci DEFAULT NULL,
  `status` enum('pending','approved','partially_settled','settled') COLLATE utf8mb4_unicode_ci NOT NULL DEFAULT 'pending',
  `created_at` timestamp NULL DEFAULT NULL,
  `updated_at` timestamp NULL DEFAULT NULL,
  `deleted_at` timestamp NULL DEFAULT NULL,
  PRIMARY KEY (`id`),
  UNIQUE KEY `item_delivery_settlements_delivery_id_unique` (`delivery_id`),
  KEY `item_delivery_settlements_approved_by_foreign` (`approved_by`),
  KEY `item_delivery_settlements_manually_adjusted_by_foreign` (`manually_adjusted_by`),
  KEY `item_delivery_settlements_added_by_foreign` (`added_by`),
  CONSTRAINT `item_delivery_settlements_added_by_foreign` FOREIGN KEY (`added_by`) REFERENCES `employees` (`id`) ON DELETE CASCADE,
  CONSTRAINT `item_delivery_settlements_approved_by_foreign` FOREIGN KEY (`approved_by`) REFERENCES `employees` (`id`) ON DELETE CASCADE,
  CONSTRAINT `item_delivery_settlements_delivery_id_foreign` FOREIGN KEY (`delivery_id`) REFERENCES `item_deliveries` (`id`) ON DELETE CASCADE,
  CONSTRAINT `item_delivery_settlements_manually_adjusted_by_foreign` FOREIGN KEY (`manually_adjusted_by`) REFERENCES `employees` (`id`) ON DELETE CASCADE
) ENGINE=InnoDB DEFAULT CHARSET=utf8mb4 COLLATE=utf8mb4_unicode_ci;

--
-- Dumping data for table `item_delivery_settlements`
--


--
-- Table structure for table `item_images`
--

CREATE TABLE `item_images` (
  `id` char(36) COLLATE utf8mb4_unicode_ci NOT NULL,
  `item_id` char(36) COLLATE utf8mb4_unicode_ci NOT NULL,
  `image_url` varchar(255) COLLATE utf8mb4_unicode_ci NOT NULL,
  `created_at` timestamp NULL DEFAULT NULL,
  `updated_at` timestamp NULL DEFAULT NULL,
  PRIMARY KEY (`id`),
  KEY `item_images_item_id_foreign` (`item_id`),
  CONSTRAINT `item_images_item_id_foreign` FOREIGN KEY (`item_id`) REFERENCES `items` (`id`) ON DELETE CASCADE
) ENGINE=InnoDB DEFAULT CHARSET=utf8mb4 COLLATE=utf8mb4_unicode_ci;

--
-- Dumping data for table `item_images`
--


--
-- Table structure for table `item_variant_images`
--

CREATE TABLE `item_variant_images` (
  `id` char(36) COLLATE utf8mb4_unicode_ci NOT NULL,
  `item_variant_id` char(36) COLLATE utf8mb4_unicode_ci NOT NULL,
  `image_url` varchar(255) COLLATE utf8mb4_unicode_ci NOT NULL,
  `created_at` timestamp NULL DEFAULT NULL,
  `updated_at` timestamp NULL DEFAULT NULL,
  PRIMARY KEY (`id`),
  KEY `item_variant_images_item_variant_id_foreign` (`item_variant_id`),
  CONSTRAINT `item_variant_images_item_variant_id_foreign` FOREIGN KEY (`item_variant_id`) REFERENCES `item_variants` (`id`) ON DELETE CASCADE
) ENGINE=InnoDB DEFAULT CHARSET=utf8mb4 COLLATE=utf8mb4_unicode_ci;

--
-- Dumping data for table `item_variant_images`
--


--
-- Table structure for table `item_variants`
--

CREATE TABLE `item_variants` (
  `id` char(36) COLLATE utf8mb4_unicode_ci NOT NULL,
  `item_id` char(36) COLLATE utf8mb4_unicode_ci NOT NULL,
  `sku` varchar(255) COLLATE utf8mb4_unicode_ci DEFAULT NULL,
  `price` decimal(10,2) DEFAULT NULL,
  `stock` int NOT NULL DEFAULT '0',
  `attributes` json DEFAULT NULL,
  `created_at` timestamp NULL DEFAULT NULL,
  `updated_at` timestamp NULL DEFAULT NULL,
  PRIMARY KEY (`id`),
  UNIQUE KEY `item_variants_sku_unique` (`sku`),
  KEY `item_variants_item_id_foreign` (`item_id`),
  CONSTRAINT `item_variants_item_id_foreign` FOREIGN KEY (`item_id`) REFERENCES `items` (`id`) ON DELETE CASCADE
) ENGINE=InnoDB DEFAULT CHARSET=utf8mb4 COLLATE=utf8mb4_unicode_ci;

--
-- Dumping data for table `item_variants`
--


--
-- Table structure for table `items`
--

CREATE TABLE `items` (
  `id` char(36) COLLATE utf8mb4_unicode_ci NOT NULL,
  `item_category_id` char(36) COLLATE utf8mb4_unicode_ci NOT NULL,
  `organisation_id` char(36) COLLATE utf8mb4_unicode_ci NOT NULL,
  `unit_of_measure_id` char(36) COLLATE utf8mb4_unicode_ci NOT NULL,
  `brand_id` char(36) COLLATE utf8mb4_unicode_ci DEFAULT NULL,
  `name` varchar(255) COLLATE utf8mb4_unicode_ci NOT NULL,
  `cost_price` decimal(10,2) NOT NULL DEFAULT '0.00',
  `selling_price` decimal(10,2) NOT NULL DEFAULT '0.00',
  `reference` varchar(255) COLLATE utf8mb4_unicode_ci DEFAULT NULL,
  `barcode` varchar(255) COLLATE utf8mb4_unicode_ci DEFAULT NULL,
  `stock_alert_level` varchar(255) COLLATE utf8mb4_unicode_ci DEFAULT NULL,
  `sku_unit` varchar(255) COLLATE utf8mb4_unicode_ci DEFAULT NULL,
  `shell_life` int NOT NULL DEFAULT '30',
  `description` text COLLATE utf8mb4_unicode_ci,
  `created_at` timestamp NULL DEFAULT NULL,
  `updated_at` timestamp NULL DEFAULT NULL,
  PRIMARY KEY (`id`),
  KEY `items_item_category_id_foreign` (`item_category_id`),
  KEY `items_unit_of_measure_id_foreign` (`unit_of_measure_id`),
  KEY `items_brand_id_foreign` (`brand_id`),
  CONSTRAINT `items_brand_id_foreign` FOREIGN KEY (`brand_id`) REFERENCES `brands` (`id`) ON DELETE CASCADE,
  CONSTRAINT `items_item_category_id_foreign` FOREIGN KEY (`item_category_id`) REFERENCES `item_categories` (`id`) ON DELETE CASCADE,
  CONSTRAINT `items_unit_of_measure_id_foreign` FOREIGN KEY (`unit_of_measure_id`) REFERENCES `unit_of_measures` (`id`) ON DELETE CASCADE
) ENGINE=InnoDB DEFAULT CHARSET=utf8mb4 COLLATE=utf8mb4_unicode_ci;

--
-- Dumping data for table `items`
--

INSERT INTO `items` VALUES ('0a40237d-6f64-4192-99a6-d0b36bd29ad0','92ed3230-3ac4-43cc-b21c-d25ec8b1a083','6d09af6b-ca58-4967-bbb1-02d0ecafc7e9','c9bfdf24-0d80-4cd1-b4c6-24148a379706',NULL,'TONNER CE 285A',180000.00,180000.00,NULL,NULL,'3',NULL,10000000,NULL,'2026-01-20 16:06:16','2026-01-20 16:06:16'),('42d0bb16-5d16-46b7-8096-1522cab04b39','92ed3230-3ac4-43cc-b21c-d25ec8b1a083','6d09af6b-ca58-4967-bbb1-02d0ecafc7e9','77510517-f24c-4113-851c-1d363904f2b8',NULL,'TRANSPARENT PAPER',20000.00,20000.00,NULL,NULL,'3',NULL,100000000,'A4','2026-01-20 16:07:18','2026-01-20 16:07:18'),('655705c1-63f6-4dc7-934c-c54bb46fed7e','92ed3230-3ac4-43cc-b21c-d25ec8b1a083','6d09af6b-ca58-4967-bbb1-02d0ecafc7e9','c9bfdf24-0d80-4cd1-b4c6-24148a379706',NULL,'BAHASHA A6 (ENVELOPE )',50.00,50.00,NULL,NULL,'10',NULL,1000000,NULL,'2026-01-20 16:15:48','2026-01-20 16:15:48'),('7e624704-bde8-4da0-9eb7-ad1e881d13ed','92ed3230-3ac4-43cc-b21c-d25ec8b1a083','6d09af6b-ca58-4967-bbb1-02d0ecafc7e9','c9bfdf24-0d80-4cd1-b4c6-24148a379706',NULL,'TONNER CEXV 33',60000.00,60000.00,NULL,NULL,'3',NULL,1000000,NULL,'2026-01-20 16:04:00','2026-01-20 16:04:00'),('8c0f8ca8-bf0d-43ab-be70-560d702c28f3','56ea8234-f3ed-4489-afe7-ad66fca9411c','6d09af6b-ca58-4967-bbb1-02d0ecafc7e9','c1d2fc81-ad85-4e55-a9d0-738c47c7042c',NULL,'WATER',3500.00,3500.00,NULL,NULL,'3',NULL,1000000,NULL,'2026-01-20 16:45:31','2026-01-20 16:45:31'),('8e8c0df4-5931-4e30-833f-74e26b3aeb58','e767556d-0968-4bd6-9582-e8bf41612fda','6d09af6b-ca58-4967-bbb1-02d0ecafc7e9','5cb3d985-bf20-4635-8e02-ca4021850d21',NULL,'ALIZET',7000.00,7000.00,NULL,NULL,'20',NULL,10000000,NULL,'2026-01-21 07:36:09','2026-01-21 07:36:09'),('aee539a2-dca0-4beb-9e50-0ea0fa11977e','066fc5b7-c8a1-4be4-b76b-edaabbfe4104','6d09af6b-ca58-4967-bbb1-02d0ecafc7e9','07828905-bc3a-4753-83db-f631f603050f',NULL,'DIESEL FUEL',3000.00,3000.00,NULL,NULL,'3',NULL,100000000,NULL,'2026-01-21 07:39:00','2026-01-21 07:39:00'),('bcf0f11e-a03d-4644-a909-595986d8d134','92ed3230-3ac4-43cc-b21c-d25ec8b1a083','6d09af6b-ca58-4967-bbb1-02d0ecafc7e9','77510517-f24c-4113-851c-1d363904f2b8',NULL,'PLANE PAPER',5000.00,5000.00,NULL,NULL,'4',NULL,10000000,'A4','2026-01-20 15:57:06','2026-01-20 15:57:06'),('ce2749e9-3fc6-4743-b96b-e163c0a16253','b8ebae78-09a7-46b2-a1a6-b3fc73f47034','6d09af6b-ca58-4967-bbb1-02d0ecafc7e9','c9bfdf24-0d80-4cd1-b4c6-24148a379706',NULL,'BREAK PAD',55000.00,55000.00,NULL,NULL,'3',NULL,10000000,NULL,'2026-01-20 16:25:28','2026-01-20 16:25:28'),('df873c67-724d-4bac-befb-3b44bb59ce42','92ed3230-3ac4-43cc-b21c-d25ec8b1a083','6d09af6b-ca58-4967-bbb1-02d0ecafc7e9','77510517-f24c-4113-851c-1d363904f2b8',NULL,'LEGAL PAPER',18000.00,18000.00,NULL,NULL,'4',NULL,100000000,'A4','2026-01-20 15:58:49','2026-01-20 15:58:49'),('e3c83c5f-bb6c-4f73-9a9b-92d5dbf23f0a','92ed3230-3ac4-43cc-b21c-d25ec8b1a083','6d09af6b-ca58-4967-bbb1-02d0ecafc7e9','c9bfdf24-0d80-4cd1-b4c6-24148a379706',NULL,'BAHASHA ( ENVELOPE )   A3',300.00,300.00,'undefined','undefined','3','undefined',10000000,'undefined','2026-01-20 16:12:31','2026-01-20 16:13:19'),('eafbd702-c7ae-4800-97d8-1dbad407168d','b8ebae78-09a7-46b2-a1a6-b3fc73f47034','6d09af6b-ca58-4967-bbb1-02d0ecafc7e9','d171cb80-707d-410e-a4c1-fd31c2f1d052',NULL,'CC  OIL  ( 5 )',40000.00,40000.00,NULL,NULL,'3',NULL,10000000,NULL,'2026-01-20 16:33:55','2026-01-20 16:33:55'),('eb766a58-04f7-419c-becf-e6b89743018c','92ed3230-3ac4-43cc-b21c-d25ec8b1a083','6d09af6b-ca58-4967-bbb1-02d0ecafc7e9','77510517-f24c-4113-851c-1d363904f2b8',NULL,'BOX FILE',5000.00,5000.00,NULL,NULL,'4',NULL,1000000000,'BOX','2026-01-20 15:59:41','2026-01-20 15:59:41'),('f218da8f-9e7d-481e-9222-e71c38380bce','92ed3230-3ac4-43cc-b21c-d25ec8b1a083','6d09af6b-ca58-4967-bbb1-02d0ecafc7e9','c9bfdf24-0d80-4cd1-b4c6-24148a379706',NULL,'FLAT FILE',4000.00,4000.00,NULL,NULL,'4',NULL,10000000,NULL,'2026-01-20 16:00:39','2026-01-20 16:00:39'),('fc6d6e72-a3ef-47d1-a20b-78f819e42781','92ed3230-3ac4-43cc-b21c-d25ec8b1a083','6d09af6b-ca58-4967-bbb1-02d0ecafc7e9','c9bfdf24-0d80-4cd1-b4c6-24148a379706',NULL,'BAHASHA A5 ( ENVOLOPE)',100.00,100.00,NULL,NULL,'3',NULL,10000000,NULL,'2026-01-20 16:14:24','2026-01-20 16:14:24');

--
-- Table structure for table `job_applications`
--

CREATE TABLE `job_applications` (
  `id` char(36) COLLATE utf8mb4_unicode_ci NOT NULL,
  `organisation_id` char(36) COLLATE utf8mb4_unicode_ci NOT NULL,
  `recruitment_id` char(36) COLLATE utf8mb4_unicode_ci NOT NULL,
  `applicant_name` varchar(255) COLLATE utf8mb4_unicode_ci NOT NULL,
  `email` varchar(255) COLLATE utf8mb4_unicode_ci DEFAULT NULL,
  `phone` varchar(20) COLLATE utf8mb4_unicode_ci DEFAULT NULL,
  `resume` text COLLATE utf8mb4_unicode_ci,
  `status` enum('Applied','Interviewed','Hired','Rejected') COLLATE utf8mb4_unicode_ci NOT NULL DEFAULT 'Applied',
  `created_at` timestamp NULL DEFAULT NULL,
  `updated_at` timestamp NULL DEFAULT NULL,
  PRIMARY KEY (`id`),
  KEY `job_applications_recruitment_id_foreign` (`recruitment_id`),
  CONSTRAINT `job_applications_recruitment_id_foreign` FOREIGN KEY (`recruitment_id`) REFERENCES `recruitments` (`id`) ON DELETE CASCADE
) ENGINE=InnoDB DEFAULT CHARSET=utf8mb4 COLLATE=utf8mb4_unicode_ci;

--
-- Dumping data for table `job_applications`
--


--
-- Table structure for table `job_boards`
--

CREATE TABLE `job_boards` (
  `id` char(36) COLLATE utf8mb4_unicode_ci NOT NULL,
  `organisation_id` char(36) COLLATE utf8mb4_unicode_ci NOT NULL,
  `name` varchar(255) COLLATE utf8mb4_unicode_ci NOT NULL,
  `type` varchar(255) COLLATE utf8mb4_unicode_ci NOT NULL COMMENT 'internal, external, aggregator',
  `base_url` varchar(255) COLLATE utf8mb4_unicode_ci DEFAULT NULL,
  `is_active` tinyint(1) NOT NULL DEFAULT '1',
  `created_at` timestamp NULL DEFAULT NULL,
  `updated_at` timestamp NULL DEFAULT NULL,
  `deleted_at` timestamp NULL DEFAULT NULL,
  PRIMARY KEY (`id`)
) ENGINE=InnoDB DEFAULT CHARSET=utf8mb4 COLLATE=utf8mb4_unicode_ci;

--
-- Dumping data for table `job_boards`
--


--
-- Table structure for table `job_descriptions`
--

CREATE TABLE `job_descriptions` (
  `id` char(36) COLLATE utf8mb4_unicode_ci NOT NULL,
  `organisation_id` char(36) COLLATE utf8mb4_unicode_ci NOT NULL,
  `designation_id` char(36) COLLATE utf8mb4_unicode_ci NOT NULL,
  `description` text COLLATE utf8mb4_unicode_ci NOT NULL,
  `created_at` timestamp NULL DEFAULT NULL,
  `updated_at` timestamp NULL DEFAULT NULL,
  PRIMARY KEY (`id`),
  KEY `job_descriptions_designation_id_foreign` (`designation_id`),
  CONSTRAINT `job_descriptions_designation_id_foreign` FOREIGN KEY (`designation_id`) REFERENCES `designations` (`id`) ON DELETE CASCADE
) ENGINE=InnoDB DEFAULT CHARSET=utf8mb4 COLLATE=utf8mb4_unicode_ci;

--
-- Dumping data for table `job_descriptions`
--


--
-- Table structure for table `job_distributions`
--

CREATE TABLE `job_distributions` (
  `id` char(36) COLLATE utf8mb4_unicode_ci NOT NULL,
  `organisation_id` char(36) COLLATE utf8mb4_unicode_ci NOT NULL,
  `job_order_id` char(36) COLLATE utf8mb4_unicode_ci NOT NULL,
  `job_board_id` char(36) COLLATE utf8mb4_unicode_ci NOT NULL,
  `distributed_by` char(36) COLLATE utf8mb4_unicode_ci NOT NULL,
  `external_reference_id` varchar(255) COLLATE utf8mb4_unicode_ci DEFAULT NULL,
  `status` enum('pending','active') COLLATE utf8mb4_unicode_ci NOT NULL DEFAULT 'pending',
  `posted_at` timestamp NULL DEFAULT NULL,
  `removed_at` timestamp NULL DEFAULT NULL,
  `distribution_metadata` json DEFAULT NULL,
  `notes` text COLLATE utf8mb4_unicode_ci,
  `created_at` timestamp NULL DEFAULT NULL,
  `updated_at` timestamp NULL DEFAULT NULL,
  `deleted_at` timestamp NULL DEFAULT NULL,
  PRIMARY KEY (`id`),
  KEY `job_distributions_job_order_id_foreign` (`job_order_id`),
  KEY `job_distributions_job_board_id_foreign` (`job_board_id`),
  KEY `job_distributions_distributed_by_foreign` (`distributed_by`),
  CONSTRAINT `job_distributions_distributed_by_foreign` FOREIGN KEY (`distributed_by`) REFERENCES `employees` (`id`) ON DELETE CASCADE,
  CONSTRAINT `job_distributions_job_board_id_foreign` FOREIGN KEY (`job_board_id`) REFERENCES `job_boards` (`id`) ON DELETE CASCADE,
  CONSTRAINT `job_distributions_job_order_id_foreign` FOREIGN KEY (`job_order_id`) REFERENCES `job_orders` (`id`) ON DELETE CASCADE
) ENGINE=InnoDB DEFAULT CHARSET=utf8mb4 COLLATE=utf8mb4_unicode_ci;

--
-- Dumping data for table `job_distributions`
--


--
-- Table structure for table `job_orders`
--

CREATE TABLE `job_orders` (
  `id` char(36) COLLATE utf8mb4_unicode_ci NOT NULL,
  `organisation_id` char(36) COLLATE utf8mb4_unicode_ci NOT NULL,
  `company_id` char(36) COLLATE utf8mb4_unicode_ci NOT NULL,
  `job_order_no` varchar(255) COLLATE utf8mb4_unicode_ci NOT NULL,
  `manager_id` char(36) COLLATE utf8mb4_unicode_ci DEFAULT NULL,
  `title` varchar(255) COLLATE utf8mb4_unicode_ci NOT NULL,
  `description` text COLLATE utf8mb4_unicode_ci,
  `requirements` text COLLATE utf8mb4_unicode_ci,
  `employment_type` enum('full-time','part-time','contract','temporary','internship') COLLATE utf8mb4_unicode_ci NOT NULL DEFAULT 'full-time',
  `priority` enum('low','medium','high','critical') COLLATE utf8mb4_unicode_ci NOT NULL DEFAULT 'medium',
  `status` enum('draft','open','on-hold','filled','cancelled') COLLATE utf8mb4_unicode_ci NOT NULL DEFAULT 'draft',
  `positions` int NOT NULL DEFAULT '1',
  `positions_filled` int NOT NULL DEFAULT '0',
  `start_date` date DEFAULT NULL,
  `end_date` date DEFAULT NULL,
  `deadline` date DEFAULT NULL,
  `location_type` varchar(255) COLLATE utf8mb4_unicode_ci NOT NULL DEFAULT 'onsite',
  `location_details` varchar(255) COLLATE utf8mb4_unicode_ci DEFAULT NULL,
  `created_at` timestamp NULL DEFAULT NULL,
  `updated_at` timestamp NULL DEFAULT NULL,
  `deleted_at` timestamp NULL DEFAULT NULL,
  PRIMARY KEY (`id`),
  KEY `job_orders_company_id_foreign` (`company_id`),
  KEY `job_orders_manager_id_foreign` (`manager_id`),
  CONSTRAINT `job_orders_company_id_foreign` FOREIGN KEY (`company_id`) REFERENCES `companies` (`id`) ON DELETE CASCADE,
  CONSTRAINT `job_orders_manager_id_foreign` FOREIGN KEY (`manager_id`) REFERENCES `employees` (`id`) ON DELETE SET NULL
) ENGINE=InnoDB DEFAULT CHARSET=utf8mb4 COLLATE=utf8mb4_unicode_ci;

--
-- Dumping data for table `job_orders`
--


--
-- Table structure for table `job_transfers`
--

CREATE TABLE `job_transfers` (
  `id` char(36) COLLATE utf8mb4_unicode_ci NOT NULL,
  `organisation_id` char(36) COLLATE utf8mb4_unicode_ci NOT NULL,
  `employee_id` char(36) COLLATE utf8mb4_unicode_ci NOT NULL,
  `from_designation_id` char(36) COLLATE utf8mb4_unicode_ci NOT NULL,
  `to_designation_id` char(36) COLLATE utf8mb4_unicode_ci NOT NULL,
  `transfer_date` date NOT NULL,
  `reason` text COLLATE utf8mb4_unicode_ci,
  `created_at` timestamp NULL DEFAULT NULL,
  `updated_at` timestamp NULL DEFAULT NULL,
  PRIMARY KEY (`id`),
  KEY `job_transfers_employee_id_foreign` (`employee_id`),
  KEY `job_transfers_from_designation_id_foreign` (`from_designation_id`),
  KEY `job_transfers_to_designation_id_foreign` (`to_designation_id`),
  CONSTRAINT `job_transfers_employee_id_foreign` FOREIGN KEY (`employee_id`) REFERENCES `employees` (`id`) ON DELETE CASCADE,
  CONSTRAINT `job_transfers_from_designation_id_foreign` FOREIGN KEY (`from_designation_id`) REFERENCES `designations` (`id`) ON DELETE CASCADE,
  CONSTRAINT `job_transfers_to_designation_id_foreign` FOREIGN KEY (`to_designation_id`) REFERENCES `designations` (`id`) ON DELETE CASCADE
) ENGINE=InnoDB DEFAULT CHARSET=utf8mb4 COLLATE=utf8mb4_unicode_ci;

--
-- Dumping data for table `job_transfers`
--


--
-- Table structure for table `jobs`
--

CREATE TABLE `jobs` (
  `id` bigint unsigned NOT NULL AUTO_INCREMENT,
  `queue` varchar(255) COLLATE utf8mb4_unicode_ci NOT NULL,
  `payload` longtext COLLATE utf8mb4_unicode_ci NOT NULL,
  `attempts` tinyint unsigned NOT NULL,
  `reserved_at` int unsigned DEFAULT NULL,
  `available_at` int unsigned NOT NULL,
  `created_at` int unsigned NOT NULL,
  PRIMARY KEY (`id`),
  KEY `jobs_queue_index` (`queue`)
) ENGINE=InnoDB DEFAULT CHARSET=utf8mb4 COLLATE=utf8mb4_unicode_ci;

--
-- Dumping data for table `jobs`
--


--
-- Table structure for table `journal_line_transactions`
--

CREATE TABLE `journal_line_transactions` (
  `id` char(36) COLLATE utf8mb4_unicode_ci NOT NULL,
  `journal_transaction_id` char(36) COLLATE utf8mb4_unicode_ci NOT NULL,
  `amount` double NOT NULL,
  `currency_rate` decimal(15,4) DEFAULT NULL,
  `base_currency_amount` decimal(20,4) GENERATED ALWAYS AS ((`amount` * `currency_rate`)) STORED,
  `currency_id` char(36) COLLATE utf8mb4_unicode_ci NOT NULL,
  `base_currency_id` char(36) COLLATE utf8mb4_unicode_ci NOT NULL,
  `transaction_date` timestamp NOT NULL DEFAULT CURRENT_TIMESTAMP,
  `unique_id` varchar(255) COLLATE utf8mb4_unicode_ci DEFAULT NULL,
  `created_by` char(36) COLLATE utf8mb4_unicode_ci DEFAULT NULL,
  `credit_account_id` bigint unsigned DEFAULT NULL,
  `debit_account_id` bigint unsigned DEFAULT NULL,
  `status` enum('draft','posted','reconciled') COLLATE utf8mb4_unicode_ci NOT NULL DEFAULT 'posted',
  `reconciled_by` char(36) COLLATE utf8mb4_unicode_ci DEFAULT NULL,
  `reconciled_at` timestamp NULL DEFAULT NULL,
  `is_reconciled` tinyint(1) NOT NULL DEFAULT '0',
  `bank_reconciliation_id` char(36) COLLATE utf8mb4_unicode_ci DEFAULT NULL,
  `deleted_at` timestamp NULL DEFAULT NULL,
  `created_at` timestamp NULL DEFAULT NULL,
  `updated_at` timestamp NULL DEFAULT NULL,
  PRIMARY KEY (`id`),
  KEY `journal_line_transactions_credit_account_id_foreign` (`credit_account_id`),
  KEY `journal_line_transactions_debit_account_id_foreign` (`debit_account_id`),
  KEY `journal_line_transactions_currency_id_foreign` (`currency_id`),
  KEY `journal_line_transactions_base_currency_id_foreign` (`base_currency_id`),
  KEY `journal_line_transactions_created_by_foreign` (`created_by`),
  KEY `journal_line_transactions_journal_transaction_id_index` (`journal_transaction_id`),
  CONSTRAINT `journal_line_transactions_base_currency_id_foreign` FOREIGN KEY (`base_currency_id`) REFERENCES `currencies` (`id`) ON DELETE CASCADE,
  CONSTRAINT `journal_line_transactions_created_by_foreign` FOREIGN KEY (`created_by`) REFERENCES `employees` (`id`) ON DELETE CASCADE,
  CONSTRAINT `journal_line_transactions_credit_account_id_foreign` FOREIGN KEY (`credit_account_id`) REFERENCES `chart_of_accounts` (`id`),
  CONSTRAINT `journal_line_transactions_currency_id_foreign` FOREIGN KEY (`currency_id`) REFERENCES `currencies` (`id`) ON DELETE CASCADE,
  CONSTRAINT `journal_line_transactions_debit_account_id_foreign` FOREIGN KEY (`debit_account_id`) REFERENCES `chart_of_accounts` (`id`),
  CONSTRAINT `journal_line_transactions_journal_transaction_id_foreign` FOREIGN KEY (`journal_transaction_id`) REFERENCES `journal_transactions` (`id`) ON DELETE CASCADE
) ENGINE=InnoDB DEFAULT CHARSET=utf8mb4 COLLATE=utf8mb4_unicode_ci;

--
-- Dumping data for table `journal_line_transactions`
--

INSERT INTO `journal_line_transactions` (`id`, `journal_transaction_id`, `amount`, `currency_rate`, `currency_id`, `base_currency_id`, `transaction_date`, `unique_id`, `created_by`, `credit_account_id`, `debit_account_id`, `status`, `reconciled_by`, `reconciled_at`, `is_reconciled`, `bank_reconciliation_id`, `deleted_at`, `created_at`, `updated_at`) VALUES ('00029a95-011f-4b74-8dc7-82809ee6378f','ee4fbea8-8041-4089-9ba7-b0372b546bd2',3500520.8333333,1.0000,'26b3126e-62de-40bc-bfcc-794fcd220251','26b3126e-62de-40bc-bfcc-794fcd220251','2025-03-31 00:00:00','697c7beda1236','f3683bee-094b-4aa6-8163-8d418a27eb6a',NULL,30,'posted',NULL,NULL,0,NULL,NULL,'2026-01-30 12:37:49','2026-01-30 12:37:49'),('0008ba48-1df0-4b49-b032-809db077d101','b45b1d15-be51-4377-b952-9cfb9b27d058',900000,1.0000,'26b3126e-62de-40bc-bfcc-794fcd220251','26b3126e-62de-40bc-bfcc-794fcd220251','2025-04-01 00:00:00','69804a98b7447','f3683bee-094b-4aa6-8163-8d418a27eb6a',NULL,85,'posted',NULL,NULL,0,NULL,NULL,'2026-02-02 09:56:24','2026-02-02 09:56:24'),('00199471-2047-458a-8e22-816bc3a57301','b45b1d15-be51-4377-b952-9cfb9b27d058',12374829.3826,1.0000,'26b3126e-62de-40bc-bfcc-794fcd220251','26b3126e-62de-40bc-bfcc-794fcd220251','2025-04-01 00:00:00','69804a98b7447','f3683bee-094b-4aa6-8163-8d418a27eb6a',562,NULL,'posted',NULL,NULL,0,NULL,NULL,'2026-02-02 09:56:26','2026-02-02 09:56:26'),('008062fd-bb61-4356-969a-45b1fa6fce2d','b45b1d15-be51-4377-b952-9cfb9b27d058',5256840.3086,1.0000,'26b3126e-62de-40bc-bfcc-794fcd220251','26b3126e-62de-40bc-bfcc-794fcd220251','2025-04-01 00:00:00','69804a98b7447','f3683bee-094b-4aa6-8163-8d418a27eb6a',585,NULL,'posted',NULL,NULL,0,NULL,NULL,'2026-02-02 09:56:25','2026-02-02 09:56:25'),('0108225c-d245-438a-8742-e43fabcc847f','ae7a550d-a71d-46ee-8911-6f2e89e3cdc0',18589361.8,1.0000,'26b3126e-62de-40bc-bfcc-794fcd220251','26b3126e-62de-40bc-bfcc-794fcd220251','2025-03-31 00:00:00','697c7bedc1204','f3683bee-094b-4aa6-8163-8d418a27eb6a',NULL,41,'posted',NULL,NULL,0,NULL,NULL,'2026-01-30 12:37:49','2026-01-30 12:37:49'),('0143aa1e-d000-418b-8bd7-0bd7ecf37297','b45b1d15-be51-4377-b952-9cfb9b27d058',380000,1.0000,'26b3126e-62de-40bc-bfcc-794fcd220251','26b3126e-62de-40bc-bfcc-794fcd220251','2025-04-01 00:00:00','69804a98b7447','f3683bee-094b-4aa6-8163-8d418a27eb6a',NULL,229,'posted',NULL,NULL,0,NULL,NULL,'2026-02-02 09:56:24','2026-02-02 09:56:24'),('0184023d-3131-4e89-bdc7-1b5ac4ae71d7','b45b1d15-be51-4377-b952-9cfb9b27d058',19802200,1.0000,'26b3126e-62de-40bc-bfcc-794fcd220251','26b3126e-62de-40bc-bfcc-794fcd220251','2025-04-01 00:00:00','69804a98b7447','f3683bee-094b-4aa6-8163-8d418a27eb6a',NULL,68,'posted',NULL,NULL,0,NULL,NULL,'2026-02-02 09:56:25','2026-02-02 09:56:25'),('0198f8b5-9b51-40ac-8bc9-158934d25d6f','b45b1d15-be51-4377-b952-9cfb9b27d058',110909.7051,1.0000,'26b3126e-62de-40bc-bfcc-794fcd220251','26b3126e-62de-40bc-bfcc-794fcd220251','2025-04-01 00:00:00','69804a98b7447','f3683bee-094b-4aa6-8163-8d418a27eb6a',599,NULL,'posted',NULL,NULL,0,NULL,NULL,'2026-02-02 09:56:26','2026-02-02 09:56:26'),('019bc34e-334e-4fb2-8685-7e4b8e005199','b45b1d15-be51-4377-b952-9cfb9b27d058',34529400,1.0000,'26b3126e-62de-40bc-bfcc-794fcd220251','26b3126e-62de-40bc-bfcc-794fcd220251','2025-04-01 00:00:00','69804a98b7447','f3683bee-094b-4aa6-8163-8d418a27eb6a',NULL,109,'posted',NULL,NULL,0,NULL,NULL,'2026-02-02 09:56:25','2026-02-02 09:56:25'),('01a505a3-a805-45ee-bc33-5e17a170ae08','b45b1d15-be51-4377-b952-9cfb9b27d058',3587200,1.0000,'26b3126e-62de-40bc-bfcc-794fcd220251','26b3126e-62de-40bc-bfcc-794fcd220251','2025-04-01 00:00:00','69804a98b7447','f3683bee-094b-4aa6-8163-8d418a27eb6a',NULL,113,'posted',NULL,NULL,0,NULL,NULL,'2026-02-02 09:56:25','2026-02-02 09:56:25'),('01f6e011-c216-489b-8f6d-d8abc388257c','b45b1d15-be51-4377-b952-9cfb9b27d058',20000,1.0000,'26b3126e-62de-40bc-bfcc-794fcd220251','26b3126e-62de-40bc-bfcc-794fcd220251','2025-04-01 00:00:00','69804a98b7447','f3683bee-094b-4aa6-8163-8d418a27eb6a',NULL,213,'posted',NULL,NULL,0,NULL,NULL,'2026-02-02 09:56:25','2026-02-02 09:56:25'),('01f8cc5c-4fb6-4795-bc68-cf6da93f0832','2ebf76cd-4187-4523-b532-e423dc2b9151',5659133.3260461,1.0000,'26b3126e-62de-40bc-bfcc-794fcd220251','26b3126e-62de-40bc-bfcc-794fcd220251','2025-03-31 00:00:00','697c7bf3ce10f','f3683bee-094b-4aa6-8163-8d418a27eb6a',549,NULL,'posted',NULL,NULL,0,NULL,NULL,'2026-01-30 12:37:55','2026-01-30 12:37:55'),('020a8ded-9ea8-4f0e-85fc-e117f20622fd','b45b1d15-be51-4377-b952-9cfb9b27d058',2991047.9969,1.0000,'26b3126e-62de-40bc-bfcc-794fcd220251','26b3126e-62de-40bc-bfcc-794fcd220251','2025-04-01 00:00:00','69804a98b7447','f3683bee-094b-4aa6-8163-8d418a27eb6a',568,NULL,'posted',NULL,NULL,0,NULL,NULL,'2026-02-02 09:56:25','2026-02-02 09:56:25'),('023afd3a-52ec-4a74-b4ed-0bd2b067eb11','d7bcc321-23c8-409a-92fd-4d8c354a01a8',10000,1.0000,'26b3126e-62de-40bc-bfcc-794fcd220251','26b3126e-62de-40bc-bfcc-794fcd220251','2025-03-31 00:00:00','697c7bf532d12','f3683bee-094b-4aa6-8163-8d418a27eb6a',651,NULL,'posted',NULL,NULL,0,NULL,NULL,'2026-01-30 12:37:57','2026-01-30 12:37:57'),('0281d0bf-0099-4395-a73b-2398b947dd8f','88b07d80-25fb-476f-a323-45094c675827',5445308.96,1.0000,'26b3126e-62de-40bc-bfcc-794fcd220251','26b3126e-62de-40bc-bfcc-794fcd220251','2026-01-30 00:00:00','697c972e91994','f3683bee-094b-4aa6-8163-8d418a27eb6a',NULL,955,'posted',NULL,NULL,0,NULL,NULL,'2026-01-30 14:34:06','2026-01-30 14:34:06'),('02954ebd-90b1-4344-8662-1acf1e8d68d5','c89eb1ee-22f0-48cd-8876-74006862ce7f',12000000,1.0000,'26b3126e-62de-40bc-bfcc-794fcd220251','26b3126e-62de-40bc-bfcc-794fcd220251','2025-03-31 00:00:00','697c7bf2a40e0','f3683bee-094b-4aa6-8163-8d418a27eb6a',NULL,459,'posted',NULL,NULL,0,NULL,NULL,'2026-01-30 12:37:54','2026-01-30 12:37:54'),('029d9c36-dd66-450e-b288-3a77953740e3','61a32a40-aa5c-47e1-a881-38df8b94e925',460000,1.0000,'26b3126e-62de-40bc-bfcc-794fcd220251','26b3126e-62de-40bc-bfcc-794fcd220251','2025-03-31 00:00:00','697c7befbd7d7','f3683bee-094b-4aa6-8163-8d418a27eb6a',NULL,217,'posted',NULL,NULL,0,NULL,NULL,'2026-01-30 12:37:51','2026-01-30 12:37:51'),('02d9e983-3a07-4c78-a93c-fcacadddb535','b45b1d15-be51-4377-b952-9cfb9b27d058',25478514,1.0000,'26b3126e-62de-40bc-bfcc-794fcd220251','26b3126e-62de-40bc-bfcc-794fcd220251','2025-04-01 00:00:00','69804a98b7447','f3683bee-094b-4aa6-8163-8d418a27eb6a',NULL,108,'posted',NULL,NULL,0,NULL,NULL,'2026-02-02 09:56:25','2026-02-02 09:56:25'),('02e3ce6e-8c51-4105-9efe-1c11d6dc04a2','b45b1d15-be51-4377-b952-9cfb9b27d058',8165000,1.0000,'26b3126e-62de-40bc-bfcc-794fcd220251','26b3126e-62de-40bc-bfcc-794fcd220251','2025-04-01 00:00:00','69804a98b7447','f3683bee-094b-4aa6-8163-8d418a27eb6a',500,NULL,'posted',NULL,NULL,0,NULL,NULL,'2026-02-02 09:56:26','2026-02-02 09:56:26'),('02fccb70-65a7-4fcd-af81-217937735a24','b45b1d15-be51-4377-b952-9cfb9b27d058',430000,1.0000,'26b3126e-62de-40bc-bfcc-794fcd220251','26b3126e-62de-40bc-bfcc-794fcd220251','2025-04-01 00:00:00','69804a98b7447','f3683bee-094b-4aa6-8163-8d418a27eb6a',NULL,178,'posted',NULL,NULL,0,NULL,NULL,'2026-02-02 09:56:25','2026-02-02 09:56:25'),('030e484a-783f-4fb2-9ed5-295774b728bb','75222267-4f2b-4dd3-ac68-9838f1519a1e',55724.33,1.0000,'26b3126e-62de-40bc-bfcc-794fcd220251','26b3126e-62de-40bc-bfcc-794fcd220251','2025-03-31 00:00:00','697c7bf5bba05','f3683bee-094b-4aa6-8163-8d418a27eb6a',692,NULL,'posted',NULL,NULL,0,NULL,NULL,'2026-01-30 12:37:57','2026-01-30 12:37:57'),('032a3c5c-98f4-4aad-b2f0-7552583ca0fe','b45b1d15-be51-4377-b952-9cfb9b27d058',2526007.6111,1.0000,'26b3126e-62de-40bc-bfcc-794fcd220251','26b3126e-62de-40bc-bfcc-794fcd220251','2025-04-01 00:00:00','69804a98b7447','f3683bee-094b-4aa6-8163-8d418a27eb6a',634,NULL,'posted',NULL,NULL,0,NULL,NULL,'2026-02-02 09:56:26','2026-02-02 09:56:26'),('03377382-2984-4f54-b8be-170f69fc8fde','f59f2b1a-c7a4-4982-b634-a3026e21d2f6',335051036.07917,1.0000,'26b3126e-62de-40bc-bfcc-794fcd220251','26b3126e-62de-40bc-bfcc-794fcd220251','2026-01-30 00:00:00','697c972ef32e7','f3683bee-094b-4aa6-8163-8d418a27eb6a',NULL,986,'posted',NULL,NULL,0,NULL,NULL,'2026-01-30 14:34:06','2026-01-30 14:34:06'),('036e7977-467b-4fc8-9934-45473070e2b3','196a9b2f-7d9a-4406-a933-64f4b8d7072b',2006250,1.0000,'26b3126e-62de-40bc-bfcc-794fcd220251','26b3126e-62de-40bc-bfcc-794fcd220251','2025-03-31 00:00:00','697c7bee17d08','f3683bee-094b-4aa6-8163-8d418a27eb6a',NULL,67,'posted',NULL,NULL,0,NULL,NULL,'2026-01-30 12:37:50','2026-01-30 12:37:50'),('039886eb-fe94-4322-9536-fea76dd97980','b45b1d15-be51-4377-b952-9cfb9b27d058',20000,1.0000,'26b3126e-62de-40bc-bfcc-794fcd220251','26b3126e-62de-40bc-bfcc-794fcd220251','2025-04-01 00:00:00','69804a98b7447','f3683bee-094b-4aa6-8163-8d418a27eb6a',524,NULL,'posted',NULL,NULL,0,NULL,NULL,'2026-02-02 09:56:25','2026-02-02 09:56:25'),('03b747bc-b19e-4871-a876-54ee60efbc4b','b45b1d15-be51-4377-b952-9cfb9b27d058',8320,1.0000,'26b3126e-62de-40bc-bfcc-794fcd220251','26b3126e-62de-40bc-bfcc-794fcd220251','2025-04-01 00:00:00','69804a98b7447','f3683bee-094b-4aa6-8163-8d418a27eb6a',NULL,169,'posted',NULL,NULL,0,NULL,NULL,'2026-02-02 09:56:25','2026-02-02 09:56:25'),('0418925d-dedd-4ce7-a273-ba7ad4b2db03','817e75f1-6c6e-46b6-93ac-9e763744b9eb',507244.13181623,1.0000,'26b3126e-62de-40bc-bfcc-794fcd220251','26b3126e-62de-40bc-bfcc-794fcd220251','2025-03-31 00:00:00','697c7bf501ff1','f3683bee-094b-4aa6-8163-8d418a27eb6a',635,NULL,'posted',NULL,NULL,0,NULL,NULL,'2026-01-30 12:37:57','2026-01-30 12:37:57'),('04350ff3-20fb-4507-a3f0-2491760b2473','62fdc08e-568d-44f1-a242-363090fcdaa5',3940200,1.0000,'26b3126e-62de-40bc-bfcc-794fcd220251','26b3126e-62de-40bc-bfcc-794fcd220251','2025-03-31 00:00:00','697c7bf54bdc2','f3683bee-094b-4aa6-8163-8d418a27eb6a',658,NULL,'posted',NULL,NULL,0,NULL,NULL,'2026-01-30 12:37:57','2026-01-30 12:37:57'),('0440d1d8-2889-4012-95b5-fbe428bab8f3','6e1724f7-2b28-4c96-983c-131b17af1f3d',8000000,1.0000,'26b3126e-62de-40bc-bfcc-794fcd220251','26b3126e-62de-40bc-bfcc-794fcd220251','2025-03-31 00:00:00','697c7bf2a6fb8','f3683bee-094b-4aa6-8163-8d418a27eb6a',NULL,460,'posted',NULL,NULL,0,NULL,NULL,'2026-01-30 12:37:54','2026-01-30 12:37:54'),('04664fc1-62f8-4fb1-b1f7-e643579db104','90e5ef02-fd57-4ca1-8f90-11951db9d9b7',60000,1.0000,'26b3126e-62de-40bc-bfcc-794fcd220251','26b3126e-62de-40bc-bfcc-794fcd220251','2025-03-31 00:00:00','697c7bf07a048','f3683bee-094b-4aa6-8163-8d418a27eb6a',NULL,292,'posted',NULL,NULL,0,NULL,NULL,'2026-01-30 12:37:52','2026-01-30 12:37:52'),('048cf4f1-7409-4d90-a4eb-2919a420b9b9','5100d7e6-d50e-4327-bae3-9cf5a8cdee6b',9102188.0261592,1.0000,'26b3126e-62de-40bc-bfcc-794fcd220251','26b3126e-62de-40bc-bfcc-794fcd220251','2025-03-31 00:00:00','697c7bf3e5dce','f3683bee-094b-4aa6-8163-8d418a27eb6a',556,NULL,'posted',NULL,NULL,0,NULL,NULL,'2026-01-30 12:37:55','2026-01-30 12:37:55'),('04961d87-0f78-4f7d-8a6c-8382e21efb11','7e150d55-473c-41c0-988e-65cd6003a46b',18123932,1.0000,'26b3126e-62de-40bc-bfcc-794fcd220251','26b3126e-62de-40bc-bfcc-794fcd220251','2025-03-31 00:00:00','697c7bee56d93','f3683bee-094b-4aa6-8163-8d418a27eb6a',NULL,89,'posted',NULL,NULL,0,NULL,NULL,'2026-01-30 12:37:50','2026-01-30 12:37:50'),('049cfcde-dec0-4d6b-b7fa-818c97cbf95d','75f53fe8-61a0-434c-b7a6-64473c92b6f1',322307276,1.0000,'26b3126e-62de-40bc-bfcc-794fcd220251','26b3126e-62de-40bc-bfcc-794fcd220251','2026-01-30 00:00:00','697c972e53be2','f3683bee-094b-4aa6-8163-8d418a27eb6a',933,NULL,'posted',NULL,NULL,0,NULL,NULL,'2026-01-30 14:34:06','2026-01-30 14:34:06'),('04edfe41-a569-47fc-a504-7b6fc8d3bdf7','e4c569f6-c1e1-4772-8509-e5e4cdf112e9',206483879.93,1.0000,'26b3126e-62de-40bc-bfcc-794fcd220251','26b3126e-62de-40bc-bfcc-794fcd220251','2025-03-31 00:00:00','697c7bf33498e','f3683bee-094b-4aa6-8163-8d418a27eb6a',498,NULL,'posted',NULL,NULL,0,NULL,NULL,'2026-01-30 12:37:55','2026-01-30 12:37:55'),('0507cc88-3b34-4479-9586-dd829d9846f5','c7a4174d-c65a-4c72-8fad-096996f0dfa7',18489226,1.0000,'26b3126e-62de-40bc-bfcc-794fcd220251','26b3126e-62de-40bc-bfcc-794fcd220251','2025-03-31 00:00:00','697c7bf344454','f3683bee-094b-4aa6-8163-8d418a27eb6a',503,NULL,'posted',NULL,NULL,0,NULL,NULL,'2026-01-30 12:37:55','2026-01-30 12:37:55'),('052fd838-c707-4ca2-9b56-7126f0649522','b45b1d15-be51-4377-b952-9cfb9b27d058',39840,1.0000,'26b3126e-62de-40bc-bfcc-794fcd220251','26b3126e-62de-40bc-bfcc-794fcd220251','2025-04-01 00:00:00','69804a98b7447','f3683bee-094b-4aa6-8163-8d418a27eb6a',677,NULL,'posted',NULL,NULL,0,NULL,NULL,'2026-02-02 09:56:25','2026-02-02 09:56:25'),('057319af-9e84-4ac4-886e-7e1e227158c1','b45b1d15-be51-4377-b952-9cfb9b27d058',174640,1.0000,'26b3126e-62de-40bc-bfcc-794fcd220251','26b3126e-62de-40bc-bfcc-794fcd220251','2025-04-01 00:00:00','69804a98b7447','f3683bee-094b-4aa6-8163-8d418a27eb6a',NULL,376,'posted',NULL,NULL,0,NULL,NULL,'2026-02-02 09:56:25','2026-02-02 09:56:25'),('0581b85e-8cbe-479b-9daa-f5ff9c3ce454','488fe80a-e646-494d-9c09-9ba150e84339',41865500,1.0000,'26b3126e-62de-40bc-bfcc-794fcd220251','26b3126e-62de-40bc-bfcc-794fcd220251','2026-01-30 00:00:00','697c972f1deff','f3683bee-094b-4aa6-8163-8d418a27eb6a',NULL,995,'posted',NULL,NULL,0,NULL,NULL,'2026-01-30 14:34:07','2026-01-30 14:34:07'),('059a8c0c-17fa-4769-9811-5019fca9d678','92e1161f-27c6-4b7c-8d2e-38d8a67e4177',455096061.82332,1.0000,'26b3126e-62de-40bc-bfcc-794fcd220251','26b3126e-62de-40bc-bfcc-794fcd220251','2026-01-30 00:00:00','697c972f0287f','f3683bee-094b-4aa6-8163-8d418a27eb6a',NULL,987,'posted',NULL,NULL,0,NULL,NULL,'2026-01-30 14:34:07','2026-01-30 14:34:07'),('05ea2dad-5412-49a6-9b93-51d345ea7447','b45b1d15-be51-4377-b952-9cfb9b27d058',12752000,1.0000,'26b3126e-62de-40bc-bfcc-794fcd220251','26b3126e-62de-40bc-bfcc-794fcd220251','2025-04-01 00:00:00','69804a98b7447','f3683bee-094b-4aa6-8163-8d418a27eb6a',NULL,37,'posted',NULL,NULL,0,NULL,NULL,'2026-02-02 09:56:24','2026-02-02 09:56:24'),('05eeb5b4-1eaf-4efe-bea6-d15666cb9c53','8cd6df77-4f34-43c9-ae94-8dbdcbee786c',155442708.33333,1.0000,'26b3126e-62de-40bc-bfcc-794fcd220251','26b3126e-62de-40bc-bfcc-794fcd220251','2025-03-31 00:00:00','697c7bed9b412','f3683bee-094b-4aa6-8163-8d418a27eb6a',NULL,28,'posted',NULL,NULL,0,NULL,NULL,'2026-01-30 12:37:49','2026-01-30 12:37:49'),('05f8a3aa-84ee-4eef-a9d2-f9db7c3e4186','b45b1d15-be51-4377-b952-9cfb9b27d058',540000,1.0000,'26b3126e-62de-40bc-bfcc-794fcd220251','26b3126e-62de-40bc-bfcc-794fcd220251','2025-04-01 00:00:00','69804a98b7447','f3683bee-094b-4aa6-8163-8d418a27eb6a',NULL,372,'posted',NULL,NULL,0,NULL,NULL,'2026-02-02 09:56:25','2026-02-02 09:56:25'),('0677d687-aa6a-445e-8506-63bcb02e3364','b45b1d15-be51-4377-b952-9cfb9b27d058',2400,1.0000,'26b3126e-62de-40bc-bfcc-794fcd220251','26b3126e-62de-40bc-bfcc-794fcd220251','2025-04-01 00:00:00','69804a98b7447','f3683bee-094b-4aa6-8163-8d418a27eb6a',645,NULL,'posted',NULL,NULL,0,NULL,NULL,'2026-02-02 09:56:26','2026-02-02 09:56:26'),('0696932d-00a5-44e8-b20e-4c3c20857297','b45b1d15-be51-4377-b952-9cfb9b27d058',89260637.6,1.0000,'26b3126e-62de-40bc-bfcc-794fcd220251','26b3126e-62de-40bc-bfcc-794fcd220251','2025-04-01 00:00:00','69804a98b7447','f3683bee-094b-4aa6-8163-8d418a27eb6a',529,NULL,'posted',NULL,NULL,0,NULL,NULL,'2026-02-02 09:56:25','2026-02-02 09:56:25'),('06991ac0-45dc-4db9-9e37-d60f8899da2c','b45b1d15-be51-4377-b952-9cfb9b27d058',331894.6775,1.0000,'26b3126e-62de-40bc-bfcc-794fcd220251','26b3126e-62de-40bc-bfcc-794fcd220251','2025-04-01 00:00:00','69804a98b7447','f3683bee-094b-4aa6-8163-8d418a27eb6a',594,NULL,'posted',NULL,NULL,0,NULL,NULL,'2026-02-02 09:56:26','2026-02-02 09:56:26'),('0737f97a-f253-4c1a-80ca-3ca561f9f5e7','b45b1d15-be51-4377-b952-9cfb9b27d058',1420318.827,1.0000,'26b3126e-62de-40bc-bfcc-794fcd220251','26b3126e-62de-40bc-bfcc-794fcd220251','2025-04-01 00:00:00','69804a98b7447','f3683bee-094b-4aa6-8163-8d418a27eb6a',589,NULL,'posted',NULL,NULL,0,NULL,NULL,'2026-02-02 09:56:26','2026-02-02 09:56:26'),('07711d94-29e2-4aab-ab48-e7037130cf32','b45b1d15-be51-4377-b952-9cfb9b27d058',331000,1.0000,'26b3126e-62de-40bc-bfcc-794fcd220251','26b3126e-62de-40bc-bfcc-794fcd220251','2025-04-01 00:00:00','69804a98b7447','f3683bee-094b-4aa6-8163-8d418a27eb6a',668,NULL,'posted',NULL,NULL,0,NULL,NULL,'2026-02-02 09:56:25','2026-02-02 09:56:25'),('078a0699-1455-4c87-b6a2-8b90d2670a4a','ddbcaadf-8a69-4e84-bc01-ec93523ede47',88000,1.0000,'26b3126e-62de-40bc-bfcc-794fcd220251','26b3126e-62de-40bc-bfcc-794fcd220251','2025-03-31 00:00:00','697c7bf1f40cb','f3683bee-094b-4aa6-8163-8d418a27eb6a',NULL,409,'posted',NULL,NULL,0,NULL,NULL,'2026-01-30 12:37:54','2026-01-30 12:37:54'),('07d126a4-3036-4e93-a836-1eca3a4b6a59','b45b1d15-be51-4377-b952-9cfb9b27d058',720202.0481,1.0000,'26b3126e-62de-40bc-bfcc-794fcd220251','26b3126e-62de-40bc-bfcc-794fcd220251','2025-04-01 00:00:00','69804a98b7447','f3683bee-094b-4aa6-8163-8d418a27eb6a',626,NULL,'posted',NULL,NULL,0,NULL,NULL,'2026-02-02 09:56:26','2026-02-02 09:56:26'),('07e26c0e-be65-4c4f-ad8c-90dfd7f1f60e','08937b00-464e-4772-aa74-18dfd02682ed',430000,1.0000,'26b3126e-62de-40bc-bfcc-794fcd220251','26b3126e-62de-40bc-bfcc-794fcd220251','2025-03-31 00:00:00','697c7bf0e9f57','f3683bee-094b-4aa6-8163-8d418a27eb6a',NULL,330,'posted',NULL,NULL,0,NULL,NULL,'2026-01-30 12:37:52','2026-01-30 12:37:52'),('07ef59ef-d4d3-48ad-9a2d-9e092993b7f3','f21cc314-f9a4-49f1-8ac2-faa44df5ad32',6000,1.0000,'26b3126e-62de-40bc-bfcc-794fcd220251','26b3126e-62de-40bc-bfcc-794fcd220251','2025-03-31 00:00:00','697c7befaafa3','f3683bee-094b-4aa6-8163-8d418a27eb6a',NULL,210,'posted',NULL,NULL,0,NULL,NULL,'2026-01-30 12:37:51','2026-01-30 12:37:51'),('08416ef8-5a1f-4604-ba18-37041c1561aa','67c22b05-fa9e-4acf-98dc-f07cbfc5e44b',145262.68464431,1.0000,'26b3126e-62de-40bc-bfcc-794fcd220251','26b3126e-62de-40bc-bfcc-794fcd220251','2025-03-31 00:00:00','697c7bf3efd31','f3683bee-094b-4aa6-8163-8d418a27eb6a',559,NULL,'posted',NULL,NULL,0,NULL,NULL,'2026-01-30 12:37:55','2026-01-30 12:37:55'),('087c157a-9809-4917-80f0-24d652c654b6','b45b1d15-be51-4377-b952-9cfb9b27d058',63339,1.0000,'26b3126e-62de-40bc-bfcc-794fcd220251','26b3126e-62de-40bc-bfcc-794fcd220251','2025-04-01 00:00:00','69804a98b7447','f3683bee-094b-4aa6-8163-8d418a27eb6a',684,NULL,'posted',NULL,NULL,0,NULL,NULL,'2026-02-02 09:56:26','2026-02-02 09:56:26'),('08867961-428e-4a6a-a29a-d85aedcce343','b45b1d15-be51-4377-b952-9cfb9b27d058',1481250,1.0000,'26b3126e-62de-40bc-bfcc-794fcd220251','26b3126e-62de-40bc-bfcc-794fcd220251','2025-04-01 00:00:00','69804a98b7447','f3683bee-094b-4aa6-8163-8d418a27eb6a',NULL,117,'posted',NULL,NULL,0,NULL,NULL,'2026-02-02 09:56:25','2026-02-02 09:56:25'),('0888637b-e7e1-4188-940c-a2514df4807c','b45b1d15-be51-4377-b952-9cfb9b27d058',1260000,1.0000,'26b3126e-62de-40bc-bfcc-794fcd220251','26b3126e-62de-40bc-bfcc-794fcd220251','2025-04-01 00:00:00','69804a98b7447','f3683bee-094b-4aa6-8163-8d418a27eb6a',NULL,339,'posted',NULL,NULL,0,NULL,NULL,'2026-02-02 09:56:25','2026-02-02 09:56:25'),('08b1c040-725d-4003-b492-3b0724766ddb','b45b1d15-be51-4377-b952-9cfb9b27d058',3685864.3332,1.0000,'26b3126e-62de-40bc-bfcc-794fcd220251','26b3126e-62de-40bc-bfcc-794fcd220251','2025-04-01 00:00:00','69804a98b7447','f3683bee-094b-4aa6-8163-8d418a27eb6a',557,NULL,'posted',NULL,NULL,0,NULL,NULL,'2026-02-02 09:56:26','2026-02-02 09:56:26'),('08b83418-a92c-48f3-a55f-3f532d769533','b45b1d15-be51-4377-b952-9cfb9b27d058',380000,1.0000,'26b3126e-62de-40bc-bfcc-794fcd220251','26b3126e-62de-40bc-bfcc-794fcd220251','2025-04-01 00:00:00','69804a98b7447','f3683bee-094b-4aa6-8163-8d418a27eb6a',NULL,371,'posted',NULL,NULL,0,NULL,NULL,'2026-02-02 09:56:25','2026-02-02 09:56:25'),('08bf448a-2d93-42ba-a4b9-8ffa951ff924','ea031e9e-f46e-4d61-8efc-8ed3e2f95f23',350000,1.0000,'26b3126e-62de-40bc-bfcc-794fcd220251','26b3126e-62de-40bc-bfcc-794fcd220251','2025-03-31 00:00:00','697c7bf2c496c','f3683bee-094b-4aa6-8163-8d418a27eb6a',NULL,468,'posted',NULL,NULL,0,NULL,NULL,'2026-01-30 12:37:54','2026-01-30 12:37:54'),('08d6f480-4a19-4c34-be98-2f21cc46016b','b45b1d15-be51-4377-b952-9cfb9b27d058',904000,1.0000,'26b3126e-62de-40bc-bfcc-794fcd220251','26b3126e-62de-40bc-bfcc-794fcd220251','2025-04-01 00:00:00','69804a98b7447','f3683bee-094b-4aa6-8163-8d418a27eb6a',NULL,425,'posted',NULL,NULL,0,NULL,NULL,'2026-02-02 09:56:25','2026-02-02 09:56:25'),('08d95830-83bd-4386-a85f-bd1619bd426a','b45b1d15-be51-4377-b952-9cfb9b27d058',1030000,1.0000,'26b3126e-62de-40bc-bfcc-794fcd220251','26b3126e-62de-40bc-bfcc-794fcd220251','2025-04-01 00:00:00','69804a98b7447','f3683bee-094b-4aa6-8163-8d418a27eb6a',NULL,186,'posted',NULL,NULL,0,NULL,NULL,'2026-02-02 09:56:25','2026-02-02 09:56:25'),('09163889-e8bf-407f-8d7d-77c0467072a1','b45b1d15-be51-4377-b952-9cfb9b27d058',2944918.8677,1.0000,'26b3126e-62de-40bc-bfcc-794fcd220251','26b3126e-62de-40bc-bfcc-794fcd220251','2025-04-01 00:00:00','69804a98b7447','f3683bee-094b-4aa6-8163-8d418a27eb6a',621,NULL,'posted',NULL,NULL,0,NULL,NULL,'2026-02-02 09:56:26','2026-02-02 09:56:26'),('091d13b1-a48e-4d22-a27f-5028093d0490','b45b1d15-be51-4377-b952-9cfb9b27d058',6374164.2107,1.0000,'26b3126e-62de-40bc-bfcc-794fcd220251','26b3126e-62de-40bc-bfcc-794fcd220251','2025-04-01 00:00:00','69804a98b7447','f3683bee-094b-4aa6-8163-8d418a27eb6a',545,NULL,'posted',NULL,NULL,0,NULL,NULL,'2026-02-02 09:56:26','2026-02-02 09:56:26'),('09321f5b-b77a-40df-a945-9569946ede4e','649c79e9-03bc-449b-81bf-56bb540eef51',200000,1.0000,'26b3126e-62de-40bc-bfcc-794fcd220251','26b3126e-62de-40bc-bfcc-794fcd220251','2025-03-31 00:00:00','697c7bee14e7a','f3683bee-094b-4aa6-8163-8d418a27eb6a',NULL,66,'posted',NULL,NULL,0,NULL,NULL,'2026-01-30 12:37:50','2026-01-30 12:37:50'),('09a8d29e-cde1-4548-bff9-24a8006f2a6a','99fdd5f5-fa0b-4872-814a-ed4c7deb8c7d',2500000,1.0000,'26b3126e-62de-40bc-bfcc-794fcd220251','26b3126e-62de-40bc-bfcc-794fcd220251','2025-03-31 00:00:00','697c7bedb89c5','f3683bee-094b-4aa6-8163-8d418a27eb6a',NULL,38,'posted',NULL,NULL,0,NULL,NULL,'2026-01-30 12:37:49','2026-01-30 12:37:49'),('09b33193-65b2-4861-a31a-7585f1616ebc','b45b1d15-be51-4377-b952-9cfb9b27d058',245000,1.0000,'26b3126e-62de-40bc-bfcc-794fcd220251','26b3126e-62de-40bc-bfcc-794fcd220251','2025-04-01 00:00:00','69804a98b7447','f3683bee-094b-4aa6-8163-8d418a27eb6a',NULL,152,'posted',NULL,NULL,0,NULL,NULL,'2026-02-02 09:56:25','2026-02-02 09:56:25'),('09b48682-5a7d-4bd6-a122-6da17ca62236','82240749-1088-4b18-9160-572b9655083a',18576443.42,1.0000,'26b3126e-62de-40bc-bfcc-794fcd220251','26b3126e-62de-40bc-bfcc-794fcd220251','2025-03-31 00:00:00','697c7bf398dee','f3683bee-094b-4aa6-8163-8d418a27eb6a',531,NULL,'posted',NULL,NULL,0,NULL,NULL,'2026-01-30 12:37:55','2026-01-30 12:37:55'),('09f11767-2953-44f3-9b70-5a37d68b8dee','b45b1d15-be51-4377-b952-9cfb9b27d058',35000,1.0000,'26b3126e-62de-40bc-bfcc-794fcd220251','26b3126e-62de-40bc-bfcc-794fcd220251','2025-04-01 00:00:00','69804a98b7447','f3683bee-094b-4aa6-8163-8d418a27eb6a',NULL,270,'posted',NULL,NULL,0,NULL,NULL,'2026-02-02 09:56:25','2026-02-02 09:56:25'),('0a2ff20b-abf3-414e-a1f1-afdc7c25ade4','b45b1d15-be51-4377-b952-9cfb9b27d058',1058720,1.0000,'26b3126e-62de-40bc-bfcc-794fcd220251','26b3126e-62de-40bc-bfcc-794fcd220251','2025-04-01 00:00:00','69804a98b7447','f3683bee-094b-4aa6-8163-8d418a27eb6a',NULL,135,'posted',NULL,NULL,0,NULL,NULL,'2026-02-02 09:56:25','2026-02-02 09:56:25'),('0a6c0155-0cc1-4959-969f-c22811d0f9f6','b027506a-d519-4a3a-a197-491a9c957ca8',2060000,1.0000,'26b3126e-62de-40bc-bfcc-794fcd220251','26b3126e-62de-40bc-bfcc-794fcd220251','2025-03-31 00:00:00','697c7bf15b3a8','f3683bee-094b-4aa6-8163-8d418a27eb6a',NULL,364,'posted',NULL,NULL,0,NULL,NULL,'2026-01-30 12:37:53','2026-01-30 12:37:53'),('0acabfb1-33a2-44b4-93f3-701f3dc06ab1','03433526-40f3-40eb-9fd0-531647cc7588',560000,1.0000,'26b3126e-62de-40bc-bfcc-794fcd220251','26b3126e-62de-40bc-bfcc-794fcd220251','2025-03-31 00:00:00','697c7bef83a97','f3683bee-094b-4aa6-8163-8d418a27eb6a',NULL,193,'posted',NULL,NULL,0,NULL,NULL,'2026-01-30 12:37:51','2026-01-30 12:37:51'),('0af1eac4-ec55-4852-9204-9d5090055601','b45b1d15-be51-4377-b952-9cfb9b27d058',1190250,1.0000,'26b3126e-62de-40bc-bfcc-794fcd220251','26b3126e-62de-40bc-bfcc-794fcd220251','2025-04-01 00:00:00','69804a98b7447','f3683bee-094b-4aa6-8163-8d418a27eb6a',492,NULL,'posted',NULL,NULL,0,NULL,NULL,'2026-02-02 09:56:26','2026-02-02 09:56:26'),('0b3bb61f-20c1-4623-8c58-75660123efad','b1bca90c-4860-4236-aed7-4ade58cae7b3',20000,1.0000,'26b3126e-62de-40bc-bfcc-794fcd220251','26b3126e-62de-40bc-bfcc-794fcd220251','2025-03-31 00:00:00','697c7bf53cc37','f3683bee-094b-4aa6-8163-8d418a27eb6a',654,NULL,'posted',NULL,NULL,0,NULL,NULL,'2026-01-30 12:37:57','2026-01-30 12:37:57'),('0b6b99ae-a4db-45bd-8920-8cb968878c7e','5fdd863f-83ca-4adf-a2c5-2c1c8fa289be',2347155.8688001,1.0000,'26b3126e-62de-40bc-bfcc-794fcd220251','26b3126e-62de-40bc-bfcc-794fcd220251','2025-03-31 00:00:00','697c7bf46d024','f3683bee-094b-4aa6-8163-8d418a27eb6a',593,NULL,'posted',NULL,NULL,0,NULL,NULL,'2026-01-30 12:37:56','2026-01-30 12:37:56'),('0b877d18-55f8-4a56-b824-3e1a0295ce26','7db53159-1c70-48ed-99d7-c96a5fa0ab09',429553,1.0000,'26b3126e-62de-40bc-bfcc-794fcd220251','26b3126e-62de-40bc-bfcc-794fcd220251','2025-03-31 00:00:00','697c7bf0ce35d','f3683bee-094b-4aa6-8163-8d418a27eb6a',NULL,321,'posted',NULL,NULL,0,NULL,NULL,'2026-01-30 12:37:52','2026-01-30 12:37:52'),('0bdeb41e-4ef1-4960-b47f-085e2d414112','94898ec2-4b9d-49ad-a67f-150ef4e10c43',48984480,1.0000,'26b3126e-62de-40bc-bfcc-794fcd220251','26b3126e-62de-40bc-bfcc-794fcd220251','2025-03-31 00:00:00','697c7bf35abe4','f3683bee-094b-4aa6-8163-8d418a27eb6a',510,NULL,'posted',NULL,NULL,0,NULL,NULL,'2026-01-30 12:37:55','2026-01-30 12:37:55'),('0c03bd4c-9e16-43e7-9c03-b68aadd99bd6','068355a4-078d-4ef9-af4a-9f7d7f9bdb1a',40000,1.0000,'26b3126e-62de-40bc-bfcc-794fcd220251','26b3126e-62de-40bc-bfcc-794fcd220251','2025-03-31 00:00:00','697c7bee20ada','f3683bee-094b-4aa6-8163-8d418a27eb6a',NULL,70,'posted',NULL,NULL,0,NULL,NULL,'2026-01-30 12:37:50','2026-01-30 12:37:50'),('0cbfde1c-7d67-4f79-9851-24c38e0cafe8','56f9b535-1bb8-41e9-8a9c-b15cf5afcbcf',24478841.145833,1.0000,'26b3126e-62de-40bc-bfcc-794fcd220251','26b3126e-62de-40bc-bfcc-794fcd220251','2026-01-30 00:00:00','697c972f0a306','f3683bee-094b-4aa6-8163-8d418a27eb6a',NULL,989,'posted',NULL,NULL,0,NULL,NULL,'2026-01-30 14:34:07','2026-01-30 14:34:07'),('0cc1ea4b-a984-4e8b-a1bc-54ccb60ae887','d0ff2a35-8c1a-4bb4-9b59-e4a5c04c18ba',12752000,1.0000,'26b3126e-62de-40bc-bfcc-794fcd220251','26b3126e-62de-40bc-bfcc-794fcd220251','2025-03-31 00:00:00','697c7bedb58a6','f3683bee-094b-4aa6-8163-8d418a27eb6a',NULL,37,'posted',NULL,NULL,0,NULL,NULL,'2026-01-30 12:37:49','2026-01-30 12:37:49'),('0cd3b920-21f1-4b92-9a5a-676f68537296','b45b1d15-be51-4377-b952-9cfb9b27d058',5000,1.0000,'26b3126e-62de-40bc-bfcc-794fcd220251','26b3126e-62de-40bc-bfcc-794fcd220251','2025-04-01 00:00:00','69804a98b7447','f3683bee-094b-4aa6-8163-8d418a27eb6a',NULL,413,'posted',NULL,NULL,0,NULL,NULL,'2026-02-02 09:56:25','2026-02-02 09:56:25'),('0d2496f9-24f7-461f-9877-ec3fe8939a1e','a8211c18-9a6b-43d4-913e-bc4b46de86d5',400000,1.0000,'26b3126e-62de-40bc-bfcc-794fcd220251','26b3126e-62de-40bc-bfcc-794fcd220251','2025-03-31 00:00:00','697c7bef7e6cf','f3683bee-094b-4aa6-8163-8d418a27eb6a',NULL,191,'posted',NULL,NULL,0,NULL,NULL,'2026-01-30 12:37:51','2026-01-30 12:37:51'),('0d2b53bb-9b25-4f9f-8e28-104ed494f920','5565f2ca-b9f9-49dc-aecb-3d583bd2b4e2',19000,1.0000,'26b3126e-62de-40bc-bfcc-794fcd220251','26b3126e-62de-40bc-bfcc-794fcd220251','2025-03-31 00:00:00','697c7bf1dd2fb','f3683bee-094b-4aa6-8163-8d418a27eb6a',NULL,402,'posted',NULL,NULL,0,NULL,NULL,'2026-01-30 12:37:53','2026-01-30 12:37:53'),('0d2dd159-f932-40b8-81f7-7a58123e6fad','b45b1d15-be51-4377-b952-9cfb9b27d058',540000,1.0000,'26b3126e-62de-40bc-bfcc-794fcd220251','26b3126e-62de-40bc-bfcc-794fcd220251','2025-04-01 00:00:00','69804a98b7447','f3683bee-094b-4aa6-8163-8d418a27eb6a',NULL,245,'posted',NULL,NULL,0,NULL,NULL,'2026-02-02 09:56:25','2026-02-02 09:56:25'),('0d85d849-29b0-4f09-b62b-d628c3ae3912','b45b1d15-be51-4377-b952-9cfb9b27d058',420000,1.0000,'26b3126e-62de-40bc-bfcc-794fcd220251','26b3126e-62de-40bc-bfcc-794fcd220251','2025-04-01 00:00:00','69804a98b7447','f3683bee-094b-4aa6-8163-8d418a27eb6a',NULL,451,'posted',NULL,NULL,0,NULL,NULL,'2026-02-02 09:56:25','2026-02-02 09:56:25'),('0dc45a1c-9f91-41bc-a9ac-0d2712a187a7','0d68d9c2-5060-488b-a984-1fc07d11d8fa',400000,1.0000,'26b3126e-62de-40bc-bfcc-794fcd220251','26b3126e-62de-40bc-bfcc-794fcd220251','2025-03-31 00:00:00','697c7bf098c21','f3683bee-094b-4aa6-8163-8d418a27eb6a',NULL,303,'posted',NULL,NULL,0,NULL,NULL,'2026-01-30 12:37:52','2026-01-30 12:37:52'),('0de16648-1347-48c7-ab3d-b312dc6db9b8','b45b1d15-be51-4377-b952-9cfb9b27d058',507244.1318,1.0000,'26b3126e-62de-40bc-bfcc-794fcd220251','26b3126e-62de-40bc-bfcc-794fcd220251','2025-04-01 00:00:00','69804a98b7447','f3683bee-094b-4aa6-8163-8d418a27eb6a',635,NULL,'posted',NULL,NULL,0,NULL,NULL,'2026-02-02 09:56:25','2026-02-02 09:56:25'),('0f030633-2a15-4435-b2a6-da46c0021cf6','b45b1d15-be51-4377-b952-9cfb9b27d058',484000,1.0000,'26b3126e-62de-40bc-bfcc-794fcd220251','26b3126e-62de-40bc-bfcc-794fcd220251','2025-04-01 00:00:00','69804a98b7447','f3683bee-094b-4aa6-8163-8d418a27eb6a',NULL,328,'posted',NULL,NULL,0,NULL,NULL,'2026-02-02 09:56:25','2026-02-02 09:56:25'),('0f1dc67a-1cca-4d49-a687-279fc83d4e0e','b45b1d15-be51-4377-b952-9cfb9b27d058',10925522,1.0000,'26b3126e-62de-40bc-bfcc-794fcd220251','26b3126e-62de-40bc-bfcc-794fcd220251','2025-04-01 00:00:00','69804a98b7447','f3683bee-094b-4aa6-8163-8d418a27eb6a',NULL,59,'posted',NULL,NULL,0,NULL,NULL,'2026-02-02 09:56:24','2026-02-02 09:56:24'),('0fee7ea7-d73b-407d-a0d3-195b8dedb6f4','b45b1d15-be51-4377-b952-9cfb9b27d058',231056.9887,1.0000,'26b3126e-62de-40bc-bfcc-794fcd220251','26b3126e-62de-40bc-bfcc-794fcd220251','2025-04-01 00:00:00','69804a98b7447','f3683bee-094b-4aa6-8163-8d418a27eb6a',625,NULL,'posted',NULL,NULL,0,NULL,NULL,'2026-02-02 09:56:25','2026-02-02 09:56:25'),('100748df-8199-4695-bf29-42e01d098557','97c5241a-c16b-4b56-9188-ecccdc8465f0',70000,1.0000,'26b3126e-62de-40bc-bfcc-794fcd220251','26b3126e-62de-40bc-bfcc-794fcd220251','2025-03-31 00:00:00','697c7bf0e02e6','f3683bee-094b-4aa6-8163-8d418a27eb6a',NULL,327,'posted',NULL,NULL,0,NULL,NULL,'2026-01-30 12:37:52','2026-01-30 12:37:52'),('10271839-d265-4aa6-973f-0a6ad2fddf21','b45b1d15-be51-4377-b952-9cfb9b27d058',8000000,1.0000,'26b3126e-62de-40bc-bfcc-794fcd220251','26b3126e-62de-40bc-bfcc-794fcd220251','2025-04-01 00:00:00','69804a98b7447','f3683bee-094b-4aa6-8163-8d418a27eb6a',NULL,460,'posted',NULL,NULL,0,NULL,NULL,'2026-02-02 09:56:24','2026-02-02 09:56:24'),('103b6af5-da37-4ac2-9438-575d050d5eea','b45b1d15-be51-4377-b952-9cfb9b27d058',8962801.6637,1.0000,'26b3126e-62de-40bc-bfcc-794fcd220251','26b3126e-62de-40bc-bfcc-794fcd220251','2025-04-01 00:00:00','69804a98b7447','f3683bee-094b-4aa6-8163-8d418a27eb6a',571,NULL,'posted',NULL,NULL,0,NULL,NULL,'2026-02-02 09:56:26','2026-02-02 09:56:26'),('1080f19a-3a19-4ef8-af30-5cc03ae1da1f','052aabb0-939b-4c42-aa83-ca8dd46f3949',217000,1.0000,'26b3126e-62de-40bc-bfcc-794fcd220251','26b3126e-62de-40bc-bfcc-794fcd220251','2025-03-31 00:00:00','697c7bf18abdf','f3683bee-094b-4aa6-8163-8d418a27eb6a',NULL,378,'posted',NULL,NULL,0,NULL,NULL,'2026-01-30 12:37:53','2026-01-30 12:37:53'),('10df49c7-ed09-489f-b309-aa0c80815100','b45b1d15-be51-4377-b952-9cfb9b27d058',8850,1.0000,'26b3126e-62de-40bc-bfcc-794fcd220251','26b3126e-62de-40bc-bfcc-794fcd220251','2025-04-01 00:00:00','69804a98b7447','f3683bee-094b-4aa6-8163-8d418a27eb6a',NULL,433,'posted',NULL,NULL,0,NULL,NULL,'2026-02-02 09:56:25','2026-02-02 09:56:25'),('10e33edf-596e-40c2-883c-68350715b3a4','b45b1d15-be51-4377-b952-9cfb9b27d058',1481250,1.0000,'26b3126e-62de-40bc-bfcc-794fcd220251','26b3126e-62de-40bc-bfcc-794fcd220251','2025-04-01 00:00:00','69804a98b7447','f3683bee-094b-4aa6-8163-8d418a27eb6a',NULL,125,'posted',NULL,NULL,0,NULL,NULL,'2026-02-02 09:56:25','2026-02-02 09:56:25'),('111e71b0-2f2b-42bc-bfb1-3007a733df2b','b45b1d15-be51-4377-b952-9cfb9b27d058',580000,1.0000,'26b3126e-62de-40bc-bfcc-794fcd220251','26b3126e-62de-40bc-bfcc-794fcd220251','2025-04-01 00:00:00','69804a98b7447','f3683bee-094b-4aa6-8163-8d418a27eb6a',NULL,362,'posted',NULL,NULL,0,NULL,NULL,'2026-02-02 09:56:25','2026-02-02 09:56:25'),('117d5fd6-fc68-45d3-8f2d-842a4564d68d','037bd4fc-4e0d-4fbc-89eb-7f810a4b7e93',3067440.1854503,1.0000,'26b3126e-62de-40bc-bfcc-794fcd220251','26b3126e-62de-40bc-bfcc-794fcd220251','2025-03-31 00:00:00','697c7bf3c76cd','f3683bee-094b-4aa6-8163-8d418a27eb6a',547,NULL,'posted',NULL,NULL,0,NULL,NULL,'2026-01-30 12:37:55','2026-01-30 12:37:55'),('1188faa9-3fef-445e-98b2-8ca5ad98307a','b45b1d15-be51-4377-b952-9cfb9b27d058',410000,1.0000,'26b3126e-62de-40bc-bfcc-794fcd220251','26b3126e-62de-40bc-bfcc-794fcd220251','2025-04-01 00:00:00','69804a98b7447','f3683bee-094b-4aa6-8163-8d418a27eb6a',NULL,353,'posted',NULL,NULL,0,NULL,NULL,'2026-02-02 09:56:25','2026-02-02 09:56:25'),('11a2a16e-baff-4e52-a4ad-4a6c98bbbd56','fb76276f-7bb2-44b5-9ae9-4425248522a3',55000,1.0000,'26b3126e-62de-40bc-bfcc-794fcd220251','26b3126e-62de-40bc-bfcc-794fcd220251','2025-03-31 00:00:00','697c7befc082d','f3683bee-094b-4aa6-8163-8d418a27eb6a',NULL,218,'posted',NULL,NULL,0,NULL,NULL,'2026-01-30 12:37:51','2026-01-30 12:37:51'),('11cc2474-1610-4348-8116-a53743afb9a8','b45b1d15-be51-4377-b952-9cfb9b27d058',240000,1.0000,'26b3126e-62de-40bc-bfcc-794fcd220251','26b3126e-62de-40bc-bfcc-794fcd220251','2025-04-01 00:00:00','69804a98b7447','f3683bee-094b-4aa6-8163-8d418a27eb6a',NULL,138,'posted',NULL,NULL,0,NULL,NULL,'2026-02-02 09:56:25','2026-02-02 09:56:25'),('11de0c50-b8a1-4638-a3d9-d5cc0979f6f9','b45b1d15-be51-4377-b952-9cfb9b27d058',73500,1.0000,'26b3126e-62de-40bc-bfcc-794fcd220251','26b3126e-62de-40bc-bfcc-794fcd220251','2025-04-01 00:00:00','69804a98b7447','f3683bee-094b-4aa6-8163-8d418a27eb6a',689,NULL,'posted',NULL,NULL,0,NULL,NULL,'2026-02-02 09:56:26','2026-02-02 09:56:26'),('11e9baae-fbd1-425b-ae56-8285fc537faf','27782e42-364c-4145-85e2-b6cc4af273a4',30000,1.0000,'26b3126e-62de-40bc-bfcc-794fcd220251','26b3126e-62de-40bc-bfcc-794fcd220251','2025-03-31 00:00:00','697c7bf083b1a','f3683bee-094b-4aa6-8163-8d418a27eb6a',NULL,295,'posted',NULL,NULL,0,NULL,NULL,'2026-01-30 12:37:52','2026-01-30 12:37:52'),('11f2eba6-c2cf-45d2-888f-c5c4b2ed6de0','b45b1d15-be51-4377-b952-9cfb9b27d058',44485105,1.0000,'26b3126e-62de-40bc-bfcc-794fcd220251','26b3126e-62de-40bc-bfcc-794fcd220251','2025-04-01 00:00:00','69804a98b7447','f3683bee-094b-4aa6-8163-8d418a27eb6a',508,NULL,'posted',NULL,NULL,0,NULL,NULL,'2026-02-02 09:56:26','2026-02-02 09:56:26'),('124c81c1-f446-4a53-87b4-8a5ee3cdcec0','617844ac-d80c-4754-9bb7-bc7262ea74e8',500000,1.0000,'26b3126e-62de-40bc-bfcc-794fcd220251','26b3126e-62de-40bc-bfcc-794fcd220251','2025-03-31 00:00:00','697c7bf0a79b2','f3683bee-094b-4aa6-8163-8d418a27eb6a',NULL,308,'posted',NULL,NULL,0,NULL,NULL,'2026-01-30 12:37:52','2026-01-30 12:37:52'),('1251215b-8189-47a4-9b14-be2dc35e47a4','b45b1d15-be51-4377-b952-9cfb9b27d058',160000,1.0000,'26b3126e-62de-40bc-bfcc-794fcd220251','26b3126e-62de-40bc-bfcc-794fcd220251','2025-04-01 00:00:00','69804a98b7447','f3683bee-094b-4aa6-8163-8d418a27eb6a',NULL,98,'posted',NULL,NULL,0,NULL,NULL,'2026-02-02 09:56:25','2026-02-02 09:56:25'),('127b30ad-f867-4b96-b422-3145007d41d6','b45b1d15-be51-4377-b952-9cfb9b27d058',2366646.76,1.0000,'26b3126e-62de-40bc-bfcc-794fcd220251','26b3126e-62de-40bc-bfcc-794fcd220251','2025-04-01 00:00:00','69804a98b7447','f3683bee-094b-4aa6-8163-8d418a27eb6a',NULL,46,'posted',NULL,NULL,0,NULL,NULL,'2026-02-02 09:56:25','2026-02-02 09:56:25'),('12a6b41a-acb7-4fd5-a690-cf37b992cc1e','b45b1d15-be51-4377-b952-9cfb9b27d058',7281703.4103,1.0000,'26b3126e-62de-40bc-bfcc-794fcd220251','26b3126e-62de-40bc-bfcc-794fcd220251','2025-04-01 00:00:00','69804a98b7447','f3683bee-094b-4aa6-8163-8d418a27eb6a',548,NULL,'posted',NULL,NULL,0,NULL,NULL,'2026-02-02 09:56:25','2026-02-02 09:56:25'),('12b246c5-67ee-433d-b839-42b0dd613746','3b5e6568-b0ce-4e74-9f04-9ec126ddec74',183000,1.0000,'26b3126e-62de-40bc-bfcc-794fcd220251','26b3126e-62de-40bc-bfcc-794fcd220251','2025-03-31 00:00:00','697c7bf1c5e5d','f3683bee-094b-4aa6-8163-8d418a27eb6a',NULL,395,'posted',NULL,NULL,0,NULL,NULL,'2026-01-30 12:37:53','2026-01-30 12:37:53'),('12b480ef-6d71-4c0f-aad0-759bbf982e93','b45b1d15-be51-4377-b952-9cfb9b27d058',380000,1.0000,'26b3126e-62de-40bc-bfcc-794fcd220251','26b3126e-62de-40bc-bfcc-794fcd220251','2025-04-01 00:00:00','69804a98b7447','f3683bee-094b-4aa6-8163-8d418a27eb6a',NULL,202,'posted',NULL,NULL,0,NULL,NULL,'2026-02-02 09:56:25','2026-02-02 09:56:25'),('12b71a3b-128e-4704-b1ef-b4bfaa56805a','b45b1d15-be51-4377-b952-9cfb9b27d058',145262.6846,1.0000,'26b3126e-62de-40bc-bfcc-794fcd220251','26b3126e-62de-40bc-bfcc-794fcd220251','2025-04-01 00:00:00','69804a98b7447','f3683bee-094b-4aa6-8163-8d418a27eb6a',559,NULL,'posted',NULL,NULL,0,NULL,NULL,'2026-02-02 09:56:25','2026-02-02 09:56:25'),('12e8de37-fde5-4892-92da-18e5eb73d5e7','759f9fa5-611d-44ae-bb51-9f81e8fd469e',640871.69851573,1.0000,'26b3126e-62de-40bc-bfcc-794fcd220251','26b3126e-62de-40bc-bfcc-794fcd220251','2025-03-31 00:00:00','697c7bf4d2521','f3683bee-094b-4aa6-8163-8d418a27eb6a',624,NULL,'posted',NULL,NULL,0,NULL,NULL,'2026-01-30 12:37:56','2026-01-30 12:37:56'),('12ee1848-0a13-475b-8032-cd12b21acfa7','16eb60b9-91a9-49a0-aad4-bc5cde7e685d',4468880.7397873,1.0000,'26b3126e-62de-40bc-bfcc-794fcd220251','26b3126e-62de-40bc-bfcc-794fcd220251','2025-03-31 00:00:00','697c7bf4485a3','f3683bee-094b-4aa6-8163-8d418a27eb6a',581,NULL,'posted',NULL,NULL,0,NULL,NULL,'2026-01-30 12:37:56','2026-01-30 12:37:56'),('13170276-5453-43e2-abab-733e4985f15b','b45b1d15-be51-4377-b952-9cfb9b27d058',1300000,1.0000,'26b3126e-62de-40bc-bfcc-794fcd220251','26b3126e-62de-40bc-bfcc-794fcd220251','2025-04-01 00:00:00','69804a98b7447','f3683bee-094b-4aa6-8163-8d418a27eb6a',NULL,118,'posted',NULL,NULL,0,NULL,NULL,'2026-02-02 09:56:25','2026-02-02 09:56:25'),('13201a91-dd71-42c1-9d9c-b1267a3a2394','b45b1d15-be51-4377-b952-9cfb9b27d058',18123932,1.0000,'26b3126e-62de-40bc-bfcc-794fcd220251','26b3126e-62de-40bc-bfcc-794fcd220251','2025-04-01 00:00:00','69804a98b7447','f3683bee-094b-4aa6-8163-8d418a27eb6a',NULL,89,'posted',NULL,NULL,0,NULL,NULL,'2026-02-02 09:56:24','2026-02-02 09:56:24'),('13b6f943-db3a-4a3a-8c93-4045bc84e210','9d304b67-9983-4c82-9784-c6b66d037863',30000,1.0000,'26b3126e-62de-40bc-bfcc-794fcd220251','26b3126e-62de-40bc-bfcc-794fcd220251','2025-03-31 00:00:00','697c7bf0400a8','f3683bee-094b-4aa6-8163-8d418a27eb6a',NULL,268,'posted',NULL,NULL,0,NULL,NULL,'2026-01-30 12:37:52','2026-01-30 12:37:52'),('13e3c549-8aa8-47a4-a7fe-646783e197fd','b45b1d15-be51-4377-b952-9cfb9b27d058',183700,1.0000,'26b3126e-62de-40bc-bfcc-794fcd220251','26b3126e-62de-40bc-bfcc-794fcd220251','2025-04-01 00:00:00','69804a98b7447','f3683bee-094b-4aa6-8163-8d418a27eb6a',NULL,84,'posted',NULL,NULL,0,NULL,NULL,'2026-02-02 09:56:24','2026-02-02 09:56:24'),('13f34be9-2b30-4bbf-8c98-2daefcb93c97','b45b1d15-be51-4377-b952-9cfb9b27d058',154850,1.0000,'26b3126e-62de-40bc-bfcc-794fcd220251','26b3126e-62de-40bc-bfcc-794fcd220251','2025-04-01 00:00:00','69804a98b7447','f3683bee-094b-4aa6-8163-8d418a27eb6a',643,NULL,'posted',NULL,NULL,0,NULL,NULL,'2026-02-02 09:56:26','2026-02-02 09:56:26'),('14528255-18ce-4d34-a36a-27f9b5541ff9','b45b1d15-be51-4377-b952-9cfb9b27d058',125664500,1.0000,'26b3126e-62de-40bc-bfcc-794fcd220251','26b3126e-62de-40bc-bfcc-794fcd220251','2025-04-01 00:00:00','69804a98b7447','f3683bee-094b-4aa6-8163-8d418a27eb6a',NULL,39,'posted',NULL,NULL,0,NULL,NULL,'2026-02-02 09:56:25','2026-02-02 09:56:25'),('1459d6f9-96ac-44aa-9725-53757f0d3f65','7fd0c4a0-6dd4-4685-b789-2531a962656f',45216593.17,1.0000,'26b3126e-62de-40bc-bfcc-794fcd220251','26b3126e-62de-40bc-bfcc-794fcd220251','2025-03-31 00:00:00','697c7bedd9029','f3683bee-094b-4aa6-8163-8d418a27eb6a',NULL,50,'posted',NULL,NULL,0,NULL,NULL,'2026-01-30 12:37:49','2026-01-30 12:37:49'),('14631fbc-e7a4-4fbc-9a0f-44425cc57d4c','b45b1d15-be51-4377-b952-9cfb9b27d058',3391,1.0000,'26b3126e-62de-40bc-bfcc-794fcd220251','26b3126e-62de-40bc-bfcc-794fcd220251','2025-04-01 00:00:00','69804a98b7447','f3683bee-094b-4aa6-8163-8d418a27eb6a',680,NULL,'posted',NULL,NULL,0,NULL,NULL,'2026-02-02 09:56:26','2026-02-02 09:56:26'),('14b660d1-62a9-470f-9949-9b0b6ee43cb0','42a60453-a8ef-4179-a646-61734b4db723',6060838.7112518,1.0000,'26b3126e-62de-40bc-bfcc-794fcd220251','26b3126e-62de-40bc-bfcc-794fcd220251','2025-03-31 00:00:00','697c7bf3eceaf','f3683bee-094b-4aa6-8163-8d418a27eb6a',558,NULL,'posted',NULL,NULL,0,NULL,NULL,'2026-01-30 12:37:55','2026-01-30 12:37:55'),('14c14b06-7782-440c-95f6-3952f323e1ff','b45b1d15-be51-4377-b952-9cfb9b27d058',430000,1.0000,'26b3126e-62de-40bc-bfcc-794fcd220251','26b3126e-62de-40bc-bfcc-794fcd220251','2025-04-01 00:00:00','69804a98b7447','f3683bee-094b-4aa6-8163-8d418a27eb6a',NULL,334,'posted',NULL,NULL,0,NULL,NULL,'2026-02-02 09:56:25','2026-02-02 09:56:25'),('155d9e10-25a0-4fd5-86c1-a731720fe494','b45b1d15-be51-4377-b952-9cfb9b27d058',710000,1.0000,'26b3126e-62de-40bc-bfcc-794fcd220251','26b3126e-62de-40bc-bfcc-794fcd220251','2025-04-01 00:00:00','69804a98b7447','f3683bee-094b-4aa6-8163-8d418a27eb6a',520,NULL,'posted',NULL,NULL,0,NULL,NULL,'2026-02-02 09:56:25','2026-02-02 09:56:25'),('1568516d-1cf6-4512-b3e5-66343ae4ff76','b45b1d15-be51-4377-b952-9cfb9b27d058',430000,1.0000,'26b3126e-62de-40bc-bfcc-794fcd220251','26b3126e-62de-40bc-bfcc-794fcd220251','2025-04-01 00:00:00','69804a98b7447','f3683bee-094b-4aa6-8163-8d418a27eb6a',NULL,322,'posted',NULL,NULL,0,NULL,NULL,'2026-02-02 09:56:25','2026-02-02 09:56:25'),('158791bd-d44a-4cf7-b08f-196aede26fdb','c91475fb-3c63-4ff7-ab6e-7ee00eb666d6',130500,1.0000,'26b3126e-62de-40bc-bfcc-794fcd220251','26b3126e-62de-40bc-bfcc-794fcd220251','2025-03-31 00:00:00','697c7bf208858','f3683bee-094b-4aa6-8163-8d418a27eb6a',NULL,412,'posted',NULL,NULL,0,NULL,NULL,'2026-01-30 12:37:54','2026-01-30 12:37:54'),('15aa7ecb-c995-4426-b1e2-a453434abf4d','0870cd26-aadd-4cc7-addb-ad2571feaa6b',65000,1.0000,'26b3126e-62de-40bc-bfcc-794fcd220251','26b3126e-62de-40bc-bfcc-794fcd220251','2025-03-31 00:00:00','697c7bf01d461','f3683bee-094b-4aa6-8163-8d418a27eb6a',NULL,254,'posted',NULL,NULL,0,NULL,NULL,'2026-01-30 12:37:52','2026-01-30 12:37:52'),('15b78eb8-6e4e-49dc-b34f-cce611328496','b45b1d15-be51-4377-b952-9cfb9b27d058',4049,1.0000,'26b3126e-62de-40bc-bfcc-794fcd220251','26b3126e-62de-40bc-bfcc-794fcd220251','2025-04-01 00:00:00','69804a98b7447','f3683bee-094b-4aa6-8163-8d418a27eb6a',662,NULL,'posted',NULL,NULL,0,NULL,NULL,'2026-02-02 09:56:26','2026-02-02 09:56:26'),('15bc1b27-b252-4872-88a1-9c60e5de26a3','186a12cc-aa0c-4ebf-8506-d67b3d1fbe7c',125000,1.0000,'26b3126e-62de-40bc-bfcc-794fcd220251','26b3126e-62de-40bc-bfcc-794fcd220251','2025-03-31 00:00:00','697c7bf014abc','f3683bee-094b-4aa6-8163-8d418a27eb6a',NULL,252,'posted',NULL,NULL,0,NULL,NULL,'2026-01-30 12:37:52','2026-01-30 12:37:52'),('15c1a47b-0098-4df6-bef0-92b0ad6271fa','b45b1d15-be51-4377-b952-9cfb9b27d058',400000,1.0000,'26b3126e-62de-40bc-bfcc-794fcd220251','26b3126e-62de-40bc-bfcc-794fcd220251','2025-04-01 00:00:00','69804a98b7447','f3683bee-094b-4aa6-8163-8d418a27eb6a',NULL,374,'posted',NULL,NULL,0,NULL,NULL,'2026-02-02 09:56:25','2026-02-02 09:56:25'),('1609ff21-e32b-4e5e-a7bb-62c370052f0c','c4fbd93c-1d8c-45c3-9b62-c0bc6692f173',40000000,1.0000,'26b3126e-62de-40bc-bfcc-794fcd220251','26b3126e-62de-40bc-bfcc-794fcd220251','2025-03-31 00:00:00','697c7bf36fd0b','f3683bee-094b-4aa6-8163-8d418a27eb6a',517,NULL,'posted',NULL,NULL,0,NULL,NULL,'2026-01-30 12:37:55','2026-01-30 12:37:55'),('164a34e3-0c31-406b-83a9-44fa1f2328cf','b45b1d15-be51-4377-b952-9cfb9b27d058',14000,1.0000,'26b3126e-62de-40bc-bfcc-794fcd220251','26b3126e-62de-40bc-bfcc-794fcd220251','2025-04-01 00:00:00','69804a98b7447','f3683bee-094b-4aa6-8163-8d418a27eb6a',NULL,436,'posted',NULL,NULL,0,NULL,NULL,'2026-02-02 09:56:25','2026-02-02 09:56:25'),('1655dfa7-7389-4246-bbd4-eacb9c9afb41','b45b1d15-be51-4377-b952-9cfb9b27d058',20000,1.0000,'26b3126e-62de-40bc-bfcc-794fcd220251','26b3126e-62de-40bc-bfcc-794fcd220251','2025-04-01 00:00:00','69804a98b7447','f3683bee-094b-4aa6-8163-8d418a27eb6a',654,NULL,'posted',NULL,NULL,0,NULL,NULL,'2026-02-02 09:56:25','2026-02-02 09:56:25'),('16da3b9e-75cd-4f13-a506-ecc3461a2fd8','b45b1d15-be51-4377-b952-9cfb9b27d058',4572953.9316,1.0000,'26b3126e-62de-40bc-bfcc-794fcd220251','26b3126e-62de-40bc-bfcc-794fcd220251','2025-04-01 00:00:00','69804a98b7447','f3683bee-094b-4aa6-8163-8d418a27eb6a',609,NULL,'posted',NULL,NULL,0,NULL,NULL,'2026-02-02 09:56:26','2026-02-02 09:56:26'),('176750aa-2b6b-43a6-9a36-362f9fe4b485','e3689449-e0bb-4eb6-83e1-4c42ecded78a',250000,1.0000,'26b3126e-62de-40bc-bfcc-794fcd220251','26b3126e-62de-40bc-bfcc-794fcd220251','2025-03-31 00:00:00','697c7bf08df4f','f3683bee-094b-4aa6-8163-8d418a27eb6a',NULL,300,'posted',NULL,NULL,0,NULL,NULL,'2026-01-30 12:37:52','2026-01-30 12:37:52'),('178fb935-30b5-4b94-9f53-c64a4495c541','b45b1d15-be51-4377-b952-9cfb9b27d058',700000,1.0000,'26b3126e-62de-40bc-bfcc-794fcd220251','26b3126e-62de-40bc-bfcc-794fcd220251','2025-04-01 00:00:00','69804a98b7447','f3683bee-094b-4aa6-8163-8d418a27eb6a',NULL,183,'posted',NULL,NULL,0,NULL,NULL,'2026-02-02 09:56:25','2026-02-02 09:56:25'),('17bf53a8-d412-4dee-a4c6-ba7e1a2fc917','b45b1d15-be51-4377-b952-9cfb9b27d058',6000000,1.0000,'26b3126e-62de-40bc-bfcc-794fcd220251','26b3126e-62de-40bc-bfcc-794fcd220251','2025-04-01 00:00:00','69804a98b7447','f3683bee-094b-4aa6-8163-8d418a27eb6a',NULL,458,'posted',NULL,NULL,0,NULL,NULL,'2026-02-02 09:56:25','2026-02-02 09:56:25'),('17d88091-6262-45bb-b2d8-0dbdaadd915d','f652c093-df81-43ae-ac51-9b3c0660d362',980000,1.0000,'26b3126e-62de-40bc-bfcc-794fcd220251','26b3126e-62de-40bc-bfcc-794fcd220251','2025-03-31 00:00:00','697c7befdd7e9','f3683bee-094b-4aa6-8163-8d418a27eb6a',NULL,232,'posted',NULL,NULL,0,NULL,NULL,'2026-01-30 12:37:51','2026-01-30 12:37:51'),('1824bb91-eff6-4ddd-a18f-5cbe67a4bee2','7b656617-e68b-4485-874e-b2b067d33615',5021669.8944031,1.0000,'26b3126e-62de-40bc-bfcc-794fcd220251','26b3126e-62de-40bc-bfcc-794fcd220251','2025-03-31 00:00:00','697c7bf3b7d44','f3683bee-094b-4aa6-8163-8d418a27eb6a',542,NULL,'posted',NULL,NULL,0,NULL,NULL,'2026-01-30 12:37:55','2026-01-30 12:37:55'),('18778f7c-fc57-4c1b-9c0d-7fbfa09854dd','127b8af5-e089-4732-9950-1b58b08c378c',48521000,1.0000,'26b3126e-62de-40bc-bfcc-794fcd220251','26b3126e-62de-40bc-bfcc-794fcd220251','2026-01-30 00:00:00','697c972e7cab3','f3683bee-094b-4aa6-8163-8d418a27eb6a',NULL,948,'posted',NULL,NULL,0,NULL,NULL,'2026-01-30 14:34:06','2026-01-30 14:34:06'),('188a167f-6fd9-4023-bf44-f5914fb14a7e','8bb1b7b1-c810-429d-afd9-662f0a559239',310000,1.0000,'26b3126e-62de-40bc-bfcc-794fcd220251','26b3126e-62de-40bc-bfcc-794fcd220251','2025-03-31 00:00:00','697c7bf09c0a8','f3683bee-094b-4aa6-8163-8d418a27eb6a',NULL,304,'posted',NULL,NULL,0,NULL,NULL,'2026-01-30 12:37:52','2026-01-30 12:37:52'),('189b7c2e-7c4b-44d6-b780-0c48bbe486d7','b7153050-6cc8-451e-8779-f1b5dd299299',1180259.312735,1.0000,'26b3126e-62de-40bc-bfcc-794fcd220251','26b3126e-62de-40bc-bfcc-794fcd220251','2025-03-31 00:00:00','697c7bf456dda','f3683bee-094b-4aa6-8163-8d418a27eb6a',586,NULL,'posted',NULL,NULL,0,NULL,NULL,'2026-01-30 12:37:56','2026-01-30 12:37:56'),('18f99b84-33b2-4ed3-9a73-fcf4f6004c03','7e0c1fff-b673-4af8-a3a6-62be20a60acf',170000,1.0000,'26b3126e-62de-40bc-bfcc-794fcd220251','26b3126e-62de-40bc-bfcc-794fcd220251','2025-03-31 00:00:00','697c7bef32da6','f3683bee-094b-4aa6-8163-8d418a27eb6a',NULL,160,'posted',NULL,NULL,0,NULL,NULL,'2026-01-30 12:37:51','2026-01-30 12:37:51'),('1905cc85-3889-4d05-be4b-7e97bccbb0fc','b45b1d15-be51-4377-b952-9cfb9b27d058',106000,1.0000,'26b3126e-62de-40bc-bfcc-794fcd220251','26b3126e-62de-40bc-bfcc-794fcd220251','2025-04-01 00:00:00','69804a98b7447','f3683bee-094b-4aa6-8163-8d418a27eb6a',NULL,379,'posted',NULL,NULL,0,NULL,NULL,'2026-02-02 09:56:25','2026-02-02 09:56:25'),('193da2db-b011-477e-8245-823b8f6d50d1','b45b1d15-be51-4377-b952-9cfb9b27d058',45000,1.0000,'26b3126e-62de-40bc-bfcc-794fcd220251','26b3126e-62de-40bc-bfcc-794fcd220251','2025-04-01 00:00:00','69804a98b7447','f3683bee-094b-4aa6-8163-8d418a27eb6a',NULL,340,'posted',NULL,NULL,0,NULL,NULL,'2026-02-02 09:56:25','2026-02-02 09:56:25'),('19426024-4cc1-47d1-8080-f59cb4144075','01dd968d-09d0-43e7-883f-736ce7339419',39000,1.0000,'26b3126e-62de-40bc-bfcc-794fcd220251','26b3126e-62de-40bc-bfcc-794fcd220251','2025-03-31 00:00:00','697c7bf1bafd3','f3683bee-094b-4aa6-8163-8d418a27eb6a',NULL,392,'posted',NULL,NULL,0,NULL,NULL,'2026-01-30 12:37:53','2026-01-30 12:37:53'),('1967a208-a4db-41e1-bac2-95804b39fa17','df4d5755-bc64-4b55-b85c-56b05df395f3',41244106,1.0000,'26b3126e-62de-40bc-bfcc-794fcd220251','26b3126e-62de-40bc-bfcc-794fcd220251','2025-03-31 00:00:00','697c7bf366dc5','f3683bee-094b-4aa6-8163-8d418a27eb6a',514,NULL,'posted',NULL,NULL,0,NULL,NULL,'2026-01-30 12:37:55','2026-01-30 12:37:55'),('197e786d-308e-43eb-9c72-7593d7558723','a5197323-e59f-4bc6-ae38-a8a7a35cda9b',1582925,1.0000,'26b3126e-62de-40bc-bfcc-794fcd220251','26b3126e-62de-40bc-bfcc-794fcd220251','2025-03-31 00:00:00','697c7bf17e003','f3683bee-094b-4aa6-8163-8d418a27eb6a',NULL,375,'posted',NULL,NULL,0,NULL,NULL,'2026-01-30 12:37:53','2026-01-30 12:37:53'),('19b1eaea-174a-406c-b6ff-ba624f946005','d4b11d69-c732-4813-a0f2-f367ca1ffbf4',4529115,1.0000,'26b3126e-62de-40bc-bfcc-794fcd220251','26b3126e-62de-40bc-bfcc-794fcd220251','2026-01-30 00:00:00','697c972e83579','f3683bee-094b-4aa6-8163-8d418a27eb6a',NULL,950,'posted',NULL,NULL,0,NULL,NULL,'2026-01-30 14:34:06','2026-01-30 14:34:06'),('1a0b6f34-5493-405d-bb4f-98d922d0587e','0af13a97-cb1b-44c5-b7d1-f8b53bbd39a2',2714495,1.0000,'26b3126e-62de-40bc-bfcc-794fcd220251','26b3126e-62de-40bc-bfcc-794fcd220251','2025-03-31 00:00:00','697c7bf5b47b8','f3683bee-094b-4aa6-8163-8d418a27eb6a',690,NULL,'posted',NULL,NULL,0,NULL,NULL,'2026-01-30 12:37:57','2026-01-30 12:37:57'),('1a468b0e-e50d-4ed6-8782-7e9bd2d2268f','b45b1d15-be51-4377-b952-9cfb9b27d058',40000,1.0000,'26b3126e-62de-40bc-bfcc-794fcd220251','26b3126e-62de-40bc-bfcc-794fcd220251','2025-04-01 00:00:00','69804a98b7447','f3683bee-094b-4aa6-8163-8d418a27eb6a',NULL,70,'posted',NULL,NULL,0,NULL,NULL,'2026-02-02 09:56:24','2026-02-02 09:56:24'),('1a62e1b6-c7fe-4d63-9dc2-4fb16b50e95e','b45b1d15-be51-4377-b952-9cfb9b27d058',5000000,1.0000,'26b3126e-62de-40bc-bfcc-794fcd220251','26b3126e-62de-40bc-bfcc-794fcd220251','2025-04-01 00:00:00','69804a98b7447','f3683bee-094b-4aa6-8163-8d418a27eb6a',NULL,40,'posted',NULL,NULL,0,NULL,NULL,'2026-02-02 09:56:25','2026-02-02 09:56:25'),('1aa1aed7-b3db-4a2f-9b2c-540799e2eebb','b45b1d15-be51-4377-b952-9cfb9b27d058',71208,1.0000,'26b3126e-62de-40bc-bfcc-794fcd220251','26b3126e-62de-40bc-bfcc-794fcd220251','2025-04-01 00:00:00','69804a98b7447','f3683bee-094b-4aa6-8163-8d418a27eb6a',NULL,449,'posted',NULL,NULL,0,NULL,NULL,'2026-02-02 09:56:25','2026-02-02 09:56:25'),('1abe55de-02a7-4736-b0fb-6a89b22a3d3a','aededfaa-ce7d-4cb8-8d61-10abe4ecec27',240000,1.0000,'26b3126e-62de-40bc-bfcc-794fcd220251','26b3126e-62de-40bc-bfcc-794fcd220251','2025-03-31 00:00:00','697c7bef0c42d','f3683bee-094b-4aa6-8163-8d418a27eb6a',NULL,147,'posted',NULL,NULL,0,NULL,NULL,'2026-01-30 12:37:51','2026-01-30 12:37:51'),('1add1592-774d-461f-bbb1-2c878f9d63a3','b45b1d15-be51-4377-b952-9cfb9b27d058',480000,1.0000,'26b3126e-62de-40bc-bfcc-794fcd220251','26b3126e-62de-40bc-bfcc-794fcd220251','2025-04-01 00:00:00','69804a98b7447','f3683bee-094b-4aa6-8163-8d418a27eb6a',521,NULL,'posted',NULL,NULL,0,NULL,NULL,'2026-02-02 09:56:26','2026-02-02 09:56:26'),('1addc119-1b36-465c-8f0d-343d57b4f244','b95ae4bb-3358-41e8-9334-7171d54c7a5f',8500000,1.0000,'26b3126e-62de-40bc-bfcc-794fcd220251','26b3126e-62de-40bc-bfcc-794fcd220251','2025-03-31 00:00:00','697c7bf2945a5','f3683bee-094b-4aa6-8163-8d418a27eb6a',NULL,454,'posted',NULL,NULL,0,NULL,NULL,'2026-01-30 12:37:54','2026-01-30 12:37:54'),('1aeee1f1-5d84-4f05-8b87-aba54e763e92','c4e147de-15f6-401a-9616-77a24e46e364',170000,1.0000,'26b3126e-62de-40bc-bfcc-794fcd220251','26b3126e-62de-40bc-bfcc-794fcd220251','2025-03-31 00:00:00','697c7bef7bb43','f3683bee-094b-4aa6-8163-8d418a27eb6a',NULL,190,'posted',NULL,NULL,0,NULL,NULL,'2026-01-30 12:37:51','2026-01-30 12:37:51'),('1b0545df-7a1f-4227-8f49-4ec947cd2f5b','b45b1d15-be51-4377-b952-9cfb9b27d058',55724.33,1.0000,'26b3126e-62de-40bc-bfcc-794fcd220251','26b3126e-62de-40bc-bfcc-794fcd220251','2025-04-01 00:00:00','69804a98b7447','f3683bee-094b-4aa6-8163-8d418a27eb6a',692,NULL,'posted',NULL,NULL,0,NULL,NULL,'2026-02-02 09:56:25','2026-02-02 09:56:25'),('1b1f72a3-79a0-457e-9c94-19fd466558bd','b45b1d15-be51-4377-b952-9cfb9b27d058',41880,1.0000,'26b3126e-62de-40bc-bfcc-794fcd220251','26b3126e-62de-40bc-bfcc-794fcd220251','2025-04-01 00:00:00','69804a98b7447','f3683bee-094b-4aa6-8163-8d418a27eb6a',NULL,168,'posted',NULL,NULL,0,NULL,NULL,'2026-02-02 09:56:25','2026-02-02 09:56:25'),('1b9617c5-17e4-4393-9c2b-202f9fe9e360','e954dd83-f3bf-4ede-9207-7128492bf9bd',500000,1.0000,'26b3126e-62de-40bc-bfcc-794fcd220251','26b3126e-62de-40bc-bfcc-794fcd220251','2025-03-31 00:00:00','697c7befc7cbc','f3683bee-094b-4aa6-8163-8d418a27eb6a',NULL,221,'posted',NULL,NULL,0,NULL,NULL,'2026-01-30 12:37:51','2026-01-30 12:37:51'),('1bacef1d-8208-4b6d-a509-1116a91c5bfc','9604b674-f192-415f-a577-9c377d4f8861',12000000,1.0000,'26b3126e-62de-40bc-bfcc-794fcd220251','26b3126e-62de-40bc-bfcc-794fcd220251','2025-03-31 00:00:00','697c7bf2b6fe7','f3683bee-094b-4aa6-8163-8d418a27eb6a',NULL,464,'posted',NULL,NULL,0,NULL,NULL,'2026-01-30 12:37:54','2026-01-30 12:37:54'),('1bf71d66-c02c-4a96-96a8-a76630edef81','d22f4beb-9e5b-4923-a382-e8e17551fb45',1550000,1.0000,'26b3126e-62de-40bc-bfcc-794fcd220251','26b3126e-62de-40bc-bfcc-794fcd220251','2026-01-30 00:00:00','697c972ea3a1d','f3683bee-094b-4aa6-8163-8d418a27eb6a',NULL,961,'posted',NULL,NULL,0,NULL,NULL,'2026-01-30 14:34:06','2026-01-30 14:34:06'),('1bfd8398-1450-4d21-8cc4-9b00749320b7','ea478bee-66fe-4175-8eea-4aee753317f1',3300000,1.0000,'26b3126e-62de-40bc-bfcc-794fcd220251','26b3126e-62de-40bc-bfcc-794fcd220251','2025-03-31 00:00:00','697c7beeb183c','f3683bee-094b-4aa6-8163-8d418a27eb6a',NULL,121,'posted',NULL,NULL,0,NULL,NULL,'2026-01-30 12:37:50','2026-01-30 12:37:50'),('1c7c3e6a-652e-4aea-8f13-0672b335784c','3ffa4ede-1261-4acb-a953-72078f588bf3',400000,1.0000,'26b3126e-62de-40bc-bfcc-794fcd220251','26b3126e-62de-40bc-bfcc-794fcd220251','2025-03-31 00:00:00','697c7bf1195e9','f3683bee-094b-4aa6-8163-8d418a27eb6a',NULL,341,'posted',NULL,NULL,0,NULL,NULL,'2026-01-30 12:37:53','2026-01-30 12:37:53'),('1c9f0cde-1fcd-4168-a37c-5a9c9baf64bb','0d4b4d10-5dfc-407e-a06d-3f755cb6b439',2158160,1.0000,'26b3126e-62de-40bc-bfcc-794fcd220251','26b3126e-62de-40bc-bfcc-794fcd220251','2025-03-31 00:00:00','697c7bef0f450','f3683bee-094b-4aa6-8163-8d418a27eb6a',NULL,148,'posted',NULL,NULL,0,NULL,NULL,'2026-01-30 12:37:51','2026-01-30 12:37:51'),('1ca4a419-bacc-41cd-91f6-c5e9bf3555cf','c0a2553c-5a35-433d-b0ad-ad345ddfb699',5000,1.0000,'26b3126e-62de-40bc-bfcc-794fcd220251','26b3126e-62de-40bc-bfcc-794fcd220251','2025-03-31 00:00:00','697c7bf2491d0','f3683bee-094b-4aa6-8163-8d418a27eb6a',NULL,434,'posted',NULL,NULL,0,NULL,NULL,'2026-01-30 12:37:54','2026-01-30 12:37:54'),('1cbc387e-3379-4f31-8cc6-cdee3c127b86','b7b69b87-20cd-4a87-b1ac-4e2574468f21',746334.01,1.0000,'26b3126e-62de-40bc-bfcc-794fcd220251','26b3126e-62de-40bc-bfcc-794fcd220251','2025-03-31 00:00:00','697c7bedc3e31','f3683bee-094b-4aa6-8163-8d418a27eb6a',NULL,42,'posted',NULL,NULL,0,NULL,NULL,'2026-01-30 12:37:49','2026-01-30 12:37:49'),('1ced3132-39d9-4a9e-97c1-66ca0d60cdb4','d8529437-67df-42a2-b661-8f984c9de357',50000,1.0000,'26b3126e-62de-40bc-bfcc-794fcd220251','26b3126e-62de-40bc-bfcc-794fcd220251','2025-03-31 00:00:00','697c7bf0064d7','f3683bee-094b-4aa6-8163-8d418a27eb6a',NULL,246,'posted',NULL,NULL,0,NULL,NULL,'2026-01-30 12:37:52','2026-01-30 12:37:52'),('1cfa9c6b-a396-41be-b8d5-8b6e6bf89709','b45b1d15-be51-4377-b952-9cfb9b27d058',3325116.9137,1.0000,'26b3126e-62de-40bc-bfcc-794fcd220251','26b3126e-62de-40bc-bfcc-794fcd220251','2025-04-01 00:00:00','69804a98b7447','f3683bee-094b-4aa6-8163-8d418a27eb6a',633,NULL,'posted',NULL,NULL,0,NULL,NULL,'2026-02-02 09:56:26','2026-02-02 09:56:26'),('1d305428-8f09-4c88-beaf-160d3b9ce263','c4652da9-baa5-4521-b23e-da1dfb9fcb49',89260637.9,1.0000,'26b3126e-62de-40bc-bfcc-794fcd220251','26b3126e-62de-40bc-bfcc-794fcd220251','2025-03-31 00:00:00','697c7bf3957a1','f3683bee-094b-4aa6-8163-8d418a27eb6a',530,NULL,'posted',NULL,NULL,0,NULL,NULL,'2026-01-30 12:37:55','2026-01-30 12:37:55'),('1d317adc-df90-42b4-8484-82194c10bc42','b80c8a17-5316-473d-8c5a-bce04fd71807',30000,1.0000,'26b3126e-62de-40bc-bfcc-794fcd220251','26b3126e-62de-40bc-bfcc-794fcd220251','2025-03-31 00:00:00','697c7bf0c2d86','f3683bee-094b-4aa6-8163-8d418a27eb6a',NULL,317,'posted',NULL,NULL,0,NULL,NULL,'2026-01-30 12:37:52','2026-01-30 12:37:52'),('1d8cedbc-0dbb-4f0f-8e0d-50a8931dd42d','b45b1d15-be51-4377-b952-9cfb9b27d058',1650000,1.0000,'26b3126e-62de-40bc-bfcc-794fcd220251','26b3126e-62de-40bc-bfcc-794fcd220251','2025-04-01 00:00:00','69804a98b7447','f3683bee-094b-4aa6-8163-8d418a27eb6a',NULL,150,'posted',NULL,NULL,0,NULL,NULL,'2026-02-02 09:56:25','2026-02-02 09:56:25'),('1dcf4d97-9f52-4d09-ae93-b752182c36a7','b45b1d15-be51-4377-b952-9cfb9b27d058',430000,1.0000,'26b3126e-62de-40bc-bfcc-794fcd220251','26b3126e-62de-40bc-bfcc-794fcd220251','2025-04-01 00:00:00','69804a98b7447','f3683bee-094b-4aa6-8163-8d418a27eb6a',NULL,311,'posted',NULL,NULL,0,NULL,NULL,'2026-02-02 09:56:25','2026-02-02 09:56:25'),('1dda3b60-5724-4da6-a263-f98b2e4788f5','2ec4a17f-3a8c-458f-89b2-5affdd24cbc4',390000,1.0000,'26b3126e-62de-40bc-bfcc-794fcd220251','26b3126e-62de-40bc-bfcc-794fcd220251','2025-03-31 00:00:00','697c7bf10e0be','f3683bee-094b-4aa6-8163-8d418a27eb6a',NULL,337,'posted',NULL,NULL,0,NULL,NULL,'2026-01-30 12:37:53','2026-01-30 12:37:53'),('1e21f5bb-8461-446a-84a7-26e4e8313826','b45b1d15-be51-4377-b952-9cfb9b27d058',45000,1.0000,'26b3126e-62de-40bc-bfcc-794fcd220251','26b3126e-62de-40bc-bfcc-794fcd220251','2025-04-01 00:00:00','69804a98b7447','f3683bee-094b-4aa6-8163-8d418a27eb6a',NULL,386,'posted',NULL,NULL,0,NULL,NULL,'2026-02-02 09:56:25','2026-02-02 09:56:25'),('1e3c9e73-7a58-4bb1-8c3b-4dd60c697fc5','b45b1d15-be51-4377-b952-9cfb9b27d058',4978192,1.0000,'26b3126e-62de-40bc-bfcc-794fcd220251','26b3126e-62de-40bc-bfcc-794fcd220251','2025-04-01 00:00:00','69804a98b7447','f3683bee-094b-4aa6-8163-8d418a27eb6a',NULL,112,'posted',NULL,NULL,0,NULL,NULL,'2026-02-02 09:56:25','2026-02-02 09:56:25'),('1eda19c5-bf04-4736-a21a-5984873b6298','79e6f507-c311-4206-9c1a-b43a6ee4ad4f',12000,1.0000,'26b3126e-62de-40bc-bfcc-794fcd220251','26b3126e-62de-40bc-bfcc-794fcd220251','2025-03-31 00:00:00','697c7bf2841a5','f3683bee-094b-4aa6-8163-8d418a27eb6a',NULL,450,'posted',NULL,NULL,0,NULL,NULL,'2026-01-30 12:37:54','2026-01-30 12:37:54'),('1ee07605-15dc-419c-9ea9-ed262dd56b14','b45b1d15-be51-4377-b952-9cfb9b27d058',782651,1.0000,'26b3126e-62de-40bc-bfcc-794fcd220251','26b3126e-62de-40bc-bfcc-794fcd220251','2025-04-01 00:00:00','69804a98b7447','f3683bee-094b-4aa6-8163-8d418a27eb6a',NULL,410,'posted',NULL,NULL,0,NULL,NULL,'2026-02-02 09:56:25','2026-02-02 09:56:25'),('1f11d859-5f03-4081-95fb-71b1b680dbdc','b45b1d15-be51-4377-b952-9cfb9b27d058',3307015,1.0000,'26b3126e-62de-40bc-bfcc-794fcd220251','26b3126e-62de-40bc-bfcc-794fcd220251','2025-04-01 00:00:00','69804a98b7447','f3683bee-094b-4aa6-8163-8d418a27eb6a',685,NULL,'posted',NULL,NULL,0,NULL,NULL,'2026-02-02 09:56:26','2026-02-02 09:56:26'),('1f128212-c403-4c6d-9c8d-69cc87306b9b','9a2db51a-3489-4870-826e-6eb669243ab3',6769053.0621148,1.0000,'26b3126e-62de-40bc-bfcc-794fcd220251','26b3126e-62de-40bc-bfcc-794fcd220251','2025-03-31 00:00:00','697c7bf3ba877','f3683bee-094b-4aa6-8163-8d418a27eb6a',543,NULL,'posted',NULL,NULL,0,NULL,NULL,'2026-01-30 12:37:55','2026-01-30 12:37:55'),('1f9d3d67-6f77-44b4-b035-145238becf7d','70d9743c-8fd1-41bc-961e-1711901045ac',1685000,1.0000,'26b3126e-62de-40bc-bfcc-794fcd220251','26b3126e-62de-40bc-bfcc-794fcd220251','2025-03-31 00:00:00','697c7bf089638','f3683bee-094b-4aa6-8163-8d418a27eb6a',NULL,298,'posted',NULL,NULL,0,NULL,NULL,'2026-01-30 12:37:52','2026-01-30 12:37:52'),('1fd3b92d-66c3-4ee9-92fd-5e718eac9dfd','939f452a-8087-4da7-9d84-76696be4c5ad',350000,1.0000,'26b3126e-62de-40bc-bfcc-794fcd220251','26b3126e-62de-40bc-bfcc-794fcd220251','2025-03-31 00:00:00','697c7bef59c87','f3683bee-094b-4aa6-8163-8d418a27eb6a',NULL,176,'posted',NULL,NULL,0,NULL,NULL,'2026-01-30 12:37:51','2026-01-30 12:37:51'),('205425c0-e6d8-4e18-b7f4-17a536b23077','b45b1d15-be51-4377-b952-9cfb9b27d058',70000,1.0000,'26b3126e-62de-40bc-bfcc-794fcd220251','26b3126e-62de-40bc-bfcc-794fcd220251','2025-04-01 00:00:00','69804a98b7447','f3683bee-094b-4aa6-8163-8d418a27eb6a',NULL,244,'posted',NULL,NULL,0,NULL,NULL,'2026-02-02 09:56:25','2026-02-02 09:56:25'),('207bb913-748b-4dda-acb1-ba7eddc50131','6c913fdf-a2fd-47cc-a6ad-7384e8e852a6',734070.16851811,1.0000,'26b3126e-62de-40bc-bfcc-794fcd220251','26b3126e-62de-40bc-bfcc-794fcd220251','2025-03-31 00:00:00','697c7bf507e07','f3683bee-094b-4aa6-8163-8d418a27eb6a',637,NULL,'posted',NULL,NULL,0,NULL,NULL,'2026-01-30 12:37:57','2026-01-30 12:37:57'),('20a7b544-cfca-400c-b82f-aecf782bc5a1','ca298908-c1fc-47d4-8e89-48f445f16fda',20000,1.0000,'26b3126e-62de-40bc-bfcc-794fcd220251','26b3126e-62de-40bc-bfcc-794fcd220251','2025-03-31 00:00:00','697c7bf053777','f3683bee-094b-4aa6-8163-8d418a27eb6a',NULL,277,'posted',NULL,NULL,0,NULL,NULL,'2026-01-30 12:37:52','2026-01-30 12:37:52'),('20b63489-f235-47e0-90af-acc944bfd846','b45b1d15-be51-4377-b952-9cfb9b27d058',331600,1.0000,'26b3126e-62de-40bc-bfcc-794fcd220251','26b3126e-62de-40bc-bfcc-794fcd220251','2025-04-01 00:00:00','69804a98b7447','f3683bee-094b-4aa6-8163-8d418a27eb6a',NULL,151,'posted',NULL,NULL,0,NULL,NULL,'2026-02-02 09:56:25','2026-02-02 09:56:25'),('20bcdcd1-02d1-4bd3-829c-5ace071a8e77','b45b1d15-be51-4377-b952-9cfb9b27d058',304844,1.0000,'26b3126e-62de-40bc-bfcc-794fcd220251','26b3126e-62de-40bc-bfcc-794fcd220251','2025-04-01 00:00:00','69804a98b7447','f3683bee-094b-4aa6-8163-8d418a27eb6a',NULL,329,'posted',NULL,NULL,0,NULL,NULL,'2026-02-02 09:56:25','2026-02-02 09:56:25'),('20e736b2-4ffd-4510-8f47-5b3991e17d6c','b45b1d15-be51-4377-b952-9cfb9b27d058',530000,1.0000,'26b3126e-62de-40bc-bfcc-794fcd220251','26b3126e-62de-40bc-bfcc-794fcd220251','2025-04-01 00:00:00','69804a98b7447','f3683bee-094b-4aa6-8163-8d418a27eb6a',NULL,261,'posted',NULL,NULL,0,NULL,NULL,'2026-02-02 09:56:25','2026-02-02 09:56:25'),('21140f11-9a0f-4ace-bf60-e2a73133f8c3','fc3135d6-ee61-42da-97bb-e6db5f4a9fcc',350000,1.0000,'26b3126e-62de-40bc-bfcc-794fcd220251','26b3126e-62de-40bc-bfcc-794fcd220251','2025-03-31 00:00:00','697c7bf2df585','f3683bee-094b-4aa6-8163-8d418a27eb6a',NULL,476,'posted',NULL,NULL,0,NULL,NULL,'2026-01-30 12:37:54','2026-01-30 12:37:54'),('2187bf5a-c563-4729-ad75-f7cd38652381','b337f3b0-a84d-42de-addb-57737772c716',142142,1.0000,'26b3126e-62de-40bc-bfcc-794fcd220251','26b3126e-62de-40bc-bfcc-794fcd220251','2025-03-31 00:00:00','697c7bedea61f','f3683bee-094b-4aa6-8163-8d418a27eb6a',NULL,55,'posted',NULL,NULL,0,NULL,NULL,'2026-01-30 12:37:49','2026-01-30 12:37:49'),('218d3ee9-7ed6-4d65-8ac9-a3151225f844','b45b1d15-be51-4377-b952-9cfb9b27d058',456939,1.0000,'26b3126e-62de-40bc-bfcc-794fcd220251','26b3126e-62de-40bc-bfcc-794fcd220251','2025-04-01 00:00:00','69804a98b7447','f3683bee-094b-4aa6-8163-8d418a27eb6a',661,NULL,'posted',NULL,NULL,0,NULL,NULL,'2026-02-02 09:56:26','2026-02-02 09:56:26'),('21b9be94-9e9e-4995-87c4-2b1d2c23ffbc','710a3894-9c8a-4316-86d0-e3095d198644',380000,1.0000,'26b3126e-62de-40bc-bfcc-794fcd220251','26b3126e-62de-40bc-bfcc-794fcd220251','2025-03-31 00:00:00','697c7bf03d2be','f3683bee-094b-4aa6-8163-8d418a27eb6a',NULL,267,'posted',NULL,NULL,0,NULL,NULL,'2026-01-30 12:37:52','2026-01-30 12:37:52'),('21bf72ff-d957-4148-ab6b-03aa9270666a','c1e99149-9b60-4699-987b-04462eb222b8',15000,1.0000,'26b3126e-62de-40bc-bfcc-794fcd220251','26b3126e-62de-40bc-bfcc-794fcd220251','2025-03-31 00:00:00','697c7bf2582b8','f3683bee-094b-4aa6-8163-8d418a27eb6a',NULL,438,'posted',NULL,NULL,0,NULL,NULL,'2026-01-30 12:37:54','2026-01-30 12:37:54'),('21d8f277-8952-4eee-aada-825b185e828f','b45b1d15-be51-4377-b952-9cfb9b27d058',664878,1.0000,'26b3126e-62de-40bc-bfcc-794fcd220251','26b3126e-62de-40bc-bfcc-794fcd220251','2025-04-01 00:00:00','69804a98b7447','f3683bee-094b-4aa6-8163-8d418a27eb6a',667,NULL,'posted',NULL,NULL,0,NULL,NULL,'2026-02-02 09:56:25','2026-02-02 09:56:25'),('220b42a8-9e2d-42e1-9472-4705647ecbcb','257a12c4-6c24-498f-8e9c-7742e02fbcff',900000,1.0000,'26b3126e-62de-40bc-bfcc-794fcd220251','26b3126e-62de-40bc-bfcc-794fcd220251','2025-03-31 00:00:00','697c7bee4be2c','f3683bee-094b-4aa6-8163-8d418a27eb6a',NULL,85,'posted',NULL,NULL,0,NULL,NULL,'2026-01-30 12:37:50','2026-01-30 12:37:50'),('2247d55c-2d0e-44ec-a760-cab7e5482de9','b45b1d15-be51-4377-b952-9cfb9b27d058',430000,1.0000,'26b3126e-62de-40bc-bfcc-794fcd220251','26b3126e-62de-40bc-bfcc-794fcd220251','2025-04-01 00:00:00','69804a98b7447','f3683bee-094b-4aa6-8163-8d418a27eb6a',NULL,357,'posted',NULL,NULL,0,NULL,NULL,'2026-02-02 09:56:25','2026-02-02 09:56:25'),('226eca2e-6c88-475f-8164-7db722390bf8','b45b1d15-be51-4377-b952-9cfb9b27d058',1316000,1.0000,'26b3126e-62de-40bc-bfcc-794fcd220251','26b3126e-62de-40bc-bfcc-794fcd220251','2025-04-01 00:00:00','69804a98b7447','f3683bee-094b-4aa6-8163-8d418a27eb6a',NULL,114,'posted',NULL,NULL,0,NULL,NULL,'2026-02-02 09:56:25','2026-02-02 09:56:25'),('22bef422-38dc-451f-8b9d-f0362fbfc2d3','b45b1d15-be51-4377-b952-9cfb9b27d058',3090000,1.0000,'26b3126e-62de-40bc-bfcc-794fcd220251','26b3126e-62de-40bc-bfcc-794fcd220251','2025-04-01 00:00:00','69804a98b7447','f3683bee-094b-4aa6-8163-8d418a27eb6a',NULL,128,'posted',NULL,NULL,0,NULL,NULL,'2026-02-02 09:56:24','2026-02-02 09:56:24'),('22eb39a4-5e54-49e7-b602-6b202dde05f0','79be4a48-abf2-437c-b2c7-6c8c8e1b7b3c',13928720833.333,1.0000,'26b3126e-62de-40bc-bfcc-794fcd220251','26b3126e-62de-40bc-bfcc-794fcd220251','2025-03-31 00:00:00','697c7bedb2d7e','f3683bee-094b-4aa6-8163-8d418a27eb6a',NULL,36,'posted',NULL,NULL,0,NULL,NULL,'2026-01-30 12:37:49','2026-01-30 12:37:49'),('2324d027-9000-493d-a1d8-a1afca2bad74','b45b1d15-be51-4377-b952-9cfb9b27d058',310000,1.0000,'26b3126e-62de-40bc-bfcc-794fcd220251','26b3126e-62de-40bc-bfcc-794fcd220251','2025-04-01 00:00:00','69804a98b7447','f3683bee-094b-4aa6-8163-8d418a27eb6a',NULL,304,'posted',NULL,NULL,0,NULL,NULL,'2026-02-02 09:56:24','2026-02-02 09:56:24'),('235e9904-96c9-499c-9c84-fb3e0b232557','b45b1d15-be51-4377-b952-9cfb9b27d058',83580,1.0000,'26b3126e-62de-40bc-bfcc-794fcd220251','26b3126e-62de-40bc-bfcc-794fcd220251','2025-04-01 00:00:00','69804a98b7447','f3683bee-094b-4aa6-8163-8d418a27eb6a',669,NULL,'posted',NULL,NULL,0,NULL,NULL,'2026-02-02 09:56:26','2026-02-02 09:56:26'),('24337940-4609-44cd-8770-f4d6cc88235a','b45b1d15-be51-4377-b952-9cfb9b27d058',390000,1.0000,'26b3126e-62de-40bc-bfcc-794fcd220251','26b3126e-62de-40bc-bfcc-794fcd220251','2025-04-01 00:00:00','69804a98b7447','f3683bee-094b-4aa6-8163-8d418a27eb6a',NULL,337,'posted',NULL,NULL,0,NULL,NULL,'2026-02-02 09:56:24','2026-02-02 09:56:24'),('249d0d8c-e3d6-444a-a2e6-36c2d59b550e','84ad0f7f-9ef9-4423-915f-b54905a144d9',14557300,1.0000,'26b3126e-62de-40bc-bfcc-794fcd220251','26b3126e-62de-40bc-bfcc-794fcd220251','2026-01-30 00:00:00','697c972e9cdef','f3683bee-094b-4aa6-8163-8d418a27eb6a',NULL,959,'posted',NULL,NULL,0,NULL,NULL,'2026-01-30 14:34:06','2026-01-30 14:34:06'),('24dffb08-f77f-41f3-8eef-fddd67cb0442','b45b1d15-be51-4377-b952-9cfb9b27d058',130000,1.0000,'26b3126e-62de-40bc-bfcc-794fcd220251','26b3126e-62de-40bc-bfcc-794fcd220251','2025-04-01 00:00:00','69804a98b7447','f3683bee-094b-4aa6-8163-8d418a27eb6a',NULL,446,'posted',NULL,NULL,0,NULL,NULL,'2026-02-02 09:56:25','2026-02-02 09:56:25'),('24e12388-17fb-45f4-a6b5-88b784d3b36b','7c04c8e1-402d-4d1e-b8b1-d2ed07a6c59b',243632.31817772,1.0000,'26b3126e-62de-40bc-bfcc-794fcd220251','26b3126e-62de-40bc-bfcc-794fcd220251','2025-03-31 00:00:00','697c7bf48356d','f3683bee-094b-4aa6-8163-8d418a27eb6a',600,NULL,'posted',NULL,NULL,0,NULL,NULL,'2026-01-30 12:37:56','2026-01-30 12:37:56'),('25106870-71f4-4729-9997-18a9177a0d11','b45b1d15-be51-4377-b952-9cfb9b27d058',10000,1.0000,'26b3126e-62de-40bc-bfcc-794fcd220251','26b3126e-62de-40bc-bfcc-794fcd220251','2025-04-01 00:00:00','69804a98b7447','f3683bee-094b-4aa6-8163-8d418a27eb6a',649,NULL,'posted',NULL,NULL,0,NULL,NULL,'2026-02-02 09:56:25','2026-02-02 09:56:25'),('25310d4a-5a6f-4bd7-96e4-4ec28d32ab08','b45b1d15-be51-4377-b952-9cfb9b27d058',350000,1.0000,'26b3126e-62de-40bc-bfcc-794fcd220251','26b3126e-62de-40bc-bfcc-794fcd220251','2025-04-01 00:00:00','69804a98b7447','f3683bee-094b-4aa6-8163-8d418a27eb6a',NULL,471,'posted',NULL,NULL,0,NULL,NULL,'2026-02-02 09:56:25','2026-02-02 09:56:25'),('25a5bc35-fe97-4ab4-b63a-ea9fb53cb245','b45b1d15-be51-4377-b952-9cfb9b27d058',1218437.95,1.0000,'26b3126e-62de-40bc-bfcc-794fcd220251','26b3126e-62de-40bc-bfcc-794fcd220251','2025-04-01 00:00:00','69804a98b7447','f3683bee-094b-4aa6-8163-8d418a27eb6a',NULL,423,'posted',NULL,NULL,0,NULL,NULL,'2026-02-02 09:56:25','2026-02-02 09:56:25'),('25bf5843-76d3-4de8-a4ad-ff82775ab28d','b45b1d15-be51-4377-b952-9cfb9b27d058',430000,1.0000,'26b3126e-62de-40bc-bfcc-794fcd220251','26b3126e-62de-40bc-bfcc-794fcd220251','2025-04-01 00:00:00','69804a98b7447','f3683bee-094b-4aa6-8163-8d418a27eb6a',NULL,330,'posted',NULL,NULL,0,NULL,NULL,'2026-02-02 09:56:24','2026-02-02 09:56:24'),('25c27e36-af9f-4f02-a25c-360d50017da3','b45b1d15-be51-4377-b952-9cfb9b27d058',312800,1.0000,'26b3126e-62de-40bc-bfcc-794fcd220251','26b3126e-62de-40bc-bfcc-794fcd220251','2025-04-01 00:00:00','69804a98b7447','f3683bee-094b-4aa6-8163-8d418a27eb6a',656,NULL,'posted',NULL,NULL,0,NULL,NULL,'2026-02-02 09:56:26','2026-02-02 09:56:26'),('26046d58-eb1a-42df-8f06-357ad722c026','560c58ef-c23f-4875-b73a-425d033d07d3',783948,1.0000,'26b3126e-62de-40bc-bfcc-794fcd220251','26b3126e-62de-40bc-bfcc-794fcd220251','2025-03-31 00:00:00','697c7bf110fff','f3683bee-094b-4aa6-8163-8d418a27eb6a',NULL,338,'posted',NULL,NULL,0,NULL,NULL,'2026-01-30 12:37:53','2026-01-30 12:37:53'),('26058dc9-2794-4b6c-946f-157d2d3de5a1','cda3d9a8-36a6-42e4-8995-d972ad1b993c',12425,1.0000,'26b3126e-62de-40bc-bfcc-794fcd220251','26b3126e-62de-40bc-bfcc-794fcd220251','2025-03-31 00:00:00','697c7bf57b205','f3683bee-094b-4aa6-8163-8d418a27eb6a',672,NULL,'posted',NULL,NULL,0,NULL,NULL,'2026-01-30 12:37:57','2026-01-30 12:37:57'),('2626de2a-a768-42bc-943d-963ce13cd811','b45b1d15-be51-4377-b952-9cfb9b27d058',3067440.1855,1.0000,'26b3126e-62de-40bc-bfcc-794fcd220251','26b3126e-62de-40bc-bfcc-794fcd220251','2025-04-01 00:00:00','69804a98b7447','f3683bee-094b-4aa6-8163-8d418a27eb6a',547,NULL,'posted',NULL,NULL,0,NULL,NULL,'2026-02-02 09:56:25','2026-02-02 09:56:25'),('263133c8-a4a8-4295-9df7-2f2baa3e30f9','b4ede7f6-9a83-4f59-8655-2e029157732d',8393268.5166329,1.0000,'26b3126e-62de-40bc-bfcc-794fcd220251','26b3126e-62de-40bc-bfcc-794fcd220251','2025-03-31 00:00:00','697c7bf42f13f','f3683bee-094b-4aa6-8163-8d418a27eb6a',574,NULL,'posted',NULL,NULL,0,NULL,NULL,'2026-01-30 12:37:56','2026-01-30 12:37:56'),('263fb985-6104-488c-84dd-e3514dd98e2e','b45b1d15-be51-4377-b952-9cfb9b27d058',27245860.24,1.0000,'26b3126e-62de-40bc-bfcc-794fcd220251','26b3126e-62de-40bc-bfcc-794fcd220251','2025-04-01 00:00:00','69804a98b7447','f3683bee-094b-4aa6-8163-8d418a27eb6a',NULL,35,'posted',NULL,NULL,0,NULL,NULL,'2026-02-02 09:56:25','2026-02-02 09:56:25'),('2642183e-1d2f-4e25-bc05-cd7d088ba8a4','b45b1d15-be51-4377-b952-9cfb9b27d058',40000,1.0000,'26b3126e-62de-40bc-bfcc-794fcd220251','26b3126e-62de-40bc-bfcc-794fcd220251','2025-04-01 00:00:00','69804a98b7447','f3683bee-094b-4aa6-8163-8d418a27eb6a',646,NULL,'posted',NULL,NULL,0,NULL,NULL,'2026-02-02 09:56:26','2026-02-02 09:56:26'),('2663b07f-5623-426a-8e9a-95dcd257c2f1','b45b1d15-be51-4377-b952-9cfb9b27d058',1685000,1.0000,'26b3126e-62de-40bc-bfcc-794fcd220251','26b3126e-62de-40bc-bfcc-794fcd220251','2025-04-01 00:00:00','69804a98b7447','f3683bee-094b-4aa6-8163-8d418a27eb6a',NULL,363,'posted',NULL,NULL,0,NULL,NULL,'2026-02-02 09:56:25','2026-02-02 09:56:25'),('26730265-2b9b-413b-81c4-1a9dacaeff89','085391d5-7df8-4829-a618-d257089759ff',6138182.4,1.0000,'26b3126e-62de-40bc-bfcc-794fcd220251','26b3126e-62de-40bc-bfcc-794fcd220251','2025-03-31 00:00:00','697c7bedc9567','f3683bee-094b-4aa6-8163-8d418a27eb6a',NULL,44,'posted',NULL,NULL,0,NULL,NULL,'2026-01-30 12:37:49','2026-01-30 12:37:49'),('26746806-700b-45dc-ab36-46b75718fe6f','0420b668-e3f7-4485-a35b-08f9fcd2b7e8',4479637.9351963,1.0000,'26b3126e-62de-40bc-bfcc-794fcd220251','26b3126e-62de-40bc-bfcc-794fcd220251','2025-03-31 00:00:00','697c7bf3a912a','f3683bee-094b-4aa6-8163-8d418a27eb6a',537,NULL,'posted',NULL,NULL,0,NULL,NULL,'2026-01-30 12:37:55','2026-01-30 12:37:55'),('269f38a9-a95c-414a-9018-dc1c9343a398','b45b1d15-be51-4377-b952-9cfb9b27d058',47249658.3333,1.0000,'26b3126e-62de-40bc-bfcc-794fcd220251','26b3126e-62de-40bc-bfcc-794fcd220251','2025-04-01 00:00:00','69804a98b7447','f3683bee-094b-4aa6-8163-8d418a27eb6a',NULL,31,'posted',NULL,NULL,0,NULL,NULL,'2026-02-02 09:56:25','2026-02-02 09:56:25'),('26a4c8c4-c043-40b1-9c40-ca6ff86a98b0','b45b1d15-be51-4377-b952-9cfb9b27d058',177200,1.0000,'26b3126e-62de-40bc-bfcc-794fcd220251','26b3126e-62de-40bc-bfcc-794fcd220251','2025-04-01 00:00:00','69804a98b7447','f3683bee-094b-4aa6-8163-8d418a27eb6a',NULL,407,'posted',NULL,NULL,0,NULL,NULL,'2026-02-02 09:56:25','2026-02-02 09:56:25'),('26b5f2f4-9639-4dcb-a062-4b654ffa1250','f5ba2b5d-5616-4a5d-af08-b7431b616eba',2772918.9170695,1.0000,'26b3126e-62de-40bc-bfcc-794fcd220251','26b3126e-62de-40bc-bfcc-794fcd220251','2025-03-31 00:00:00','697c7bf3d405e','f3683bee-094b-4aa6-8163-8d418a27eb6a',551,NULL,'posted',NULL,NULL,0,NULL,NULL,'2026-01-30 12:37:55','2026-01-30 12:37:55'),('26d0ee40-8b37-40ba-b85c-454e8958e9b5','b45b1d15-be51-4377-b952-9cfb9b27d058',87125,1.0000,'26b3126e-62de-40bc-bfcc-794fcd220251','26b3126e-62de-40bc-bfcc-794fcd220251','2025-04-01 00:00:00','69804a98b7447','f3683bee-094b-4aa6-8163-8d418a27eb6a',682,NULL,'posted',NULL,NULL,0,NULL,NULL,'2026-02-02 09:56:25','2026-02-02 09:56:25'),('26d7e5c8-d8e8-465a-9926-43219e34af74','424dd91c-9061-4403-8189-78204bac173a',3455000,1.0000,'26b3126e-62de-40bc-bfcc-794fcd220251','26b3126e-62de-40bc-bfcc-794fcd220251','2026-01-30 00:00:00','697c972ebf744','f3683bee-094b-4aa6-8163-8d418a27eb6a',NULL,967,'posted',NULL,NULL,0,NULL,NULL,'2026-01-30 14:34:06','2026-01-30 14:34:06'),('276fb7d0-da1d-4e91-aee6-605cc2848a95','e6d699ca-099e-4df4-8404-265f245fbb33',321846930,1.0000,'26b3126e-62de-40bc-bfcc-794fcd220251','26b3126e-62de-40bc-bfcc-794fcd220251','2025-03-31 00:00:00','697c7bf314306','f3683bee-094b-4aa6-8163-8d418a27eb6a',488,NULL,'posted',NULL,NULL,0,NULL,NULL,'2026-01-30 12:37:55','2026-01-30 12:37:55'),('277d2b93-0d9e-4aed-bdf3-3c9a83176845','b45b1d15-be51-4377-b952-9cfb9b27d058',183000,1.0000,'26b3126e-62de-40bc-bfcc-794fcd220251','26b3126e-62de-40bc-bfcc-794fcd220251','2025-04-01 00:00:00','69804a98b7447','f3683bee-094b-4aa6-8163-8d418a27eb6a',NULL,395,'posted',NULL,NULL,0,NULL,NULL,'2026-02-02 09:56:24','2026-02-02 09:56:24'),('27816b98-1f56-466c-a045-6130cb76949f','b45b1d15-be51-4377-b952-9cfb9b27d058',1350000,1.0000,'26b3126e-62de-40bc-bfcc-794fcd220251','26b3126e-62de-40bc-bfcc-794fcd220251','2025-04-01 00:00:00','69804a98b7447','f3683bee-094b-4aa6-8163-8d418a27eb6a',505,NULL,'posted',NULL,NULL,0,NULL,NULL,'2026-02-02 09:56:26','2026-02-02 09:56:26'),('2799fcc3-e2f3-4964-b86a-55b5b045d8cf','b45b1d15-be51-4377-b952-9cfb9b27d058',517995,1.0000,'26b3126e-62de-40bc-bfcc-794fcd220251','26b3126e-62de-40bc-bfcc-794fcd220251','2025-04-01 00:00:00','69804a98b7447','f3683bee-094b-4aa6-8163-8d418a27eb6a',640,NULL,'posted',NULL,NULL,0,NULL,NULL,'2026-02-02 09:56:26','2026-02-02 09:56:26'),('27ecccf4-c7db-4bdc-97b5-463fc9cab3c0','b45b1d15-be51-4377-b952-9cfb9b27d058',107000000,1.0000,'26b3126e-62de-40bc-bfcc-794fcd220251','26b3126e-62de-40bc-bfcc-794fcd220251','2025-04-01 00:00:00','69804a98b7447','f3683bee-094b-4aa6-8163-8d418a27eb6a',486,NULL,'posted',NULL,NULL,0,NULL,NULL,'2026-02-02 09:56:26','2026-02-02 09:56:26'),('28122be9-b402-495d-a904-098ba2eab1bb','b45b1d15-be51-4377-b952-9cfb9b27d058',430000,1.0000,'26b3126e-62de-40bc-bfcc-794fcd220251','26b3126e-62de-40bc-bfcc-794fcd220251','2025-04-01 00:00:00','69804a98b7447','f3683bee-094b-4aa6-8163-8d418a27eb6a',NULL,344,'posted',NULL,NULL,0,NULL,NULL,'2026-02-02 09:56:25','2026-02-02 09:56:25'),('28131404-131b-4564-b115-c0e70b925491','2ed03684-30cb-4794-9c84-c4aab4107467',664878,1.0000,'26b3126e-62de-40bc-bfcc-794fcd220251','26b3126e-62de-40bc-bfcc-794fcd220251','2025-03-31 00:00:00','697c7bf56a20a','f3683bee-094b-4aa6-8163-8d418a27eb6a',667,NULL,'posted',NULL,NULL,0,NULL,NULL,'2026-01-30 12:37:57','2026-01-30 12:37:57'),('281ee87a-cfa6-4a3a-b9da-4d8924932de5','2525ccf5-510b-4d11-a708-46fe72b17935',758352,1.0000,'26b3126e-62de-40bc-bfcc-794fcd220251','26b3126e-62de-40bc-bfcc-794fcd220251','2025-03-31 00:00:00','697c7bf237aa3','f3683bee-094b-4aa6-8163-8d418a27eb6a',NULL,428,'posted',NULL,NULL,0,NULL,NULL,'2026-01-30 12:37:54','2026-01-30 12:37:54'),('285ba970-913f-4db6-9ccc-a599df26342e','b45b1d15-be51-4377-b952-9cfb9b27d058',45000,1.0000,'26b3126e-62de-40bc-bfcc-794fcd220251','26b3126e-62de-40bc-bfcc-794fcd220251','2025-04-01 00:00:00','69804a98b7447','f3683bee-094b-4aa6-8163-8d418a27eb6a',NULL,235,'posted',NULL,NULL,0,NULL,NULL,'2026-02-02 09:56:25','2026-02-02 09:56:25'),('28721242-bdb6-4f02-a38f-2ec3d85d016c','49c1f28f-c184-41e6-bf77-356f7ba701bd',1285000,1.0000,'26b3126e-62de-40bc-bfcc-794fcd220251','26b3126e-62de-40bc-bfcc-794fcd220251','2025-03-31 00:00:00','697c7beebab56','f3683bee-094b-4aa6-8163-8d418a27eb6a',NULL,124,'posted',NULL,NULL,0,NULL,NULL,'2026-01-30 12:37:50','2026-01-30 12:37:50'),('289dc468-2bd6-45ef-a4c8-d8bd5bfab9c3','be7157ef-764c-424b-99cc-1448c360188d',183700,1.0000,'26b3126e-62de-40bc-bfcc-794fcd220251','26b3126e-62de-40bc-bfcc-794fcd220251','2025-03-31 00:00:00','697c7bee4938f','f3683bee-094b-4aa6-8163-8d418a27eb6a',NULL,84,'posted',NULL,NULL,0,NULL,NULL,'2026-01-30 12:37:50','2026-01-30 12:37:50'),('294585ba-c619-447d-988f-68b7ccab620e','3e3e0a16-c086-44c8-8a48-314b05038c57',85000,1.0000,'26b3126e-62de-40bc-bfcc-794fcd220251','26b3126e-62de-40bc-bfcc-794fcd220251','2025-03-31 00:00:00','697c7bf1eaaa5','f3683bee-094b-4aa6-8163-8d418a27eb6a',NULL,406,'posted',NULL,NULL,0,NULL,NULL,'2026-01-30 12:37:53','2026-01-30 12:37:53'),('2980dfa8-12ef-4b11-bb27-ac33a45afc19','da6886bf-a1cf-41d9-950e-53a42179d20f',3773800,1.0000,'26b3126e-62de-40bc-bfcc-794fcd220251','26b3126e-62de-40bc-bfcc-794fcd220251','2025-03-31 00:00:00','697c7bee380c7','f3683bee-094b-4aa6-8163-8d418a27eb6a',NULL,78,'posted',NULL,NULL,0,NULL,NULL,'2026-01-30 12:37:50','2026-01-30 12:37:50'),('29942eac-38be-4d92-8fcd-c754ad280d75','e02d1559-0d88-4462-a422-6bbd42755c21',675000,1.0000,'26b3126e-62de-40bc-bfcc-794fcd220251','26b3126e-62de-40bc-bfcc-794fcd220251','2025-03-31 00:00:00','697c7bedf0261','f3683bee-094b-4aa6-8163-8d418a27eb6a',NULL,57,'posted',NULL,NULL,0,NULL,NULL,'2026-01-30 12:37:49','2026-01-30 12:37:49'),('29970a53-1e85-413a-ba89-6b89aaa71cfa','8f9b57f3-f341-4db3-b464-f90fcde6bd19',493000,1.0000,'26b3126e-62de-40bc-bfcc-794fcd220251','26b3126e-62de-40bc-bfcc-794fcd220251','2025-03-31 00:00:00','697c7bf25db09','f3683bee-094b-4aa6-8163-8d418a27eb6a',NULL,440,'posted',NULL,NULL,0,NULL,NULL,'2026-01-30 12:37:54','2026-01-30 12:37:54'),('2a14fc25-de96-4be0-840d-d51763e8366a','b45b1d15-be51-4377-b952-9cfb9b27d058',108000,1.0000,'26b3126e-62de-40bc-bfcc-794fcd220251','26b3126e-62de-40bc-bfcc-794fcd220251','2025-04-01 00:00:00','69804a98b7447','f3683bee-094b-4aa6-8163-8d418a27eb6a',NULL,142,'posted',NULL,NULL,0,NULL,NULL,'2026-02-02 09:56:25','2026-02-02 09:56:25'),('2a87ae63-033c-4d10-8915-bc9d408ecab8','b45b1d15-be51-4377-b952-9cfb9b27d058',380000,1.0000,'26b3126e-62de-40bc-bfcc-794fcd220251','26b3126e-62de-40bc-bfcc-794fcd220251','2025-04-01 00:00:00','69804a98b7447','f3683bee-094b-4aa6-8163-8d418a27eb6a',NULL,370,'posted',NULL,NULL,0,NULL,NULL,'2026-02-02 09:56:25','2026-02-02 09:56:25'),('2aa07e42-514f-4b0e-a1df-49106bc4e16c','b45b1d15-be51-4377-b952-9cfb9b27d058',900000,1.0000,'26b3126e-62de-40bc-bfcc-794fcd220251','26b3126e-62de-40bc-bfcc-794fcd220251','2025-04-01 00:00:00','69804a98b7447','f3683bee-094b-4aa6-8163-8d418a27eb6a',507,NULL,'posted',NULL,NULL,0,NULL,NULL,'2026-02-02 09:56:26','2026-02-02 09:56:26'),('2aa5c8a0-5652-4259-8938-40575b563789','b45b1d15-be51-4377-b952-9cfb9b27d058',300000,1.0000,'26b3126e-62de-40bc-bfcc-794fcd220251','26b3126e-62de-40bc-bfcc-794fcd220251','2025-04-01 00:00:00','69804a98b7447','f3683bee-094b-4aa6-8163-8d418a27eb6a',NULL,442,'posted',NULL,NULL,0,NULL,NULL,'2026-02-02 09:56:25','2026-02-02 09:56:25'),('2ada2169-559f-4dbf-bfcd-cbb8d9ce1418','b45b1d15-be51-4377-b952-9cfb9b27d058',171375335,1.0000,'26b3126e-62de-40bc-bfcc-794fcd220251','26b3126e-62de-40bc-bfcc-794fcd220251','2025-04-01 00:00:00','69804a98b7447','f3683bee-094b-4aa6-8163-8d418a27eb6a',NULL,60,'posted',NULL,NULL,0,NULL,NULL,'2026-02-02 09:56:25','2026-02-02 09:56:25'),('2b0f4de9-b74f-4652-83b3-21dfd5c113c4','b45b1d15-be51-4377-b952-9cfb9b27d058',500000,1.0000,'26b3126e-62de-40bc-bfcc-794fcd220251','26b3126e-62de-40bc-bfcc-794fcd220251','2025-04-01 00:00:00','69804a98b7447','f3683bee-094b-4aa6-8163-8d418a27eb6a',NULL,308,'posted',NULL,NULL,0,NULL,NULL,'2026-02-02 09:56:24','2026-02-02 09:56:24'),('2b4d7d7e-e440-4de6-b418-268b4b472bb7','406c9215-f734-4ba7-a9e0-7472abbc1190',13909.8,1.0000,'26b3126e-62de-40bc-bfcc-794fcd220251','26b3126e-62de-40bc-bfcc-794fcd220251','2025-03-31 00:00:00','697c7bf577896','f3683bee-094b-4aa6-8163-8d418a27eb6a',671,NULL,'posted',NULL,NULL,0,NULL,NULL,'2026-01-30 12:37:57','2026-01-30 12:37:57'),('2c55f013-cf4e-47cf-aa71-d35b8e618797','b45b1d15-be51-4377-b952-9cfb9b27d058',600000,1.0000,'26b3126e-62de-40bc-bfcc-794fcd220251','26b3126e-62de-40bc-bfcc-794fcd220251','2025-04-01 00:00:00','69804a98b7447','f3683bee-094b-4aa6-8163-8d418a27eb6a',NULL,122,'posted',NULL,NULL,0,NULL,NULL,'2026-02-02 09:56:25','2026-02-02 09:56:25'),('2c5b642b-1734-437f-a941-bc6f9b8ea646','b45b1d15-be51-4377-b952-9cfb9b27d058',6894594.8095,1.0000,'26b3126e-62de-40bc-bfcc-794fcd220251','26b3126e-62de-40bc-bfcc-794fcd220251','2025-04-01 00:00:00','69804a98b7447','f3683bee-094b-4aa6-8163-8d418a27eb6a',598,NULL,'posted',NULL,NULL,0,NULL,NULL,'2026-02-02 09:56:26','2026-02-02 09:56:26'),('2c79681e-f255-433b-9d2c-0e3259346cbb','99632ac8-1156-40da-9e67-d5b3672dd021',8700,1.0000,'26b3126e-62de-40bc-bfcc-794fcd220251','26b3126e-62de-40bc-bfcc-794fcd220251','2025-03-31 00:00:00','697c7bee67bf3','f3683bee-094b-4aa6-8163-8d418a27eb6a',NULL,95,'posted',NULL,NULL,0,NULL,NULL,'2026-01-30 12:37:50','2026-01-30 12:37:50'),('2c7e311a-5be6-4b69-8bb8-f6d45868567f','b45b1d15-be51-4377-b952-9cfb9b27d058',17602680,1.0000,'26b3126e-62de-40bc-bfcc-794fcd220251','26b3126e-62de-40bc-bfcc-794fcd220251','2025-04-01 00:00:00','69804a98b7447','f3683bee-094b-4aa6-8163-8d418a27eb6a',NULL,75,'posted',NULL,NULL,0,NULL,NULL,'2026-02-02 09:56:25','2026-02-02 09:56:25'),('2cac0ae3-de0e-4f93-a933-d4712e0d9797','b45b1d15-be51-4377-b952-9cfb9b27d058',2307749.2522,1.0000,'26b3126e-62de-40bc-bfcc-794fcd220251','26b3126e-62de-40bc-bfcc-794fcd220251','2025-04-01 00:00:00','69804a98b7447','f3683bee-094b-4aa6-8163-8d418a27eb6a',566,NULL,'posted',NULL,NULL,0,NULL,NULL,'2026-02-02 09:56:25','2026-02-02 09:56:25'),('2cafa5f4-02a4-4279-86bb-8ffe98264e30','70073413-d97d-46a5-8ab4-af50d417e1a7',4905000,1.0000,'26b3126e-62de-40bc-bfcc-794fcd220251','26b3126e-62de-40bc-bfcc-794fcd220251','2026-01-30 00:00:00','697c972e8a4b4','f3683bee-094b-4aa6-8163-8d418a27eb6a',NULL,952,'posted',NULL,NULL,0,NULL,NULL,'2026-01-30 14:34:06','2026-01-30 14:34:06'),('2cd17db7-4d55-4ade-9c82-245969043d91','b45b1d15-be51-4377-b952-9cfb9b27d058',237887.5,1.0000,'26b3126e-62de-40bc-bfcc-794fcd220251','26b3126e-62de-40bc-bfcc-794fcd220251','2025-04-01 00:00:00','69804a98b7447','f3683bee-094b-4aa6-8163-8d418a27eb6a',641,NULL,'posted',NULL,NULL,0,NULL,NULL,'2026-02-02 09:56:26','2026-02-02 09:56:26'),('2d409e99-0c8f-4954-a16c-673cd15ff4b9','3cde97d2-6f3a-423a-bc0e-3c8f034b8d27',500,1.0000,'26b3126e-62de-40bc-bfcc-794fcd220251','26b3126e-62de-40bc-bfcc-794fcd220251','2025-03-31 00:00:00','697c7bf381f8b','f3683bee-094b-4aa6-8163-8d418a27eb6a',523,NULL,'posted',NULL,NULL,0,NULL,NULL,'2026-01-30 12:37:55','2026-01-30 12:37:55'),('2d4f2872-f3a7-4a47-b21a-5dc20e67e03a','7a3ec4d2-fa53-4725-a313-eceb00a4b38d',331000,1.0000,'26b3126e-62de-40bc-bfcc-794fcd220251','26b3126e-62de-40bc-bfcc-794fcd220251','2025-03-31 00:00:00','697c7bf56dad3','f3683bee-094b-4aa6-8163-8d418a27eb6a',668,NULL,'posted',NULL,NULL,0,NULL,NULL,'2026-01-30 12:37:57','2026-01-30 12:37:57'),('2d5c612f-47da-4cac-a815-dc2959822a82','2433ecb7-56fd-4b12-a458-40a803883136',3090000,1.0000,'26b3126e-62de-40bc-bfcc-794fcd220251','26b3126e-62de-40bc-bfcc-794fcd220251','2025-03-31 00:00:00','697c7beec769b','f3683bee-094b-4aa6-8163-8d418a27eb6a',NULL,128,'posted',NULL,NULL,0,NULL,NULL,'2026-01-30 12:37:50','2026-01-30 12:37:50'),('2d95badb-1b78-41cd-8961-e3d198e9fa4a','214f0589-1dcb-4410-806c-153847f621e7',17318000,1.0000,'26b3126e-62de-40bc-bfcc-794fcd220251','26b3126e-62de-40bc-bfcc-794fcd220251','2025-03-31 00:00:00','697c7bf3378a4','f3683bee-094b-4aa6-8163-8d418a27eb6a',499,NULL,'posted',NULL,NULL,0,NULL,NULL,'2026-01-30 12:37:55','2026-01-30 12:37:55'),('2dc342d9-25a1-4ff5-85b0-fad0b171de4c','95e12330-625a-4d3e-a1ff-126d74c4f41d',7281703.4103498,1.0000,'26b3126e-62de-40bc-bfcc-794fcd220251','26b3126e-62de-40bc-bfcc-794fcd220251','2025-03-31 00:00:00','697c7bf3cb05a','f3683bee-094b-4aa6-8163-8d418a27eb6a',548,NULL,'posted',NULL,NULL,0,NULL,NULL,'2026-01-30 12:37:55','2026-01-30 12:37:55'),('2dd1dfb9-6199-4a31-acbd-fc0e59dcd3fb','b45b1d15-be51-4377-b952-9cfb9b27d058',6212360,1.0000,'26b3126e-62de-40bc-bfcc-794fcd220251','26b3126e-62de-40bc-bfcc-794fcd220251','2025-04-01 00:00:00','69804a98b7447','f3683bee-094b-4aa6-8163-8d418a27eb6a',NULL,88,'posted',NULL,NULL,0,NULL,NULL,'2026-02-02 09:56:25','2026-02-02 09:56:25'),('2decda43-a975-473c-85d8-15c38bdc59e6','b45b1d15-be51-4377-b952-9cfb9b27d058',4778625.2084,1.0000,'26b3126e-62de-40bc-bfcc-794fcd220251','26b3126e-62de-40bc-bfcc-794fcd220251','2025-04-01 00:00:00','69804a98b7447','f3683bee-094b-4aa6-8163-8d418a27eb6a',541,NULL,'posted',NULL,NULL,0,NULL,NULL,'2026-02-02 09:56:26','2026-02-02 09:56:26'),('2e487905-aeb8-4337-a135-0436909a17c0','b45b1d15-be51-4377-b952-9cfb9b27d058',200000,1.0000,'26b3126e-62de-40bc-bfcc-794fcd220251','26b3126e-62de-40bc-bfcc-794fcd220251','2025-04-01 00:00:00','69804a98b7447','f3683bee-094b-4aa6-8163-8d418a27eb6a',NULL,157,'posted',NULL,NULL,0,NULL,NULL,'2026-02-02 09:56:25','2026-02-02 09:56:25'),('2e666fab-f006-4c60-89ce-fd34bebd7334','b45b1d15-be51-4377-b952-9cfb9b27d058',66652016,1.0000,'26b3126e-62de-40bc-bfcc-794fcd220251','26b3126e-62de-40bc-bfcc-794fcd220251','2025-04-01 00:00:00','69804a98b7447','f3683bee-094b-4aa6-8163-8d418a27eb6a',NULL,91,'posted',NULL,NULL,0,NULL,NULL,'2026-02-02 09:56:25','2026-02-02 09:56:25'),('2e8d2f6e-9372-408e-b9ba-98c8a4e6602d','c863d6ef-52bb-42e0-bd8a-1e5deab50f38',1000000,1.0000,'26b3126e-62de-40bc-bfcc-794fcd220251','26b3126e-62de-40bc-bfcc-794fcd220251','2026-01-30 00:00:00','697c972f2843b','f3683bee-094b-4aa6-8163-8d418a27eb6a',NULL,998,'posted',NULL,NULL,0,NULL,NULL,'2026-01-30 14:34:07','2026-01-30 14:34:07'),('2e9915de-a92b-4618-939a-3fca29987b1a','5e921380-6581-4dae-bbc9-34dfbfc3ffd7',871000,1.0000,'26b3126e-62de-40bc-bfcc-794fcd220251','26b3126e-62de-40bc-bfcc-794fcd220251','2025-03-31 00:00:00','697c7bf24fe3d','f3683bee-094b-4aa6-8163-8d418a27eb6a',NULL,435,'posted',NULL,NULL,0,NULL,NULL,'2026-01-30 12:37:54','2026-01-30 12:37:54'),('2e9c3e9f-13cc-4ad7-a3ff-414434c9f863','6ed250c4-8a9f-4957-95f6-edae97d4f01b',20000,1.0000,'26b3126e-62de-40bc-bfcc-794fcd220251','26b3126e-62de-40bc-bfcc-794fcd220251','2025-03-31 00:00:00','697c7bf077292','f3683bee-094b-4aa6-8163-8d418a27eb6a',NULL,291,'posted',NULL,NULL,0,NULL,NULL,'2026-01-30 12:37:52','2026-01-30 12:37:52'),('2e9e2707-2ee4-4e61-bf6b-bc2899383846','b45b1d15-be51-4377-b952-9cfb9b27d058',2039638.57,1.0000,'26b3126e-62de-40bc-bfcc-794fcd220251','26b3126e-62de-40bc-bfcc-794fcd220251','2025-04-01 00:00:00','69804a98b7447','f3683bee-094b-4aa6-8163-8d418a27eb6a',NULL,126,'posted',NULL,NULL,0,NULL,NULL,'2026-02-02 09:56:25','2026-02-02 09:56:25'),('2eb10d4f-12eb-4e95-bf72-527e6418af13','b45b1d15-be51-4377-b952-9cfb9b27d058',430000,1.0000,'26b3126e-62de-40bc-bfcc-794fcd220251','26b3126e-62de-40bc-bfcc-794fcd220251','2025-04-01 00:00:00','69804a98b7447','f3683bee-094b-4aa6-8163-8d418a27eb6a',NULL,302,'posted',NULL,NULL,0,NULL,NULL,'2026-02-02 09:56:25','2026-02-02 09:56:25'),('2eb2970b-8b55-46f7-a4f7-07ba1d4ec7ad','b45b1d15-be51-4377-b952-9cfb9b27d058',43700,1.0000,'26b3126e-62de-40bc-bfcc-794fcd220251','26b3126e-62de-40bc-bfcc-794fcd220251','2025-04-01 00:00:00','69804a98b7447','f3683bee-094b-4aa6-8163-8d418a27eb6a',NULL,444,'posted',NULL,NULL,0,NULL,NULL,'2026-02-02 09:56:25','2026-02-02 09:56:25'),('2ebbe37b-1b78-438e-9b19-479111d3fbf1','b63eaf61-375b-4a5a-9a0f-e36aa11e6c13',35000,1.0000,'26b3126e-62de-40bc-bfcc-794fcd220251','26b3126e-62de-40bc-bfcc-794fcd220251','2025-03-31 00:00:00','697c7bf190e86','f3683bee-094b-4aa6-8163-8d418a27eb6a',NULL,380,'posted',NULL,NULL,0,NULL,NULL,'2026-01-30 12:37:53','2026-01-30 12:37:53'),('2ebeefef-6a6a-4b72-aafc-7fb7b18de614','b45b1d15-be51-4377-b952-9cfb9b27d058',734070.1685,1.0000,'26b3126e-62de-40bc-bfcc-794fcd220251','26b3126e-62de-40bc-bfcc-794fcd220251','2025-04-01 00:00:00','69804a98b7447','f3683bee-094b-4aa6-8163-8d418a27eb6a',637,NULL,'posted',NULL,NULL,0,NULL,NULL,'2026-02-02 09:56:25','2026-02-02 09:56:25'),('300cfc1e-8d69-4d90-8864-e5c94c956191','1177950d-0b36-4952-b458-1544593869df',10925522,1.0000,'26b3126e-62de-40bc-bfcc-794fcd220251','26b3126e-62de-40bc-bfcc-794fcd220251','2025-03-31 00:00:00','697c7bee01391','f3683bee-094b-4aa6-8163-8d418a27eb6a',NULL,59,'posted',NULL,NULL,0,NULL,NULL,'2026-01-30 12:37:50','2026-01-30 12:37:50'),('3023bb84-f2b6-44ea-b3f3-e08265effc72','a37da2ea-454d-426b-be7b-37cbfeace74d',173830011.76,1.0000,'26b3126e-62de-40bc-bfcc-794fcd220251','26b3126e-62de-40bc-bfcc-794fcd220251','2025-03-31 00:00:00','697c7bf2ecde2','f3683bee-094b-4aa6-8163-8d418a27eb6a',NULL,480,'posted',NULL,NULL,0,NULL,NULL,'2026-01-30 12:37:54','2026-01-30 12:37:54'),('30642d43-cfca-4b19-b8f4-577ffbd382f8','b45b1d15-be51-4377-b952-9cfb9b27d058',386579,1.0000,'26b3126e-62de-40bc-bfcc-794fcd220251','26b3126e-62de-40bc-bfcc-794fcd220251','2025-04-01 00:00:00','69804a98b7447','f3683bee-094b-4aa6-8163-8d418a27eb6a',676,NULL,'posted',NULL,NULL,0,NULL,NULL,'2026-02-02 09:56:26','2026-02-02 09:56:26'),('30750dee-e1d6-49fb-a6d6-71ad77dd8381','88cb9b4f-4030-4c19-8d2e-90ec3827b511',1356255.1624558,1.0000,'26b3126e-62de-40bc-bfcc-794fcd220251','26b3126e-62de-40bc-bfcc-794fcd220251','2025-03-31 00:00:00','697c7bf4c1b83','f3683bee-094b-4aa6-8163-8d418a27eb6a',619,NULL,'posted',NULL,NULL,0,NULL,NULL,'2026-01-30 12:37:56','2026-01-30 12:37:56'),('30776ccf-a1cf-4b19-aab6-037a76bab67f','b8b09b81-f89d-4c21-acb3-0bd6540b1d5d',9586596,1.0000,'26b3126e-62de-40bc-bfcc-794fcd220251','26b3126e-62de-40bc-bfcc-794fcd220251','2025-03-31 00:00:00','697c7bee517c7','f3683bee-094b-4aa6-8163-8d418a27eb6a',NULL,87,'posted',NULL,NULL,0,NULL,NULL,'2026-01-30 12:37:50','2026-01-30 12:37:50'),('30b00451-0151-48fa-9f83-f441224a155b','4ec32822-ee9f-4696-ab93-6e6b07e9b002',3271516,1.0000,'26b3126e-62de-40bc-bfcc-794fcd220251','26b3126e-62de-40bc-bfcc-794fcd220251','2025-03-31 00:00:00','697c7bee8478e','f3683bee-094b-4aa6-8163-8d418a27eb6a',NULL,105,'posted',NULL,NULL,0,NULL,NULL,'2026-01-30 12:37:50','2026-01-30 12:37:50'),('30c4db5e-4f1d-43b6-b03e-d15e63cab942','b38150c3-2386-4d20-a997-f63d7cf4333a',100000,1.0000,'26b3126e-62de-40bc-bfcc-794fcd220251','26b3126e-62de-40bc-bfcc-794fcd220251','2025-03-31 00:00:00','697c7bef2d09e','f3683bee-094b-4aa6-8163-8d418a27eb6a',NULL,158,'posted',NULL,NULL,0,NULL,NULL,'2026-01-30 12:37:51','2026-01-30 12:37:51'),('30e59040-5d57-4d30-91ff-31df51d4a3c0','10ccceda-2721-4445-96d0-a36f55cdf192',100000,1.0000,'26b3126e-62de-40bc-bfcc-794fcd220251','26b3126e-62de-40bc-bfcc-794fcd220251','2025-03-31 00:00:00','697c7befeabaf','f3683bee-094b-4aa6-8163-8d418a27eb6a',NULL,240,'posted',NULL,NULL,0,NULL,NULL,'2026-01-30 12:37:51','2026-01-30 12:37:51'),('31080c63-ce7e-4a56-b939-5b42ce1e58ee','b45b1d15-be51-4377-b952-9cfb9b27d058',500000,1.0000,'26b3126e-62de-40bc-bfcc-794fcd220251','26b3126e-62de-40bc-bfcc-794fcd220251','2025-04-01 00:00:00','69804a98b7447','f3683bee-094b-4aa6-8163-8d418a27eb6a',NULL,429,'posted',NULL,NULL,0,NULL,NULL,'2026-02-02 09:56:25','2026-02-02 09:56:25'),('315c6231-a937-4ff8-a3f7-003e40f4c457','b45b1d15-be51-4377-b952-9cfb9b27d058',392576,1.0000,'26b3126e-62de-40bc-bfcc-794fcd220251','26b3126e-62de-40bc-bfcc-794fcd220251','2025-04-01 00:00:00','69804a98b7447','f3683bee-094b-4aa6-8163-8d418a27eb6a',NULL,133,'posted',NULL,NULL,0,NULL,NULL,'2026-02-02 09:56:25','2026-02-02 09:56:25'),('317667b4-ea23-4629-a663-b32b7a171932','0610b0a6-916d-49c2-9417-220c2996d7d4',150000,1.0000,'26b3126e-62de-40bc-bfcc-794fcd220251','26b3126e-62de-40bc-bfcc-794fcd220251','2025-03-31 00:00:00','697c7bf2d5c9e','f3683bee-094b-4aa6-8163-8d418a27eb6a',NULL,473,'posted',NULL,NULL,0,NULL,NULL,'2026-01-30 12:37:54','2026-01-30 12:37:54'),('31886f68-5398-43b2-a787-9f7599d3290e','b45b1d15-be51-4377-b952-9cfb9b27d058',79773120,1.0000,'26b3126e-62de-40bc-bfcc-794fcd220251','26b3126e-62de-40bc-bfcc-794fcd220251','2025-04-01 00:00:00','69804a98b7447','f3683bee-094b-4aa6-8163-8d418a27eb6a',NULL,127,'posted',NULL,NULL,0,NULL,NULL,'2026-02-02 09:56:25','2026-02-02 09:56:25'),('31de9089-5582-4c9a-9128-d8d0e38b6edc','b45b1d15-be51-4377-b952-9cfb9b27d058',13909.8,1.0000,'26b3126e-62de-40bc-bfcc-794fcd220251','26b3126e-62de-40bc-bfcc-794fcd220251','2025-04-01 00:00:00','69804a98b7447','f3683bee-094b-4aa6-8163-8d418a27eb6a',671,NULL,'posted',NULL,NULL,0,NULL,NULL,'2026-02-02 09:56:25','2026-02-02 09:56:25'),('320cb25e-0e38-459b-9c13-017b3f4ed5b7','b45b1d15-be51-4377-b952-9cfb9b27d058',2500000,1.0000,'26b3126e-62de-40bc-bfcc-794fcd220251','26b3126e-62de-40bc-bfcc-794fcd220251','2025-04-01 00:00:00','69804a98b7447','f3683bee-094b-4aa6-8163-8d418a27eb6a',NULL,38,'posted',NULL,NULL,0,NULL,NULL,'2026-02-02 09:56:24','2026-02-02 09:56:24'),('3224d8e9-3a4b-4840-a430-d1eb4bc693ca','b45b1d15-be51-4377-b952-9cfb9b27d058',100000,1.0000,'26b3126e-62de-40bc-bfcc-794fcd220251','26b3126e-62de-40bc-bfcc-794fcd220251','2025-04-01 00:00:00','69804a98b7447','f3683bee-094b-4aa6-8163-8d418a27eb6a',NULL,240,'posted',NULL,NULL,0,NULL,NULL,'2026-02-02 09:56:24','2026-02-02 09:56:24'),('323343ac-24ef-49ac-8254-8203418b660b','b45b1d15-be51-4377-b952-9cfb9b27d058',9269545.6823,1.0000,'26b3126e-62de-40bc-bfcc-794fcd220251','26b3126e-62de-40bc-bfcc-794fcd220251','2025-04-01 00:00:00','69804a98b7447','f3683bee-094b-4aa6-8163-8d418a27eb6a',554,NULL,'posted',NULL,NULL,0,NULL,NULL,'2026-02-02 09:56:26','2026-02-02 09:56:26'),('3250899c-0dee-4742-84ea-27a4887cde6e','72e09e7c-8a80-4495-9050-0c7a62db39ea',1865383.3333333,1.0000,'26b3126e-62de-40bc-bfcc-794fcd220251','26b3126e-62de-40bc-bfcc-794fcd220251','2025-03-31 00:00:00','697c7beda7547','f3683bee-094b-4aa6-8163-8d418a27eb6a',NULL,32,'posted',NULL,NULL,0,NULL,NULL,'2026-01-30 12:37:49','2026-01-30 12:37:49'),('32855f30-6a8f-4afe-aa20-db0c32993ed2','f1f1f85c-a5e9-42a2-8f5b-261aa87be165',242750,1.0000,'26b3126e-62de-40bc-bfcc-794fcd220251','26b3126e-62de-40bc-bfcc-794fcd220251','2025-03-31 00:00:00','697c7bf1ac8a9','f3683bee-094b-4aa6-8163-8d418a27eb6a',NULL,388,'posted',NULL,NULL,0,NULL,NULL,'2026-01-30 12:37:53','2026-01-30 12:37:53'),('32b1b3bb-40e7-4e8d-8952-955867f3e634','9c72e5b4-e673-48d7-9bfe-7d2c3e4be193',6253111.9734509,1.0000,'26b3126e-62de-40bc-bfcc-794fcd220251','26b3126e-62de-40bc-bfcc-794fcd220251','2025-03-31 00:00:00','697c7bf4364aa','f3683bee-094b-4aa6-8163-8d418a27eb6a',576,NULL,'posted',NULL,NULL,0,NULL,NULL,'2026-01-30 12:37:56','2026-01-30 12:37:56'),('330f75fa-d894-4942-97e3-5a48db54cd77','b45b1d15-be51-4377-b952-9cfb9b27d058',1603530,1.0000,'26b3126e-62de-40bc-bfcc-794fcd220251','26b3126e-62de-40bc-bfcc-794fcd220251','2025-04-01 00:00:00','69804a98b7447','f3683bee-094b-4aa6-8163-8d418a27eb6a',NULL,419,'posted',NULL,NULL,0,NULL,NULL,'2026-02-02 09:56:25','2026-02-02 09:56:25'),('331bcf64-783a-4760-bc51-f2fe357f754b','1e8499e0-f45d-478e-9515-8907cf46fbdb',760000,1.0000,'26b3126e-62de-40bc-bfcc-794fcd220251','26b3126e-62de-40bc-bfcc-794fcd220251','2025-03-31 00:00:00','697c7bf2348e5','f3683bee-094b-4aa6-8163-8d418a27eb6a',NULL,427,'posted',NULL,NULL,0,NULL,NULL,'2026-01-30 12:37:54','2026-01-30 12:37:54'),('33c63cab-c863-4b82-b65f-0ab12f1a18e4','d40d010c-c59c-4cd4-bd01-8e6256aeda40',1832237.2601981,1.0000,'26b3126e-62de-40bc-bfcc-794fcd220251','26b3126e-62de-40bc-bfcc-794fcd220251','2025-03-31 00:00:00','697c7bf486b68','f3683bee-094b-4aa6-8163-8d418a27eb6a',601,NULL,'posted',NULL,NULL,0,NULL,NULL,'2026-01-30 12:37:56','2026-01-30 12:37:56'),('33f7662e-c9bd-4b24-9755-3eac3b8ca9c7','f6c59835-0f89-4271-a580-1c5f8190af1e',1930000,1.0000,'26b3126e-62de-40bc-bfcc-794fcd220251','26b3126e-62de-40bc-bfcc-794fcd220251','2025-03-31 00:00:00','697c7bef2498f','f3683bee-094b-4aa6-8163-8d418a27eb6a',NULL,155,'posted',NULL,NULL,0,NULL,NULL,'2026-01-30 12:37:51','2026-01-30 12:37:51'),('340f6d85-5c42-4e18-aeb7-36fb05a3647f','5d660f80-e0b5-4032-bf24-825cf1c3f721',900000,1.0000,'26b3126e-62de-40bc-bfcc-794fcd220251','26b3126e-62de-40bc-bfcc-794fcd220251','2025-03-31 00:00:00','697c7bf36ca66','f3683bee-094b-4aa6-8163-8d418a27eb6a',516,NULL,'posted',NULL,NULL,0,NULL,NULL,'2026-01-30 12:37:55','2026-01-30 12:37:55'),('3439625f-c51e-49de-b8e7-31c01e68c213','9a83dd88-7d01-4a78-8cfe-b30c57b5bc72',3135570.2649716,1.0000,'26b3126e-62de-40bc-bfcc-794fcd220251','26b3126e-62de-40bc-bfcc-794fcd220251','2025-03-31 00:00:00','697c7bf462d62','f3683bee-094b-4aa6-8163-8d418a27eb6a',590,NULL,'posted',NULL,NULL,0,NULL,NULL,'2026-01-30 12:37:56','2026-01-30 12:37:56'),('3441cd52-101f-4416-a38a-61ee685db9c0','b45b1d15-be51-4377-b952-9cfb9b27d058',8466840.0705,1.0000,'26b3126e-62de-40bc-bfcc-794fcd220251','26b3126e-62de-40bc-bfcc-794fcd220251','2025-04-01 00:00:00','69804a98b7447','f3683bee-094b-4aa6-8163-8d418a27eb6a',544,NULL,'posted',NULL,NULL,0,NULL,NULL,'2026-02-02 09:56:25','2026-02-02 09:56:25'),('347cece8-13aa-49f4-a91a-9ccebfb2bf48','b45b1d15-be51-4377-b952-9cfb9b27d058',232077980,1.0000,'26b3126e-62de-40bc-bfcc-794fcd220251','26b3126e-62de-40bc-bfcc-794fcd220251','2025-04-01 00:00:00','69804a98b7447','f3683bee-094b-4aa6-8163-8d418a27eb6a',NULL,33,'posted',NULL,NULL,0,NULL,NULL,'2026-02-02 09:56:25','2026-02-02 09:56:25'),('34a16944-737f-43a3-bb2d-9f022641e8e6','e7cf27d9-03b6-4c0b-a51d-68a6f2f9e793',7808300,1.0000,'26b3126e-62de-40bc-bfcc-794fcd220251','26b3126e-62de-40bc-bfcc-794fcd220251','2026-01-30 00:00:00','697c972ea9ffa','f3683bee-094b-4aa6-8163-8d418a27eb6a',NULL,963,'posted',NULL,NULL,0,NULL,NULL,'2026-01-30 14:34:06','2026-01-30 14:34:06'),('34abd80b-bab6-4d7b-9839-69381a745994','b45b1d15-be51-4377-b952-9cfb9b27d058',20000,1.0000,'26b3126e-62de-40bc-bfcc-794fcd220251','26b3126e-62de-40bc-bfcc-794fcd220251','2025-04-01 00:00:00','69804a98b7447','f3683bee-094b-4aa6-8163-8d418a27eb6a',NULL,325,'posted',NULL,NULL,0,NULL,NULL,'2026-02-02 09:56:25','2026-02-02 09:56:25'),('34adc371-f435-46d7-8655-87e91b7fd284','2f6663e1-dfb0-4597-8f33-ffef81f30ae2',240000,1.0000,'26b3126e-62de-40bc-bfcc-794fcd220251','26b3126e-62de-40bc-bfcc-794fcd220251','2025-03-31 00:00:00','697c7bf369cc2','f3683bee-094b-4aa6-8163-8d418a27eb6a',515,NULL,'posted',NULL,NULL,0,NULL,NULL,'2026-01-30 12:37:55','2026-01-30 12:37:55'),('34c44c88-00e5-4778-a9a4-940b2a1142e8','e76991e4-2d53-495c-a741-a4ba6fd85fa9',5256840.308621,1.0000,'26b3126e-62de-40bc-bfcc-794fcd220251','26b3126e-62de-40bc-bfcc-794fcd220251','2025-03-31 00:00:00','697c7bf453e26','f3683bee-094b-4aa6-8163-8d418a27eb6a',585,NULL,'posted',NULL,NULL,0,NULL,NULL,'2026-01-30 12:37:56','2026-01-30 12:37:56'),('34cc983a-fb4b-46e8-93e1-6d1f07489bd1','80030875-00da-4998-8ea1-0914af8046fc',2636963,1.0000,'26b3126e-62de-40bc-bfcc-794fcd220251','26b3126e-62de-40bc-bfcc-794fcd220251','2025-03-31 00:00:00','697c7bf5a7641','f3683bee-094b-4aa6-8163-8d418a27eb6a',686,NULL,'posted',NULL,NULL,0,NULL,NULL,'2026-01-30 12:37:57','2026-01-30 12:37:57'),('34db7c89-88c3-4ea3-940a-1caca3efda57','b45b1d15-be51-4377-b952-9cfb9b27d058',176812,1.0000,'26b3126e-62de-40bc-bfcc-794fcd220251','26b3126e-62de-40bc-bfcc-794fcd220251','2025-04-01 00:00:00','69804a98b7447','f3683bee-094b-4aa6-8163-8d418a27eb6a',NULL,408,'posted',NULL,NULL,0,NULL,NULL,'2026-02-02 09:56:25','2026-02-02 09:56:25'),('350fea99-ba03-4c10-a104-3a3e7b85b3ce','41541f0a-8ae3-4e47-abe1-516b16e42809',710000,1.0000,'26b3126e-62de-40bc-bfcc-794fcd220251','26b3126e-62de-40bc-bfcc-794fcd220251','2025-03-31 00:00:00','697c7bf3787cd','f3683bee-094b-4aa6-8163-8d418a27eb6a',520,NULL,'posted',NULL,NULL,0,NULL,NULL,'2026-01-30 12:37:55','2026-01-30 12:37:55'),('352660f3-c937-463c-b3cb-4aeed7b8d7de','9a321452-83ab-408b-a871-e3627667b246',12405000000,1.0000,'26b3126e-62de-40bc-bfcc-794fcd220251','26b3126e-62de-40bc-bfcc-794fcd220251','2025-03-31 00:00:00','697c7bed8e63c','f3683bee-094b-4aa6-8163-8d418a27eb6a',NULL,25,'posted',NULL,NULL,0,NULL,NULL,'2026-01-30 12:37:49','2026-01-30 12:37:49'),('352d6649-2f6d-4d7c-9237-bcff82769645','b45b1d15-be51-4377-b952-9cfb9b27d058',180000,1.0000,'26b3126e-62de-40bc-bfcc-794fcd220251','26b3126e-62de-40bc-bfcc-794fcd220251','2025-04-01 00:00:00','69804a98b7447','f3683bee-094b-4aa6-8163-8d418a27eb6a',NULL,293,'posted',NULL,NULL,0,NULL,NULL,'2026-02-02 09:56:25','2026-02-02 09:56:25'),('359663a6-aca2-466c-b3dc-dd689776df8b','b45b1d15-be51-4377-b952-9cfb9b27d058',2158160,1.0000,'26b3126e-62de-40bc-bfcc-794fcd220251','26b3126e-62de-40bc-bfcc-794fcd220251','2025-04-01 00:00:00','69804a98b7447','f3683bee-094b-4aa6-8163-8d418a27eb6a',NULL,148,'posted',NULL,NULL,0,NULL,NULL,'2026-02-02 09:56:24','2026-02-02 09:56:24'),('35e54b9c-0306-482a-a9a1-958dfcc0d0da','1384b4fc-d201-41c7-8f41-0eff9d0ea2dc',380000,1.0000,'26b3126e-62de-40bc-bfcc-794fcd220251','26b3126e-62de-40bc-bfcc-794fcd220251','2025-03-31 00:00:00','697c7befd6a33','f3683bee-094b-4aa6-8163-8d418a27eb6a',NULL,229,'posted',NULL,NULL,0,NULL,NULL,'2026-01-30 12:37:51','2026-01-30 12:37:51'),('35fdc9ce-a3d1-4c0f-b186-eefd17ce88df','b45b1d15-be51-4377-b952-9cfb9b27d058',7582571.1067,1.0000,'26b3126e-62de-40bc-bfcc-794fcd220251','26b3126e-62de-40bc-bfcc-794fcd220251','2025-04-01 00:00:00','69804a98b7447','f3683bee-094b-4aa6-8163-8d418a27eb6a',539,NULL,'posted',NULL,NULL,0,NULL,NULL,'2026-02-02 09:56:26','2026-02-02 09:56:26'),('360a4be9-85bc-4912-8155-e081a6ae9551','a801dbfd-f47c-478b-bf47-952d4e202db4',32264600,1.0000,'26b3126e-62de-40bc-bfcc-794fcd220251','26b3126e-62de-40bc-bfcc-794fcd220251','2025-03-31 00:00:00','697c7bee294b5','f3683bee-094b-4aa6-8163-8d418a27eb6a',NULL,73,'posted',NULL,NULL,0,NULL,NULL,'2026-01-30 12:37:50','2026-01-30 12:37:50'),('36172dad-0175-46ae-bb90-47efd8756417','b45b1d15-be51-4377-b952-9cfb9b27d058',1840099.7793,1.0000,'26b3126e-62de-40bc-bfcc-794fcd220251','26b3126e-62de-40bc-bfcc-794fcd220251','2025-04-01 00:00:00','69804a98b7447','f3683bee-094b-4aa6-8163-8d418a27eb6a',627,NULL,'posted',NULL,NULL,0,NULL,NULL,'2026-02-02 09:56:26','2026-02-02 09:56:26'),('364e6c56-527d-451e-8872-054d7ceb8628','b45b1d15-be51-4377-b952-9cfb9b27d058',250000,1.0000,'26b3126e-62de-40bc-bfcc-794fcd220251','26b3126e-62de-40bc-bfcc-794fcd220251','2025-04-01 00:00:00','69804a98b7447','f3683bee-094b-4aa6-8163-8d418a27eb6a',NULL,420,'posted',NULL,NULL,0,NULL,NULL,'2026-02-02 09:56:25','2026-02-02 09:56:25'),('36cf8207-080c-4c65-99c2-ee8843708d44','b45b1d15-be51-4377-b952-9cfb9b27d058',98983,1.0000,'26b3126e-62de-40bc-bfcc-794fcd220251','26b3126e-62de-40bc-bfcc-794fcd220251','2025-04-01 00:00:00','69804a98b7447','f3683bee-094b-4aa6-8163-8d418a27eb6a',681,NULL,'posted',NULL,NULL,0,NULL,NULL,'2026-02-02 09:56:26','2026-02-02 09:56:26'),('36db3515-f568-4b93-a6b3-b63f2188121e','d6accc41-f751-4f55-826f-d24e9516029b',450000,1.0000,'26b3126e-62de-40bc-bfcc-794fcd220251','26b3126e-62de-40bc-bfcc-794fcd220251','2025-03-31 00:00:00','697c7bf06f97c','f3683bee-094b-4aa6-8163-8d418a27eb6a',NULL,288,'posted',NULL,NULL,0,NULL,NULL,'2026-01-30 12:37:52','2026-01-30 12:37:52'),('36f6dbd9-9a69-4076-b078-23c0abc8399c','b45b1d15-be51-4377-b952-9cfb9b27d058',173830011.76,1.0000,'26b3126e-62de-40bc-bfcc-794fcd220251','26b3126e-62de-40bc-bfcc-794fcd220251','2025-04-01 00:00:00','69804a98b7447','f3683bee-094b-4aa6-8163-8d418a27eb6a',NULL,480,'posted',NULL,NULL,0,NULL,NULL,'2026-02-02 09:56:24','2026-02-02 09:56:24'),('37048909-8869-4b6b-89db-c46a24a613b5','b45b1d15-be51-4377-b952-9cfb9b27d058',12000,1.0000,'26b3126e-62de-40bc-bfcc-794fcd220251','26b3126e-62de-40bc-bfcc-794fcd220251','2025-04-01 00:00:00','69804a98b7447','f3683bee-094b-4aa6-8163-8d418a27eb6a',NULL,450,'posted',NULL,NULL,0,NULL,NULL,'2026-02-02 09:56:24','2026-02-02 09:56:24'),('370efa48-2ddb-49f6-bd9e-9aebe664ea09','b45b1d15-be51-4377-b952-9cfb9b27d058',3068000,1.0000,'26b3126e-62de-40bc-bfcc-794fcd220251','26b3126e-62de-40bc-bfcc-794fcd220251','2025-04-01 00:00:00','69804a98b7447','f3683bee-094b-4aa6-8163-8d418a27eb6a',502,NULL,'posted',NULL,NULL,0,NULL,NULL,'2026-02-02 09:56:26','2026-02-02 09:56:26'),('37140561-487c-4b6e-b373-5b4875195d85','b45b1d15-be51-4377-b952-9cfb9b27d058',6153449.549,1.0000,'26b3126e-62de-40bc-bfcc-794fcd220251','26b3126e-62de-40bc-bfcc-794fcd220251','2025-04-01 00:00:00','69804a98b7447','f3683bee-094b-4aa6-8163-8d418a27eb6a',553,NULL,'posted',NULL,NULL,0,NULL,NULL,'2026-02-02 09:56:26','2026-02-02 09:56:26'),('37181b35-ff11-49a9-9edd-19050c4c3980','ef86864e-101c-48e6-a36f-470248e112d5',310000,1.0000,'26b3126e-62de-40bc-bfcc-794fcd220251','26b3126e-62de-40bc-bfcc-794fcd220251','2025-03-31 00:00:00','697c7bf03a64b','f3683bee-094b-4aa6-8163-8d418a27eb6a',NULL,266,'posted',NULL,NULL,0,NULL,NULL,'2026-01-30 12:37:52','2026-01-30 12:37:52'),('372f5fa4-7660-40ef-902b-d7e2a151fbba','b45b1d15-be51-4377-b952-9cfb9b27d058',363544.5489,1.0000,'26b3126e-62de-40bc-bfcc-794fcd220251','26b3126e-62de-40bc-bfcc-794fcd220251','2025-04-01 00:00:00','69804a98b7447','f3683bee-094b-4aa6-8163-8d418a27eb6a',632,NULL,'posted',NULL,NULL,0,NULL,NULL,'2026-02-02 09:56:26','2026-02-02 09:56:26'),('376cff6d-d08c-442c-a4c1-04ea89187505','fc61ece9-0e84-4fe1-940c-da3ad2254190',70000,1.0000,'26b3126e-62de-40bc-bfcc-794fcd220251','26b3126e-62de-40bc-bfcc-794fcd220251','2025-03-31 00:00:00','697c7bf0000ed','f3683bee-094b-4aa6-8163-8d418a27eb6a',NULL,244,'posted',NULL,NULL,0,NULL,NULL,'2026-01-30 12:37:52','2026-01-30 12:37:52'),('3770ef0c-4c17-4a28-9128-0963c277078d','b45b1d15-be51-4377-b952-9cfb9b27d058',800000,1.0000,'26b3126e-62de-40bc-bfcc-794fcd220251','26b3126e-62de-40bc-bfcc-794fcd220251','2025-04-01 00:00:00','69804a98b7447','f3683bee-094b-4aa6-8163-8d418a27eb6a',501,NULL,'posted',NULL,NULL,0,NULL,NULL,'2026-02-02 09:56:26','2026-02-02 09:56:26'),('37a5b6bc-f3e0-4a12-aa64-59a2766798bc','b45b1d15-be51-4377-b952-9cfb9b27d058',54000,1.0000,'26b3126e-62de-40bc-bfcc-794fcd220251','26b3126e-62de-40bc-bfcc-794fcd220251','2025-04-01 00:00:00','69804a98b7447','f3683bee-094b-4aa6-8163-8d418a27eb6a',NULL,383,'posted',NULL,NULL,0,NULL,NULL,'2026-02-02 09:56:25','2026-02-02 09:56:25'),('37bdbde1-220b-43fa-9215-fac155d754ed','4a18670b-fa7d-4903-bd97-32a6924607e5',48500,1.0000,'26b3126e-62de-40bc-bfcc-794fcd220251','26b3126e-62de-40bc-bfcc-794fcd220251','2025-03-31 00:00:00','697c7bf1e377c','f3683bee-094b-4aa6-8163-8d418a27eb6a',NULL,404,'posted',NULL,NULL,0,NULL,NULL,'2026-01-30 12:37:53','2026-01-30 12:37:53'),('37c507a0-6af2-4c02-acbd-6f3aa3186fd4','b45b1d15-be51-4377-b952-9cfb9b27d058',55000,1.0000,'26b3126e-62de-40bc-bfcc-794fcd220251','26b3126e-62de-40bc-bfcc-794fcd220251','2025-04-01 00:00:00','69804a98b7447','f3683bee-094b-4aa6-8163-8d418a27eb6a',NULL,347,'posted',NULL,NULL,0,NULL,NULL,'2026-02-02 09:56:25','2026-02-02 09:56:25'),('37cc0ac6-bd99-4db2-9f3f-f092456ceaee','4fcddc23-4745-4527-a327-abbdae97db03',2829609,1.0000,'26b3126e-62de-40bc-bfcc-794fcd220251','26b3126e-62de-40bc-bfcc-794fcd220251','2025-03-31 00:00:00','697c7bf243425','f3683bee-094b-4aa6-8163-8d418a27eb6a',NULL,432,'posted',NULL,NULL,0,NULL,NULL,'2026-01-30 12:37:54','2026-01-30 12:37:54'),('380510de-4d2a-424c-b753-11b9c75a263e','b45b1d15-be51-4377-b952-9cfb9b27d058',340000,1.0000,'26b3126e-62de-40bc-bfcc-794fcd220251','26b3126e-62de-40bc-bfcc-794fcd220251','2025-04-01 00:00:00','69804a98b7447','f3683bee-094b-4aa6-8163-8d418a27eb6a',NULL,184,'posted',NULL,NULL,0,NULL,NULL,'2026-02-02 09:56:25','2026-02-02 09:56:25'),('3822a142-158c-4c58-9360-edc2c5cfb668','b45b1d15-be51-4377-b952-9cfb9b27d058',1245310.1994,1.0000,'26b3126e-62de-40bc-bfcc-794fcd220251','26b3126e-62de-40bc-bfcc-794fcd220251','2025-04-01 00:00:00','69804a98b7447','f3683bee-094b-4aa6-8163-8d418a27eb6a',555,NULL,'posted',NULL,NULL,0,NULL,NULL,'2026-02-02 09:56:26','2026-02-02 09:56:26'),('3953138e-c113-4276-8b24-90b95d0377c7','2b1f4e39-b00f-4752-b789-9630be17895b',410000,1.0000,'26b3126e-62de-40bc-bfcc-794fcd220251','26b3126e-62de-40bc-bfcc-794fcd220251','2025-03-31 00:00:00','697c7bf13d0eb','f3683bee-094b-4aa6-8163-8d418a27eb6a',NULL,353,'posted',NULL,NULL,0,NULL,NULL,'2026-01-30 12:37:53','2026-01-30 12:37:53'),('3954dbf6-ea6d-43e6-9c44-a60ca97476b4','b45b1d15-be51-4377-b952-9cfb9b27d058',35000,1.0000,'26b3126e-62de-40bc-bfcc-794fcd220251','26b3126e-62de-40bc-bfcc-794fcd220251','2025-04-01 00:00:00','69804a98b7447','f3683bee-094b-4aa6-8163-8d418a27eb6a',NULL,380,'posted',NULL,NULL,0,NULL,NULL,'2026-02-02 09:56:24','2026-02-02 09:56:24'),('395a313e-873c-44e1-9922-82f7258a76e6','b45b1d15-be51-4377-b952-9cfb9b27d058',746334.01,1.0000,'26b3126e-62de-40bc-bfcc-794fcd220251','26b3126e-62de-40bc-bfcc-794fcd220251','2025-04-01 00:00:00','69804a98b7447','f3683bee-094b-4aa6-8163-8d418a27eb6a',NULL,42,'posted',NULL,NULL,0,NULL,NULL,'2026-02-02 09:56:24','2026-02-02 09:56:24'),('398448de-6b8f-49fe-8f8a-45fddab14c4b','a0fc858c-8f9f-486e-ad89-2b22c08ee775',8291255.563339,1.0000,'26b3126e-62de-40bc-bfcc-794fcd220251','26b3126e-62de-40bc-bfcc-794fcd220251','2025-03-31 00:00:00','697c7bf4a699f','f3683bee-094b-4aa6-8163-8d418a27eb6a',611,NULL,'posted',NULL,NULL,0,NULL,NULL,'2026-01-30 12:37:56','2026-01-30 12:37:56'),('3990a5c4-17fd-4e16-bd58-09ec7a46add5','78aa873c-8309-4b33-8e1d-0d89292bb37d',250000,1.0000,'26b3126e-62de-40bc-bfcc-794fcd220251','26b3126e-62de-40bc-bfcc-794fcd220251','2025-03-31 00:00:00','697c7bef8b931','f3683bee-094b-4aa6-8163-8d418a27eb6a',NULL,197,'posted',NULL,NULL,0,NULL,NULL,'2026-01-30 12:37:51','2026-01-30 12:37:51'),('39b0f25a-f682-477c-91b9-1cb795888221','1260bc16-cc2b-41d0-b994-40cbe8639bd4',430000,1.0000,'26b3126e-62de-40bc-bfcc-794fcd220251','26b3126e-62de-40bc-bfcc-794fcd220251','2025-03-31 00:00:00','697c7bf017c11','f3683bee-094b-4aa6-8163-8d418a27eb6a',NULL,253,'posted',NULL,NULL,0,NULL,NULL,'2026-01-30 12:37:52','2026-01-30 12:37:52'),('39dace0e-7596-4141-a7a6-e9697e01e036','64550fcd-0603-4424-9b0c-72377eae2379',440000,1.0000,'26b3126e-62de-40bc-bfcc-794fcd220251','26b3126e-62de-40bc-bfcc-794fcd220251','2025-03-31 00:00:00','697c7bef653c6','f3683bee-094b-4aa6-8163-8d418a27eb6a',NULL,181,'posted',NULL,NULL,0,NULL,NULL,'2026-01-30 12:37:51','2026-01-30 12:37:51'),('3a281cc4-661c-4361-b263-d13c7dd03351','b45b1d15-be51-4377-b952-9cfb9b27d058',800000,1.0000,'26b3126e-62de-40bc-bfcc-794fcd220251','26b3126e-62de-40bc-bfcc-794fcd220251','2025-04-01 00:00:00','69804a98b7447','f3683bee-094b-4aa6-8163-8d418a27eb6a',NULL,120,'posted',NULL,NULL,0,NULL,NULL,'2026-02-02 09:56:25','2026-02-02 09:56:25'),('3a76cf95-99ee-427d-9e3b-4d521d0e44db','46b85c5b-4b76-42ae-a66f-4268a9a822ce',350000,1.0000,'26b3126e-62de-40bc-bfcc-794fcd220251','26b3126e-62de-40bc-bfcc-794fcd220251','2025-03-31 00:00:00','697c7bf2c8432','f3683bee-094b-4aa6-8163-8d418a27eb6a',NULL,469,'posted',NULL,NULL,0,NULL,NULL,'2026-01-30 12:37:54','2026-01-30 12:37:54'),('3a79a3d5-f7c7-400c-aa04-d1b3770830b0','a3b30a37-e605-4988-9fe8-adb052facf7f',600000,1.0000,'26b3126e-62de-40bc-bfcc-794fcd220251','26b3126e-62de-40bc-bfcc-794fcd220251','2025-03-31 00:00:00','697c7befed91f','f3683bee-094b-4aa6-8163-8d418a27eb6a',NULL,241,'posted',NULL,NULL,0,NULL,NULL,'2026-01-30 12:37:51','2026-01-30 12:37:51'),('3ab3e9f3-160a-4189-b634-7d89b3ff994a','b45b1d15-be51-4377-b952-9cfb9b27d058',1408192,1.0000,'26b3126e-62de-40bc-bfcc-794fcd220251','26b3126e-62de-40bc-bfcc-794fcd220251','2025-04-01 00:00:00','69804a98b7447','f3683bee-094b-4aa6-8163-8d418a27eb6a',NULL,144,'posted',NULL,NULL,0,NULL,NULL,'2026-02-02 09:56:25','2026-02-02 09:56:25'),('3ac13f5f-8f71-402d-aec7-99a0937da033','21199a3f-7cb1-45b4-84a5-14ad34bab103',2955319.9579821,1.0000,'26b3126e-62de-40bc-bfcc-794fcd220251','26b3126e-62de-40bc-bfcc-794fcd220251','2025-03-31 00:00:00','697c7bf50dc57','f3683bee-094b-4aa6-8163-8d418a27eb6a',639,NULL,'posted',NULL,NULL,0,NULL,NULL,'2026-01-30 12:37:57','2026-01-30 12:37:57'),('3af73fa0-8ba1-4d39-83dd-93d0c1684b06','f7516e62-6da2-428f-9583-4621b4faf379',105000,1.0000,'26b3126e-62de-40bc-bfcc-794fcd220251','26b3126e-62de-40bc-bfcc-794fcd220251','2025-03-31 00:00:00','697c7befe65f0','f3683bee-094b-4aa6-8163-8d418a27eb6a',NULL,237,'posted',NULL,NULL,0,NULL,NULL,'2026-01-30 12:37:51','2026-01-30 12:37:51'),('3b04d13d-337e-4bb9-8d9f-179034f07d39','b45b1d15-be51-4377-b952-9cfb9b27d058',580000,1.0000,'26b3126e-62de-40bc-bfcc-794fcd220251','26b3126e-62de-40bc-bfcc-794fcd220251','2025-04-01 00:00:00','69804a98b7447','f3683bee-094b-4aa6-8163-8d418a27eb6a',NULL,319,'posted',NULL,NULL,0,NULL,NULL,'2026-02-02 09:56:25','2026-02-02 09:56:25'),('3b7136d1-4888-4433-8525-ccba8393240a','b45b1d15-be51-4377-b952-9cfb9b27d058',3940200,1.0000,'26b3126e-62de-40bc-bfcc-794fcd220251','26b3126e-62de-40bc-bfcc-794fcd220251','2025-04-01 00:00:00','69804a98b7447','f3683bee-094b-4aa6-8163-8d418a27eb6a',658,NULL,'posted',NULL,NULL,0,NULL,NULL,'2026-02-02 09:56:25','2026-02-02 09:56:25'),('3b71d016-c520-4ad7-9542-4a2941af5964','cfb114f7-7dd0-4128-8dd7-d1208f543cdd',66652016,1.0000,'26b3126e-62de-40bc-bfcc-794fcd220251','26b3126e-62de-40bc-bfcc-794fcd220251','2025-03-31 00:00:00','697c7bee5c1e1','f3683bee-094b-4aa6-8163-8d418a27eb6a',NULL,91,'posted',NULL,NULL,0,NULL,NULL,'2026-01-30 12:37:50','2026-01-30 12:37:50'),('3b79d224-66bd-4420-a5bb-80a231209e68','58303774-5742-4e2a-9f54-bd9378ebb573',46000,1.0000,'26b3126e-62de-40bc-bfcc-794fcd220251','26b3126e-62de-40bc-bfcc-794fcd220251','2025-03-31 00:00:00','697c7bf0aa507','f3683bee-094b-4aa6-8163-8d418a27eb6a',NULL,309,'posted',NULL,NULL,0,NULL,NULL,'2026-01-30 12:37:52','2026-01-30 12:37:52'),('3bb097d0-670c-4973-a060-9cb9c70627e5','bb495d5b-ebc1-4daf-8166-7b1b1470c2bf',254075,1.0000,'26b3126e-62de-40bc-bfcc-794fcd220251','26b3126e-62de-40bc-bfcc-794fcd220251','2025-03-31 00:00:00','697c7befc456e','f3683bee-094b-4aa6-8163-8d418a27eb6a',NULL,220,'posted',NULL,NULL,0,NULL,NULL,'2026-01-30 12:37:51','2026-01-30 12:37:51'),('3bc2ed48-d53a-42e2-bf76-c3ce9410be1e','b45b1d15-be51-4377-b952-9cfb9b27d058',14761556.4051,1.0000,'26b3126e-62de-40bc-bfcc-794fcd220251','26b3126e-62de-40bc-bfcc-794fcd220251','2025-04-01 00:00:00','69804a98b7447','f3683bee-094b-4aa6-8163-8d418a27eb6a',570,NULL,'posted',NULL,NULL,0,NULL,NULL,'2026-02-02 09:56:25','2026-02-02 09:56:25'),('3be92bd3-f53f-4333-8747-65916af88cf6','0f24dd81-d6e3-468f-9f6c-45d1a14a0fbc',50150,1.0000,'26b3126e-62de-40bc-bfcc-794fcd220251','26b3126e-62de-40bc-bfcc-794fcd220251','2025-03-31 00:00:00','697c7bee3aa73','f3683bee-094b-4aa6-8163-8d418a27eb6a',NULL,79,'posted',NULL,NULL,0,NULL,NULL,'2026-01-30 12:37:50','2026-01-30 12:37:50'),('3c1730c8-63e8-4356-8b76-2e1ed527c116','ea17a919-ea4e-4a64-a673-00e32185700e',20000,1.0000,'26b3126e-62de-40bc-bfcc-794fcd220251','26b3126e-62de-40bc-bfcc-794fcd220251','2025-03-31 00:00:00','697c7bef3f05a','f3683bee-094b-4aa6-8163-8d418a27eb6a',NULL,165,'posted',NULL,NULL,0,NULL,NULL,'2026-01-30 12:37:51','2026-01-30 12:37:51'),('3c49a9df-391f-48eb-9a12-b5fd2543b93f','b45b1d15-be51-4377-b952-9cfb9b27d058',55000,1.0000,'26b3126e-62de-40bc-bfcc-794fcd220251','26b3126e-62de-40bc-bfcc-794fcd220251','2025-04-01 00:00:00','69804a98b7447','f3683bee-094b-4aa6-8163-8d418a27eb6a',NULL,346,'posted',NULL,NULL,0,NULL,NULL,'2026-02-02 09:56:25','2026-02-02 09:56:25'),('3c4e2435-1da4-47a7-aa93-01d6832dce7a','35f2910b-c2ac-4b21-a9df-e2b03276a05e',230000,1.0000,'26b3126e-62de-40bc-bfcc-794fcd220251','26b3126e-62de-40bc-bfcc-794fcd220251','2025-03-31 00:00:00','697c7bf372649','f3683bee-094b-4aa6-8163-8d418a27eb6a',518,NULL,'posted',NULL,NULL,0,NULL,NULL,'2026-01-30 12:37:55','2026-01-30 12:37:55'),('3cc461aa-38f3-4e76-90ad-fd9da60993cc','b45b1d15-be51-4377-b952-9cfb9b27d058',1711915000,1.0000,'26b3126e-62de-40bc-bfcc-794fcd220251','26b3126e-62de-40bc-bfcc-794fcd220251','2025-04-01 00:00:00','69804a98b7447','f3683bee-094b-4aa6-8163-8d418a27eb6a',482,NULL,'posted',NULL,NULL,0,NULL,NULL,'2026-02-02 09:56:26','2026-02-02 09:56:26'),('3cf40314-b878-45ea-a054-ecd216635ea4','b45b1d15-be51-4377-b952-9cfb9b27d058',140000,1.0000,'26b3126e-62de-40bc-bfcc-794fcd220251','26b3126e-62de-40bc-bfcc-794fcd220251','2025-04-01 00:00:00','69804a98b7447','f3683bee-094b-4aa6-8163-8d418a27eb6a',NULL,366,'posted',NULL,NULL,0,NULL,NULL,'2026-02-02 09:56:25','2026-02-02 09:56:25'),('3d219f45-4960-4af3-8611-308c9aab9ad4','b45b1d15-be51-4377-b952-9cfb9b27d058',1900223,1.0000,'26b3126e-62de-40bc-bfcc-794fcd220251','26b3126e-62de-40bc-bfcc-794fcd220251','2025-04-01 00:00:00','69804a98b7447','f3683bee-094b-4aa6-8163-8d418a27eb6a',NULL,63,'posted',NULL,NULL,0,NULL,NULL,'2026-02-02 09:56:25','2026-02-02 09:56:25'),('3d310150-179f-439a-b880-c218973b8215','163023b4-5aa1-4d16-8cce-b22f23e6bf33',430000,1.0000,'26b3126e-62de-40bc-bfcc-794fcd220251','26b3126e-62de-40bc-bfcc-794fcd220251','2025-03-31 00:00:00','697c7bf0d1261','f3683bee-094b-4aa6-8163-8d418a27eb6a',NULL,322,'posted',NULL,NULL,0,NULL,NULL,'2026-01-30 12:37:52','2026-01-30 12:37:52'),('3d5e6609-5668-40fa-840b-bec9ce93f2be','b45b1d15-be51-4377-b952-9cfb9b27d058',350000,1.0000,'26b3126e-62de-40bc-bfcc-794fcd220251','26b3126e-62de-40bc-bfcc-794fcd220251','2025-04-01 00:00:00','69804a98b7447','f3683bee-094b-4aa6-8163-8d418a27eb6a',NULL,474,'posted',NULL,NULL,0,NULL,NULL,'2026-02-02 09:56:25','2026-02-02 09:56:25'),('3dbc4294-68b0-4206-8556-01fab8b25b74','e7e03bce-fa22-4e70-8179-30023994943b',8192800,1.0000,'26b3126e-62de-40bc-bfcc-794fcd220251','26b3126e-62de-40bc-bfcc-794fcd220251','2026-01-30 00:00:00','697c972ed8616','f3683bee-094b-4aa6-8163-8d418a27eb6a',NULL,974,'posted',NULL,NULL,0,NULL,NULL,'2026-01-30 14:34:06','2026-01-30 14:34:06'),('3dc075d5-28e3-4142-94ff-de5be8712771','b45b1d15-be51-4377-b952-9cfb9b27d058',400000,1.0000,'26b3126e-62de-40bc-bfcc-794fcd220251','26b3126e-62de-40bc-bfcc-794fcd220251','2025-04-01 00:00:00','69804a98b7447','f3683bee-094b-4aa6-8163-8d418a27eb6a',NULL,250,'posted',NULL,NULL,0,NULL,NULL,'2026-02-02 09:56:25','2026-02-02 09:56:25'),('3e47edc8-34d3-4c2a-a4bd-5b3634289236','48859892-c923-410a-8667-2cca60fa2d94',259500,1.0000,'26b3126e-62de-40bc-bfcc-794fcd220251','26b3126e-62de-40bc-bfcc-794fcd220251','2025-03-31 00:00:00','697c7bf27be1c','f3683bee-094b-4aa6-8163-8d418a27eb6a',NULL,448,'posted',NULL,NULL,0,NULL,NULL,'2026-01-30 12:37:54','2026-01-30 12:37:54'),('3ecf8c1a-331d-4b84-bad0-808e3bc9e8ee','b45b1d15-be51-4377-b952-9cfb9b27d058',262000,1.0000,'26b3126e-62de-40bc-bfcc-794fcd220251','26b3126e-62de-40bc-bfcc-794fcd220251','2025-04-01 00:00:00','69804a98b7447','f3683bee-094b-4aa6-8163-8d418a27eb6a',NULL,437,'posted',NULL,NULL,0,NULL,NULL,'2026-02-02 09:56:25','2026-02-02 09:56:25'),('3f6a1363-16f8-4fde-936a-f3d4c304d5f8','3969f846-3b7e-4376-a5d6-fe3623c32a75',400000,1.0000,'26b3126e-62de-40bc-bfcc-794fcd220251','26b3126e-62de-40bc-bfcc-794fcd220251','2025-03-31 00:00:00','697c7bf17a1c2','f3683bee-094b-4aa6-8163-8d418a27eb6a',NULL,374,'posted',NULL,NULL,0,NULL,NULL,'2026-01-30 12:37:53','2026-01-30 12:37:53'),('3f75d921-c95d-4d09-b16c-010e54c8ee53','358c2c15-9ff6-400a-a59a-4ccad4824d2e',250000,1.0000,'26b3126e-62de-40bc-bfcc-794fcd220251','26b3126e-62de-40bc-bfcc-794fcd220251','2025-03-31 00:00:00','697c7bef62b23','f3683bee-094b-4aa6-8163-8d418a27eb6a',NULL,180,'posted',NULL,NULL,0,NULL,NULL,'2026-01-30 12:37:51','2026-01-30 12:37:51'),('401ca52c-db4b-4d2d-aa8f-2ebd2ae22bbd','b45b1d15-be51-4377-b952-9cfb9b27d058',640000,1.0000,'26b3126e-62de-40bc-bfcc-794fcd220251','26b3126e-62de-40bc-bfcc-794fcd220251','2025-04-01 00:00:00','69804a98b7447','f3683bee-094b-4aa6-8163-8d418a27eb6a',NULL,185,'posted',NULL,NULL,0,NULL,NULL,'2026-02-02 09:56:25','2026-02-02 09:56:25'),('401e0735-32c6-4c4a-adc2-2cb1400063c4','b45b1d15-be51-4377-b952-9cfb9b27d058',830000,1.0000,'26b3126e-62de-40bc-bfcc-794fcd220251','26b3126e-62de-40bc-bfcc-794fcd220251','2025-04-01 00:00:00','69804a98b7447','f3683bee-094b-4aa6-8163-8d418a27eb6a',NULL,274,'posted',NULL,NULL,0,NULL,NULL,'2026-02-02 09:56:25','2026-02-02 09:56:25'),('401e4514-4c11-4d63-a9db-37758b153447','b45b1d15-be51-4377-b952-9cfb9b27d058',2824160.4466,1.0000,'26b3126e-62de-40bc-bfcc-794fcd220251','26b3126e-62de-40bc-bfcc-794fcd220251','2025-04-01 00:00:00','69804a98b7447','f3683bee-094b-4aa6-8163-8d418a27eb6a',604,NULL,'posted',NULL,NULL,0,NULL,NULL,'2026-02-02 09:56:26','2026-02-02 09:56:26'),('405309f3-a74c-4820-8fcb-c0fc59004609','ce80cec7-5be1-4d76-ab6b-360de9303847',4620199.5620852,1.0000,'26b3126e-62de-40bc-bfcc-794fcd220251','26b3126e-62de-40bc-bfcc-794fcd220251','2025-03-31 00:00:00','697c7bf408571','f3683bee-094b-4aa6-8163-8d418a27eb6a',563,NULL,'posted',NULL,NULL,0,NULL,NULL,'2026-01-30 12:37:56','2026-01-30 12:37:56'),('405af3c1-436d-4278-a780-9dfeb299ff46','2c036569-1a76-4771-bd5f-2ff4cc7a863e',1142762,1.0000,'26b3126e-62de-40bc-bfcc-794fcd220251','26b3126e-62de-40bc-bfcc-794fcd220251','2025-03-31 00:00:00','697c7bf1da451','f3683bee-094b-4aa6-8163-8d418a27eb6a',NULL,401,'posted',NULL,NULL,0,NULL,NULL,'2026-01-30 12:37:53','2026-01-30 12:37:53'),('405d659f-25b0-4272-b662-13656a60c1a4','b45b1d15-be51-4377-b952-9cfb9b27d058',2537999.99,1.0000,'26b3126e-62de-40bc-bfcc-794fcd220251','26b3126e-62de-40bc-bfcc-794fcd220251','2025-04-01 00:00:00','69804a98b7447','f3683bee-094b-4aa6-8163-8d418a27eb6a',497,NULL,'posted',NULL,NULL,0,NULL,NULL,'2026-02-02 09:56:26','2026-02-02 09:56:26'),('4078ea31-f50b-45a0-9b43-5bb0ca565f19','31409084-dbc1-4420-bbba-cc3ab7122526',580000,1.0000,'26b3126e-62de-40bc-bfcc-794fcd220251','26b3126e-62de-40bc-bfcc-794fcd220251','2025-03-31 00:00:00','697c7bf0c890a','f3683bee-094b-4aa6-8163-8d418a27eb6a',NULL,319,'posted',NULL,NULL,0,NULL,NULL,'2026-01-30 12:37:52','2026-01-30 12:37:52'),('40f645c3-5a7d-4857-9d7a-b39150f90aac','76f67e2c-947f-450a-a0fa-a4a84c175110',3347858.2805647,1.0000,'26b3126e-62de-40bc-bfcc-794fcd220251','26b3126e-62de-40bc-bfcc-794fcd220251','2025-03-31 00:00:00','697c7bf44b171','f3683bee-094b-4aa6-8163-8d418a27eb6a',582,NULL,'posted',NULL,NULL,0,NULL,NULL,'2026-01-30 12:37:56','2026-01-30 12:37:56'),('412e9a75-1328-43e5-b5ce-ec200b87f9e1','b45b1d15-be51-4377-b952-9cfb9b27d058',350000,1.0000,'26b3126e-62de-40bc-bfcc-794fcd220251','26b3126e-62de-40bc-bfcc-794fcd220251','2025-04-01 00:00:00','69804a98b7447','f3683bee-094b-4aa6-8163-8d418a27eb6a',NULL,342,'posted',NULL,NULL,0,NULL,NULL,'2026-02-02 09:56:25','2026-02-02 09:56:25'),('414e22cf-6690-4883-8d98-5e9a41653686','88799b67-bc88-4548-a2c2-2ca0db0d8296',232077980,1.0000,'26b3126e-62de-40bc-bfcc-794fcd220251','26b3126e-62de-40bc-bfcc-794fcd220251','2025-03-31 00:00:00','697c7bedaa182','f3683bee-094b-4aa6-8163-8d418a27eb6a',NULL,33,'posted',NULL,NULL,0,NULL,NULL,'2026-01-30 12:37:49','2026-01-30 12:37:49'),('41792d55-afd0-402b-843b-a3c758801808','b45b1d15-be51-4377-b952-9cfb9b27d058',8700,1.0000,'26b3126e-62de-40bc-bfcc-794fcd220251','26b3126e-62de-40bc-bfcc-794fcd220251','2025-04-01 00:00:00','69804a98b7447','f3683bee-094b-4aa6-8163-8d418a27eb6a',NULL,95,'posted',NULL,NULL,0,NULL,NULL,'2026-02-02 09:56:24','2026-02-02 09:56:24'),('417d6e85-63c9-4581-8216-2b5a43e9f1c9','d66dd092-2147-4867-9e55-c8f8ff1d9f59',89260637.6,1.0000,'26b3126e-62de-40bc-bfcc-794fcd220251','26b3126e-62de-40bc-bfcc-794fcd220251','2025-03-31 00:00:00','697c7bf392b0f','f3683bee-094b-4aa6-8163-8d418a27eb6a',529,NULL,'posted',NULL,NULL,0,NULL,NULL,'2026-01-30 12:37:55','2026-01-30 12:37:55'),('41982a24-66be-451b-a4e0-1511b14c67d6','74e64247-1c95-4c35-82f2-14ef26476a2f',34529400,1.0000,'26b3126e-62de-40bc-bfcc-794fcd220251','26b3126e-62de-40bc-bfcc-794fcd220251','2025-03-31 00:00:00','697c7bee8f4d0','f3683bee-094b-4aa6-8163-8d418a27eb6a',NULL,109,'posted',NULL,NULL,0,NULL,NULL,'2026-01-30 12:37:50','2026-01-30 12:37:50'),('421e24a5-4d82-49f6-9c40-262fe95ef2c7','b45b1d15-be51-4377-b952-9cfb9b27d058',64990640,1.0000,'26b3126e-62de-40bc-bfcc-794fcd220251','26b3126e-62de-40bc-bfcc-794fcd220251','2025-04-01 00:00:00','69804a98b7447','f3683bee-094b-4aa6-8163-8d418a27eb6a',NULL,103,'posted',NULL,NULL,0,NULL,NULL,'2026-02-02 09:56:25','2026-02-02 09:56:25'),('42355db3-faa1-4581-84f2-845fe9e697d8','cbae0600-5b93-4054-b750-f548274bf52d',697440,1.0000,'26b3126e-62de-40bc-bfcc-794fcd220251','26b3126e-62de-40bc-bfcc-794fcd220251','2025-03-31 00:00:00','697c7beea15b2','f3683bee-094b-4aa6-8163-8d418a27eb6a',NULL,115,'posted',NULL,NULL,0,NULL,NULL,'2026-01-30 12:37:50','2026-01-30 12:37:50'),('433cd437-89ce-4ba1-b14a-6671c200f908','b45b1d15-be51-4377-b952-9cfb9b27d058',2955319.958,1.0000,'26b3126e-62de-40bc-bfcc-794fcd220251','26b3126e-62de-40bc-bfcc-794fcd220251','2025-04-01 00:00:00','69804a98b7447','f3683bee-094b-4aa6-8163-8d418a27eb6a',639,NULL,'posted',NULL,NULL,0,NULL,NULL,'2026-02-02 09:56:25','2026-02-02 09:56:25'),('4345e995-2d52-47d3-9968-49db842fa114','14f2c776-eb59-47b4-bbde-3484dc94858f',102500,1.0000,'26b3126e-62de-40bc-bfcc-794fcd220251','26b3126e-62de-40bc-bfcc-794fcd220251','2025-03-31 00:00:00','697c7bee6db1f','f3683bee-094b-4aa6-8163-8d418a27eb6a',NULL,97,'posted',NULL,NULL,0,NULL,NULL,'2026-01-30 12:37:50','2026-01-30 12:37:50'),('4354970a-de2e-4236-90c3-016d82440b14','3c50d522-0466-4a1a-be0c-f53f1623c39f',106000,1.0000,'26b3126e-62de-40bc-bfcc-794fcd220251','26b3126e-62de-40bc-bfcc-794fcd220251','2025-03-31 00:00:00','697c7bf18e246','f3683bee-094b-4aa6-8163-8d418a27eb6a',NULL,379,'posted',NULL,NULL,0,NULL,NULL,'2026-01-30 12:37:53','2026-01-30 12:37:53'),('4365d490-400e-4056-a6c7-0d0b36f81916','b45b1d15-be51-4377-b952-9cfb9b27d058',50000,1.0000,'26b3126e-62de-40bc-bfcc-794fcd220251','26b3126e-62de-40bc-bfcc-794fcd220251','2025-04-01 00:00:00','69804a98b7447','f3683bee-094b-4aa6-8163-8d418a27eb6a',NULL,203,'posted',NULL,NULL,0,NULL,NULL,'2026-02-02 09:56:25','2026-02-02 09:56:25'),('437cbf51-338c-4ff3-be22-3f4b358b92c5','2494c9f5-4dfa-41b1-a74d-dedb96d4c7b5',114000,1.0000,'26b3126e-62de-40bc-bfcc-794fcd220251','26b3126e-62de-40bc-bfcc-794fcd220251','2025-03-31 00:00:00','697c7bf1254d4','f3683bee-094b-4aa6-8163-8d418a27eb6a',NULL,345,'posted',NULL,NULL,0,NULL,NULL,'2026-01-30 12:37:53','2026-01-30 12:37:53'),('43d363ce-64f0-423a-9c6e-12833961c1bd','b3ef1527-0075-4924-9452-5191d1525d75',350565309,1.0000,'26b3126e-62de-40bc-bfcc-794fcd220251','26b3126e-62de-40bc-bfcc-794fcd220251','2025-03-31 00:00:00','697c7bf317138','f3683bee-094b-4aa6-8163-8d418a27eb6a',489,NULL,'posted',NULL,NULL,0,NULL,NULL,'2026-01-30 12:37:55','2026-01-30 12:37:55'),('43ed6abd-0d6e-4541-bf2e-1aa5c7b7e31d','b45b1d15-be51-4377-b952-9cfb9b27d058',20000000,1.0000,'26b3126e-62de-40bc-bfcc-794fcd220251','26b3126e-62de-40bc-bfcc-794fcd220251','2025-04-01 00:00:00','69804a98b7447','f3683bee-094b-4aa6-8163-8d418a27eb6a',528,NULL,'posted',NULL,NULL,0,NULL,NULL,'2026-02-02 09:56:26','2026-02-02 09:56:26'),('4403e3cf-a9ef-4b5c-9b9b-34775c23560a','b45b1d15-be51-4377-b952-9cfb9b27d058',48500,1.0000,'26b3126e-62de-40bc-bfcc-794fcd220251','26b3126e-62de-40bc-bfcc-794fcd220251','2025-04-01 00:00:00','69804a98b7447','f3683bee-094b-4aa6-8163-8d418a27eb6a',NULL,404,'posted',NULL,NULL,0,NULL,NULL,'2026-02-02 09:56:25','2026-02-02 09:56:25'),('4431b65b-a93a-4ebe-bf1e-ea9aa2d01d41','b45b1d15-be51-4377-b952-9cfb9b27d058',6656462.7289,1.0000,'26b3126e-62de-40bc-bfcc-794fcd220251','26b3126e-62de-40bc-bfcc-794fcd220251','2025-04-01 00:00:00','69804a98b7447','f3683bee-094b-4aa6-8163-8d418a27eb6a',578,NULL,'posted',NULL,NULL,0,NULL,NULL,'2026-02-02 09:56:25','2026-02-02 09:56:25'),('4433f429-3ad7-4414-8680-ae380718be71','b45b1d15-be51-4377-b952-9cfb9b27d058',12000000,1.0000,'26b3126e-62de-40bc-bfcc-794fcd220251','26b3126e-62de-40bc-bfcc-794fcd220251','2025-04-01 00:00:00','69804a98b7447','f3683bee-094b-4aa6-8163-8d418a27eb6a',NULL,461,'posted',NULL,NULL,0,NULL,NULL,'2026-02-02 09:56:25','2026-02-02 09:56:25'),('44b02a93-5785-4128-bd19-064883fc20a7','f3ed3ce4-4b34-40a4-a2d9-76e2b2c93cac',360000,1.0000,'26b3126e-62de-40bc-bfcc-794fcd220251','26b3126e-62de-40bc-bfcc-794fcd220251','2025-03-31 00:00:00','697c7bf0bfe29','f3683bee-094b-4aa6-8163-8d418a27eb6a',NULL,316,'posted',NULL,NULL,0,NULL,NULL,'2026-01-30 12:37:52','2026-01-30 12:37:52'),('44c50a9c-bcf4-420f-be63-cbf098d8cde1','1b4bda48-3996-479b-86c5-a64d7046213a',87038.5,1.0000,'26b3126e-62de-40bc-bfcc-794fcd220251','26b3126e-62de-40bc-bfcc-794fcd220251','2025-03-31 00:00:00','697c7bf581bb1','f3683bee-094b-4aa6-8163-8d418a27eb6a',674,NULL,'posted',NULL,NULL,0,NULL,NULL,'2026-01-30 12:37:57','2026-01-30 12:37:57'),('44d21336-f07a-4bc7-ba7f-e054ae72a848','f1de3b9a-258d-4eea-8b98-ef8e6507e47c',400000,1.0000,'26b3126e-62de-40bc-bfcc-794fcd220251','26b3126e-62de-40bc-bfcc-794fcd220251','2025-03-31 00:00:00','697c7bf04955f','f3683bee-094b-4aa6-8163-8d418a27eb6a',NULL,272,'posted',NULL,NULL,0,NULL,NULL,'2026-01-30 12:37:52','2026-01-30 12:37:52'),('44fa3736-795b-4909-8494-a2deb8c1ca73','b45b1d15-be51-4377-b952-9cfb9b27d058',230000,1.0000,'26b3126e-62de-40bc-bfcc-794fcd220251','26b3126e-62de-40bc-bfcc-794fcd220251','2025-04-01 00:00:00','69804a98b7447','f3683bee-094b-4aa6-8163-8d418a27eb6a',518,NULL,'posted',NULL,NULL,0,NULL,NULL,'2026-02-02 09:56:25','2026-02-02 09:56:25'),('45294ba6-08f8-4660-a447-a2e0e4e824b4','b45b1d15-be51-4377-b952-9cfb9b27d058',250000,1.0000,'26b3126e-62de-40bc-bfcc-794fcd220251','26b3126e-62de-40bc-bfcc-794fcd220251','2025-04-01 00:00:00','69804a98b7447','f3683bee-094b-4aa6-8163-8d418a27eb6a',NULL,180,'posted',NULL,NULL,0,NULL,NULL,'2026-02-02 09:56:25','2026-02-02 09:56:25'),('45555411-dc33-42b6-a0b6-6500214b00c4','22a1ac53-4fee-442b-a5c1-ac62a5583a20',3186141.8937762,1.0000,'26b3126e-62de-40bc-bfcc-794fcd220251','26b3126e-62de-40bc-bfcc-794fcd220251','2025-03-31 00:00:00','697c7bf4e6973','f3683bee-094b-4aa6-8163-8d418a27eb6a',630,NULL,'posted',NULL,NULL,0,NULL,NULL,'2026-01-30 12:37:56','2026-01-30 12:37:56'),('45590229-f259-4261-86bc-c770f92ce3c2','917415d5-7196-4f47-9466-5b8d57fe09cf',130000,1.0000,'26b3126e-62de-40bc-bfcc-794fcd220251','26b3126e-62de-40bc-bfcc-794fcd220251','2025-03-31 00:00:00','697c7bf273ac3','f3683bee-094b-4aa6-8163-8d418a27eb6a',NULL,446,'posted',NULL,NULL,0,NULL,NULL,'2026-01-30 12:37:54','2026-01-30 12:37:54'),('45a4f926-3f0a-4f23-8f04-dfab9fc49130','b45b1d15-be51-4377-b952-9cfb9b27d058',18589361.8,1.0000,'26b3126e-62de-40bc-bfcc-794fcd220251','26b3126e-62de-40bc-bfcc-794fcd220251','2025-04-01 00:00:00','69804a98b7447','f3683bee-094b-4aa6-8163-8d418a27eb6a',NULL,41,'posted',NULL,NULL,0,NULL,NULL,'2026-02-02 09:56:24','2026-02-02 09:56:24'),('45a9e3b9-046b-49cc-b56f-5883b6c5dc76','152db4b9-acc3-4a33-9792-c159e21fec91',1373414.0232633,1.0000,'26b3126e-62de-40bc-bfcc-794fcd220251','26b3126e-62de-40bc-bfcc-794fcd220251','2025-03-31 00:00:00','697c7bf4e9b62','f3683bee-094b-4aa6-8163-8d418a27eb6a',631,NULL,'posted',NULL,NULL,0,NULL,NULL,'2026-01-30 12:37:56','2026-01-30 12:37:56'),('45b7e54f-a6b2-43c8-a86a-801e0d3330ff','a209cd09-623a-4251-bc85-89243d5bc287',360000,1.0000,'26b3126e-62de-40bc-bfcc-794fcd220251','26b3126e-62de-40bc-bfcc-794fcd220251','2025-03-31 00:00:00','697c7bef4fb8f','f3683bee-094b-4aa6-8163-8d418a27eb6a',NULL,171,'posted',NULL,NULL,0,NULL,NULL,'2026-01-30 12:37:51','2026-01-30 12:37:51'),('4692f2c7-20c0-4e8d-9c67-e73ba7a8bb5a','bc145ae1-2646-46fa-89b2-2e91c71f92e0',45000,1.0000,'26b3126e-62de-40bc-bfcc-794fcd220251','26b3126e-62de-40bc-bfcc-794fcd220251','2025-03-31 00:00:00','697c7bf1a51c0','f3683bee-094b-4aa6-8163-8d418a27eb6a',NULL,386,'posted',NULL,NULL,0,NULL,NULL,'2026-01-30 12:37:53','2026-01-30 12:37:53'),('46ebb98c-69a5-498b-8524-d99afd7110ce','b45b1d15-be51-4377-b952-9cfb9b27d058',150850,1.0000,'26b3126e-62de-40bc-bfcc-794fcd220251','26b3126e-62de-40bc-bfcc-794fcd220251','2025-04-01 00:00:00','69804a98b7447','f3683bee-094b-4aa6-8163-8d418a27eb6a',NULL,77,'posted',NULL,NULL,0,NULL,NULL,'2026-02-02 09:56:25','2026-02-02 09:56:25'),('47163dfc-7a95-4f9b-aa64-6c6fa673ef35','b45b1d15-be51-4377-b952-9cfb9b27d058',50150,1.0000,'26b3126e-62de-40bc-bfcc-794fcd220251','26b3126e-62de-40bc-bfcc-794fcd220251','2025-04-01 00:00:00','69804a98b7447','f3683bee-094b-4aa6-8163-8d418a27eb6a',NULL,79,'posted',NULL,NULL,0,NULL,NULL,'2026-02-02 09:56:25','2026-02-02 09:56:25'),('47515ecc-dab1-42ba-9c48-8756f6287da7','b45b1d15-be51-4377-b952-9cfb9b27d058',2430000,1.0000,'26b3126e-62de-40bc-bfcc-794fcd220251','26b3126e-62de-40bc-bfcc-794fcd220251','2025-04-01 00:00:00','69804a98b7447','f3683bee-094b-4aa6-8163-8d418a27eb6a',NULL,294,'posted',NULL,NULL,0,NULL,NULL,'2026-02-02 09:56:25','2026-02-02 09:56:25'),('4756a0aa-8af7-40ff-ad16-0eae60ab43e7','b45b1d15-be51-4377-b952-9cfb9b27d058',127828,1.0000,'26b3126e-62de-40bc-bfcc-794fcd220251','26b3126e-62de-40bc-bfcc-794fcd220251','2025-04-01 00:00:00','69804a98b7447','f3683bee-094b-4aa6-8163-8d418a27eb6a',691,NULL,'posted',NULL,NULL,0,NULL,NULL,'2026-02-02 09:56:26','2026-02-02 09:56:26'),('477961a8-aa68-4d29-bc5b-1d435f39be38','e134cac9-dc0a-4bb5-9305-9caea5eeb3f7',1815666.03161,1.0000,'26b3126e-62de-40bc-bfcc-794fcd220251','26b3126e-62de-40bc-bfcc-794fcd220251','2025-03-31 00:00:00','697c7bf44de53','f3683bee-094b-4aa6-8163-8d418a27eb6a',583,NULL,'posted',NULL,NULL,0,NULL,NULL,'2026-01-30 12:37:56','2026-01-30 12:37:56'),('47d967a0-5eb5-4191-aca3-6e8fae5c51fe','b45b1d15-be51-4377-b952-9cfb9b27d058',15855163090,1.0000,'26b3126e-62de-40bc-bfcc-794fcd220251','26b3126e-62de-40bc-bfcc-794fcd220251','2025-04-01 00:00:00','69804a98b7447','f3683bee-094b-4aa6-8163-8d418a27eb6a',485,NULL,'posted',NULL,NULL,0,NULL,NULL,'2026-02-02 09:56:26','2026-02-02 09:56:26'),('480d4a4e-0333-43c7-859c-b98409c10c27','b45b1d15-be51-4377-b952-9cfb9b27d058',197335737,1.0000,'26b3126e-62de-40bc-bfcc-794fcd220251','26b3126e-62de-40bc-bfcc-794fcd220251','2025-04-01 00:00:00','69804a98b7447','f3683bee-094b-4aa6-8163-8d418a27eb6a',NULL,64,'posted',NULL,NULL,0,NULL,NULL,'2026-02-02 09:56:25','2026-02-02 09:56:25'),('48332d5d-5176-46d3-88e9-828b8fe8b724','b45b1d15-be51-4377-b952-9cfb9b27d058',137505.9393,1.0000,'26b3126e-62de-40bc-bfcc-794fcd220251','26b3126e-62de-40bc-bfcc-794fcd220251','2025-04-01 00:00:00','69804a98b7447','f3683bee-094b-4aa6-8163-8d418a27eb6a',602,NULL,'posted',NULL,NULL,0,NULL,NULL,'2026-02-02 09:56:26','2026-02-02 09:56:26'),('48575eaf-69dd-4db1-8e0e-0e0b95c6afa2','b45b1d15-be51-4377-b952-9cfb9b27d058',9102188.0262,1.0000,'26b3126e-62de-40bc-bfcc-794fcd220251','26b3126e-62de-40bc-bfcc-794fcd220251','2025-04-01 00:00:00','69804a98b7447','f3683bee-094b-4aa6-8163-8d418a27eb6a',556,NULL,'posted',NULL,NULL,0,NULL,NULL,'2026-02-02 09:56:25','2026-02-02 09:56:25'),('4860caaa-bf24-47b3-bb8f-e1119c73468b','000187ce-3503-4b8d-90a3-86f794b27c22',14953900,1.0000,'26b3126e-62de-40bc-bfcc-794fcd220251','26b3126e-62de-40bc-bfcc-794fcd220251','2026-01-30 00:00:00','697c972ed4912','f3683bee-094b-4aa6-8163-8d418a27eb6a',NULL,973,'posted',NULL,NULL,0,NULL,NULL,'2026-01-30 14:34:06','2026-01-30 14:34:06'),('48887598-2265-4c7f-b751-ab46b8641676','b45b1d15-be51-4377-b952-9cfb9b27d058',2347155.8688,1.0000,'26b3126e-62de-40bc-bfcc-794fcd220251','26b3126e-62de-40bc-bfcc-794fcd220251','2025-04-01 00:00:00','69804a98b7447','f3683bee-094b-4aa6-8163-8d418a27eb6a',593,NULL,'posted',NULL,NULL,0,NULL,NULL,'2026-02-02 09:56:25','2026-02-02 09:56:25'),('48b45aee-5b15-4f94-bb2a-7c3098a39cec','b45b1d15-be51-4377-b952-9cfb9b27d058',102500,1.0000,'26b3126e-62de-40bc-bfcc-794fcd220251','26b3126e-62de-40bc-bfcc-794fcd220251','2025-04-01 00:00:00','69804a98b7447','f3683bee-094b-4aa6-8163-8d418a27eb6a',NULL,97,'posted',NULL,NULL,0,NULL,NULL,'2026-02-02 09:56:25','2026-02-02 09:56:25'),('48b675a6-881f-4e49-892f-3f252e75987c','f5eeefdc-8f4d-4d72-85a8-278fbc7894f4',20000,1.0000,'26b3126e-62de-40bc-bfcc-794fcd220251','26b3126e-62de-40bc-bfcc-794fcd220251','2025-03-31 00:00:00','697c7bf3851c5','f3683bee-094b-4aa6-8163-8d418a27eb6a',524,NULL,'posted',NULL,NULL,0,NULL,NULL,'2026-01-30 12:37:55','2026-01-30 12:37:55'),('4910e4f3-d430-487d-92e4-dfb835e006ea','b45b1d15-be51-4377-b952-9cfb9b27d058',12405000000,1.0000,'26b3126e-62de-40bc-bfcc-794fcd220251','26b3126e-62de-40bc-bfcc-794fcd220251','2025-04-01 00:00:00','69804a98b7447','f3683bee-094b-4aa6-8163-8d418a27eb6a',NULL,25,'posted',NULL,NULL,0,NULL,NULL,'2026-02-02 09:56:24','2026-02-02 09:56:24'),('491fdebf-e65c-4e2c-bb44-0b7a4db6e37c','b45b1d15-be51-4377-b952-9cfb9b27d058',1285000,1.0000,'26b3126e-62de-40bc-bfcc-794fcd220251','26b3126e-62de-40bc-bfcc-794fcd220251','2025-04-01 00:00:00','69804a98b7447','f3683bee-094b-4aa6-8163-8d418a27eb6a',NULL,124,'posted',NULL,NULL,0,NULL,NULL,'2026-02-02 09:56:24','2026-02-02 09:56:24'),('49273dea-7146-4e21-bc3a-e9432ab8f268','bf59db3f-a014-4b42-8c1b-aa5c5debb8f3',160000,1.0000,'26b3126e-62de-40bc-bfcc-794fcd220251','26b3126e-62de-40bc-bfcc-794fcd220251','2025-03-31 00:00:00','697c7bee70c2a','f3683bee-094b-4aa6-8163-8d418a27eb6a',NULL,98,'posted',NULL,NULL,0,NULL,NULL,'2026-01-30 12:37:50','2026-01-30 12:37:50'),('49571f0d-af2f-425e-b3ea-369bce9f2a01','b45b1d15-be51-4377-b952-9cfb9b27d058',871000,1.0000,'26b3126e-62de-40bc-bfcc-794fcd220251','26b3126e-62de-40bc-bfcc-794fcd220251','2025-04-01 00:00:00','69804a98b7447','f3683bee-094b-4aa6-8163-8d418a27eb6a',NULL,435,'posted',NULL,NULL,0,NULL,NULL,'2026-02-02 09:56:24','2026-02-02 09:56:24'),('4a04114e-a68f-49c5-ba2c-e80c574bceac','95cbf001-6504-4d25-97e5-7672d790aa18',37734,1.0000,'26b3126e-62de-40bc-bfcc-794fcd220251','26b3126e-62de-40bc-bfcc-794fcd220251','2025-03-31 00:00:00','697c7bf574546','f3683bee-094b-4aa6-8163-8d418a27eb6a',670,NULL,'posted',NULL,NULL,0,NULL,NULL,'2026-01-30 12:37:57','2026-01-30 12:37:57'),('4a323900-31c6-4168-93cc-d2cd01a9ae6a','dc77a036-3ac3-457e-a051-b4e1e76b92a4',14910000,1.0000,'26b3126e-62de-40bc-bfcc-794fcd220251','26b3126e-62de-40bc-bfcc-794fcd220251','2026-01-30 00:00:00','697c972ecbb8b','f3683bee-094b-4aa6-8163-8d418a27eb6a',NULL,970,'posted',NULL,NULL,0,NULL,NULL,'2026-01-30 14:34:06','2026-01-30 14:34:06'),('4aa9cd09-0295-4cd1-a75d-abdb71b83c45','b45b1d15-be51-4377-b952-9cfb9b27d058',37000000,1.0000,'26b3126e-62de-40bc-bfcc-794fcd220251','26b3126e-62de-40bc-bfcc-794fcd220251','2025-04-01 00:00:00','69804a98b7447','f3683bee-094b-4aa6-8163-8d418a27eb6a',NULL,86,'posted',NULL,NULL,0,NULL,NULL,'2026-02-02 09:56:25','2026-02-02 09:56:25'),('4b000196-b3ac-4a91-b044-fa01d7a2830d','b45b1d15-be51-4377-b952-9cfb9b27d058',2344217.7077,1.0000,'26b3126e-62de-40bc-bfcc-794fcd220251','26b3126e-62de-40bc-bfcc-794fcd220251','2025-04-01 00:00:00','69804a98b7447','f3683bee-094b-4aa6-8163-8d418a27eb6a',636,NULL,'posted',NULL,NULL,0,NULL,NULL,'2026-02-02 09:56:26','2026-02-02 09:56:26'),('4b16c58c-3a74-45ab-8414-3dd458d30a76','6dbee6a5-e00c-444a-832e-789de35c8dc3',79773120,1.0000,'26b3126e-62de-40bc-bfcc-794fcd220251','26b3126e-62de-40bc-bfcc-794fcd220251','2025-03-31 00:00:00','697c7beec3dd8','f3683bee-094b-4aa6-8163-8d418a27eb6a',NULL,127,'posted',NULL,NULL,0,NULL,NULL,'2026-01-30 12:37:50','2026-01-30 12:37:50'),('4b228df4-7c53-4646-9f33-6fd7eac2b5ad','d97907d0-dbcd-4e4e-b0f2-794387576427',8931,1.0000,'26b3126e-62de-40bc-bfcc-794fcd220251','26b3126e-62de-40bc-bfcc-794fcd220251','2026-01-30 00:00:00','697c972f3b3eb','f3683bee-094b-4aa6-8163-8d418a27eb6a',1006,NULL,'posted',NULL,NULL,0,NULL,NULL,'2026-01-30 14:34:07','2026-01-30 14:34:07'),('4c496500-c69b-41e4-873a-489014938ff4','b45b1d15-be51-4377-b952-9cfb9b27d058',55000,1.0000,'26b3126e-62de-40bc-bfcc-794fcd220251','26b3126e-62de-40bc-bfcc-794fcd220251','2025-04-01 00:00:00','69804a98b7447','f3683bee-094b-4aa6-8163-8d418a27eb6a',NULL,218,'posted',NULL,NULL,0,NULL,NULL,'2026-02-02 09:56:24','2026-02-02 09:56:24'),('4ca27759-7898-4c4a-bf76-c45871a5e3cb','cecdf059-722d-403b-92f0-24eb31fefdf0',1060128,1.0000,'26b3126e-62de-40bc-bfcc-794fcd220251','26b3126e-62de-40bc-bfcc-794fcd220251','2025-03-31 00:00:00','697c7beed0314','f3683bee-094b-4aa6-8163-8d418a27eb6a',NULL,131,'posted',NULL,NULL,0,NULL,NULL,'2026-01-30 12:37:50','2026-01-30 12:37:50'),('4cf5ccc5-e3bf-45ee-a26a-95463790034d','b45b1d15-be51-4377-b952-9cfb9b27d058',2770803.4411,1.0000,'26b3126e-62de-40bc-bfcc-794fcd220251','26b3126e-62de-40bc-bfcc-794fcd220251','2025-04-01 00:00:00','69804a98b7447','f3683bee-094b-4aa6-8163-8d418a27eb6a',577,NULL,'posted',NULL,NULL,0,NULL,NULL,'2026-02-02 09:56:26','2026-02-02 09:56:26'),('4d006b2a-27c3-4d16-890e-d827578deed1','b45b1d15-be51-4377-b952-9cfb9b27d058',250000,1.0000,'26b3126e-62de-40bc-bfcc-794fcd220251','26b3126e-62de-40bc-bfcc-794fcd220251','2025-04-01 00:00:00','69804a98b7447','f3683bee-094b-4aa6-8163-8d418a27eb6a',NULL,197,'posted',NULL,NULL,0,NULL,NULL,'2026-02-02 09:56:25','2026-02-02 09:56:25'),('4d3893d2-a4d9-4b95-8d79-46db70d38380','85fb3bed-5f3d-43bf-9b45-74a78403d066',150000,1.0000,'26b3126e-62de-40bc-bfcc-794fcd220251','26b3126e-62de-40bc-bfcc-794fcd220251','2025-03-31 00:00:00','697c7bf0204d3','f3683bee-094b-4aa6-8163-8d418a27eb6a',NULL,255,'posted',NULL,NULL,0,NULL,NULL,'2026-01-30 12:37:52','2026-01-30 12:37:52'),('4d3c6b99-b4f4-4a21-9964-9f4f93fc54bf','e8b8becf-07dc-43d8-8e17-c2e7fd008301',30952180,1.0000,'26b3126e-62de-40bc-bfcc-794fcd220251','26b3126e-62de-40bc-bfcc-794fcd220251','2026-01-30 00:00:00','697c972ebab16','f3683bee-094b-4aa6-8163-8d418a27eb6a',NULL,966,'posted',NULL,NULL,0,NULL,NULL,'2026-01-30 14:34:06','2026-01-30 14:34:06'),('4da28de0-6c5c-4158-acb6-2c88e540391a','f776f9dc-5249-4b64-936b-1b2274b823c9',126500028.75,1.0000,'26b3126e-62de-40bc-bfcc-794fcd220251','26b3126e-62de-40bc-bfcc-794fcd220251','2026-01-30 00:00:00','697c972f11431','f3683bee-094b-4aa6-8163-8d418a27eb6a',NULL,991,'posted',NULL,NULL,0,NULL,NULL,'2026-01-30 14:34:07','2026-01-30 14:34:07'),('4e0bb848-7f28-46a4-acb7-5c4f5d68b3ba','6ebe79f6-fd5e-4cc7-bdcf-d92451816361',430000,1.0000,'26b3126e-62de-40bc-bfcc-794fcd220251','26b3126e-62de-40bc-bfcc-794fcd220251','2025-03-31 00:00:00','697c7bef5f71a','f3683bee-094b-4aa6-8163-8d418a27eb6a',NULL,178,'posted',NULL,NULL,0,NULL,NULL,'2026-01-30 12:37:51','2026-01-30 12:37:51'),('4e0dce06-29db-4f50-acc3-13fcb0189136','ba145e6d-b3ac-4a2d-84d7-1380c132b2f4',1314286.4693438,1.0000,'26b3126e-62de-40bc-bfcc-794fcd220251','26b3126e-62de-40bc-bfcc-794fcd220251','2025-03-31 00:00:00','697c7bf4ba4e8','f3683bee-094b-4aa6-8163-8d418a27eb6a',617,NULL,'posted',NULL,NULL,0,NULL,NULL,'2026-01-30 12:37:56','2026-01-30 12:37:56'),('4e16d348-191c-4643-a9e8-32767b338361','b45b1d15-be51-4377-b952-9cfb9b27d058',952751.6227,1.0000,'26b3126e-62de-40bc-bfcc-794fcd220251','26b3126e-62de-40bc-bfcc-794fcd220251','2025-04-01 00:00:00','69804a98b7447','f3683bee-094b-4aa6-8163-8d418a27eb6a',592,NULL,'posted',NULL,NULL,0,NULL,NULL,'2026-02-02 09:56:26','2026-02-02 09:56:26'),('4ea5ce0f-7c6e-457d-bd9e-ace99d1c3e2d','b45b1d15-be51-4377-b952-9cfb9b27d058',10700,1.0000,'26b3126e-62de-40bc-bfcc-794fcd220251','26b3126e-62de-40bc-bfcc-794fcd220251','2025-04-01 00:00:00','69804a98b7447','f3683bee-094b-4aa6-8163-8d418a27eb6a',657,NULL,'posted',NULL,NULL,0,NULL,NULL,'2026-02-02 09:56:26','2026-02-02 09:56:26'),('4edfc572-5853-41d8-a002-cc42bcc51cd7','b45b1d15-be51-4377-b952-9cfb9b27d058',6000,1.0000,'26b3126e-62de-40bc-bfcc-794fcd220251','26b3126e-62de-40bc-bfcc-794fcd220251','2025-04-01 00:00:00','69804a98b7447','f3683bee-094b-4aa6-8163-8d418a27eb6a',NULL,416,'posted',NULL,NULL,0,NULL,NULL,'2026-02-02 09:56:25','2026-02-02 09:56:25'),('4f099042-c04f-4a8d-a4f2-87c85d15b8af','cc86af31-9214-42cc-9816-d3ac8048ba7d',2039638.57,1.0000,'26b3126e-62de-40bc-bfcc-794fcd220251','26b3126e-62de-40bc-bfcc-794fcd220251','2025-03-31 00:00:00','697c7beec03c8','f3683bee-094b-4aa6-8163-8d418a27eb6a',NULL,126,'posted',NULL,NULL,0,NULL,NULL,'2026-01-30 12:37:50','2026-01-30 12:37:50'),('4f78996b-24ae-473d-9d29-8e153d2682a1','1a7b6c14-d035-4344-96e2-15ff9db430ce',3000000,1.0000,'26b3126e-62de-40bc-bfcc-794fcd220251','26b3126e-62de-40bc-bfcc-794fcd220251','2025-03-31 00:00:00','697c7bf2ba704','f3683bee-094b-4aa6-8163-8d418a27eb6a',NULL,465,'posted',NULL,NULL,0,NULL,NULL,'2026-01-30 12:37:54','2026-01-30 12:37:54'),('4f7e87ed-5b49-47f5-acb1-49ae06232d48','d5ce9144-7687-4e06-8250-fc75ca8a1706',684000,1.0000,'26b3126e-62de-40bc-bfcc-794fcd220251','26b3126e-62de-40bc-bfcc-794fcd220251','2025-03-31 00:00:00','697c7bf1b0395','f3683bee-094b-4aa6-8163-8d418a27eb6a',NULL,389,'posted',NULL,NULL,0,NULL,NULL,'2026-01-30 12:37:53','2026-01-30 12:37:53'),('4fcfb5ba-1e03-450a-80fd-9dbeb81f7304','b45b1d15-be51-4377-b952-9cfb9b27d058',360000,1.0000,'26b3126e-62de-40bc-bfcc-794fcd220251','26b3126e-62de-40bc-bfcc-794fcd220251','2025-04-01 00:00:00','69804a98b7447','f3683bee-094b-4aa6-8163-8d418a27eb6a',NULL,171,'posted',NULL,NULL,0,NULL,NULL,'2026-02-02 09:56:25','2026-02-02 09:56:25'),('4fe13a33-8f5a-4c88-979d-878568b43119','b45b1d15-be51-4377-b952-9cfb9b27d058',45216593.17,1.0000,'26b3126e-62de-40bc-bfcc-794fcd220251','26b3126e-62de-40bc-bfcc-794fcd220251','2025-04-01 00:00:00','69804a98b7447','f3683bee-094b-4aa6-8163-8d418a27eb6a',NULL,50,'posted',NULL,NULL,0,NULL,NULL,'2026-02-02 09:56:24','2026-02-02 09:56:24'),('50362a63-d434-4c31-be81-21cd2a9a5042','b45b1d15-be51-4377-b952-9cfb9b27d058',30000,1.0000,'26b3126e-62de-40bc-bfcc-794fcd220251','26b3126e-62de-40bc-bfcc-794fcd220251','2025-04-01 00:00:00','69804a98b7447','f3683bee-094b-4aa6-8163-8d418a27eb6a',NULL,209,'posted',NULL,NULL,0,NULL,NULL,'2026-02-02 09:56:25','2026-02-02 09:56:25'),('5056e00b-6049-4f95-a10e-85a80eb14383','a2c0ee99-9a3f-4525-bfdc-fc4a231cebc1',138500,1.0000,'26b3126e-62de-40bc-bfcc-794fcd220251','26b3126e-62de-40bc-bfcc-794fcd220251','2025-03-31 00:00:00','697c7bf240a85','f3683bee-094b-4aa6-8163-8d418a27eb6a',NULL,431,'posted',NULL,NULL,0,NULL,NULL,'2026-01-30 12:37:54','2026-01-30 12:37:54'),('50ac554f-55ec-4b8a-a6fd-f98678467d42','28092761-624c-4865-80dd-ab7cdfd29d21',3672400,1.0000,'26b3126e-62de-40bc-bfcc-794fcd220251','26b3126e-62de-40bc-bfcc-794fcd220251','2025-03-31 00:00:00','697c7bf2058dc','f3683bee-094b-4aa6-8163-8d418a27eb6a',NULL,411,'posted',NULL,NULL,0,NULL,NULL,'2026-01-30 12:37:54','2026-01-30 12:37:54'),('5168c686-e883-4350-8dbc-9973a9277453','b45b1d15-be51-4377-b952-9cfb9b27d058',260000,1.0000,'26b3126e-62de-40bc-bfcc-794fcd220251','26b3126e-62de-40bc-bfcc-794fcd220251','2025-04-01 00:00:00','69804a98b7447','f3683bee-094b-4aa6-8163-8d418a27eb6a',NULL,326,'posted',NULL,NULL,0,NULL,NULL,'2026-02-02 09:56:25','2026-02-02 09:56:25'),('51d4c2ea-d6e1-4afb-9d91-cad96f840c7e','f397fbed-ba59-4639-868b-afaed78a2fdb',4000,1.0000,'26b3126e-62de-40bc-bfcc-794fcd220251','26b3126e-62de-40bc-bfcc-794fcd220251','2025-03-31 00:00:00','697c7bf1d37e0','f3683bee-094b-4aa6-8163-8d418a27eb6a',NULL,399,'posted',NULL,NULL,0,NULL,NULL,'2026-01-30 12:37:53','2026-01-30 12:37:53'),('51dbe88f-66d5-4f79-aa42-bad219720532','b45b1d15-be51-4377-b952-9cfb9b27d058',30000,1.0000,'26b3126e-62de-40bc-bfcc-794fcd220251','26b3126e-62de-40bc-bfcc-794fcd220251','2025-04-01 00:00:00','69804a98b7447','f3683bee-094b-4aa6-8163-8d418a27eb6a',644,NULL,'posted',NULL,NULL,0,NULL,NULL,'2026-02-02 09:56:26','2026-02-02 09:56:26'),('52071408-fdb9-4b88-9f09-58bd5164bbca','b45b1d15-be51-4377-b952-9cfb9b27d058',61348.8037,1.0000,'26b3126e-62de-40bc-bfcc-794fcd220251','26b3126e-62de-40bc-bfcc-794fcd220251','2025-04-01 00:00:00','69804a98b7447','f3683bee-094b-4aa6-8163-8d418a27eb6a',588,NULL,'posted',NULL,NULL,0,NULL,NULL,'2026-02-02 09:56:26','2026-02-02 09:56:26'),('52f36a47-3825-47da-bd2d-d5e0adc9eb73','b45b1d15-be51-4377-b952-9cfb9b27d058',180000,1.0000,'26b3126e-62de-40bc-bfcc-794fcd220251','26b3126e-62de-40bc-bfcc-794fcd220251','2025-04-01 00:00:00','69804a98b7447','f3683bee-094b-4aa6-8163-8d418a27eb6a',NULL,305,'posted',NULL,NULL,0,NULL,NULL,'2026-02-02 09:56:25','2026-02-02 09:56:25'),('535cdaa3-cb88-49a6-9d17-c02595e1a36f','bda845d9-441d-437a-aaa1-1af6befa7800',25300000,1.0000,'26b3126e-62de-40bc-bfcc-794fcd220251','26b3126e-62de-40bc-bfcc-794fcd220251','2025-03-31 00:00:00','697c7bee617e7','f3683bee-094b-4aa6-8163-8d418a27eb6a',NULL,93,'posted',NULL,NULL,0,NULL,NULL,'2026-01-30 12:37:50','2026-01-30 12:37:50'),('535efc39-b139-4e9c-877b-d829dcddf3e6','d218735a-0342-429b-8257-3af4c9c2c5e2',6500000,1.0000,'26b3126e-62de-40bc-bfcc-794fcd220251','26b3126e-62de-40bc-bfcc-794fcd220251','2025-03-31 00:00:00','697c7bf29e3b8','f3683bee-094b-4aa6-8163-8d418a27eb6a',NULL,457,'posted',NULL,NULL,0,NULL,NULL,'2026-01-30 12:37:54','2026-01-30 12:37:54'),('53812293-96f5-4d6b-b9b5-5a98edd215ec','b45b1d15-be51-4377-b952-9cfb9b27d058',46139999.66,1.0000,'26b3126e-62de-40bc-bfcc-794fcd220251','26b3126e-62de-40bc-bfcc-794fcd220251','2025-04-01 00:00:00','69804a98b7447','f3683bee-094b-4aa6-8163-8d418a27eb6a',511,NULL,'posted',NULL,NULL,0,NULL,NULL,'2026-02-02 09:56:25','2026-02-02 09:56:25'),('53ae3314-d444-4bfe-bd43-687269bfa910','6d9e1cf1-b296-4ac9-81bb-de72bef88361',430000,1.0000,'26b3126e-62de-40bc-bfcc-794fcd220251','26b3126e-62de-40bc-bfcc-794fcd220251','2025-03-31 00:00:00','697c7befa56d8','f3683bee-094b-4aa6-8163-8d418a27eb6a',NULL,208,'posted',NULL,NULL,0,NULL,NULL,'2026-01-30 12:37:51','2026-01-30 12:37:51'),('53c85719-e059-4bfb-9dd0-f2dd5aefcc22','376d5f68-885b-4947-b401-719238bf39d7',231056.98868181,1.0000,'26b3126e-62de-40bc-bfcc-794fcd220251','26b3126e-62de-40bc-bfcc-794fcd220251','2025-03-31 00:00:00','697c7bf4d5483','f3683bee-094b-4aa6-8163-8d418a27eb6a',625,NULL,'posted',NULL,NULL,0,NULL,NULL,'2026-01-30 12:37:56','2026-01-30 12:37:56'),('53e32209-37ac-4a3a-befa-799aaf6d96b7','66f79dc7-a6e4-40b5-b806-07dc40f4c438',283200,1.0000,'26b3126e-62de-40bc-bfcc-794fcd220251','26b3126e-62de-40bc-bfcc-794fcd220251','2025-03-31 00:00:00','697c7bf1cfdce','f3683bee-094b-4aa6-8163-8d418a27eb6a',NULL,398,'posted',NULL,NULL,0,NULL,NULL,'2026-01-30 12:37:53','2026-01-30 12:37:53'),('53e7144b-d3f2-4fca-8292-bdb205afd658','5d1ea29e-bf2b-42c6-ab19-b6af8d290477',8500000,1.0000,'26b3126e-62de-40bc-bfcc-794fcd220251','26b3126e-62de-40bc-bfcc-794fcd220251','2025-03-31 00:00:00','697c7bf29af1c','f3683bee-094b-4aa6-8163-8d418a27eb6a',NULL,456,'posted',NULL,NULL,0,NULL,NULL,'2026-01-30 12:37:54','2026-01-30 12:37:54'),('543f9a32-0d6b-4385-a3f9-f7e60f5c2930','45266a9d-f721-4aa2-9c38-6fc87c24aeac',90000,1.0000,'26b3126e-62de-40bc-bfcc-794fcd220251','26b3126e-62de-40bc-bfcc-794fcd220251','2025-03-31 00:00:00','697c7bf0d42d8','f3683bee-094b-4aa6-8163-8d418a27eb6a',NULL,323,'posted',NULL,NULL,0,NULL,NULL,'2026-01-30 12:37:52','2026-01-30 12:37:52'),('54534f9f-9fad-45df-8c7a-7655ede9fe62','b45b1d15-be51-4377-b952-9cfb9b27d058',350000,1.0000,'26b3126e-62de-40bc-bfcc-794fcd220251','26b3126e-62de-40bc-bfcc-794fcd220251','2025-04-01 00:00:00','69804a98b7447','f3683bee-094b-4aa6-8163-8d418a27eb6a',NULL,472,'posted',NULL,NULL,0,NULL,NULL,'2026-02-02 09:56:25','2026-02-02 09:56:25'),('54622683-cd33-4f6c-b431-d6827b908d55','6d453bbb-2ef2-4579-a3f6-10342fb9ab60',87125,1.0000,'26b3126e-62de-40bc-bfcc-794fcd220251','26b3126e-62de-40bc-bfcc-794fcd220251','2025-03-31 00:00:00','697c7bf59aa98','f3683bee-094b-4aa6-8163-8d418a27eb6a',682,NULL,'posted',NULL,NULL,0,NULL,NULL,'2026-01-30 12:37:57','2026-01-30 12:37:57'),('54649fd4-9e45-4f21-8496-f9c416672773','bb6e8d56-70a0-46c4-8523-5203adfcb46d',474175342.93333,1.0000,'26b3126e-62de-40bc-bfcc-794fcd220251','26b3126e-62de-40bc-bfcc-794fcd220251','2025-03-31 00:00:00','697c7bf3a261f','f3683bee-094b-4aa6-8163-8d418a27eb6a',535,NULL,'posted',NULL,NULL,0,NULL,NULL,'2026-01-30 12:37:55','2026-01-30 12:37:55'),('5588dd85-2418-47b0-93fb-a651ea399582','5aef616d-8205-4b7f-a050-2a5c8c88517e',150000,1.0000,'26b3126e-62de-40bc-bfcc-794fcd220251','26b3126e-62de-40bc-bfcc-794fcd220251','2025-03-31 00:00:00','697c7bf107523','f3683bee-094b-4aa6-8163-8d418a27eb6a',NULL,335,'posted',NULL,NULL,0,NULL,NULL,'2026-01-30 12:37:53','2026-01-30 12:37:53'),('55b536d5-6baa-402a-a4df-bff84fb31213','b45b1d15-be51-4377-b952-9cfb9b27d058',250000,1.0000,'26b3126e-62de-40bc-bfcc-794fcd220251','26b3126e-62de-40bc-bfcc-794fcd220251','2025-04-01 00:00:00','69804a98b7447','f3683bee-094b-4aa6-8163-8d418a27eb6a',NULL,224,'posted',NULL,NULL,0,NULL,NULL,'2026-02-02 09:56:25','2026-02-02 09:56:25'),('55ec6910-a2fc-403e-98e8-d65407452f41','b70ee776-e3f7-43e9-93f0-471ebe8e7695',71734880,1.0000,'26b3126e-62de-40bc-bfcc-794fcd220251','26b3126e-62de-40bc-bfcc-794fcd220251','2026-01-30 00:00:00','697c972f1abda','f3683bee-094b-4aa6-8163-8d418a27eb6a',NULL,994,'posted',NULL,NULL,0,NULL,NULL,'2026-01-30 14:34:07','2026-01-30 14:34:07'),('55f76bc6-80f6-4137-9c25-e565ce0bd3a0','28663df3-a7ae-4ab9-bd86-38d2374f7699',46139999.66,1.0000,'26b3126e-62de-40bc-bfcc-794fcd220251','26b3126e-62de-40bc-bfcc-794fcd220251','2025-03-31 00:00:00','697c7bf35e179','f3683bee-094b-4aa6-8163-8d418a27eb6a',511,NULL,'posted',NULL,NULL,0,NULL,NULL,'2026-01-30 12:37:55','2026-01-30 12:37:55'),('55fe1374-8ba2-42a7-b110-1d04d4f23bec','c14ae075-50f7-4827-a85f-8a96b2a7778f',1037399764.84,1.0000,'26b3126e-62de-40bc-bfcc-794fcd220251','26b3126e-62de-40bc-bfcc-794fcd220251','2025-03-31 00:00:00','697c7bf28bfc0','f3683bee-094b-4aa6-8163-8d418a27eb6a',452,NULL,'posted',NULL,NULL,0,NULL,NULL,'2026-01-30 12:37:54','2026-01-30 12:37:54'),('56ac609c-e966-4414-9292-5a3c6160ec88','70ba2c7a-ff41-4a90-b623-de598d7c7bbc',6000000,1.0000,'26b3126e-62de-40bc-bfcc-794fcd220251','26b3126e-62de-40bc-bfcc-794fcd220251','2025-03-31 00:00:00','697c7bf2a161c','f3683bee-094b-4aa6-8163-8d418a27eb6a',NULL,458,'posted',NULL,NULL,0,NULL,NULL,'2026-01-30 12:37:54','2026-01-30 12:37:54'),('56c964c9-d0e4-4b94-82f1-24556476675e','e7611bbd-1bd3-4d74-ba04-9f78da2e831a',197335737,1.0000,'26b3126e-62de-40bc-bfcc-794fcd220251','26b3126e-62de-40bc-bfcc-794fcd220251','2025-03-31 00:00:00','697c7bee0f2a2','f3683bee-094b-4aa6-8163-8d418a27eb6a',NULL,64,'posted',NULL,NULL,0,NULL,NULL,'2026-01-30 12:37:50','2026-01-30 12:37:50'),('56e73d7a-e5df-4822-866e-b00c22dd233b','9c4ae941-3672-48fc-bb3d-dd40cb5bb648',400000,1.0000,'26b3126e-62de-40bc-bfcc-794fcd220251','26b3126e-62de-40bc-bfcc-794fcd220251','2025-03-31 00:00:00','697c7bf0b309c','f3683bee-094b-4aa6-8163-8d418a27eb6a',NULL,312,'posted',NULL,NULL,0,NULL,NULL,'2026-01-30 12:37:52','2026-01-30 12:37:52'),('571b8834-2bfd-4f4e-89fe-3c187c070d14','ae048689-55d0-428d-908a-2bb3ee40660b',17602680,1.0000,'26b3126e-62de-40bc-bfcc-794fcd220251','26b3126e-62de-40bc-bfcc-794fcd220251','2025-03-31 00:00:00','697c7bee2f02f','f3683bee-094b-4aa6-8163-8d418a27eb6a',NULL,75,'posted',NULL,NULL,0,NULL,NULL,'2026-01-30 12:37:50','2026-01-30 12:37:50'),('57490570-b35d-418e-abb9-ffe21a53dd70','b45b1d15-be51-4377-b952-9cfb9b27d058',50000,1.0000,'26b3126e-62de-40bc-bfcc-794fcd220251','26b3126e-62de-40bc-bfcc-794fcd220251','2025-04-01 00:00:00','69804a98b7447','f3683bee-094b-4aa6-8163-8d418a27eb6a',NULL,249,'posted',NULL,NULL,0,NULL,NULL,'2026-02-02 09:56:25','2026-02-02 09:56:25'),('577320fc-23dc-47b4-a72e-15509308bc2f','08b05c7c-8bc3-4f9c-a1c6-95f38ff4ab3a',400000,1.0000,'26b3126e-62de-40bc-bfcc-794fcd220251','26b3126e-62de-40bc-bfcc-794fcd220251','2025-03-31 00:00:00','697c7bef4d07f','f3683bee-094b-4aa6-8163-8d418a27eb6a',NULL,170,'posted',NULL,NULL,0,NULL,NULL,'2026-01-30 12:37:51','2026-01-30 12:37:51'),('5789f6d3-2ffa-4f80-8157-508693de2bb2','33fccbf9-b360-4f87-8a05-821945af15c3',39421120,1.0000,'26b3126e-62de-40bc-bfcc-794fcd220251','26b3126e-62de-40bc-bfcc-794fcd220251','2025-03-31 00:00:00','697c7bee09aec','f3683bee-094b-4aa6-8163-8d418a27eb6a',NULL,62,'posted',NULL,NULL,0,NULL,NULL,'2026-01-30 12:37:50','2026-01-30 12:37:50'),('578b0c58-648a-4e2b-a786-9e3067071fa8','b45b1d15-be51-4377-b952-9cfb9b27d058',310000,1.0000,'26b3126e-62de-40bc-bfcc-794fcd220251','26b3126e-62de-40bc-bfcc-794fcd220251','2025-04-01 00:00:00','69804a98b7447','f3683bee-094b-4aa6-8163-8d418a27eb6a',NULL,266,'posted',NULL,NULL,0,NULL,NULL,'2026-02-02 09:56:24','2026-02-02 09:56:24'),('57c1326b-43f3-4f42-b572-5baea2971dcd','b45b1d15-be51-4377-b952-9cfb9b27d058',412341.5284,1.0000,'26b3126e-62de-40bc-bfcc-794fcd220251','26b3126e-62de-40bc-bfcc-794fcd220251','2025-04-01 00:00:00','69804a98b7447','f3683bee-094b-4aa6-8163-8d418a27eb6a',587,NULL,'posted',NULL,NULL,0,NULL,NULL,'2026-02-02 09:56:26','2026-02-02 09:56:26'),('57cce8f9-b0f3-41d3-b1d8-95aa53887174','a4618f84-e37f-43fb-abe4-801d74aa8538',140000,1.0000,'26b3126e-62de-40bc-bfcc-794fcd220251','26b3126e-62de-40bc-bfcc-794fcd220251','2025-03-31 00:00:00','697c7bf1608ae','f3683bee-094b-4aa6-8163-8d418a27eb6a',NULL,366,'posted',NULL,NULL,0,NULL,NULL,'2026-01-30 12:37:53','2026-01-30 12:37:53'),('57d3fa14-99b5-4f56-8de3-0b3eb5ec3729','ec737108-6baa-4b04-8bb8-737ad17c9a55',574576,1.0000,'26b3126e-62de-40bc-bfcc-794fcd220251','26b3126e-62de-40bc-bfcc-794fcd220251','2025-03-31 00:00:00','697c7bee87235','f3683bee-094b-4aa6-8163-8d418a27eb6a',NULL,106,'posted',NULL,NULL,0,NULL,NULL,'2026-01-30 12:37:50','2026-01-30 12:37:50'),('58384a8a-3614-4f13-a8fc-d05996557e8b','830e2946-f91c-469f-a253-6d8736c28df2',11000,1.0000,'26b3126e-62de-40bc-bfcc-794fcd220251','26b3126e-62de-40bc-bfcc-794fcd220251','2025-03-31 00:00:00','697c7bf193c42','f3683bee-094b-4aa6-8163-8d418a27eb6a',NULL,381,'posted',NULL,NULL,0,NULL,NULL,'2026-01-30 12:37:53','2026-01-30 12:37:53'),('584a33d9-11e4-49e3-959d-5fe832458f9b','12830fe7-5868-47a3-b4b4-f6fd8ca722f1',505250,1.0000,'26b3126e-62de-40bc-bfcc-794fcd220251','26b3126e-62de-40bc-bfcc-794fcd220251','2025-03-31 00:00:00','697c7bee5ec37','f3683bee-094b-4aa6-8163-8d418a27eb6a',NULL,92,'posted',NULL,NULL,0,NULL,NULL,'2026-01-30 12:37:50','2026-01-30 12:37:50'),('58553607-8682-4e86-82f5-726a08ea2f5a','ea4b1628-d759-48b1-b7f2-2a1450ac95b9',5221347.3225671,1.0000,'26b3126e-62de-40bc-bfcc-794fcd220251','26b3126e-62de-40bc-bfcc-794fcd220251','2025-03-31 00:00:00','697c7bf496f18','f3683bee-094b-4aa6-8163-8d418a27eb6a',606,NULL,'posted',NULL,NULL,0,NULL,NULL,'2026-01-30 12:37:56','2026-01-30 12:37:56'),('58682a4d-527d-4aa1-bebe-b0c9f079e623','8cb44a6a-21d0-4ed3-8f06-da856b9c934e',9743700,1.0000,'26b3126e-62de-40bc-bfcc-794fcd220251','26b3126e-62de-40bc-bfcc-794fcd220251','2026-01-30 00:00:00','697c972ec7881','f3683bee-094b-4aa6-8163-8d418a27eb6a',NULL,969,'posted',NULL,NULL,0,NULL,NULL,'2026-01-30 14:34:06','2026-01-30 14:34:06'),('58b106e7-fb73-4c06-9719-34d4db8869d8','3d1a28d3-258b-47b9-8337-3c8e83307ce7',91100,1.0000,'26b3126e-62de-40bc-bfcc-794fcd220251','26b3126e-62de-40bc-bfcc-794fcd220251','2025-03-31 00:00:00','697c7bf196c1b','f3683bee-094b-4aa6-8163-8d418a27eb6a',NULL,382,'posted',NULL,NULL,0,NULL,NULL,'2026-01-30 12:37:53','2026-01-30 12:37:53'),('5926e334-2cb1-4ac1-b955-30d35f2c38e1','fda75625-af55-4b30-9a13-e05785eae79d',9000000,1.0000,'26b3126e-62de-40bc-bfcc-794fcd220251','26b3126e-62de-40bc-bfcc-794fcd220251','2025-03-31 00:00:00','697c7bedd669c','f3683bee-094b-4aa6-8163-8d418a27eb6a',NULL,49,'posted',NULL,NULL,0,NULL,NULL,'2026-01-30 12:37:49','2026-01-30 12:37:49'),('596f0a71-2d57-4212-8ac6-3aa1b6c1bf0c','0caf6bd8-e3b4-48b5-8998-5130f708514c',165000,1.0000,'26b3126e-62de-40bc-bfcc-794fcd220251','26b3126e-62de-40bc-bfcc-794fcd220251','2025-03-31 00:00:00','697c7befada99','f3683bee-094b-4aa6-8163-8d418a27eb6a',NULL,211,'posted',NULL,NULL,0,NULL,NULL,'2026-01-30 12:37:51','2026-01-30 12:37:51'),('598ed511-dd3d-4921-9712-23b0f496957f','f6684270-f94e-4289-9590-64a22b09a3e8',2881043.2454456,1.0000,'26b3126e-62de-40bc-bfcc-794fcd220251','26b3126e-62de-40bc-bfcc-794fcd220251','2025-03-31 00:00:00','697c7bf40e1f1','f3683bee-094b-4aa6-8163-8d418a27eb6a',565,NULL,'posted',NULL,NULL,0,NULL,NULL,'2026-01-30 12:37:56','2026-01-30 12:37:56'),('599728bf-c4f9-4d88-b3dc-1e708b3ff9e9','88b6f48c-ccae-44d0-bc76-3cff6739fffd',380000,1.0000,'26b3126e-62de-40bc-bfcc-794fcd220251','26b3126e-62de-40bc-bfcc-794fcd220251','2025-03-31 00:00:00','697c7bef959d6','f3683bee-094b-4aa6-8163-8d418a27eb6a',NULL,202,'posted',NULL,NULL,0,NULL,NULL,'2026-01-30 12:37:51','2026-01-30 12:37:51'),('59b1bf95-8642-4baa-82ed-90f5a3d59200','e5dc6b8e-455d-4075-91b6-f435980a3595',20000,1.0000,'26b3126e-62de-40bc-bfcc-794fcd220251','26b3126e-62de-40bc-bfcc-794fcd220251','2025-03-31 00:00:00','697c7bef5c8c0','f3683bee-094b-4aa6-8163-8d418a27eb6a',NULL,177,'posted',NULL,NULL,0,NULL,NULL,'2026-01-30 12:37:51','2026-01-30 12:37:51'),('59b2cef8-3d80-40e5-93ee-47dcfe748527','eb71d688-a0a5-41e8-9e3e-3b290f5c9012',150850,1.0000,'26b3126e-62de-40bc-bfcc-794fcd220251','26b3126e-62de-40bc-bfcc-794fcd220251','2025-03-31 00:00:00','697c7bee34f0d','f3683bee-094b-4aa6-8163-8d418a27eb6a',NULL,77,'posted',NULL,NULL,0,NULL,NULL,'2026-01-30 12:37:50','2026-01-30 12:37:50'),('59c658ec-eae7-42a0-8092-22c1a5dd30d0','b45b1d15-be51-4377-b952-9cfb9b27d058',4720000,1.0000,'26b3126e-62de-40bc-bfcc-794fcd220251','26b3126e-62de-40bc-bfcc-794fcd220251','2025-04-01 00:00:00','69804a98b7447','f3683bee-094b-4aa6-8163-8d418a27eb6a',NULL,74,'posted',NULL,NULL,0,NULL,NULL,'2026-02-02 09:56:25','2026-02-02 09:56:25'),('5a67bf79-b991-40eb-b4ed-2dd253f186b3','b45b1d15-be51-4377-b952-9cfb9b27d058',85000,1.0000,'26b3126e-62de-40bc-bfcc-794fcd220251','26b3126e-62de-40bc-bfcc-794fcd220251','2025-04-01 00:00:00','69804a98b7447','f3683bee-094b-4aa6-8163-8d418a27eb6a',NULL,406,'posted',NULL,NULL,0,NULL,NULL,'2026-02-02 09:56:24','2026-02-02 09:56:24'),('5a94e5dc-8e10-4148-a4eb-9551e143925c','b45b1d15-be51-4377-b952-9cfb9b27d058',39421120,1.0000,'26b3126e-62de-40bc-bfcc-794fcd220251','26b3126e-62de-40bc-bfcc-794fcd220251','2025-04-01 00:00:00','69804a98b7447','f3683bee-094b-4aa6-8163-8d418a27eb6a',NULL,62,'posted',NULL,NULL,0,NULL,NULL,'2026-02-02 09:56:25','2026-02-02 09:56:25'),('5aea83f0-49bb-41eb-bc08-7f67b47cc5d3','4d632752-49f5-4715-9f20-98800027b4c7',4978192,1.0000,'26b3126e-62de-40bc-bfcc-794fcd220251','26b3126e-62de-40bc-bfcc-794fcd220251','2025-03-31 00:00:00','697c7bee9979f','f3683bee-094b-4aa6-8163-8d418a27eb6a',NULL,112,'posted',NULL,NULL,0,NULL,NULL,'2026-01-30 12:37:50','2026-01-30 12:37:50'),('5b302a91-3457-46ef-8fa2-939f8b373e92','b45b1d15-be51-4377-b952-9cfb9b27d058',8866194.9268,1.0000,'26b3126e-62de-40bc-bfcc-794fcd220251','26b3126e-62de-40bc-bfcc-794fcd220251','2025-04-01 00:00:00','69804a98b7447','f3683bee-094b-4aa6-8163-8d418a27eb6a',550,NULL,'posted',NULL,NULL,0,NULL,NULL,'2026-02-02 09:56:25','2026-02-02 09:56:25'),('5b3851f0-ccc9-43f1-b553-079385ff2be9','6493e8e9-bc08-4e01-8b90-e3cef974f2d0',7566129.8,1.0000,'26b3126e-62de-40bc-bfcc-794fcd220251','26b3126e-62de-40bc-bfcc-794fcd220251','2025-03-31 00:00:00','697c7bede1a47','f3683bee-094b-4aa6-8163-8d418a27eb6a',NULL,53,'posted',NULL,NULL,0,NULL,NULL,'2026-01-30 12:37:49','2026-01-30 12:37:49'),('5b7f73c6-f732-4a52-9f22-632152a63d8c','eb693317-0b89-428c-aa7c-019559feb40e',112500,1.0000,'26b3126e-62de-40bc-bfcc-794fcd220251','26b3126e-62de-40bc-bfcc-794fcd220251','2025-03-31 00:00:00','697c7bf218839','f3683bee-094b-4aa6-8163-8d418a27eb6a',NULL,418,'posted',NULL,NULL,0,NULL,NULL,'2026-01-30 12:37:54','2026-01-30 12:37:54'),('5b98b650-3fce-44ac-a8e1-12c489e89700','0051a55a-7264-414a-a9c3-2fbc857efaf1',250000,1.0000,'26b3126e-62de-40bc-bfcc-794fcd220251','26b3126e-62de-40bc-bfcc-794fcd220251','2025-03-31 00:00:00','697c7bf0f1033','f3683bee-094b-4aa6-8163-8d418a27eb6a',NULL,332,'posted',NULL,NULL,0,NULL,NULL,'2026-01-30 12:37:52','2026-01-30 12:37:52'),('5bb64d83-3ba0-4bf8-90e0-42147a62ddac','b45b1d15-be51-4377-b952-9cfb9b27d058',697440,1.0000,'26b3126e-62de-40bc-bfcc-794fcd220251','26b3126e-62de-40bc-bfcc-794fcd220251','2025-04-01 00:00:00','69804a98b7447','f3683bee-094b-4aa6-8163-8d418a27eb6a',NULL,115,'posted',NULL,NULL,0,NULL,NULL,'2026-02-02 09:56:25','2026-02-02 09:56:25'),('5c615f4a-591d-4c45-b41c-fb7ea70e5316','b45b1d15-be51-4377-b952-9cfb9b27d058',66000,1.0000,'26b3126e-62de-40bc-bfcc-794fcd220251','26b3126e-62de-40bc-bfcc-794fcd220251','2025-04-01 00:00:00','69804a98b7447','f3683bee-094b-4aa6-8163-8d418a27eb6a',NULL,430,'posted',NULL,NULL,0,NULL,NULL,'2026-02-02 09:56:25','2026-02-02 09:56:25'),('5c9c698a-4215-4974-bb67-a0f29749b56b','1af7975d-1be1-4c96-a7c0-4999f3cbd6c6',1481250,1.0000,'26b3126e-62de-40bc-bfcc-794fcd220251','26b3126e-62de-40bc-bfcc-794fcd220251','2025-03-31 00:00:00','697c7beebd736','f3683bee-094b-4aa6-8163-8d418a27eb6a',NULL,125,'posted',NULL,NULL,0,NULL,NULL,'2026-01-30 12:37:50','2026-01-30 12:37:50'),('5ce1f1ec-215c-45ec-ba63-ba595002b53d','b45b1d15-be51-4377-b952-9cfb9b27d058',560000,1.0000,'26b3126e-62de-40bc-bfcc-794fcd220251','26b3126e-62de-40bc-bfcc-794fcd220251','2025-04-01 00:00:00','69804a98b7447','f3683bee-094b-4aa6-8163-8d418a27eb6a',NULL,193,'posted',NULL,NULL,0,NULL,NULL,'2026-02-02 09:56:24','2026-02-02 09:56:24'),('5d2f5490-b420-45e7-9905-d13dc6574223','b45b1d15-be51-4377-b952-9cfb9b27d058',100000,1.0000,'26b3126e-62de-40bc-bfcc-794fcd220251','26b3126e-62de-40bc-bfcc-794fcd220251','2025-04-01 00:00:00','69804a98b7447','f3683bee-094b-4aa6-8163-8d418a27eb6a',493,NULL,'posted',NULL,NULL,0,NULL,NULL,'2026-02-02 09:56:26','2026-02-02 09:56:26'),('5d57d0e2-6521-45ae-956b-f595f18f4964','b45b1d15-be51-4377-b952-9cfb9b27d058',308000,1.0000,'26b3126e-62de-40bc-bfcc-794fcd220251','26b3126e-62de-40bc-bfcc-794fcd220251','2025-04-01 00:00:00','69804a98b7447','f3683bee-094b-4aa6-8163-8d418a27eb6a',NULL,146,'posted',NULL,NULL,0,NULL,NULL,'2026-02-02 09:56:25','2026-02-02 09:56:25'),('5d5a890f-ef23-4045-9271-6bb08fe7b71e','b45b1d15-be51-4377-b952-9cfb9b27d058',130000,1.0000,'26b3126e-62de-40bc-bfcc-794fcd220251','26b3126e-62de-40bc-bfcc-794fcd220251','2025-04-01 00:00:00','69804a98b7447','f3683bee-094b-4aa6-8163-8d418a27eb6a',NULL,354,'posted',NULL,NULL,0,NULL,NULL,'2026-02-02 09:56:25','2026-02-02 09:56:25'),('5d8a8001-3ed3-446b-97f2-feafcd819d23','b45b1d15-be51-4377-b952-9cfb9b27d058',100000,1.0000,'26b3126e-62de-40bc-bfcc-794fcd220251','26b3126e-62de-40bc-bfcc-794fcd220251','2025-04-01 00:00:00','69804a98b7447','f3683bee-094b-4aa6-8163-8d418a27eb6a',NULL,343,'posted',NULL,NULL,0,NULL,NULL,'2026-02-02 09:56:25','2026-02-02 09:56:25'),('5d8ae34e-212f-464a-a111-61bf35563cb9','b45b1d15-be51-4377-b952-9cfb9b27d058',24983,1.0000,'26b3126e-62de-40bc-bfcc-794fcd220251','26b3126e-62de-40bc-bfcc-794fcd220251','2025-04-01 00:00:00','69804a98b7447','f3683bee-094b-4aa6-8163-8d418a27eb6a',664,NULL,'posted',NULL,NULL,0,NULL,NULL,'2026-02-02 09:56:26','2026-02-02 09:56:26'),('5dbde434-8b8e-422f-83b1-b1707a7b27d9','e3a740fd-d724-4102-ac9f-8e155ec631a2',16759546,1.0000,'26b3126e-62de-40bc-bfcc-794fcd220251','26b3126e-62de-40bc-bfcc-794fcd220251','2025-03-31 00:00:00','697c7bee40771','f3683bee-094b-4aa6-8163-8d418a27eb6a',NULL,81,'posted',NULL,NULL,0,NULL,NULL,'2026-01-30 12:37:50','2026-01-30 12:37:50'),('5de6d88f-1192-41b4-ae62-3959fdef1682','b45b1d15-be51-4377-b952-9cfb9b27d058',150000,1.0000,'26b3126e-62de-40bc-bfcc-794fcd220251','26b3126e-62de-40bc-bfcc-794fcd220251','2025-04-01 00:00:00','69804a98b7447','f3683bee-094b-4aa6-8163-8d418a27eb6a',NULL,188,'posted',NULL,NULL,0,NULL,NULL,'2026-02-02 09:56:25','2026-02-02 09:56:25'),('5de92c2f-054a-4bf8-85cc-52db97605cf7','b45b1d15-be51-4377-b952-9cfb9b27d058',2980705.6699,1.0000,'26b3126e-62de-40bc-bfcc-794fcd220251','26b3126e-62de-40bc-bfcc-794fcd220251','2025-04-01 00:00:00','69804a98b7447','f3683bee-094b-4aa6-8163-8d418a27eb6a',567,NULL,'posted',NULL,NULL,0,NULL,NULL,'2026-02-02 09:56:25','2026-02-02 09:56:25'),('5e0021ce-465f-4f47-b363-07d17ecc02c9','530635c3-3dc7-4296-85d4-8c9f664975e8',64990640,1.0000,'26b3126e-62de-40bc-bfcc-794fcd220251','26b3126e-62de-40bc-bfcc-794fcd220251','2025-03-31 00:00:00','697c7bee7f6c5','f3683bee-094b-4aa6-8163-8d418a27eb6a',NULL,103,'posted',NULL,NULL,0,NULL,NULL,'2026-01-30 12:37:50','2026-01-30 12:37:50'),('5e05de81-2b2c-4399-b98c-e5b933030387','fa07d16f-5943-4608-9d38-405f2b288000',20000,1.0000,'26b3126e-62de-40bc-bfcc-794fcd220251','26b3126e-62de-40bc-bfcc-794fcd220251','2025-03-31 00:00:00','697c7bf375480','f3683bee-094b-4aa6-8163-8d418a27eb6a',519,NULL,'posted',NULL,NULL,0,NULL,NULL,'2026-01-30 12:37:55','2026-01-30 12:37:55'),('5e1dea98-8c30-40c1-90b3-daeb4d15bcd0','3a1cea66-f9c8-4907-b5ea-f6b28b7c0d85',13053726707.292,1.0000,'26b3126e-62de-40bc-bfcc-794fcd220251','26b3126e-62de-40bc-bfcc-794fcd220251','2025-03-31 00:00:00','697c7bed94a84','f3683bee-094b-4aa6-8163-8d418a27eb6a',NULL,26,'posted',NULL,NULL,0,NULL,NULL,'2026-01-30 12:37:49','2026-01-30 12:37:49'),('5e3920d2-4f4b-423f-94f6-51ac23414d39','b45b1d15-be51-4377-b952-9cfb9b27d058',2353850,1.0000,'26b3126e-62de-40bc-bfcc-794fcd220251','26b3126e-62de-40bc-bfcc-794fcd220251','2025-04-01 00:00:00','69804a98b7447','f3683bee-094b-4aa6-8163-8d418a27eb6a',NULL,72,'posted',NULL,NULL,0,NULL,NULL,'2026-02-02 09:56:25','2026-02-02 09:56:25'),('5f03798e-8870-479d-a117-9d4de568d264','b45b1d15-be51-4377-b952-9cfb9b27d058',250000,1.0000,'26b3126e-62de-40bc-bfcc-794fcd220251','26b3126e-62de-40bc-bfcc-794fcd220251','2025-04-01 00:00:00','69804a98b7447','f3683bee-094b-4aa6-8163-8d418a27eb6a',NULL,300,'posted',NULL,NULL,0,NULL,NULL,'2026-02-02 09:56:24','2026-02-02 09:56:24'),('5f058e49-9456-4294-984d-c905c8cf5fb1','b45b1d15-be51-4377-b952-9cfb9b27d058',227432907,1.0000,'26b3126e-62de-40bc-bfcc-794fcd220251','26b3126e-62de-40bc-bfcc-794fcd220251','2025-04-01 00:00:00','69804a98b7447','f3683bee-094b-4aa6-8163-8d418a27eb6a',490,NULL,'posted',NULL,NULL,0,NULL,NULL,'2026-02-02 09:56:26','2026-02-02 09:56:26'),('5f156e02-5d60-414e-844b-530f6613ea62','582781a9-634b-4786-b0a0-f87d74daf9b1',119690,1.0000,'26b3126e-62de-40bc-bfcc-794fcd220251','26b3126e-62de-40bc-bfcc-794fcd220251','2025-03-31 00:00:00','697c7bf5639ca','f3683bee-094b-4aa6-8163-8d418a27eb6a',665,NULL,'posted',NULL,NULL,0,NULL,NULL,'2026-01-30 12:37:57','2026-01-30 12:37:57'),('5f551edd-edfe-4e1d-ae23-8b83e34d4ab0','9a87fc2b-9ec7-4685-a2b9-a629a0f3756c',4585646.7875824,1.0000,'26b3126e-62de-40bc-bfcc-794fcd220251','26b3126e-62de-40bc-bfcc-794fcd220251','2025-03-31 00:00:00','697c7bf3b2106','f3683bee-094b-4aa6-8163-8d418a27eb6a',540,NULL,'posted',NULL,NULL,0,NULL,NULL,'2026-01-30 12:37:55','2026-01-30 12:37:55'),('5faa6c9c-d4dd-412a-9fb7-64c3d3556f3e','b45b1d15-be51-4377-b952-9cfb9b27d058',3000,1.0000,'26b3126e-62de-40bc-bfcc-794fcd220251','26b3126e-62de-40bc-bfcc-794fcd220251','2025-04-01 00:00:00','69804a98b7447','f3683bee-094b-4aa6-8163-8d418a27eb6a',650,NULL,'posted',NULL,NULL,0,NULL,NULL,'2026-02-02 09:56:26','2026-02-02 09:56:26'),('5fc5f81b-2c11-4f66-bb45-b4e0905834ae','b45b1d15-be51-4377-b952-9cfb9b27d058',350000,1.0000,'26b3126e-62de-40bc-bfcc-794fcd220251','26b3126e-62de-40bc-bfcc-794fcd220251','2025-04-01 00:00:00','69804a98b7447','f3683bee-094b-4aa6-8163-8d418a27eb6a',NULL,176,'posted',NULL,NULL,0,NULL,NULL,'2026-02-02 09:56:24','2026-02-02 09:56:24'),('600e1a63-ec2b-414b-b74f-34ee0d10c6eb','b45b1d15-be51-4377-b952-9cfb9b27d058',4000,1.0000,'26b3126e-62de-40bc-bfcc-794fcd220251','26b3126e-62de-40bc-bfcc-794fcd220251','2025-04-01 00:00:00','69804a98b7447','f3683bee-094b-4aa6-8163-8d418a27eb6a',NULL,399,'posted',NULL,NULL,0,NULL,NULL,'2026-02-02 09:56:25','2026-02-02 09:56:25'),('6062c5fc-7b17-48be-a6c7-966d0ef2103e','6d728cc2-4ae9-4b4a-ab08-374fa91527a6',705000,1.0000,'26b3126e-62de-40bc-bfcc-794fcd220251','26b3126e-62de-40bc-bfcc-794fcd220251','2025-03-31 00:00:00','697c7bef27358','f3683bee-094b-4aa6-8163-8d418a27eb6a',NULL,156,'posted',NULL,NULL,0,NULL,NULL,'2026-01-30 12:37:51','2026-01-30 12:37:51'),('60747d02-9c15-41f3-ad3b-855ea8cb49a6','b45b1d15-be51-4377-b952-9cfb9b27d058',120000,1.0000,'26b3126e-62de-40bc-bfcc-794fcd220251','26b3126e-62de-40bc-bfcc-794fcd220251','2025-04-01 00:00:00','69804a98b7447','f3683bee-094b-4aa6-8163-8d418a27eb6a',NULL,159,'posted',NULL,NULL,0,NULL,NULL,'2026-02-02 09:56:25','2026-02-02 09:56:25'),('61099ff5-af31-4b74-a98c-b8fe79a20cc6','b45b1d15-be51-4377-b952-9cfb9b27d058',2250000,1.0000,'26b3126e-62de-40bc-bfcc-794fcd220251','26b3126e-62de-40bc-bfcc-794fcd220251','2025-04-01 00:00:00','69804a98b7447','f3683bee-094b-4aa6-8163-8d418a27eb6a',NULL,58,'posted',NULL,NULL,0,NULL,NULL,'2026-02-02 09:56:25','2026-02-02 09:56:25'),('6184e55f-9a61-464b-acba-79e77749468f','0156bfbf-0e6e-4a8f-af52-55f1f77e7fba',380000,1.0000,'26b3126e-62de-40bc-bfcc-794fcd220251','26b3126e-62de-40bc-bfcc-794fcd220251','2025-03-31 00:00:00','697c7bf16fecd','f3683bee-094b-4aa6-8163-8d418a27eb6a',NULL,371,'posted',NULL,NULL,0,NULL,NULL,'2026-01-30 12:37:53','2026-01-30 12:37:53'),('61856954-f693-4d38-a9b0-ac7bdfed147b','412098aa-2381-4e55-818e-0d7de91857e9',6000,1.0000,'26b3126e-62de-40bc-bfcc-794fcd220251','26b3126e-62de-40bc-bfcc-794fcd220251','2025-03-31 00:00:00','697c7bf21280e','f3683bee-094b-4aa6-8163-8d418a27eb6a',NULL,416,'posted',NULL,NULL,0,NULL,NULL,'2026-01-30 12:37:54','2026-01-30 12:37:54'),('61d8f084-6281-4e9b-b018-abd6a0a04f10','b45b1d15-be51-4377-b952-9cfb9b27d058',3189000.047,1.0000,'26b3126e-62de-40bc-bfcc-794fcd220251','26b3126e-62de-40bc-bfcc-794fcd220251','2025-04-01 00:00:00','69804a98b7447','f3683bee-094b-4aa6-8163-8d418a27eb6a',512,NULL,'posted',NULL,NULL,0,NULL,NULL,'2026-02-02 09:56:26','2026-02-02 09:56:26'),('61f4beac-1f29-48a4-a486-f84136eb410a','b45b1d15-be51-4377-b952-9cfb9b27d058',700000,1.0000,'26b3126e-62de-40bc-bfcc-794fcd220251','26b3126e-62de-40bc-bfcc-794fcd220251','2025-04-01 00:00:00','69804a98b7447','f3683bee-094b-4aa6-8163-8d418a27eb6a',NULL,119,'posted',NULL,NULL,0,NULL,NULL,'2026-02-02 09:56:25','2026-02-02 09:56:25'),('62630457-f77d-4598-aa44-23a3d6a5bdf6','cea0c417-d219-439f-ad95-efd10ede0651',750000,1.0000,'26b3126e-62de-40bc-bfcc-794fcd220251','26b3126e-62de-40bc-bfcc-794fcd220251','2025-03-31 00:00:00','697c7bf145671','f3683bee-094b-4aa6-8163-8d418a27eb6a',NULL,356,'posted',NULL,NULL,0,NULL,NULL,'2026-01-30 12:37:53','2026-01-30 12:37:53'),('626a238c-3fae-4463-9f57-2f85276bbd3b','b45b1d15-be51-4377-b952-9cfb9b27d058',493000,1.0000,'26b3126e-62de-40bc-bfcc-794fcd220251','26b3126e-62de-40bc-bfcc-794fcd220251','2025-04-01 00:00:00','69804a98b7447','f3683bee-094b-4aa6-8163-8d418a27eb6a',NULL,440,'posted',NULL,NULL,0,NULL,NULL,'2026-02-02 09:56:24','2026-02-02 09:56:24'),('628d148f-79ea-4946-802a-a828f631e15f','b45b1d15-be51-4377-b952-9cfb9b27d058',62655507,1.0000,'26b3126e-62de-40bc-bfcc-794fcd220251','26b3126e-62de-40bc-bfcc-794fcd220251','2025-04-01 00:00:00','69804a98b7447','f3683bee-094b-4aa6-8163-8d418a27eb6a',513,NULL,'posted',NULL,NULL,0,NULL,NULL,'2026-02-02 09:56:26','2026-02-02 09:56:26'),('62a290a5-82bf-4f7c-9e62-2948497a0641','30063e52-7e94-4f54-9283-ce8d23fb35bc',2991047.9969238,1.0000,'26b3126e-62de-40bc-bfcc-794fcd220251','26b3126e-62de-40bc-bfcc-794fcd220251','2025-03-31 00:00:00','697c7bf417e4e','f3683bee-094b-4aa6-8163-8d418a27eb6a',568,NULL,'posted',NULL,NULL,0,NULL,NULL,'2026-01-30 12:37:56','2026-01-30 12:37:56'),('62fe7644-d3b1-43ec-ac83-8a7f1969c278','8307b3ce-bfc4-412d-ad66-c19ce1102ff5',2082956.4229422,1.0000,'26b3126e-62de-40bc-bfcc-794fcd220251','26b3126e-62de-40bc-bfcc-794fcd220251','2025-03-31 00:00:00','697c7bf4bda5a','f3683bee-094b-4aa6-8163-8d418a27eb6a',618,NULL,'posted',NULL,NULL,0,NULL,NULL,'2026-01-30 12:37:56','2026-01-30 12:37:56'),('63220fdd-7419-4657-9831-4b82cc8b7e33','b45b1d15-be51-4377-b952-9cfb9b27d058',1373414.0233,1.0000,'26b3126e-62de-40bc-bfcc-794fcd220251','26b3126e-62de-40bc-bfcc-794fcd220251','2025-04-01 00:00:00','69804a98b7447','f3683bee-094b-4aa6-8163-8d418a27eb6a',631,NULL,'posted',NULL,NULL,0,NULL,NULL,'2026-02-02 09:56:25','2026-02-02 09:56:25'),('634d229f-27dc-4702-934f-e77422841cf8','9794d2e3-39d9-4d1c-af2f-f103e028e95a',428000,1.0000,'26b3126e-62de-40bc-bfcc-794fcd220251','26b3126e-62de-40bc-bfcc-794fcd220251','2026-01-30 00:00:00','697c972eae160','f3683bee-094b-4aa6-8163-8d418a27eb6a',NULL,964,'posted',NULL,NULL,0,NULL,NULL,'2026-01-30 14:34:06','2026-01-30 14:34:06'),('636ebf99-ffcb-47e7-85aa-b6b78ddbb557','b45b1d15-be51-4377-b952-9cfb9b27d058',430000,1.0000,'26b3126e-62de-40bc-bfcc-794fcd220251','26b3126e-62de-40bc-bfcc-794fcd220251','2025-04-01 00:00:00','69804a98b7447','f3683bee-094b-4aa6-8163-8d418a27eb6a',NULL,286,'posted',NULL,NULL,0,NULL,NULL,'2026-02-02 09:56:25','2026-02-02 09:56:25'),('63acc0d2-7b57-4d99-b52b-0a6abfcfa396','b45b1d15-be51-4377-b952-9cfb9b27d058',6566639.54,1.0000,'26b3126e-62de-40bc-bfcc-794fcd220251','26b3126e-62de-40bc-bfcc-794fcd220251','2025-04-01 00:00:00','69804a98b7447','f3683bee-094b-4aa6-8163-8d418a27eb6a',NULL,47,'posted',NULL,NULL,0,NULL,NULL,'2026-02-02 09:56:25','2026-02-02 09:56:25'),('63c50577-a339-4e30-90d4-5e43a72c998d','b45b1d15-be51-4377-b952-9cfb9b27d058',700000,1.0000,'26b3126e-62de-40bc-bfcc-794fcd220251','26b3126e-62de-40bc-bfcc-794fcd220251','2025-04-01 00:00:00','69804a98b7447','f3683bee-094b-4aa6-8163-8d418a27eb6a',NULL,320,'posted',NULL,NULL,0,NULL,NULL,'2026-02-02 09:56:25','2026-02-02 09:56:25'),('63cade3f-b3fc-4894-b75b-11e482cbec8d','b45b1d15-be51-4377-b952-9cfb9b27d058',75000,1.0000,'26b3126e-62de-40bc-bfcc-794fcd220251','26b3126e-62de-40bc-bfcc-794fcd220251','2025-04-01 00:00:00','69804a98b7447','f3683bee-094b-4aa6-8163-8d418a27eb6a',NULL,230,'posted',NULL,NULL,0,NULL,NULL,'2026-02-02 09:56:25','2026-02-02 09:56:25'),('63e15c36-8c42-45d9-b560-4402364f1247','f8a3cc90-b4aa-4c57-be8d-51ceffc3841c',8466840.0705062,1.0000,'26b3126e-62de-40bc-bfcc-794fcd220251','26b3126e-62de-40bc-bfcc-794fcd220251','2025-03-31 00:00:00','697c7bf3bd6ff','f3683bee-094b-4aa6-8163-8d418a27eb6a',544,NULL,'posted',NULL,NULL,0,NULL,NULL,'2026-01-30 12:37:55','2026-01-30 12:37:55'),('6482b70f-6bc0-41f5-b60c-1a6dbf741af8','b45b1d15-be51-4377-b952-9cfb9b27d058',90000,1.0000,'26b3126e-62de-40bc-bfcc-794fcd220251','26b3126e-62de-40bc-bfcc-794fcd220251','2025-04-01 00:00:00','69804a98b7447','f3683bee-094b-4aa6-8163-8d418a27eb6a',NULL,358,'posted',NULL,NULL,0,NULL,NULL,'2026-02-02 09:56:25','2026-02-02 09:56:25'),('6499818d-d6c9-4249-aa45-d7cb66ea3527','b45b1d15-be51-4377-b952-9cfb9b27d058',240000,1.0000,'26b3126e-62de-40bc-bfcc-794fcd220251','26b3126e-62de-40bc-bfcc-794fcd220251','2025-04-01 00:00:00','69804a98b7447','f3683bee-094b-4aa6-8163-8d418a27eb6a',515,NULL,'posted',NULL,NULL,0,NULL,NULL,'2026-02-02 09:56:25','2026-02-02 09:56:25'),('65172d77-b140-4c96-8ce7-60a9122ce0c5','b45b1d15-be51-4377-b952-9cfb9b27d058',3271516,1.0000,'26b3126e-62de-40bc-bfcc-794fcd220251','26b3126e-62de-40bc-bfcc-794fcd220251','2025-04-01 00:00:00','69804a98b7447','f3683bee-094b-4aa6-8163-8d418a27eb6a',NULL,105,'posted',NULL,NULL,0,NULL,NULL,'2026-02-02 09:56:24','2026-02-02 09:56:24'),('656019d0-a0bf-42af-9468-571709bcbf72','b45b1d15-be51-4377-b952-9cfb9b27d058',684000,1.0000,'26b3126e-62de-40bc-bfcc-794fcd220251','26b3126e-62de-40bc-bfcc-794fcd220251','2025-04-01 00:00:00','69804a98b7447','f3683bee-094b-4aa6-8163-8d418a27eb6a',NULL,389,'posted',NULL,NULL,0,NULL,NULL,'2026-02-02 09:56:25','2026-02-02 09:56:25'),('65ae933d-2d84-4bfa-8818-62d026b336a2','cf1d5ca8-ec06-49bf-b498-e22e383b5e96',250000,1.0000,'26b3126e-62de-40bc-bfcc-794fcd220251','26b3126e-62de-40bc-bfcc-794fcd220251','2025-03-31 00:00:00','697c7befcc4f1','f3683bee-094b-4aa6-8163-8d418a27eb6a',NULL,224,'posted',NULL,NULL,0,NULL,NULL,'2026-01-30 12:37:51','2026-01-30 12:37:51'),('65b6672a-6caf-4e2e-9b2e-25b3633f9d7a','73ed89be-45ae-452e-ad9d-1461dee45e5c',6000,1.0000,'26b3126e-62de-40bc-bfcc-794fcd220251','26b3126e-62de-40bc-bfcc-794fcd220251','2025-03-31 00:00:00','697c7befd3a2a','f3683bee-094b-4aa6-8163-8d418a27eb6a',NULL,228,'posted',NULL,NULL,0,NULL,NULL,'2026-01-30 12:37:51','2026-01-30 12:37:51'),('65bcfc31-5424-4ac6-9b44-924a80684614','b5e6ca32-3423-49ca-b298-58e90e2d4e00',5000,1.0000,'26b3126e-62de-40bc-bfcc-794fcd220251','26b3126e-62de-40bc-bfcc-794fcd220251','2025-03-31 00:00:00','697c7bf20bbaf','f3683bee-094b-4aa6-8163-8d418a27eb6a',NULL,413,'posted',NULL,NULL,0,NULL,NULL,'2026-01-30 12:37:54','2026-01-30 12:37:54'),('65fcc51f-f31d-4fac-93e0-f5955cd3b3d1','b45b1d15-be51-4377-b952-9cfb9b27d058',3769543.1612,1.0000,'26b3126e-62de-40bc-bfcc-794fcd220251','26b3126e-62de-40bc-bfcc-794fcd220251','2025-04-01 00:00:00','69804a98b7447','f3683bee-094b-4aa6-8163-8d418a27eb6a',610,NULL,'posted',NULL,NULL,0,NULL,NULL,'2026-02-02 09:56:26','2026-02-02 09:56:26'),('6604591e-24d0-4f0e-822d-3e54704cde84','a084020b-942a-4784-9047-615c4eb2f9f1',42598000,1.0000,'26b3126e-62de-40bc-bfcc-794fcd220251','26b3126e-62de-40bc-bfcc-794fcd220251','2026-01-30 00:00:00','697c972f21072','f3683bee-094b-4aa6-8163-8d418a27eb6a',NULL,996,'posted',NULL,NULL,0,NULL,NULL,'2026-01-30 14:34:07','2026-01-30 14:34:07'),('666958d3-060f-4e12-a4a8-5ae7d100e943','561ca256-5bad-4b15-9105-bcad4d71fa54',10000,1.0000,'26b3126e-62de-40bc-bfcc-794fcd220251','26b3126e-62de-40bc-bfcc-794fcd220251','2025-03-31 00:00:00','697c7bf52c606','f3683bee-094b-4aa6-8163-8d418a27eb6a',649,NULL,'posted',NULL,NULL,0,NULL,NULL,'2026-01-30 12:37:57','2026-01-30 12:37:57'),('66dc794a-c166-4577-a04a-b28771d2506d','b45b1d15-be51-4377-b952-9cfb9b27d058',1250,1.0000,'26b3126e-62de-40bc-bfcc-794fcd220251','26b3126e-62de-40bc-bfcc-794fcd220251','2025-04-01 00:00:00','69804a98b7447','f3683bee-094b-4aa6-8163-8d418a27eb6a',688,NULL,'posted',NULL,NULL,0,NULL,NULL,'2026-02-02 09:56:26','2026-02-02 09:56:26'),('66dddb40-ffeb-4414-9c40-35d6b901fc70','7b150ea7-59a6-4655-adbb-2fe5ff6d4e6a',18050,1.0000,'26b3126e-62de-40bc-bfcc-794fcd220251','26b3126e-62de-40bc-bfcc-794fcd220251','2025-03-31 00:00:00','697c7bf58e123','f3683bee-094b-4aa6-8163-8d418a27eb6a',678,NULL,'posted',NULL,NULL,0,NULL,NULL,'2026-01-30 12:37:57','2026-01-30 12:37:57'),('670e401a-ead1-43c4-93f6-062bf620aca7','efa02bac-2ba7-407c-a5cb-647492efaf51',7500,1.0000,'26b3126e-62de-40bc-bfcc-794fcd220251','26b3126e-62de-40bc-bfcc-794fcd220251','2025-03-31 00:00:00','697c7bf25ac95','f3683bee-094b-4aa6-8163-8d418a27eb6a',NULL,439,'posted',NULL,NULL,0,NULL,NULL,'2026-01-30 12:37:54','2026-01-30 12:37:54'),('67487410-2a01-46db-8073-e7e5db4b81a8','f71771ea-387b-4561-865a-1ffed1376e40',383200,1.0000,'26b3126e-62de-40bc-bfcc-794fcd220251','26b3126e-62de-40bc-bfcc-794fcd220251','2025-03-31 00:00:00','697c7bef53c3b','f3683bee-094b-4aa6-8163-8d418a27eb6a',NULL,173,'posted',NULL,NULL,0,NULL,NULL,'2026-01-30 12:37:51','2026-01-30 12:37:51'),('67a245f0-a92f-4ce6-af22-a5f3651655e8','5595ab02-2d6e-48b7-b3a0-b8edb717bdf9',28230,1.0000,'26b3126e-62de-40bc-bfcc-794fcd220251','26b3126e-62de-40bc-bfcc-794fcd220251','2025-03-31 00:00:00','697c7bf1b76db','f3683bee-094b-4aa6-8163-8d418a27eb6a',NULL,391,'posted',NULL,NULL,0,NULL,NULL,'2026-01-30 12:37:53','2026-01-30 12:37:53'),('67a5e609-6f64-408c-a098-5a2a1b17347c','b45b1d15-be51-4377-b952-9cfb9b27d058',27516200,1.0000,'26b3126e-62de-40bc-bfcc-794fcd220251','26b3126e-62de-40bc-bfcc-794fcd220251','2025-04-01 00:00:00','69804a98b7447','f3683bee-094b-4aa6-8163-8d418a27eb6a',NULL,69,'posted',NULL,NULL,0,NULL,NULL,'2026-02-02 09:56:25','2026-02-02 09:56:25'),('67d544dd-e129-4607-acb1-943cd018f80a','23b181a0-0cd5-4c8b-b9b4-0815a15a016f',340000,1.0000,'26b3126e-62de-40bc-bfcc-794fcd220251','26b3126e-62de-40bc-bfcc-794fcd220251','2025-03-31 00:00:00','697c7bef6d73c','f3683bee-094b-4aa6-8163-8d418a27eb6a',NULL,184,'posted',NULL,NULL,0,NULL,NULL,'2026-01-30 12:37:51','2026-01-30 12:37:51'),('680daee5-af7c-4f40-b26a-ffb17493981d','a7c48547-e18e-4a95-b7fb-d55141c3c7c1',4500000,1.0000,'26b3126e-62de-40bc-bfcc-794fcd220251','26b3126e-62de-40bc-bfcc-794fcd220251','2025-03-31 00:00:00','697c7bedad213','f3683bee-094b-4aa6-8163-8d418a27eb6a',NULL,34,'posted',NULL,NULL,0,NULL,NULL,'2026-01-30 12:37:49','2026-01-30 12:37:49'),('68188934-2ba4-474e-8e76-f11d3de0163e','b630a5ca-3b62-4234-bf8d-f3cece61695a',26798583.18,1.0000,'26b3126e-62de-40bc-bfcc-794fcd220251','26b3126e-62de-40bc-bfcc-794fcd220251','2025-03-31 00:00:00','697c7bedcc5b1','f3683bee-094b-4aa6-8163-8d418a27eb6a',NULL,45,'posted',NULL,NULL,0,NULL,NULL,'2026-01-30 12:37:49','2026-01-30 12:37:49'),('681ad597-6089-43f5-97c4-041978b93e91','b45b1d15-be51-4377-b952-9cfb9b27d058',400000,1.0000,'26b3126e-62de-40bc-bfcc-794fcd220251','26b3126e-62de-40bc-bfcc-794fcd220251','2025-04-01 00:00:00','69804a98b7447','f3683bee-094b-4aa6-8163-8d418a27eb6a',NULL,104,'posted',NULL,NULL,0,NULL,NULL,'2026-02-02 09:56:25','2026-02-02 09:56:25'),('681dc2ba-e508-4953-bd88-48d3124cb83a','9ce2c2c8-b1c7-4fba-8b87-41b832b657d9',39840,1.0000,'26b3126e-62de-40bc-bfcc-794fcd220251','26b3126e-62de-40bc-bfcc-794fcd220251','2025-03-31 00:00:00','697c7bf58b069','f3683bee-094b-4aa6-8163-8d418a27eb6a',677,NULL,'posted',NULL,NULL,0,NULL,NULL,'2026-01-30 12:37:57','2026-01-30 12:37:57'),('685b1978-56fa-4a44-a986-1c03d78bda0d','b45b1d15-be51-4377-b952-9cfb9b27d058',1582925,1.0000,'26b3126e-62de-40bc-bfcc-794fcd220251','26b3126e-62de-40bc-bfcc-794fcd220251','2025-04-01 00:00:00','69804a98b7447','f3683bee-094b-4aa6-8163-8d418a27eb6a',NULL,375,'posted',NULL,NULL,0,NULL,NULL,'2026-02-02 09:56:24','2026-02-02 09:56:24'),('688909b9-8121-4605-8b24-794075354644','b45b1d15-be51-4377-b952-9cfb9b27d058',19046244.8,1.0000,'26b3126e-62de-40bc-bfcc-794fcd220251','26b3126e-62de-40bc-bfcc-794fcd220251','2025-04-01 00:00:00','69804a98b7447','f3683bee-094b-4aa6-8163-8d418a27eb6a',NULL,145,'posted',NULL,NULL,0,NULL,NULL,'2026-02-02 09:56:25','2026-02-02 09:56:25'),('68970aae-b8e7-4104-b2cf-ac61af9f0b6f','b45b1d15-be51-4377-b952-9cfb9b27d058',783948,1.0000,'26b3126e-62de-40bc-bfcc-794fcd220251','26b3126e-62de-40bc-bfcc-794fcd220251','2025-04-01 00:00:00','69804a98b7447','f3683bee-094b-4aa6-8163-8d418a27eb6a',NULL,338,'posted',NULL,NULL,0,NULL,NULL,'2026-02-02 09:56:24','2026-02-02 09:56:24'),('692ca2c6-8d18-462f-bf96-0fa242c5b585','26658c49-4baf-46c0-9330-0e48d242981d',13287806,1.0000,'26b3126e-62de-40bc-bfcc-794fcd220251','26b3126e-62de-40bc-bfcc-794fcd220251','2025-03-31 00:00:00','697c7bee4604f','f3683bee-094b-4aa6-8163-8d418a27eb6a',NULL,83,'posted',NULL,NULL,0,NULL,NULL,'2026-01-30 12:37:50','2026-01-30 12:37:50'),('6a2ec578-87ae-4890-9d2c-562e5653564c','35ae8a9a-e46b-49f2-9bbc-1451d33a96c2',2980705.6698617,1.0000,'26b3126e-62de-40bc-bfcc-794fcd220251','26b3126e-62de-40bc-bfcc-794fcd220251','2025-03-31 00:00:00','697c7bf414589','f3683bee-094b-4aa6-8163-8d418a27eb6a',567,NULL,'posted',NULL,NULL,0,NULL,NULL,'2026-01-30 12:37:56','2026-01-30 12:37:56'),('6a4b0040-2ecd-4756-a7ae-3ecf911f75a7','b45b1d15-be51-4377-b952-9cfb9b27d058',6000,1.0000,'26b3126e-62de-40bc-bfcc-794fcd220251','26b3126e-62de-40bc-bfcc-794fcd220251','2025-04-01 00:00:00','69804a98b7447','f3683bee-094b-4aa6-8163-8d418a27eb6a',653,NULL,'posted',NULL,NULL,0,NULL,NULL,'2026-02-02 09:56:26','2026-02-02 09:56:26'),('6a693f56-aff8-44fa-80c8-9544fc3e0672','f3342bf0-e4c0-4273-8664-b45de105eef9',80000,1.0000,'26b3126e-62de-40bc-bfcc-794fcd220251','26b3126e-62de-40bc-bfcc-794fcd220251','2025-03-31 00:00:00','697c7bf0ede40','f3683bee-094b-4aa6-8163-8d418a27eb6a',NULL,331,'posted',NULL,NULL,0,NULL,NULL,'2026-01-30 12:37:52','2026-01-30 12:37:52'),('6a9ea9a2-54e8-45d0-a9e2-c1af7f0884cb','b45b1d15-be51-4377-b952-9cfb9b27d058',350000,1.0000,'26b3126e-62de-40bc-bfcc-794fcd220251','26b3126e-62de-40bc-bfcc-794fcd220251','2025-04-01 00:00:00','69804a98b7447','f3683bee-094b-4aa6-8163-8d418a27eb6a',NULL,475,'posted',NULL,NULL,0,NULL,NULL,'2026-02-02 09:56:25','2026-02-02 09:56:25'),('6af3bee7-d36d-40c0-a069-b45143fb7fec','b45b1d15-be51-4377-b952-9cfb9b27d058',30000,1.0000,'26b3126e-62de-40bc-bfcc-794fcd220251','26b3126e-62de-40bc-bfcc-794fcd220251','2025-04-01 00:00:00','69804a98b7447','f3683bee-094b-4aa6-8163-8d418a27eb6a',NULL,317,'posted',NULL,NULL,0,NULL,NULL,'2026-02-02 09:56:24','2026-02-02 09:56:24'),('6b075b5e-1a99-4b9f-925a-66cdc6b4fe77','b45b1d15-be51-4377-b952-9cfb9b27d058',13053726707.292,1.0000,'26b3126e-62de-40bc-bfcc-794fcd220251','26b3126e-62de-40bc-bfcc-794fcd220251','2025-04-01 00:00:00','69804a98b7447','f3683bee-094b-4aa6-8163-8d418a27eb6a',NULL,26,'posted',NULL,NULL,0,NULL,NULL,'2026-02-02 09:56:25','2026-02-02 09:56:25'),('6b34e75c-c0dd-441a-a277-b3295724e62b','8b17e645-0368-4d20-9224-f9d62fa92671',180000,1.0000,'26b3126e-62de-40bc-bfcc-794fcd220251','26b3126e-62de-40bc-bfcc-794fcd220251','2025-03-31 00:00:00','697c7bf07daca','f3683bee-094b-4aa6-8163-8d418a27eb6a',NULL,293,'posted',NULL,NULL,0,NULL,NULL,'2026-01-30 12:37:52','2026-01-30 12:37:52'),('6b5db842-e261-411d-bbc9-c4c6571b8018','84f7c69c-f12e-4c05-bd94-af1babd4ccf2',45000,1.0000,'26b3126e-62de-40bc-bfcc-794fcd220251','26b3126e-62de-40bc-bfcc-794fcd220251','2025-03-31 00:00:00','697c7bf0b9a69','f3683bee-094b-4aa6-8163-8d418a27eb6a',NULL,314,'posted',NULL,NULL,0,NULL,NULL,'2026-01-30 12:37:52','2026-01-30 12:37:52'),('6b5fe74e-85d9-4364-a35b-0429304ce18a','8ce2ebb1-8260-40ec-9c6c-0ed421f3bd51',191250,1.0000,'26b3126e-62de-40bc-bfcc-794fcd220251','26b3126e-62de-40bc-bfcc-794fcd220251','2025-03-31 00:00:00','697c7bf19dc3b','f3683bee-094b-4aa6-8163-8d418a27eb6a',NULL,384,'posted',NULL,NULL,0,NULL,NULL,'2026-01-30 12:37:53','2026-01-30 12:37:53'),('6b604065-0acf-4a5f-90fb-6a6300e55a7f','b45b1d15-be51-4377-b952-9cfb9b27d058',7832197.2735,1.0000,'26b3126e-62de-40bc-bfcc-794fcd220251','26b3126e-62de-40bc-bfcc-794fcd220251','2025-04-01 00:00:00','69804a98b7447','f3683bee-094b-4aa6-8163-8d418a27eb6a',560,NULL,'posted',NULL,NULL,0,NULL,NULL,'2026-02-02 09:56:26','2026-02-02 09:56:26'),('6ba90860-03cf-4dd5-9e3f-a6dbc6181024','86824b2a-1cb2-4984-aae0-64d18fc2237f',8866194.9268342,1.0000,'26b3126e-62de-40bc-bfcc-794fcd220251','26b3126e-62de-40bc-bfcc-794fcd220251','2025-03-31 00:00:00','697c7bf3d0ec9','f3683bee-094b-4aa6-8163-8d418a27eb6a',550,NULL,'posted',NULL,NULL,0,NULL,NULL,'2026-01-30 12:37:55','2026-01-30 12:37:55'),('6baabd3d-e3cd-4473-9788-94656a455986','a8f544a2-9d93-480c-9e03-56816c7d9fcb',6656462.7288711,1.0000,'26b3126e-62de-40bc-bfcc-794fcd220251','26b3126e-62de-40bc-bfcc-794fcd220251','2025-03-31 00:00:00','697c7bf43c9b0','f3683bee-094b-4aa6-8163-8d418a27eb6a',578,NULL,'posted',NULL,NULL,0,NULL,NULL,'2026-01-30 12:37:56','2026-01-30 12:37:56'),('6bb39c96-294b-4268-be20-2639e98b053b','b45b1d15-be51-4377-b952-9cfb9b27d058',65000,1.0000,'26b3126e-62de-40bc-bfcc-794fcd220251','26b3126e-62de-40bc-bfcc-794fcd220251','2025-04-01 00:00:00','69804a98b7447','f3683bee-094b-4aa6-8163-8d418a27eb6a',NULL,254,'posted',NULL,NULL,0,NULL,NULL,'2026-02-02 09:56:24','2026-02-02 09:56:24'),('6c511d3b-41db-417e-b86b-dd98b4c92823','03a6b0f0-30e3-4cd9-b364-ae31e2e1baa2',6212360,1.0000,'26b3126e-62de-40bc-bfcc-794fcd220251','26b3126e-62de-40bc-bfcc-794fcd220251','2025-03-31 00:00:00','697c7bee5447b','f3683bee-094b-4aa6-8163-8d418a27eb6a',NULL,88,'posted',NULL,NULL,0,NULL,NULL,'2026-01-30 12:37:50','2026-01-30 12:37:50'),('6c9fbd55-1c74-4fda-a2c6-c8cde2ef5349','b45b1d15-be51-4377-b952-9cfb9b27d058',16442499921.069,1.0000,'26b3126e-62de-40bc-bfcc-794fcd220251','26b3126e-62de-40bc-bfcc-794fcd220251','2025-04-01 00:00:00','69804a98b7447','f3683bee-094b-4aa6-8163-8d418a27eb6a',8,8,'posted',NULL,NULL,0,NULL,NULL,'2026-02-02 09:56:24','2026-02-02 09:56:24'),('6cb1c6d0-8798-4636-9dac-e0c941f11105','0ca27317-0333-40ac-bf0e-8b5ca7cd1108',420000,1.0000,'26b3126e-62de-40bc-bfcc-794fcd220251','26b3126e-62de-40bc-bfcc-794fcd220251','2025-03-31 00:00:00','697c7bef67923','f3683bee-094b-4aa6-8163-8d418a27eb6a',NULL,182,'posted',NULL,NULL,0,NULL,NULL,'2026-01-30 12:37:51','2026-01-30 12:37:51'),('6ce05f54-9598-4b6c-abd6-97a87c91f524','b45b1d15-be51-4377-b952-9cfb9b27d058',279000,1.0000,'26b3126e-62de-40bc-bfcc-794fcd220251','26b3126e-62de-40bc-bfcc-794fcd220251','2025-04-01 00:00:00','69804a98b7447','f3683bee-094b-4aa6-8163-8d418a27eb6a',NULL,422,'posted',NULL,NULL,0,NULL,NULL,'2026-02-02 09:56:25','2026-02-02 09:56:25'),('6ce17a9c-1e88-4314-bd63-d4087eea5dce','4153e7b5-cdd9-43ca-a5a8-3c09ae1372c7',350000,1.0000,'26b3126e-62de-40bc-bfcc-794fcd220251','26b3126e-62de-40bc-bfcc-794fcd220251','2025-03-31 00:00:00','697c7bf2cf066','f3683bee-094b-4aa6-8163-8d418a27eb6a',NULL,471,'posted',NULL,NULL,0,NULL,NULL,'2026-01-30 12:37:54','2026-01-30 12:37:54'),('6cf0d572-397a-4ec9-a00d-55a5d3fd9cc1','53d7bded-71d3-4584-9605-05a936b602b5',40465190,1.0000,'26b3126e-62de-40bc-bfcc-794fcd220251','26b3126e-62de-40bc-bfcc-794fcd220251','2025-03-31 00:00:00','697c7bf310d66','f3683bee-094b-4aa6-8163-8d418a27eb6a',487,NULL,'posted',NULL,NULL,0,NULL,NULL,'2026-01-30 12:37:55','2026-01-30 12:37:55'),('6d3d30ff-98e3-4ea4-b840-86a9041fa9b9','b4dad527-4c38-41bd-8540-2c87d549ac14',1218437.95,1.0000,'26b3126e-62de-40bc-bfcc-794fcd220251','26b3126e-62de-40bc-bfcc-794fcd220251','2025-03-31 00:00:00','697c7bf228231','f3683bee-094b-4aa6-8163-8d418a27eb6a',NULL,423,'posted',NULL,NULL,0,NULL,NULL,'2026-01-30 12:37:54','2026-01-30 12:37:54'),('6d9f812d-f583-4994-bb02-54c5ef48cad0','3628bc36-f69f-4d1e-bfcd-6a061d12f86b',54000,1.0000,'26b3126e-62de-40bc-bfcc-794fcd220251','26b3126e-62de-40bc-bfcc-794fcd220251','2025-03-31 00:00:00','697c7bf19a1d9','f3683bee-094b-4aa6-8163-8d418a27eb6a',NULL,383,'posted',NULL,NULL,0,NULL,NULL,'2026-01-30 12:37:53','2026-01-30 12:37:53'),('6df76c80-5e3f-476a-9675-83fe7427ce54','cee19f95-c722-4ef4-86c8-a1b66b915653',61130,1.0000,'26b3126e-62de-40bc-bfcc-794fcd220251','26b3126e-62de-40bc-bfcc-794fcd220251','2025-03-31 00:00:00','697c7bf566b1b','f3683bee-094b-4aa6-8163-8d418a27eb6a',666,NULL,'posted',NULL,NULL,0,NULL,NULL,'2026-01-30 12:37:57','2026-01-30 12:37:57'),('6e2e89cb-66bf-45f5-b6b1-05c403e15211','b45b1d15-be51-4377-b952-9cfb9b27d058',1416000,1.0000,'26b3126e-62de-40bc-bfcc-794fcd220251','26b3126e-62de-40bc-bfcc-794fcd220251','2025-04-01 00:00:00','69804a98b7447','f3683bee-094b-4aa6-8163-8d418a27eb6a',509,NULL,'posted',NULL,NULL,0,NULL,NULL,'2026-02-02 09:56:26','2026-02-02 09:56:26'),('6e4bb481-2ead-4f31-b647-d3df53f10b73','b45b1d15-be51-4377-b952-9cfb9b27d058',3000000,1.0000,'26b3126e-62de-40bc-bfcc-794fcd220251','26b3126e-62de-40bc-bfcc-794fcd220251','2025-04-01 00:00:00','69804a98b7447','f3683bee-094b-4aa6-8163-8d418a27eb6a',NULL,465,'posted',NULL,NULL,0,NULL,NULL,'2026-02-02 09:56:25','2026-02-02 09:56:25'),('6ea9be12-78d0-4378-b96c-6b92c0418908','360959b7-1013-4737-8bb1-8f532a13c74c',3587200,1.0000,'26b3126e-62de-40bc-bfcc-794fcd220251','26b3126e-62de-40bc-bfcc-794fcd220251','2025-03-31 00:00:00','697c7bee9c21e','f3683bee-094b-4aa6-8163-8d418a27eb6a',NULL,113,'posted',NULL,NULL,0,NULL,NULL,'2026-01-30 12:37:50','2026-01-30 12:37:50'),('6ec3e61e-a639-41b7-a6b1-c7b056009a75','821a54fe-3382-434b-81a4-282d89fef00b',149579999.99667,1.0000,'26b3126e-62de-40bc-bfcc-794fcd220251','26b3126e-62de-40bc-bfcc-794fcd220251','2026-01-30 00:00:00','697c972e6f08d','f3683bee-094b-4aa6-8163-8d418a27eb6a',944,NULL,'posted',NULL,NULL,0,NULL,NULL,'2026-01-30 14:34:06','2026-01-30 14:34:06'),('6ed0f0b5-2640-430d-82aa-6721292e5c92','b45b1d15-be51-4377-b952-9cfb9b27d058',9000000,1.0000,'26b3126e-62de-40bc-bfcc-794fcd220251','26b3126e-62de-40bc-bfcc-794fcd220251','2025-04-01 00:00:00','69804a98b7447','f3683bee-094b-4aa6-8163-8d418a27eb6a',NULL,49,'posted',NULL,NULL,0,NULL,NULL,'2026-02-02 09:56:25','2026-02-02 09:56:25'),('6f15691f-48f1-4810-9c35-d2fb48ea3820','33928321-48bf-46ee-9414-7e298e424fd7',14761556.405093,1.0000,'26b3126e-62de-40bc-bfcc-794fcd220251','26b3126e-62de-40bc-bfcc-794fcd220251','2025-03-31 00:00:00','697c7bf41f4dc','f3683bee-094b-4aa6-8163-8d418a27eb6a',570,NULL,'posted',NULL,NULL,0,NULL,NULL,'2026-01-30 12:37:56','2026-01-30 12:37:56'),('6f1d8f77-e89c-41ce-b424-418fb2991fc5','b45b1d15-be51-4377-b952-9cfb9b27d058',244670,1.0000,'26b3126e-62de-40bc-bfcc-794fcd220251','26b3126e-62de-40bc-bfcc-794fcd220251','2025-04-01 00:00:00','69804a98b7447','f3683bee-094b-4aa6-8163-8d418a27eb6a',NULL,396,'posted',NULL,NULL,0,NULL,NULL,'2026-02-02 09:56:25','2026-02-02 09:56:25'),('6f2304ab-ba85-4147-90df-461f0c99ab5a','9f520874-958c-41e1-bfa3-04d2a6d98170',2500,1.0000,'26b3126e-62de-40bc-bfcc-794fcd220251','26b3126e-62de-40bc-bfcc-794fcd220251','2025-03-31 00:00:00','697c7bf1b4039','f3683bee-094b-4aa6-8163-8d418a27eb6a',NULL,390,'posted',NULL,NULL,0,NULL,NULL,'2026-01-30 12:37:53','2026-01-30 12:37:53'),('6f9b1748-2fb7-48b8-b58f-3832fd8bcb25','61e1f202-1d24-4290-811d-461fc16052ef',430000,1.0000,'26b3126e-62de-40bc-bfcc-794fcd220251','26b3126e-62de-40bc-bfcc-794fcd220251','2025-03-31 00:00:00','697c7bf009802','f3683bee-094b-4aa6-8163-8d418a27eb6a',NULL,247,'posted',NULL,NULL,0,NULL,NULL,'2026-01-30 12:37:52','2026-01-30 12:37:52'),('6fa36875-9135-4579-a83c-8c0e5d281fb0','5714076a-50e5-4326-b101-ea83b3c64481',875000,1.0000,'26b3126e-62de-40bc-bfcc-794fcd220251','26b3126e-62de-40bc-bfcc-794fcd220251','2025-03-31 00:00:00','697c7bf2cb993','f3683bee-094b-4aa6-8163-8d418a27eb6a',NULL,470,'posted',NULL,NULL,0,NULL,NULL,'2026-01-30 12:37:54','2026-01-30 12:37:54'),('6fa71278-b2ba-4520-a896-e721acd5e3f7','b45b1d15-be51-4377-b952-9cfb9b27d058',217000,1.0000,'26b3126e-62de-40bc-bfcc-794fcd220251','26b3126e-62de-40bc-bfcc-794fcd220251','2025-04-01 00:00:00','69804a98b7447','f3683bee-094b-4aa6-8163-8d418a27eb6a',NULL,378,'posted',NULL,NULL,0,NULL,NULL,'2026-02-02 09:56:24','2026-02-02 09:56:24'),('6fb13998-1b38-4e59-a0dd-84c09b8b9ac3','b45b1d15-be51-4377-b952-9cfb9b27d058',30000,1.0000,'26b3126e-62de-40bc-bfcc-794fcd220251','26b3126e-62de-40bc-bfcc-794fcd220251','2025-04-01 00:00:00','69804a98b7447','f3683bee-094b-4aa6-8163-8d418a27eb6a',NULL,393,'posted',NULL,NULL,0,NULL,NULL,'2026-02-02 09:56:25','2026-02-02 09:56:25'),('6fc4fc90-e781-4e0d-be5d-a29d4b7288ba','b45b1d15-be51-4377-b952-9cfb9b27d058',575000,1.0000,'26b3126e-62de-40bc-bfcc-794fcd220251','26b3126e-62de-40bc-bfcc-794fcd220251','2025-04-01 00:00:00','69804a98b7447','f3683bee-094b-4aa6-8163-8d418a27eb6a',NULL,287,'posted',NULL,NULL,0,NULL,NULL,'2026-02-02 09:56:25','2026-02-02 09:56:25'),('6fd648e2-eb26-410a-90ba-df51710b5d59','b45b1d15-be51-4377-b952-9cfb9b27d058',387000,1.0000,'26b3126e-62de-40bc-bfcc-794fcd220251','26b3126e-62de-40bc-bfcc-794fcd220251','2025-04-01 00:00:00','69804a98b7447','f3683bee-094b-4aa6-8163-8d418a27eb6a',NULL,447,'posted',NULL,NULL,0,NULL,NULL,'2026-02-02 09:56:25','2026-02-02 09:56:25'),('6ff8b017-68a2-45b1-924c-4f877ac5b460','b45b1d15-be51-4377-b952-9cfb9b27d058',882680,1.0000,'26b3126e-62de-40bc-bfcc-794fcd220251','26b3126e-62de-40bc-bfcc-794fcd220251','2025-04-01 00:00:00','69804a98b7447','f3683bee-094b-4aa6-8163-8d418a27eb6a',NULL,445,'posted',NULL,NULL,0,NULL,NULL,'2026-02-02 09:56:25','2026-02-02 09:56:25'),('706c3037-4247-4752-b445-bd1f1cc0b702','b45b1d15-be51-4377-b952-9cfb9b27d058',26798583.18,1.0000,'26b3126e-62de-40bc-bfcc-794fcd220251','26b3126e-62de-40bc-bfcc-794fcd220251','2025-04-01 00:00:00','69804a98b7447','f3683bee-094b-4aa6-8163-8d418a27eb6a',NULL,45,'posted',NULL,NULL,0,NULL,NULL,'2026-02-02 09:56:25','2026-02-02 09:56:25'),('70ac83df-50e4-4947-9f69-bd4a4c21edd8','b45b1d15-be51-4377-b952-9cfb9b27d058',5000,1.0000,'26b3126e-62de-40bc-bfcc-794fcd220251','26b3126e-62de-40bc-bfcc-794fcd220251','2025-04-01 00:00:00','69804a98b7447','f3683bee-094b-4aa6-8163-8d418a27eb6a',NULL,434,'posted',NULL,NULL,0,NULL,NULL,'2026-02-02 09:56:24','2026-02-02 09:56:24'),('70f59066-8e3c-453c-bb1e-e0276160758b','6bddde86-3ef8-4243-a99b-fc6453003e86',8543467.3119205,1.0000,'26b3126e-62de-40bc-bfcc-794fcd220251','26b3126e-62de-40bc-bfcc-794fcd220251','2025-03-31 00:00:00','697c7bf4b0590','f3683bee-094b-4aa6-8163-8d418a27eb6a',614,NULL,'posted',NULL,NULL,0,NULL,NULL,'2026-01-30 12:37:56','2026-01-30 12:37:56'),('7123c131-e3ab-46b6-a021-ca0d121171f5','ec240366-822d-435f-9feb-eb600d96faab',1603530,1.0000,'26b3126e-62de-40bc-bfcc-794fcd220251','26b3126e-62de-40bc-bfcc-794fcd220251','2025-03-31 00:00:00','697c7bf21bdf3','f3683bee-094b-4aa6-8163-8d418a27eb6a',NULL,419,'posted',NULL,NULL,0,NULL,NULL,'2026-01-30 12:37:54','2026-01-30 12:37:54'),('713e874c-a338-43b7-a731-477d8a0195ad','b45b1d15-be51-4377-b952-9cfb9b27d058',19000,1.0000,'26b3126e-62de-40bc-bfcc-794fcd220251','26b3126e-62de-40bc-bfcc-794fcd220251','2025-04-01 00:00:00','69804a98b7447','f3683bee-094b-4aa6-8163-8d418a27eb6a',NULL,402,'posted',NULL,NULL,0,NULL,NULL,'2026-02-02 09:56:24','2026-02-02 09:56:24'),('717af365-50e8-4c3e-8726-d900df35b362','85f0811f-52a5-49df-a0b6-3e69e4576810',430000,1.0000,'26b3126e-62de-40bc-bfcc-794fcd220251','26b3126e-62de-40bc-bfcc-794fcd220251','2025-03-31 00:00:00','697c7bf0627dd','f3683bee-094b-4aa6-8163-8d418a27eb6a',NULL,283,'posted',NULL,NULL,0,NULL,NULL,'2026-01-30 12:37:52','2026-01-30 12:37:52'),('717e449a-a8ff-40bb-8313-8f5c7875aa37','06a967f8-6689-4a10-a8ef-a55f4a64f6eb',14170358.24,1.0000,'26b3126e-62de-40bc-bfcc-794fcd220251','26b3126e-62de-40bc-bfcc-794fcd220251','2026-01-30 00:00:00','697c972e5b0af','f3683bee-094b-4aa6-8163-8d418a27eb6a',935,NULL,'posted',NULL,NULL,0,NULL,NULL,'2026-01-30 14:34:06','2026-01-30 14:34:06'),('71a46711-9177-404f-8a8f-7fdd40c361d5','6f0b9928-048c-4a99-8b1f-e4ce2c04f379',2307749.2521648,1.0000,'26b3126e-62de-40bc-bfcc-794fcd220251','26b3126e-62de-40bc-bfcc-794fcd220251','2025-03-31 00:00:00','697c7bf410f53','f3683bee-094b-4aa6-8163-8d418a27eb6a',566,NULL,'posted',NULL,NULL,0,NULL,NULL,'2026-01-30 12:37:56','2026-01-30 12:37:56'),('71e61a39-6e96-405c-bfe5-036aba28f77d','099eb217-6ebe-4be6-aa6d-c70a6435824a',420000,1.0000,'26b3126e-62de-40bc-bfcc-794fcd220251','26b3126e-62de-40bc-bfcc-794fcd220251','2025-03-31 00:00:00','697c7bf042d80','f3683bee-094b-4aa6-8163-8d418a27eb6a',NULL,269,'posted',NULL,NULL,0,NULL,NULL,'2026-01-30 12:37:52','2026-01-30 12:37:52'),('71f7de6a-e596-44a5-af1c-d7b53f558b3d','400edcf3-1032-45ba-88eb-7ef6ee4650ad',900000,1.0000,'26b3126e-62de-40bc-bfcc-794fcd220251','26b3126e-62de-40bc-bfcc-794fcd220251','2025-03-31 00:00:00','697c7bee89cfc','f3683bee-094b-4aa6-8163-8d418a27eb6a',NULL,107,'posted',NULL,NULL,0,NULL,NULL,'2026-01-30 12:37:50','2026-01-30 12:37:50'),('721f69bb-15dd-4711-aafa-eaa390e87ef8','b45b1d15-be51-4377-b952-9cfb9b27d058',13928720833.333,1.0000,'26b3126e-62de-40bc-bfcc-794fcd220251','26b3126e-62de-40bc-bfcc-794fcd220251','2025-04-01 00:00:00','69804a98b7447','f3683bee-094b-4aa6-8163-8d418a27eb6a',NULL,36,'posted',NULL,NULL,0,NULL,NULL,'2026-02-02 09:56:24','2026-02-02 09:56:24'),('722e0989-b4c2-4aa1-ba95-d029e1daa756','b45b1d15-be51-4377-b952-9cfb9b27d058',505250,1.0000,'26b3126e-62de-40bc-bfcc-794fcd220251','26b3126e-62de-40bc-bfcc-794fcd220251','2025-04-01 00:00:00','69804a98b7447','f3683bee-094b-4aa6-8163-8d418a27eb6a',NULL,92,'posted',NULL,NULL,0,NULL,NULL,'2026-02-02 09:56:25','2026-02-02 09:56:25'),('7231d25d-6fd4-45e6-9818-2c1ac460a647','b45b1d15-be51-4377-b952-9cfb9b27d058',570000,1.0000,'26b3126e-62de-40bc-bfcc-794fcd220251','26b3126e-62de-40bc-bfcc-794fcd220251','2025-04-01 00:00:00','69804a98b7447','f3683bee-094b-4aa6-8163-8d418a27eb6a',NULL,201,'posted',NULL,NULL,0,NULL,NULL,'2026-02-02 09:56:25','2026-02-02 09:56:25'),('72573c67-ab65-4988-b09a-fd517f3b38c0','f10ac2a8-0a09-4f3a-92af-cf106a51eb87',8228439,1.0000,'26b3126e-62de-40bc-bfcc-794fcd220251','26b3126e-62de-40bc-bfcc-794fcd220251','2026-01-30 00:00:00','697c972ed0a06','f3683bee-094b-4aa6-8163-8d418a27eb6a',NULL,972,'posted',NULL,NULL,0,NULL,NULL,'2026-01-30 14:34:06','2026-01-30 14:34:06'),('728c552f-38d6-43f7-81df-e3b95112c5da','a7e93f6e-3b08-4f1a-8dae-9ab4eb4334c0',260000,1.0000,'26b3126e-62de-40bc-bfcc-794fcd220251','26b3126e-62de-40bc-bfcc-794fcd220251','2025-03-31 00:00:00','697c7bf0dcf23','f3683bee-094b-4aa6-8163-8d418a27eb6a',NULL,326,'posted',NULL,NULL,0,NULL,NULL,'2026-01-30 12:37:52','2026-01-30 12:37:52'),('72f433b5-43c7-4510-a159-a2ac4dd943d1','fab5e68f-01cd-41d0-b1f2-8c0935985a55',10460000,1.0000,'26b3126e-62de-40bc-bfcc-794fcd220251','26b3126e-62de-40bc-bfcc-794fcd220251','2026-01-30 00:00:00','697c972e79855','f3683bee-094b-4aa6-8163-8d418a27eb6a',NULL,947,'posted',NULL,NULL,0,NULL,NULL,'2026-01-30 14:34:06','2026-01-30 14:34:06'),('73922141-84fb-42d4-abf3-91053bea6900','ff90c77b-6ee4-425c-9562-248a633a194d',150000,1.0000,'26b3126e-62de-40bc-bfcc-794fcd220251','26b3126e-62de-40bc-bfcc-794fcd220251','2025-03-31 00:00:00','697c7bef75f94','f3683bee-094b-4aa6-8163-8d418a27eb6a',NULL,188,'posted',NULL,NULL,0,NULL,NULL,'2026-01-30 12:37:51','2026-01-30 12:37:51'),('739dfc83-c78c-4196-a6b2-fd8071f9d1aa','367d5ca0-6990-4f1a-a1ec-efd1c0b6d9c9',3769543.1612312,1.0000,'26b3126e-62de-40bc-bfcc-794fcd220251','26b3126e-62de-40bc-bfcc-794fcd220251','2025-03-31 00:00:00','697c7bf4a341e','f3683bee-094b-4aa6-8163-8d418a27eb6a',610,NULL,'posted',NULL,NULL,0,NULL,NULL,'2026-01-30 12:37:56','2026-01-30 12:37:56'),('74abf7f0-50f4-4327-a8b2-4f82b018220e','1882f252-c7cb-4379-ac50-fe9f45e4fd2c',17924200,1.0000,'26b3126e-62de-40bc-bfcc-794fcd220251','26b3126e-62de-40bc-bfcc-794fcd220251','2025-03-31 00:00:00','697c7bee4356d','f3683bee-094b-4aa6-8163-8d418a27eb6a',NULL,82,'posted',NULL,NULL,0,NULL,NULL,'2026-01-30 12:37:50','2026-01-30 12:37:50'),('74d57b27-64e3-443f-b631-c43688bfe51e','42754944-7f7a-47f9-8407-3db4a91174b0',2014215.2059127,1.0000,'26b3126e-62de-40bc-bfcc-794fcd220251','26b3126e-62de-40bc-bfcc-794fcd220251','2025-03-31 00:00:00','697c7bf49a428','f3683bee-094b-4aa6-8163-8d418a27eb6a',607,NULL,'posted',NULL,NULL,0,NULL,NULL,'2026-01-30 12:37:56','2026-01-30 12:37:56'),('74e6c80e-9e13-4f5e-8fef-85c5535c1103','b45b1d15-be51-4377-b952-9cfb9b27d058',90000,1.0000,'26b3126e-62de-40bc-bfcc-794fcd220251','26b3126e-62de-40bc-bfcc-794fcd220251','2025-04-01 00:00:00','69804a98b7447','f3683bee-094b-4aa6-8163-8d418a27eb6a',NULL,323,'posted',NULL,NULL,0,NULL,NULL,'2026-02-02 09:56:25','2026-02-02 09:56:25'),('7500e2e9-ca6c-44ae-bafb-992b36be06f7','7cb3a576-ab68-4323-ae36-1029e192ae2e',400000,1.0000,'26b3126e-62de-40bc-bfcc-794fcd220251','26b3126e-62de-40bc-bfcc-794fcd220251','2025-03-31 00:00:00','697c7bee81dbd','f3683bee-094b-4aa6-8163-8d418a27eb6a',NULL,104,'posted',NULL,NULL,0,NULL,NULL,'2026-01-30 12:37:50','2026-01-30 12:37:50'),('75186bab-6778-4b12-9804-dede298c9a32','91ad108a-5478-4d20-b53f-b7259e99419a',1420318.8270186,1.0000,'26b3126e-62de-40bc-bfcc-794fcd220251','26b3126e-62de-40bc-bfcc-794fcd220251','2025-03-31 00:00:00','697c7bf460164','f3683bee-094b-4aa6-8163-8d418a27eb6a',589,NULL,'posted',NULL,NULL,0,NULL,NULL,'2026-01-30 12:37:56','2026-01-30 12:37:56'),('7549d551-75b0-4f30-a21c-323e7ba95da2','b45b1d15-be51-4377-b952-9cfb9b27d058',400000,1.0000,'26b3126e-62de-40bc-bfcc-794fcd220251','26b3126e-62de-40bc-bfcc-794fcd220251','2025-04-01 00:00:00','69804a98b7447','f3683bee-094b-4aa6-8163-8d418a27eb6a',NULL,170,'posted',NULL,NULL,0,NULL,NULL,'2026-02-02 09:56:25','2026-02-02 09:56:25'),('75696eee-6b0f-4f51-951b-78e457419c83','7cd23b09-0606-4b1f-a3e3-c3d81b8af983',71208,1.0000,'26b3126e-62de-40bc-bfcc-794fcd220251','26b3126e-62de-40bc-bfcc-794fcd220251','2025-03-31 00:00:00','697c7bf2800d6','f3683bee-094b-4aa6-8163-8d418a27eb6a',NULL,449,'posted',NULL,NULL,0,NULL,NULL,'2026-01-30 12:37:54','2026-01-30 12:37:54'),('759e6928-793e-49f8-9e68-fe734b5ee1ed','b45b1d15-be51-4377-b952-9cfb9b27d058',420000,1.0000,'26b3126e-62de-40bc-bfcc-794fcd220251','26b3126e-62de-40bc-bfcc-794fcd220251','2025-04-01 00:00:00','69804a98b7447','f3683bee-094b-4aa6-8163-8d418a27eb6a',NULL,269,'posted',NULL,NULL,0,NULL,NULL,'2026-02-02 09:56:25','2026-02-02 09:56:25'),('75de0129-d0ac-4444-b928-15fc4a3a94cc','b45b1d15-be51-4377-b952-9cfb9b27d058',430000,1.0000,'26b3126e-62de-40bc-bfcc-794fcd220251','26b3126e-62de-40bc-bfcc-794fcd220251','2025-04-01 00:00:00','69804a98b7447','f3683bee-094b-4aa6-8163-8d418a27eb6a',NULL,307,'posted',NULL,NULL,0,NULL,NULL,'2026-02-02 09:56:25','2026-02-02 09:56:25'),('76170c56-43db-47a1-bf26-f293388ad2b3','b45b1d15-be51-4377-b952-9cfb9b27d058',119690,1.0000,'26b3126e-62de-40bc-bfcc-794fcd220251','26b3126e-62de-40bc-bfcc-794fcd220251','2025-04-01 00:00:00','69804a98b7447','f3683bee-094b-4aa6-8163-8d418a27eb6a',665,NULL,'posted',NULL,NULL,0,NULL,NULL,'2026-02-02 09:56:25','2026-02-02 09:56:25'),('76401239-d494-4c2f-a635-1b8a58c3f95d','4a8c99e4-0d2b-40b0-b43c-5b6bd87c801a',244670,1.0000,'26b3126e-62de-40bc-bfcc-794fcd220251','26b3126e-62de-40bc-bfcc-794fcd220251','2025-03-31 00:00:00','697c7bf1c8bc5','f3683bee-094b-4aa6-8163-8d418a27eb6a',NULL,396,'posted',NULL,NULL,0,NULL,NULL,'2026-01-30 12:37:53','2026-01-30 12:37:53'),('767131fd-f6a7-468b-b178-74faa48ded7b','cec31249-cfe1-468c-b010-e9584b216d3f',500000,1.0000,'26b3126e-62de-40bc-bfcc-794fcd220251','26b3126e-62de-40bc-bfcc-794fcd220251','2025-03-31 00:00:00','697c7bf23abce','f3683bee-094b-4aa6-8163-8d418a27eb6a',NULL,429,'posted',NULL,NULL,0,NULL,NULL,'2026-01-30 12:37:54','2026-01-30 12:37:54'),('768899b8-3c10-43b1-8b0e-c3cc01f83ac2','c61a9913-3601-4629-94dc-9037f95c713d',98983,1.0000,'26b3126e-62de-40bc-bfcc-794fcd220251','26b3126e-62de-40bc-bfcc-794fcd220251','2025-03-31 00:00:00','697c7bf597487','f3683bee-094b-4aa6-8163-8d418a27eb6a',681,NULL,'posted',NULL,NULL,0,NULL,NULL,'2026-01-30 12:37:57','2026-01-30 12:37:57'),('76c31532-c5c4-441d-8dd2-531ff4c87d41','b45b1d15-be51-4377-b952-9cfb9b27d058',310000,1.0000,'26b3126e-62de-40bc-bfcc-794fcd220251','26b3126e-62de-40bc-bfcc-794fcd220251','2025-04-01 00:00:00','69804a98b7447','f3683bee-094b-4aa6-8163-8d418a27eb6a',NULL,279,'posted',NULL,NULL,0,NULL,NULL,'2026-02-02 09:56:25','2026-02-02 09:56:25'),('7700c531-4e02-42d9-8b48-9ed25b8f0a22','b259ae7a-07b9-4d93-a97a-5667a158ed43',6566639.54,1.0000,'26b3126e-62de-40bc-bfcc-794fcd220251','26b3126e-62de-40bc-bfcc-794fcd220251','2025-03-31 00:00:00','697c7bedd187a','f3683bee-094b-4aa6-8163-8d418a27eb6a',NULL,47,'posted',NULL,NULL,0,NULL,NULL,'2026-01-30 12:37:49','2026-01-30 12:37:49'),('7799dbbb-31f0-4bd9-a9d1-38858308567d','11168e13-9e11-4460-bd57-55f3c8ca85a4',2893000,1.0000,'26b3126e-62de-40bc-bfcc-794fcd220251','26b3126e-62de-40bc-bfcc-794fcd220251','2025-03-31 00:00:00','697c7bf347200','f3683bee-094b-4aa6-8163-8d418a27eb6a',504,NULL,'posted',NULL,NULL,0,NULL,NULL,'2026-01-30 12:37:55','2026-01-30 12:37:55'),('780f7297-640a-4e62-b347-49cc8bfa019f','099cfbc0-971d-47f5-88e1-49186bdf7d89',430000,1.0000,'26b3126e-62de-40bc-bfcc-794fcd220251','26b3126e-62de-40bc-bfcc-794fcd220251','2025-03-31 00:00:00','697c7bf122922','f3683bee-094b-4aa6-8163-8d418a27eb6a',NULL,344,'posted',NULL,NULL,0,NULL,NULL,'2026-01-30 12:37:53','2026-01-30 12:37:53'),('793268df-f464-47d5-8d1d-0263aa7fb0e6','533c9a73-3986-4315-af54-65b25afe7bc7',19802200,1.0000,'26b3126e-62de-40bc-bfcc-794fcd220251','26b3126e-62de-40bc-bfcc-794fcd220251','2025-03-31 00:00:00','697c7bee1a944','f3683bee-094b-4aa6-8163-8d418a27eb6a',NULL,68,'posted',NULL,NULL,0,NULL,NULL,'2026-01-30 12:37:50','2026-01-30 12:37:50'),('7964579e-c34a-430a-ba38-455001502e49','bb55f489-5ece-429c-966c-138f880f9d3f',490000,1.0000,'26b3126e-62de-40bc-bfcc-794fcd220251','26b3126e-62de-40bc-bfcc-794fcd220251','2025-03-31 00:00:00','697c7bef12551','f3683bee-094b-4aa6-8163-8d418a27eb6a',NULL,149,'posted',NULL,NULL,0,NULL,NULL,'2026-01-30 12:37:51','2026-01-30 12:37:51'),('7994341b-0e98-44e0-bdd4-f84c57b9aa60','50bf2f86-9ad4-4e8f-9170-0e9b1cea7809',12000000,1.0000,'26b3126e-62de-40bc-bfcc-794fcd220251','26b3126e-62de-40bc-bfcc-794fcd220251','2025-03-31 00:00:00','697c7bf2b3b23','f3683bee-094b-4aa6-8163-8d418a27eb6a',NULL,463,'posted',NULL,NULL,0,NULL,NULL,'2026-01-30 12:37:54','2026-01-30 12:37:54'),('7998c877-55ed-498f-8409-380c645c6021','36a69d95-4834-4f37-afef-cdb67cf4a8c8',250000,1.0000,'26b3126e-62de-40bc-bfcc-794fcd220251','26b3126e-62de-40bc-bfcc-794fcd220251','2025-03-31 00:00:00','697c7bf1535d7','f3683bee-094b-4aa6-8163-8d418a27eb6a',NULL,361,'posted',NULL,NULL,0,NULL,NULL,'2026-01-30 12:37:53','2026-01-30 12:37:53'),('79b83792-9cdd-423c-af0f-95b5d9ac9892','b45b1d15-be51-4377-b952-9cfb9b27d058',8500000,1.0000,'26b3126e-62de-40bc-bfcc-794fcd220251','26b3126e-62de-40bc-bfcc-794fcd220251','2025-04-01 00:00:00','69804a98b7447','f3683bee-094b-4aa6-8163-8d418a27eb6a',NULL,454,'posted',NULL,NULL,0,NULL,NULL,'2026-02-02 09:56:24','2026-02-02 09:56:24'),('7a0702a9-e917-446e-8da1-8024aecf81fa','30db86d3-2b99-446a-873d-d5ba3efefca7',3000,1.0000,'26b3126e-62de-40bc-bfcc-794fcd220251','26b3126e-62de-40bc-bfcc-794fcd220251','2025-03-31 00:00:00','697c7bf52f7c0','f3683bee-094b-4aa6-8163-8d418a27eb6a',650,NULL,'posted',NULL,NULL,0,NULL,NULL,'2026-01-30 12:37:57','2026-01-30 12:37:57'),('7a113400-37c9-4268-80cd-bad8e77544b1','b45b1d15-be51-4377-b952-9cfb9b27d058',4620199.5621,1.0000,'26b3126e-62de-40bc-bfcc-794fcd220251','26b3126e-62de-40bc-bfcc-794fcd220251','2025-04-01 00:00:00','69804a98b7447','f3683bee-094b-4aa6-8163-8d418a27eb6a',563,NULL,'posted',NULL,NULL,0,NULL,NULL,'2026-02-02 09:56:25','2026-02-02 09:56:25'),('7a598571-5dba-43d0-a28d-613d7412bb33','b45b1d15-be51-4377-b952-9cfb9b27d058',1312370.7883,1.0000,'26b3126e-62de-40bc-bfcc-794fcd220251','26b3126e-62de-40bc-bfcc-794fcd220251','2025-04-01 00:00:00','69804a98b7447','f3683bee-094b-4aa6-8163-8d418a27eb6a',584,NULL,'posted',NULL,NULL,0,NULL,NULL,'2026-02-02 09:56:26','2026-02-02 09:56:26'),('7a5b124e-b54d-446d-b647-7ee14ff74376','b45b1d15-be51-4377-b952-9cfb9b27d058',330000,1.0000,'26b3126e-62de-40bc-bfcc-794fcd220251','26b3126e-62de-40bc-bfcc-794fcd220251','2025-04-01 00:00:00','69804a98b7447','f3683bee-094b-4aa6-8163-8d418a27eb6a',NULL,136,'posted',NULL,NULL,0,NULL,NULL,'2026-02-02 09:56:25','2026-02-02 09:56:25'),('7a6dacf2-879b-4664-bcab-04cf31dcb96c','b45b1d15-be51-4377-b952-9cfb9b27d058',290000,1.0000,'26b3126e-62de-40bc-bfcc-794fcd220251','26b3126e-62de-40bc-bfcc-794fcd220251','2025-04-01 00:00:00','69804a98b7447','f3683bee-094b-4aa6-8163-8d418a27eb6a',NULL,227,'posted',NULL,NULL,0,NULL,NULL,'2026-02-02 09:56:25','2026-02-02 09:56:25'),('7a994db3-7519-46f0-ac36-3fb3685db55f','947816bd-174c-4f96-940a-c7f678f5efa5',8962801.6637093,1.0000,'26b3126e-62de-40bc-bfcc-794fcd220251','26b3126e-62de-40bc-bfcc-794fcd220251','2025-03-31 00:00:00','697c7bf423538','f3683bee-094b-4aa6-8163-8d418a27eb6a',571,NULL,'posted',NULL,NULL,0,NULL,NULL,'2026-01-30 12:37:56','2026-01-30 12:37:56'),('7ac6bea8-3404-475e-86a0-9e618cafd117','5c61ddae-0ab3-4f75-bdf3-5cd7e117ccb4',101500,1.0000,'26b3126e-62de-40bc-bfcc-794fcd220251','26b3126e-62de-40bc-bfcc-794fcd220251','2025-03-31 00:00:00','697c7bf1d6fb3','f3683bee-094b-4aa6-8163-8d418a27eb6a',NULL,400,'posted',NULL,NULL,0,NULL,NULL,'2026-01-30 12:37:53','2026-01-30 12:37:53'),('7acab85b-d5cb-4583-8169-4bab93f67f03','51dc9722-c3c3-4361-b41c-3f52b599689c',7832197.2735165,1.0000,'26b3126e-62de-40bc-bfcc-794fcd220251','26b3126e-62de-40bc-bfcc-794fcd220251','2025-03-31 00:00:00','697c7bf3f348e','f3683bee-094b-4aa6-8163-8d418a27eb6a',560,NULL,'posted',NULL,NULL,0,NULL,NULL,'2026-01-30 12:37:56','2026-01-30 12:37:56'),('7b14387c-08c9-4baf-a8be-ef9d1cb1daaa','b45b1d15-be51-4377-b952-9cfb9b27d058',430000,1.0000,'26b3126e-62de-40bc-bfcc-794fcd220251','26b3126e-62de-40bc-bfcc-794fcd220251','2025-04-01 00:00:00','69804a98b7447','f3683bee-094b-4aa6-8163-8d418a27eb6a',NULL,301,'posted',NULL,NULL,0,NULL,NULL,'2026-02-02 09:56:25','2026-02-02 09:56:25'),('7b251fb8-c113-4d96-9f0e-9c3a27c7ef8f','606a398e-f9d5-4d03-9ed3-017afd4350ae',180000,1.0000,'26b3126e-62de-40bc-bfcc-794fcd220251','26b3126e-62de-40bc-bfcc-794fcd220251','2025-03-31 00:00:00','697c7bf09f515','f3683bee-094b-4aa6-8163-8d418a27eb6a',NULL,305,'posted',NULL,NULL,0,NULL,NULL,'2026-01-30 12:37:52','2026-01-30 12:37:52'),('7b6bd915-c13b-4514-afdf-c3ad76ee5863','ccfa4b63-8f25-47c5-b632-ebc8c9728ab4',9269545.6822543,1.0000,'26b3126e-62de-40bc-bfcc-794fcd220251','26b3126e-62de-40bc-bfcc-794fcd220251','2025-03-31 00:00:00','697c7bf3df27b','f3683bee-094b-4aa6-8163-8d418a27eb6a',554,NULL,'posted',NULL,NULL,0,NULL,NULL,'2026-01-30 12:37:55','2026-01-30 12:37:55'),('7bed59c0-7f2f-4ab0-8a09-0e33bb2bb27e','b45b1d15-be51-4377-b952-9cfb9b27d058',300000,1.0000,'26b3126e-62de-40bc-bfcc-794fcd220251','26b3126e-62de-40bc-bfcc-794fcd220251','2025-04-01 00:00:00','69804a98b7447','f3683bee-094b-4aa6-8163-8d418a27eb6a',522,NULL,'posted',NULL,NULL,0,NULL,NULL,'2026-02-02 09:56:26','2026-02-02 09:56:26'),('7c0b93e5-33d0-4e9c-a7d4-d0785de70d3a','b45b1d15-be51-4377-b952-9cfb9b27d058',39000,1.0000,'26b3126e-62de-40bc-bfcc-794fcd220251','26b3126e-62de-40bc-bfcc-794fcd220251','2025-04-01 00:00:00','69804a98b7447','f3683bee-094b-4aa6-8163-8d418a27eb6a',NULL,392,'posted',NULL,NULL,0,NULL,NULL,'2026-02-02 09:56:24','2026-02-02 09:56:24'),('7c87f570-7299-4404-a9ac-7a457f42359a','f9c4f4c4-56a3-4295-b5f9-6c8e0103c14e',1300,1.0000,'26b3126e-62de-40bc-bfcc-794fcd220251','26b3126e-62de-40bc-bfcc-794fcd220251','2025-03-31 00:00:00','697c7bee649e6','f3683bee-094b-4aa6-8163-8d418a27eb6a',NULL,94,'posted',NULL,NULL,0,NULL,NULL,'2026-01-30 12:37:50','2026-01-30 12:37:50'),('7cdda5c0-720d-4771-a300-213c522d1eb2','b45b1d15-be51-4377-b952-9cfb9b27d058',600000,1.0000,'26b3126e-62de-40bc-bfcc-794fcd220251','26b3126e-62de-40bc-bfcc-794fcd220251','2025-04-01 00:00:00','69804a98b7447','f3683bee-094b-4aa6-8163-8d418a27eb6a',NULL,241,'posted',NULL,NULL,0,NULL,NULL,'2026-02-02 09:56:25','2026-02-02 09:56:25'),('7cdfde35-2f63-4143-8096-bb127dcc81a8','a39f4897-b620-47fc-8cad-6bc7ae6ad25a',50000,1.0000,'26b3126e-62de-40bc-bfcc-794fcd220251','26b3126e-62de-40bc-bfcc-794fcd220251','2025-03-31 00:00:00','697c7bef38e68','f3683bee-094b-4aa6-8163-8d418a27eb6a',NULL,162,'posted',NULL,NULL,0,NULL,NULL,'2026-01-30 12:37:51','2026-01-30 12:37:51'),('7cf282f7-f682-45a7-ab07-f3acaf25aa47','e6ea7592-5902-4285-86ab-870f60fe2b88',340000,1.0000,'26b3126e-62de-40bc-bfcc-794fcd220251','26b3126e-62de-40bc-bfcc-794fcd220251','2025-03-31 00:00:00','697c7bf0a200c','f3683bee-094b-4aa6-8163-8d418a27eb6a',NULL,306,'posted',NULL,NULL,0,NULL,NULL,'2026-01-30 12:37:52','2026-01-30 12:37:52'),('7d23fee5-f084-4a91-b5f3-0a57830b9ad7','b45b1d15-be51-4377-b952-9cfb9b27d058',8500000,1.0000,'26b3126e-62de-40bc-bfcc-794fcd220251','26b3126e-62de-40bc-bfcc-794fcd220251','2025-04-01 00:00:00','69804a98b7447','f3683bee-094b-4aa6-8163-8d418a27eb6a',NULL,456,'posted',NULL,NULL,0,NULL,NULL,'2026-02-02 09:56:25','2026-02-02 09:56:25'),('7d5deb24-2d72-4d2b-8125-62e82dc22164','5d812437-3bae-48e1-ad1c-7dd4c6c71c37',50000,1.0000,'26b3126e-62de-40bc-bfcc-794fcd220251','26b3126e-62de-40bc-bfcc-794fcd220251','2025-03-31 00:00:00','697c7bf1429b2','f3683bee-094b-4aa6-8163-8d418a27eb6a',NULL,355,'posted',NULL,NULL,0,NULL,NULL,'2026-01-30 12:37:53','2026-01-30 12:37:53'),('7d5f449a-4a94-479c-8601-24553de1c499','b45b1d15-be51-4377-b952-9cfb9b27d058',13287806,1.0000,'26b3126e-62de-40bc-bfcc-794fcd220251','26b3126e-62de-40bc-bfcc-794fcd220251','2025-04-01 00:00:00','69804a98b7447','f3683bee-094b-4aa6-8163-8d418a27eb6a',NULL,83,'posted',NULL,NULL,0,NULL,NULL,'2026-02-02 09:56:25','2026-02-02 09:56:25'),('7d7094fd-590e-49e3-9922-edc4cf755c08','b45b1d15-be51-4377-b952-9cfb9b27d058',150000,1.0000,'26b3126e-62de-40bc-bfcc-794fcd220251','26b3126e-62de-40bc-bfcc-794fcd220251','2025-04-01 00:00:00','69804a98b7447','f3683bee-094b-4aa6-8163-8d418a27eb6a',NULL,473,'posted',NULL,NULL,0,NULL,NULL,'2026-02-02 09:56:24','2026-02-02 09:56:24'),('7dbf469a-4774-4226-8d97-c98338bc42eb','653da789-230d-45fb-84c0-7b5be0ae1741',4778625.2084448,1.0000,'26b3126e-62de-40bc-bfcc-794fcd220251','26b3126e-62de-40bc-bfcc-794fcd220251','2025-03-31 00:00:00','697c7bf3b4d46','f3683bee-094b-4aa6-8163-8d418a27eb6a',541,NULL,'posted',NULL,NULL,0,NULL,NULL,'2026-01-30 12:37:55','2026-01-30 12:37:55'),('7dc7e02d-1262-4b9a-983a-cee9c710203f','c390f190-2204-4bab-af9b-a48965d2cec1',237887.5,1.0000,'26b3126e-62de-40bc-bfcc-794fcd220251','26b3126e-62de-40bc-bfcc-794fcd220251','2025-03-31 00:00:00','697c7bf513ab0','f3683bee-094b-4aa6-8163-8d418a27eb6a',641,NULL,'posted',NULL,NULL,0,NULL,NULL,'2026-01-30 12:37:57','2026-01-30 12:37:57'),('7dcad2a3-c7bc-4cb0-8d27-643c7bc1243b','b5208125-5435-4db6-a4c0-9098ea962b25',1711915000,1.0000,'26b3126e-62de-40bc-bfcc-794fcd220251','26b3126e-62de-40bc-bfcc-794fcd220251','2025-03-31 00:00:00','697c7bf2f36bb','f3683bee-094b-4aa6-8163-8d418a27eb6a',482,NULL,'posted',NULL,NULL,0,NULL,NULL,'2026-01-30 12:37:54','2026-01-30 12:37:54'),('7ddd3e33-4dfe-4238-bfcc-fbd698f0ec36','650a28e8-86d4-408d-8c57-9f591744ee27',400000,1.0000,'26b3126e-62de-40bc-bfcc-794fcd220251','26b3126e-62de-40bc-bfcc-794fcd220251','2025-03-31 00:00:00','697c7bef3bd04','f3683bee-094b-4aa6-8163-8d418a27eb6a',NULL,163,'posted',NULL,NULL,0,NULL,NULL,'2026-01-30 12:37:51','2026-01-30 12:37:51'),('7e00c544-1b19-4cdd-af5b-9b794edeb167','de0d6c58-820d-47fe-960b-972ebc65c3dd',459500,1.0000,'26b3126e-62de-40bc-bfcc-794fcd220251','26b3126e-62de-40bc-bfcc-794fcd220251','2025-03-31 00:00:00','697c7bf0732ae','f3683bee-094b-4aa6-8163-8d418a27eb6a',NULL,289,'posted',NULL,NULL,0,NULL,NULL,'2026-01-30 12:37:52','2026-01-30 12:37:52'),('7e091616-4dfd-487d-bfba-8464e1fc0b51','f0e1c3d2-1eeb-4697-b96e-aef9a97ce36c',364518.22916667,1.0000,'26b3126e-62de-40bc-bfcc-794fcd220251','26b3126e-62de-40bc-bfcc-794fcd220251','2026-01-30 00:00:00','697c972f0d872','f3683bee-094b-4aa6-8163-8d418a27eb6a',NULL,990,'posted',NULL,NULL,0,NULL,NULL,'2026-01-30 14:34:07','2026-01-30 14:34:07'),('7e19743e-d0a3-4a87-9114-e2a0e0957e28','3ebb1843-e183-4861-b96f-404b43c127df',331600,1.0000,'26b3126e-62de-40bc-bfcc-794fcd220251','26b3126e-62de-40bc-bfcc-794fcd220251','2025-03-31 00:00:00','697c7bef1874f','f3683bee-094b-4aa6-8163-8d418a27eb6a',NULL,151,'posted',NULL,NULL,0,NULL,NULL,'2026-01-30 12:37:51','2026-01-30 12:37:51'),('7e9786f7-5f9f-4a9d-a325-d9e632163359','b45b1d15-be51-4377-b952-9cfb9b27d058',900000,1.0000,'26b3126e-62de-40bc-bfcc-794fcd220251','26b3126e-62de-40bc-bfcc-794fcd220251','2025-04-01 00:00:00','69804a98b7447','f3683bee-094b-4aa6-8163-8d418a27eb6a',516,NULL,'posted',NULL,NULL,0,NULL,NULL,'2026-02-02 09:56:25','2026-02-02 09:56:25'),('7eb680e8-3cee-4d4f-ba7c-b779fe97406c','b45b1d15-be51-4377-b952-9cfb9b27d058',160000,1.0000,'26b3126e-62de-40bc-bfcc-794fcd220251','26b3126e-62de-40bc-bfcc-794fcd220251','2025-04-01 00:00:00','69804a98b7447','f3683bee-094b-4aa6-8163-8d418a27eb6a',NULL,313,'posted',NULL,NULL,0,NULL,NULL,'2026-02-02 09:56:25','2026-02-02 09:56:25'),('7f79ef0d-919a-4c8e-8db7-e0a978756a99','b45b1d15-be51-4377-b952-9cfb9b27d058',200000,1.0000,'26b3126e-62de-40bc-bfcc-794fcd220251','26b3126e-62de-40bc-bfcc-794fcd220251','2025-04-01 00:00:00','69804a98b7447','f3683bee-094b-4aa6-8163-8d418a27eb6a',NULL,66,'posted',NULL,NULL,0,NULL,NULL,'2026-02-02 09:56:24','2026-02-02 09:56:24'),('7f8bd2d7-8736-4a98-975a-0ec55e1cb97b','00b81e98-23f8-476d-b91c-f740cd34ad11',125664500,1.0000,'26b3126e-62de-40bc-bfcc-794fcd220251','26b3126e-62de-40bc-bfcc-794fcd220251','2025-03-31 00:00:00','697c7bedbbbb2','f3683bee-094b-4aa6-8163-8d418a27eb6a',NULL,39,'posted',NULL,NULL,0,NULL,NULL,'2026-01-30 12:37:49','2026-01-30 12:37:49'),('7fbe8b8f-b5c6-4cf1-8eb2-f0201d01fc1d','a2f185b0-65bf-4698-a571-79c413b0305c',250000,1.0000,'26b3126e-62de-40bc-bfcc-794fcd220251','26b3126e-62de-40bc-bfcc-794fcd220251','2025-03-31 00:00:00','697c7bf21f22e','f3683bee-094b-4aa6-8163-8d418a27eb6a',NULL,420,'posted',NULL,NULL,0,NULL,NULL,'2026-01-30 12:37:54','2026-01-30 12:37:54'),('7fc58a84-1337-4e95-bb4c-0f6bd9ee14c0','788ecbc8-b2d3-4913-8d60-e1baaf9f0f7d',304844,1.0000,'26b3126e-62de-40bc-bfcc-794fcd220251','26b3126e-62de-40bc-bfcc-794fcd220251','2025-03-31 00:00:00','697c7bf0e6c85','f3683bee-094b-4aa6-8163-8d418a27eb6a',NULL,329,'posted',NULL,NULL,0,NULL,NULL,'2026-01-30 12:37:52','2026-01-30 12:37:52'),('7fe408e2-058b-4270-a463-e6d2d6c56767','c2455df5-7941-494c-b657-68b9645e943b',101500,1.0000,'26b3126e-62de-40bc-bfcc-794fcd220251','26b3126e-62de-40bc-bfcc-794fcd220251','2025-03-31 00:00:00','697c7bf54eeff','f3683bee-094b-4aa6-8163-8d418a27eb6a',659,NULL,'posted',NULL,NULL,0,NULL,NULL,'2026-01-30 12:37:57','2026-01-30 12:37:57'),('7feeb772-bd2f-481d-b1ef-b93a7f511a86','3f636b09-fee4-4bca-84bc-02ed16e71e10',531662.5,1.0000,'26b3126e-62de-40bc-bfcc-794fcd220251','26b3126e-62de-40bc-bfcc-794fcd220251','2025-03-31 00:00:00','697c7beddb7f7','f3683bee-094b-4aa6-8163-8d418a27eb6a',NULL,51,'posted',NULL,NULL,0,NULL,NULL,'2026-01-30 12:37:49','2026-01-30 12:37:49'),('800349cf-77d3-4c06-8fe6-a19245a97445','e65912c0-63bb-40c0-875e-0279e0989c11',20000000,1.0000,'26b3126e-62de-40bc-bfcc-794fcd220251','26b3126e-62de-40bc-bfcc-794fcd220251','2025-03-31 00:00:00','697c7bf38fb46','f3683bee-094b-4aa6-8163-8d418a27eb6a',528,NULL,'posted',NULL,NULL,0,NULL,NULL,'2026-01-30 12:37:55','2026-01-30 12:37:55'),('805530fa-16b0-441c-b316-ac391a51e4eb','c8282ca4-f7ab-4ceb-8cba-2b91c04fec7f',250000,1.0000,'26b3126e-62de-40bc-bfcc-794fcd220251','26b3126e-62de-40bc-bfcc-794fcd220251','2025-03-31 00:00:00','697c7beed3998','f3683bee-094b-4aa6-8163-8d418a27eb6a',NULL,132,'posted',NULL,NULL,0,NULL,NULL,'2026-01-30 12:37:50','2026-01-30 12:37:50'),('8062c295-5e93-4267-8f18-93faf2a72a11','89006857-18b9-4dd6-9d8f-cb23a9a4d2d2',6000,1.0000,'26b3126e-62de-40bc-bfcc-794fcd220251','26b3126e-62de-40bc-bfcc-794fcd220251','2025-03-31 00:00:00','697c7bf539689','f3683bee-094b-4aa6-8163-8d418a27eb6a',653,NULL,'posted',NULL,NULL,0,NULL,NULL,'2026-01-30 12:37:57','2026-01-30 12:37:57'),('808497c9-5ca9-45dc-9c00-c1ffc09ca2d8','b45b1d15-be51-4377-b952-9cfb9b27d058',20000,1.0000,'26b3126e-62de-40bc-bfcc-794fcd220251','26b3126e-62de-40bc-bfcc-794fcd220251','2025-04-01 00:00:00','69804a98b7447','f3683bee-094b-4aa6-8163-8d418a27eb6a',519,NULL,'posted',NULL,NULL,0,NULL,NULL,'2026-02-02 09:56:25','2026-02-02 09:56:25'),('808d15f7-04a3-42dc-8356-2b60cf17d670','92c3b2fb-1dae-4a76-8a44-a11df423d655',160000,1.0000,'26b3126e-62de-40bc-bfcc-794fcd220251','26b3126e-62de-40bc-bfcc-794fcd220251','2025-03-31 00:00:00','697c7bf0b60ab','f3683bee-094b-4aa6-8163-8d418a27eb6a',NULL,313,'posted',NULL,NULL,0,NULL,NULL,'2026-01-30 12:37:52','2026-01-30 12:37:52'),('80d2d8a9-fed9-439c-a74d-4e9a7ed2ebcf','4ba880cc-447a-4e25-897f-8fe25b2bac88',1140000,1.0000,'26b3126e-62de-40bc-bfcc-794fcd220251','26b3126e-62de-40bc-bfcc-794fcd220251','2025-03-31 00:00:00','697c7bef35f0b','f3683bee-094b-4aa6-8163-8d418a27eb6a',NULL,161,'posted',NULL,NULL,0,NULL,NULL,'2026-01-30 12:37:51','2026-01-30 12:37:51'),('80d6cd16-5563-451c-a066-475e6f0220d8','b45b1d15-be51-4377-b952-9cfb9b27d058',3695501.5016,1.0000,'26b3126e-62de-40bc-bfcc-794fcd220251','26b3126e-62de-40bc-bfcc-794fcd220251','2025-04-01 00:00:00','69804a98b7447','f3683bee-094b-4aa6-8163-8d418a27eb6a',579,NULL,'posted',NULL,NULL,0,NULL,NULL,'2026-02-02 09:56:26','2026-02-02 09:56:26'),('80ecf3ae-e2a7-4568-aaef-6e78dd1d667d','b45b1d15-be51-4377-b952-9cfb9b27d058',254075,1.0000,'26b3126e-62de-40bc-bfcc-794fcd220251','26b3126e-62de-40bc-bfcc-794fcd220251','2025-04-01 00:00:00','69804a98b7447','f3683bee-094b-4aa6-8163-8d418a27eb6a',NULL,220,'posted',NULL,NULL,0,NULL,NULL,'2026-02-02 09:56:25','2026-02-02 09:56:25'),('81099cb8-6b07-46b9-89b8-7dd54ab804cb','b45b1d15-be51-4377-b952-9cfb9b27d058',231121934,1.0000,'26b3126e-62de-40bc-bfcc-794fcd220251','26b3126e-62de-40bc-bfcc-794fcd220251','2025-04-01 00:00:00','69804a98b7447','f3683bee-094b-4aa6-8163-8d418a27eb6a',496,NULL,'posted',NULL,NULL,0,NULL,NULL,'2026-02-02 09:56:26','2026-02-02 09:56:26'),('810c04b5-9ccf-4ab1-8db1-0bda0e3fbbcc','b45b1d15-be51-4377-b952-9cfb9b27d058',30010,1.0000,'26b3126e-62de-40bc-bfcc-794fcd220251','26b3126e-62de-40bc-bfcc-794fcd220251','2025-04-01 00:00:00','69804a98b7447','f3683bee-094b-4aa6-8163-8d418a27eb6a',NULL,421,'posted',NULL,NULL,0,NULL,NULL,'2026-02-02 09:56:25','2026-02-02 09:56:25'),('8251cd51-2e00-4e57-96d0-3973516905b3','66c6deeb-fbdf-4266-a87d-20f0dfcc3e09',60000,1.0000,'26b3126e-62de-40bc-bfcc-794fcd220251','26b3126e-62de-40bc-bfcc-794fcd220251','2025-03-31 00:00:00','697c7bf037946','f3683bee-094b-4aa6-8163-8d418a27eb6a',NULL,265,'posted',NULL,NULL,0,NULL,NULL,'2026-01-30 12:37:52','2026-01-30 12:37:52'),('82a15774-21e8-41b2-9af1-86ec4f849864','b45b1d15-be51-4377-b952-9cfb9b27d058',250000,1.0000,'26b3126e-62de-40bc-bfcc-794fcd220251','26b3126e-62de-40bc-bfcc-794fcd220251','2025-04-01 00:00:00','69804a98b7447','f3683bee-094b-4aa6-8163-8d418a27eb6a',NULL,332,'posted',NULL,NULL,0,NULL,NULL,'2026-02-02 09:56:25','2026-02-02 09:56:25'),('82aadfe9-efe1-44d5-a079-0123c4ba02de','9c790472-f27b-4bf4-acd9-43d03be69080',130000,1.0000,'26b3126e-62de-40bc-bfcc-794fcd220251','26b3126e-62de-40bc-bfcc-794fcd220251','2025-03-31 00:00:00','697c7bf13fc3c','f3683bee-094b-4aa6-8163-8d418a27eb6a',NULL,354,'posted',NULL,NULL,0,NULL,NULL,'2026-01-30 12:37:53','2026-01-30 12:37:53'),('82f017b6-48b4-4d00-b82c-ca357731e9e9','759a6db4-fbb7-4024-80ae-4fbfbfe4ee64',240000,1.0000,'26b3126e-62de-40bc-bfcc-794fcd220251','26b3126e-62de-40bc-bfcc-794fcd220251','2025-03-31 00:00:00','697c7beee7002','f3683bee-094b-4aa6-8163-8d418a27eb6a',NULL,138,'posted',NULL,NULL,0,NULL,NULL,'2026-01-30 12:37:50','2026-01-30 12:37:50'),('82f79592-6356-4a89-8ddf-18dec571f691','b45b1d15-be51-4377-b952-9cfb9b27d058',180000,1.0000,'26b3126e-62de-40bc-bfcc-794fcd220251','26b3126e-62de-40bc-bfcc-794fcd220251','2025-04-01 00:00:00','69804a98b7447','f3683bee-094b-4aa6-8163-8d418a27eb6a',NULL,259,'posted',NULL,NULL,0,NULL,NULL,'2026-02-02 09:56:25','2026-02-02 09:56:25'),('8321f795-609c-4e6b-940f-d81b4b0e8abd','75abd304-997c-482a-8f01-18dd6f73f436',952751.62265862,1.0000,'26b3126e-62de-40bc-bfcc-794fcd220251','26b3126e-62de-40bc-bfcc-794fcd220251','2025-03-31 00:00:00','697c7bf469b74','f3683bee-094b-4aa6-8163-8d418a27eb6a',592,NULL,'posted',NULL,NULL,0,NULL,NULL,'2026-01-30 12:37:56','2026-01-30 12:37:56'),('83287103-1ed0-49ee-ad26-70358f45cd8e','b45b1d15-be51-4377-b952-9cfb9b27d058',5142112,1.0000,'26b3126e-62de-40bc-bfcc-794fcd220251','26b3126e-62de-40bc-bfcc-794fcd220251','2025-04-01 00:00:00','69804a98b7447','f3683bee-094b-4aa6-8163-8d418a27eb6a',NULL,134,'posted',NULL,NULL,0,NULL,NULL,'2026-02-02 09:56:25','2026-02-02 09:56:25'),('835de2e6-0ad4-4984-8d69-65c255d1f379','1242a4dd-65eb-4145-a7a6-09ed496482ab',430000,1.0000,'26b3126e-62de-40bc-bfcc-794fcd220251','26b3126e-62de-40bc-bfcc-794fcd220251','2025-03-31 00:00:00','697c7bf0953bd','f3683bee-094b-4aa6-8163-8d418a27eb6a',NULL,302,'posted',NULL,NULL,0,NULL,NULL,'2026-01-30 12:37:52','2026-01-30 12:37:52'),('843102f5-80c1-43c7-93d1-00b1f08b6dd9','b45b1d15-be51-4377-b952-9cfb9b27d058',6769053.0621,1.0000,'26b3126e-62de-40bc-bfcc-794fcd220251','26b3126e-62de-40bc-bfcc-794fcd220251','2025-04-01 00:00:00','69804a98b7447','f3683bee-094b-4aa6-8163-8d418a27eb6a',543,NULL,'posted',NULL,NULL,0,NULL,NULL,'2026-02-02 09:56:25','2026-02-02 09:56:25'),('84654799-22c7-4fac-9bf7-b41b564b32ca','6490ef7f-f48b-4e7c-9493-612492d76427',330000,1.0000,'26b3126e-62de-40bc-bfcc-794fcd220251','26b3126e-62de-40bc-bfcc-794fcd220251','2025-03-31 00:00:00','697c7beedf7ae','f3683bee-094b-4aa6-8163-8d418a27eb6a',NULL,136,'posted',NULL,NULL,0,NULL,NULL,'2026-01-30 12:37:50','2026-01-30 12:37:50'),('847cf2f0-e9cd-4512-9901-bbac056c3e32','f0d13a88-d77d-443c-bb07-1a7fbfb3c7b3',1697525,1.0000,'26b3126e-62de-40bc-bfcc-794fcd220251','26b3126e-62de-40bc-bfcc-794fcd220251','2026-01-30 00:00:00','697c972e98805','f3683bee-094b-4aa6-8163-8d418a27eb6a',NULL,957,'posted',NULL,NULL,0,NULL,NULL,'2026-01-30 14:34:06','2026-01-30 14:34:06'),('8483e4b2-8890-48b6-a102-4e93afa4905e','b45b1d15-be51-4377-b952-9cfb9b27d058',980000,1.0000,'26b3126e-62de-40bc-bfcc-794fcd220251','26b3126e-62de-40bc-bfcc-794fcd220251','2025-04-01 00:00:00','69804a98b7447','f3683bee-094b-4aa6-8163-8d418a27eb6a',NULL,232,'posted',NULL,NULL,0,NULL,NULL,'2026-02-02 09:56:24','2026-02-02 09:56:24'),('84bb4789-a130-4e8d-91a9-533651666851','b45b1d15-be51-4377-b952-9cfb9b27d058',228150,1.0000,'26b3126e-62de-40bc-bfcc-794fcd220251','26b3126e-62de-40bc-bfcc-794fcd220251','2025-04-01 00:00:00','69804a98b7447','f3683bee-094b-4aa6-8163-8d418a27eb6a',NULL,394,'posted',NULL,NULL,0,NULL,NULL,'2026-02-02 09:56:25','2026-02-02 09:56:25'),('84e06730-6ef3-4897-a828-1f1988e412c3','7b3b3130-c348-42f9-a979-5c66a0e558d3',470000,1.0000,'26b3126e-62de-40bc-bfcc-794fcd220251','26b3126e-62de-40bc-bfcc-794fcd220251','2025-03-31 00:00:00','697c7bf13145f','f3683bee-094b-4aa6-8163-8d418a27eb6a',NULL,349,'posted',NULL,NULL,0,NULL,NULL,'2026-01-30 12:37:53','2026-01-30 12:37:53'),('850e8821-13df-435b-b253-26a6ea66871a','b45b1d15-be51-4377-b952-9cfb9b27d058',184526606.25,1.0000,'26b3126e-62de-40bc-bfcc-794fcd220251','26b3126e-62de-40bc-bfcc-794fcd220251','2025-04-01 00:00:00','69804a98b7447','f3683bee-094b-4aa6-8163-8d418a27eb6a',NULL,27,'posted',NULL,NULL,0,NULL,NULL,'2026-02-02 09:56:25','2026-02-02 09:56:25'),('851ffe78-a690-4bd5-b5c5-b209698a74a0','b45b1d15-be51-4377-b952-9cfb9b27d058',43588,1.0000,'26b3126e-62de-40bc-bfcc-794fcd220251','26b3126e-62de-40bc-bfcc-794fcd220251','2025-04-01 00:00:00','69804a98b7447','f3683bee-094b-4aa6-8163-8d418a27eb6a',673,NULL,'posted',NULL,NULL,0,NULL,NULL,'2026-02-02 09:56:26','2026-02-02 09:56:26'),('8543b94c-60e5-40f7-8c26-db9bc28e9bb4','a12d827f-ad00-4704-8abc-c9567ef5aee6',88058766.22,1.0000,'26b3126e-62de-40bc-bfcc-794fcd220251','26b3126e-62de-40bc-bfcc-794fcd220251','2026-01-30 00:00:00','697c972ea05de','f3683bee-094b-4aa6-8163-8d418a27eb6a',NULL,960,'posted',NULL,NULL,0,NULL,NULL,'2026-01-30 14:34:06','2026-01-30 14:34:06'),('8546d1bd-5c00-4f5e-b426-e4eb84391c37','7ed84933-b95a-4fbb-aeea-d646d8c8ff1f',276422.19602219,1.0000,'26b3126e-62de-40bc-bfcc-794fcd220251','26b3126e-62de-40bc-bfcc-794fcd220251','2025-03-31 00:00:00','697c7bf4ad47d','f3683bee-094b-4aa6-8163-8d418a27eb6a',613,NULL,'posted',NULL,NULL,0,NULL,NULL,'2026-01-30 12:37:56','2026-01-30 12:37:56'),('85704b71-c4fe-4cfc-aae6-f9ea6477c975','b45b1d15-be51-4377-b952-9cfb9b27d058',114623255,1.0000,'26b3126e-62de-40bc-bfcc-794fcd220251','26b3126e-62de-40bc-bfcc-794fcd220251','2025-04-01 00:00:00','69804a98b7447','f3683bee-094b-4aa6-8163-8d418a27eb6a',NULL,61,'posted',NULL,NULL,0,NULL,NULL,'2026-02-02 09:56:25','2026-02-02 09:56:25'),('858b5b75-d10a-4b0e-a1ab-a5bd093939be','83b405a4-e4a6-4816-b777-4b05a55ae8da',3189000.047,1.0000,'26b3126e-62de-40bc-bfcc-794fcd220251','26b3126e-62de-40bc-bfcc-794fcd220251','2025-03-31 00:00:00','697c7bf36119f','f3683bee-094b-4aa6-8163-8d418a27eb6a',512,NULL,'posted',NULL,NULL,0,NULL,NULL,'2026-01-30 12:37:55','2026-01-30 12:37:55'),('85cfd5cb-1379-470a-94c3-2d22ad7fb61e','b45b1d15-be51-4377-b952-9cfb9b27d058',6000,1.0000,'26b3126e-62de-40bc-bfcc-794fcd220251','26b3126e-62de-40bc-bfcc-794fcd220251','2025-04-01 00:00:00','69804a98b7447','f3683bee-094b-4aa6-8163-8d418a27eb6a',NULL,210,'posted',NULL,NULL,0,NULL,NULL,'2026-02-02 09:56:24','2026-02-02 09:56:24'),('85f9c313-45ab-4511-8072-cf7d0412d974','b45b1d15-be51-4377-b952-9cfb9b27d058',1300,1.0000,'26b3126e-62de-40bc-bfcc-794fcd220251','26b3126e-62de-40bc-bfcc-794fcd220251','2025-04-01 00:00:00','69804a98b7447','f3683bee-094b-4aa6-8163-8d418a27eb6a',NULL,94,'posted',NULL,NULL,0,NULL,NULL,'2026-02-02 09:56:25','2026-02-02 09:56:25'),('8628689f-27dc-499f-b604-7339333c880c','1f29004e-a696-4c40-99a1-a5084478d985',48509935638.661,1.0000,'26b3126e-62de-40bc-bfcc-794fcd220251','26b3126e-62de-40bc-bfcc-794fcd220251','2025-03-31 00:00:00','697c7bf306c5e','f3683bee-094b-4aa6-8163-8d418a27eb6a',NULL,8,'posted',NULL,NULL,0,NULL,NULL,'2026-01-30 12:37:55','2026-01-30 12:37:55'),('86bfb396-efb1-447c-9604-57423da0d919','0e179e62-dbd6-4564-ae46-4b41a49dc721',3732480,1.0000,'26b3126e-62de-40bc-bfcc-794fcd220251','26b3126e-62de-40bc-bfcc-794fcd220251','2025-03-31 00:00:00','697c7beef0063','f3683bee-094b-4aa6-8163-8d418a27eb6a',NULL,141,'posted',NULL,NULL,0,NULL,NULL,'2026-01-30 12:37:50','2026-01-30 12:37:50'),('86eb44e1-c7a8-4fbd-ab6d-979a3d5c5760','64f253f4-0f81-40bb-8983-f516754206cd',951198.05,1.0000,'26b3126e-62de-40bc-bfcc-794fcd220251','26b3126e-62de-40bc-bfcc-794fcd220251','2025-03-31 00:00:00','697c7bf1e0307','f3683bee-094b-4aa6-8163-8d418a27eb6a',NULL,403,'posted',NULL,NULL,0,NULL,NULL,'2026-01-30 12:37:53','2026-01-30 12:37:53'),('8711f300-37a9-473d-a142-a18eff4a5179','b45b1d15-be51-4377-b952-9cfb9b27d058',400000,1.0000,'26b3126e-62de-40bc-bfcc-794fcd220251','26b3126e-62de-40bc-bfcc-794fcd220251','2025-04-01 00:00:00','69804a98b7447','f3683bee-094b-4aa6-8163-8d418a27eb6a',NULL,191,'posted',NULL,NULL,0,NULL,NULL,'2026-02-02 09:56:24','2026-02-02 09:56:24'),('8726b88d-095a-4da3-8703-eca45854e86c','11488c4f-47aa-49b1-827d-28b79fd701ad',4206388.9531591,1.0000,'26b3126e-62de-40bc-bfcc-794fcd220251','26b3126e-62de-40bc-bfcc-794fcd220251','2025-03-31 00:00:00','697c7bf4cee8f','f3683bee-094b-4aa6-8163-8d418a27eb6a',623,NULL,'posted',NULL,NULL,0,NULL,NULL,'2026-01-30 12:37:56','2026-01-30 12:37:56'),('8753bce9-4768-457b-bfce-f29cd1397856','5a0c29d2-63ea-4d61-8086-da327af1f5e0',1164638,1.0000,'26b3126e-62de-40bc-bfcc-794fcd220251','26b3126e-62de-40bc-bfcc-794fcd220251','2025-03-31 00:00:00','697c7bef78b5a','f3683bee-094b-4aa6-8163-8d418a27eb6a',NULL,189,'posted',NULL,NULL,0,NULL,NULL,'2026-01-30 12:37:51','2026-01-30 12:37:51'),('8754672f-438e-4c35-80f6-63d2d484f3fc','2db50c50-1ab2-4b10-ab80-5f2f374842f3',430000,1.0000,'26b3126e-62de-40bc-bfcc-794fcd220251','26b3126e-62de-40bc-bfcc-794fcd220251','2025-03-31 00:00:00','697c7bf028974','f3683bee-094b-4aa6-8163-8d418a27eb6a',NULL,258,'posted',NULL,NULL,0,NULL,NULL,'2026-01-30 12:37:52','2026-01-30 12:37:52'),('8754e38c-ab7b-42bf-a021-413f7bb43ba8','b45b1d15-be51-4377-b952-9cfb9b27d058',360000,1.0000,'26b3126e-62de-40bc-bfcc-794fcd220251','26b3126e-62de-40bc-bfcc-794fcd220251','2025-04-01 00:00:00','69804a98b7447','f3683bee-094b-4aa6-8163-8d418a27eb6a',NULL,154,'posted',NULL,NULL,0,NULL,NULL,'2026-02-02 09:56:25','2026-02-02 09:56:25'),('87d784d6-67b5-4ce2-aa4b-33aa88cebf8a','b45b1d15-be51-4377-b952-9cfb9b27d058',781073,1.0000,'26b3126e-62de-40bc-bfcc-794fcd220251','26b3126e-62de-40bc-bfcc-794fcd220251','2025-04-01 00:00:00','69804a98b7447','f3683bee-094b-4aa6-8163-8d418a27eb6a',660,NULL,'posted',NULL,NULL,0,NULL,NULL,'2026-02-02 09:56:26','2026-02-02 09:56:26'),('87d9e725-2d5f-485c-abab-9732b4d8b90e','95114186-6979-4d33-ac23-2974dabf5831',392576,1.0000,'26b3126e-62de-40bc-bfcc-794fcd220251','26b3126e-62de-40bc-bfcc-794fcd220251','2025-03-31 00:00:00','697c7beed6c1a','f3683bee-094b-4aa6-8163-8d418a27eb6a',NULL,133,'posted',NULL,NULL,0,NULL,NULL,'2026-01-30 12:37:50','2026-01-30 12:37:50'),('87e18df7-20de-408d-8656-db12af5d088a','f957d4ab-c0e5-434b-a02e-e117e250a28d',100000,1.0000,'26b3126e-62de-40bc-bfcc-794fcd220251','26b3126e-62de-40bc-bfcc-794fcd220251','2025-03-31 00:00:00','697c7bee7700d','f3683bee-094b-4aa6-8163-8d418a27eb6a',NULL,100,'posted',NULL,NULL,0,NULL,NULL,'2026-01-30 12:37:50','2026-01-30 12:37:50'),('88073132-186b-4900-adcd-d0eec87dfb68','2f2a8e97-9484-4283-a757-d792d32ce0b3',139437332,1.0000,'26b3126e-62de-40bc-bfcc-794fcd220251','26b3126e-62de-40bc-bfcc-794fcd220251','2025-03-31 00:00:00','697c7bf31d715','f3683bee-094b-4aa6-8163-8d418a27eb6a',491,NULL,'posted',NULL,NULL,0,NULL,NULL,'2026-01-30 12:37:55','2026-01-30 12:37:55'),('8878d6f9-9c7f-4821-b079-8fcad1432284','2d03131d-8b04-404a-89d5-475436a5118c',20000,1.0000,'26b3126e-62de-40bc-bfcc-794fcd220251','26b3126e-62de-40bc-bfcc-794fcd220251','2025-03-31 00:00:00','697c7bf0f40db','f3683bee-094b-4aa6-8163-8d418a27eb6a',NULL,333,'posted',NULL,NULL,0,NULL,NULL,'2026-01-30 12:37:53','2026-01-30 12:37:53'),('88fc0838-d6ee-4937-a055-ee17f557831a','f8518c3b-bf29-4f1e-ad83-834d3f396245',4323467.8895,1.0000,'26b3126e-62de-40bc-bfcc-794fcd220251','26b3126e-62de-40bc-bfcc-794fcd220251','2026-01-30 00:00:00','697c972f2c752','f3683bee-094b-4aa6-8163-8d418a27eb6a',NULL,1000,'posted',NULL,NULL,0,NULL,NULL,'2026-01-30 14:34:07','2026-01-30 14:34:07'),('8980445a-55fb-4aba-ad22-1bca83a20240','5a021aec-d141-4069-ac8c-74797292eb2e',430000,1.0000,'26b3126e-62de-40bc-bfcc-794fcd220251','26b3126e-62de-40bc-bfcc-794fcd220251','2025-03-31 00:00:00','697c7bf15ddaa','f3683bee-094b-4aa6-8163-8d418a27eb6a',NULL,365,'posted',NULL,NULL,0,NULL,NULL,'2026-01-30 12:37:53','2026-01-30 12:37:53'),('89aff136-fa1a-4774-9d6a-f20f0990d248','b45b1d15-be51-4377-b952-9cfb9b27d058',101500,1.0000,'26b3126e-62de-40bc-bfcc-794fcd220251','26b3126e-62de-40bc-bfcc-794fcd220251','2025-04-01 00:00:00','69804a98b7447','f3683bee-094b-4aa6-8163-8d418a27eb6a',659,NULL,'posted',NULL,NULL,0,NULL,NULL,'2026-02-02 09:56:26','2026-02-02 09:56:26'),('89c41af4-ca8f-4dbf-98c5-9a4f05374dc8','b45b1d15-be51-4377-b952-9cfb9b27d058',66931,1.0000,'26b3126e-62de-40bc-bfcc-794fcd220251','26b3126e-62de-40bc-bfcc-794fcd220251','2025-04-01 00:00:00','69804a98b7447','f3683bee-094b-4aa6-8163-8d418a27eb6a',683,NULL,'posted',NULL,NULL,0,NULL,NULL,'2026-02-02 09:56:26','2026-02-02 09:56:26'),('8a1a5044-c548-4b6c-8e4e-0e8cfbb34c35','6ae101c9-f06e-420b-b5a4-6fa13aee9c8c',100000,1.0000,'26b3126e-62de-40bc-bfcc-794fcd220251','26b3126e-62de-40bc-bfcc-794fcd220251','2025-03-31 00:00:00','697c7bef010fe','f3683bee-094b-4aa6-8163-8d418a27eb6a',NULL,143,'posted',NULL,NULL,0,NULL,NULL,'2026-01-30 12:37:51','2026-01-30 12:37:51'),('8a1f47be-1c2e-4bca-b980-3c08ffd47851','b45b1d15-be51-4377-b952-9cfb9b27d058',4882283.532,1.0000,'26b3126e-62de-40bc-bfcc-794fcd220251','26b3126e-62de-40bc-bfcc-794fcd220251','2025-04-01 00:00:00','69804a98b7447','f3683bee-094b-4aa6-8163-8d418a27eb6a',552,NULL,'posted',NULL,NULL,0,NULL,NULL,'2026-02-02 09:56:26','2026-02-02 09:56:26'),('8a799ee5-384f-4255-851c-803457697f5f','9ab8acf6-0766-433b-8dd2-99a9345c4a41',529339.10326698,1.0000,'26b3126e-62de-40bc-bfcc-794fcd220251','26b3126e-62de-40bc-bfcc-794fcd220251','2025-03-31 00:00:00','697c7bf4e31d7','f3683bee-094b-4aa6-8163-8d418a27eb6a',629,NULL,'posted',NULL,NULL,0,NULL,NULL,'2026-01-30 12:37:56','2026-01-30 12:37:56'),('8a8bf85d-349d-46a5-ae06-ef9aadadbf89','b797ae84-38f0-4301-be5c-e188eaef6f4d',300000,1.0000,'26b3126e-62de-40bc-bfcc-794fcd220251','26b3126e-62de-40bc-bfcc-794fcd220251','2025-03-31 00:00:00','697c7bf2640eb','f3683bee-094b-4aa6-8163-8d418a27eb6a',NULL,442,'posted',NULL,NULL,0,NULL,NULL,'2026-01-30 12:37:54','2026-01-30 12:37:54'),('8ac173f2-e76e-4ad5-8c9e-4172776cf7d2','b45b1d15-be51-4377-b952-9cfb9b27d058',617000,1.0000,'26b3126e-62de-40bc-bfcc-794fcd220251','26b3126e-62de-40bc-bfcc-794fcd220251','2025-04-01 00:00:00','69804a98b7447','f3683bee-094b-4aa6-8163-8d418a27eb6a',NULL,443,'posted',NULL,NULL,0,NULL,NULL,'2026-02-02 09:56:25','2026-02-02 09:56:25'),('8b0ca330-8950-4376-ab4e-5a4fa8bd630b','7d0d37a2-08b2-413b-8d2c-1e0cddfcdfa7',41880,1.0000,'26b3126e-62de-40bc-bfcc-794fcd220251','26b3126e-62de-40bc-bfcc-794fcd220251','2025-03-31 00:00:00','697c7bef47a74','f3683bee-094b-4aa6-8163-8d418a27eb6a',NULL,168,'posted',NULL,NULL,0,NULL,NULL,'2026-01-30 12:37:51','2026-01-30 12:37:51'),('8b369988-40a2-4d91-8bba-437661ca33b6','b45b1d15-be51-4377-b952-9cfb9b27d058',105000,1.0000,'26b3126e-62de-40bc-bfcc-794fcd220251','26b3126e-62de-40bc-bfcc-794fcd220251','2025-04-01 00:00:00','69804a98b7447','f3683bee-094b-4aa6-8163-8d418a27eb6a',NULL,237,'posted',NULL,NULL,0,NULL,NULL,'2026-02-02 09:56:25','2026-02-02 09:56:25'),('8c2b1fbe-fc9b-4410-83ed-2612ab335502','b45b1d15-be51-4377-b952-9cfb9b27d058',385438.1365,1.0000,'26b3126e-62de-40bc-bfcc-794fcd220251','26b3126e-62de-40bc-bfcc-794fcd220251','2025-04-01 00:00:00','69804a98b7447','f3683bee-094b-4aa6-8163-8d418a27eb6a',NULL,478,'posted',NULL,NULL,0,NULL,NULL,'2026-02-02 09:56:25','2026-02-02 09:56:25'),('8cb31f00-2252-41d6-8a55-00b2f8b46fc6','baaed923-dd6c-44d4-acfb-e047761df3ae',640000,1.0000,'26b3126e-62de-40bc-bfcc-794fcd220251','26b3126e-62de-40bc-bfcc-794fcd220251','2025-03-31 00:00:00','697c7bef7016a','f3683bee-094b-4aa6-8163-8d418a27eb6a',NULL,185,'posted',NULL,NULL,0,NULL,NULL,'2026-01-30 12:37:51','2026-01-30 12:37:51'),('8cd41250-3e50-46a3-be1b-37c3f7f0a49d','3a58343c-49f0-4ec2-bba9-d09c6c6cabbc',412341.52837749,1.0000,'26b3126e-62de-40bc-bfcc-794fcd220251','26b3126e-62de-40bc-bfcc-794fcd220251','2025-03-31 00:00:00','697c7bf459f3a','f3683bee-094b-4aa6-8163-8d418a27eb6a',587,NULL,'posted',NULL,NULL,0,NULL,NULL,'2026-01-30 12:37:56','2026-01-30 12:37:56'),('8ce1d373-b2c6-4f47-9e2d-ee0dd8536a74','b45b1d15-be51-4377-b952-9cfb9b27d058',4091095.5117,1.0000,'26b3126e-62de-40bc-bfcc-794fcd220251','26b3126e-62de-40bc-bfcc-794fcd220251','2025-04-01 00:00:00','69804a98b7447','f3683bee-094b-4aa6-8163-8d418a27eb6a',573,NULL,'posted',NULL,NULL,0,NULL,NULL,'2026-02-02 09:56:26','2026-02-02 09:56:26'),('8cf8dc5d-7103-4d12-8ae4-b66148f9e98f','b45b1d15-be51-4377-b952-9cfb9b27d058',195206910,1.0000,'26b3126e-62de-40bc-bfcc-794fcd220251','26b3126e-62de-40bc-bfcc-794fcd220251','2025-04-01 00:00:00','69804a98b7447','f3683bee-094b-4aa6-8163-8d418a27eb6a',NULL,80,'posted',NULL,NULL,0,NULL,NULL,'2026-02-02 09:56:25','2026-02-02 09:56:25'),('8d71d52c-8f92-4738-8879-58a0b09c4734','29a7a04e-69b3-4731-95dd-038a5785e2f0',6894594.8094749,1.0000,'26b3126e-62de-40bc-bfcc-794fcd220251','26b3126e-62de-40bc-bfcc-794fcd220251','2025-03-31 00:00:00','697c7bf47d92f','f3683bee-094b-4aa6-8163-8d418a27eb6a',598,NULL,'posted',NULL,NULL,0,NULL,NULL,'2026-01-30 12:37:56','2026-01-30 12:37:56'),('8db8bde4-6bce-450f-92ad-fe99e70e1503','94ba8f08-b0d2-44b9-9e22-900151aa3dbf',25552,1.0000,'26b3126e-62de-40bc-bfcc-794fcd220251','26b3126e-62de-40bc-bfcc-794fcd220251','2025-03-31 00:00:00','697c7bf387fa0','f3683bee-094b-4aa6-8163-8d418a27eb6a',525,NULL,'posted',NULL,NULL,0,NULL,NULL,'2026-01-30 12:37:55','2026-01-30 12:37:55'),('8e06d531-82e6-4a28-af8f-d29b4f89fb98','76af029d-4b1d-49d9-a610-1338594d0d3b',14490540.42549,1.0000,'26b3126e-62de-40bc-bfcc-794fcd220251','26b3126e-62de-40bc-bfcc-794fcd220251','2025-03-31 00:00:00','697c7bf432f19','f3683bee-094b-4aa6-8163-8d418a27eb6a',575,NULL,'posted',NULL,NULL,0,NULL,NULL,'2026-01-30 12:37:56','2026-01-30 12:37:56'),('8e0d5a71-23dc-4e41-b157-10dff54c8c5c','ad1af6d5-a4d5-493f-9ee0-5f1dc2b0e994',200000,1.0000,'26b3126e-62de-40bc-bfcc-794fcd220251','26b3126e-62de-40bc-bfcc-794fcd220251','2025-03-31 00:00:00','697c7bef2a34a','f3683bee-094b-4aa6-8163-8d418a27eb6a',NULL,157,'posted',NULL,NULL,0,NULL,NULL,'2026-01-30 12:37:51','2026-01-30 12:37:51'),('8e199aa7-74c3-4f42-af1a-a191f96d2c3c','9f375c36-ee45-40b8-a4fa-51932ffa9f0f',1260000,1.0000,'26b3126e-62de-40bc-bfcc-794fcd220251','26b3126e-62de-40bc-bfcc-794fcd220251','2025-03-31 00:00:00','697c7bf113d1a','f3683bee-094b-4aa6-8163-8d418a27eb6a',NULL,339,'posted',NULL,NULL,0,NULL,NULL,'2026-01-30 12:37:53','2026-01-30 12:37:53'),('8e6e8dc3-4dac-45cf-999a-cb5bf8bc90f5','55f51cbc-3054-436f-b88e-8b277bb93ef7',8320,1.0000,'26b3126e-62de-40bc-bfcc-794fcd220251','26b3126e-62de-40bc-bfcc-794fcd220251','2025-03-31 00:00:00','697c7bef4a62d','f3683bee-094b-4aa6-8163-8d418a27eb6a',NULL,169,'posted',NULL,NULL,0,NULL,NULL,'2026-01-30 12:37:51','2026-01-30 12:37:51'),('8e78bd1d-179c-4687-9e8b-5efe9b8ba6f5','863c6ca0-a005-4193-adbb-e479db09ee35',4449165,1.0000,'26b3126e-62de-40bc-bfcc-794fcd220251','26b3126e-62de-40bc-bfcc-794fcd220251','2025-03-31 00:00:00','697c7bee31cef','f3683bee-094b-4aa6-8163-8d418a27eb6a',NULL,76,'posted',NULL,NULL,0,NULL,NULL,'2026-01-30 12:37:50','2026-01-30 12:37:50'),('8e885aeb-490c-42c0-81c0-bfcc44ec215a','7387a25a-a4f3-4ca4-855c-f93f7ea2baea',2944918.8676981,1.0000,'26b3126e-62de-40bc-bfcc-794fcd220251','26b3126e-62de-40bc-bfcc-794fcd220251','2025-03-31 00:00:00','697c7bf4c8e1b','f3683bee-094b-4aa6-8163-8d418a27eb6a',621,NULL,'posted',NULL,NULL,0,NULL,NULL,'2026-01-30 12:37:56','2026-01-30 12:37:56'),('8f15a4a7-cb46-4354-a4bd-4215e387867a','c3fcc564-b0f8-4864-886f-70a89d08a52e',430000,1.0000,'26b3126e-62de-40bc-bfcc-794fcd220251','26b3126e-62de-40bc-bfcc-794fcd220251','2025-03-31 00:00:00','697c7bef572e6','f3683bee-094b-4aa6-8163-8d418a27eb6a',NULL,175,'posted',NULL,NULL,0,NULL,NULL,'2026-01-30 12:37:51','2026-01-30 12:37:51'),('8f17f875-e954-4e65-a8e7-3cf2e88e7ad8','b45b1d15-be51-4377-b952-9cfb9b27d058',11000,1.0000,'26b3126e-62de-40bc-bfcc-794fcd220251','26b3126e-62de-40bc-bfcc-794fcd220251','2025-04-01 00:00:00','69804a98b7447','f3683bee-094b-4aa6-8163-8d418a27eb6a',NULL,381,'posted',NULL,NULL,0,NULL,NULL,'2026-02-02 09:56:25','2026-02-02 09:56:25'),('8f418b53-c8d7-423b-99b3-5cd4c9b8b047','b45b1d15-be51-4377-b952-9cfb9b27d058',430000,1.0000,'26b3126e-62de-40bc-bfcc-794fcd220251','26b3126e-62de-40bc-bfcc-794fcd220251','2025-04-01 00:00:00','69804a98b7447','f3683bee-094b-4aa6-8163-8d418a27eb6a',NULL,365,'posted',NULL,NULL,0,NULL,NULL,'2026-02-02 09:56:25','2026-02-02 09:56:25'),('8f7ae1c4-4945-4338-8732-a405acba651e','7d2ed456-2f3f-4f64-98fe-6a4a9a933c9e',25478514,1.0000,'26b3126e-62de-40bc-bfcc-794fcd220251','26b3126e-62de-40bc-bfcc-794fcd220251','2025-03-31 00:00:00','697c7bee8c72f','f3683bee-094b-4aa6-8163-8d418a27eb6a',NULL,108,'posted',NULL,NULL,0,NULL,NULL,'2026-01-30 12:37:50','2026-01-30 12:37:50'),('8fb2445d-5e82-4337-9eba-a1f13ff3c6f0','b45b1d15-be51-4377-b952-9cfb9b27d058',815210,1.0000,'26b3126e-62de-40bc-bfcc-794fcd220251','26b3126e-62de-40bc-bfcc-794fcd220251','2025-04-01 00:00:00','69804a98b7447','f3683bee-094b-4aa6-8163-8d418a27eb6a',NULL,424,'posted',NULL,NULL,0,NULL,NULL,'2026-02-02 09:56:25','2026-02-02 09:56:25'),('8fda6357-9bd6-4d15-a7bc-2c4a5942df07','b45b1d15-be51-4377-b952-9cfb9b27d058',1180259.3127,1.0000,'26b3126e-62de-40bc-bfcc-794fcd220251','26b3126e-62de-40bc-bfcc-794fcd220251','2025-04-01 00:00:00','69804a98b7447','f3683bee-094b-4aa6-8163-8d418a27eb6a',586,NULL,'posted',NULL,NULL,0,NULL,NULL,'2026-02-02 09:56:25','2026-02-02 09:56:25'),('90106e29-8614-435e-9e36-425c30219092','b45b1d15-be51-4377-b952-9cfb9b27d058',7500,1.0000,'26b3126e-62de-40bc-bfcc-794fcd220251','26b3126e-62de-40bc-bfcc-794fcd220251','2025-04-01 00:00:00','69804a98b7447','f3683bee-094b-4aa6-8163-8d418a27eb6a',NULL,439,'posted',NULL,NULL,0,NULL,NULL,'2026-02-02 09:56:25','2026-02-02 09:56:25'),('903412d9-fad3-4243-951c-ac058bcc9b76','b45b1d15-be51-4377-b952-9cfb9b27d058',385750,1.0000,'26b3126e-62de-40bc-bfcc-794fcd220251','26b3126e-62de-40bc-bfcc-794fcd220251','2025-04-01 00:00:00','69804a98b7447','f3683bee-094b-4aa6-8163-8d418a27eb6a',663,NULL,'posted',NULL,NULL,0,NULL,NULL,'2026-02-02 09:56:26','2026-02-02 09:56:26'),('904416b2-84b1-4b9f-b3a7-45f8a96dfe8c','b45b1d15-be51-4377-b952-9cfb9b27d058',6805251.2068,1.0000,'26b3126e-62de-40bc-bfcc-794fcd220251','26b3126e-62de-40bc-bfcc-794fcd220251','2025-04-01 00:00:00','69804a98b7447','f3683bee-094b-4aa6-8163-8d418a27eb6a',538,NULL,'posted',NULL,NULL,0,NULL,NULL,'2026-02-02 09:56:26','2026-02-02 09:56:26'),('9096a03d-56da-45a2-bfc9-0f7212bd5bdf','d8f6bea7-ba30-4706-9617-3fd923f4b627',1500000.16,1.0000,'26b3126e-62de-40bc-bfcc-794fcd220251','26b3126e-62de-40bc-bfcc-794fcd220251','2026-01-30 00:00:00','697c972e5e6c3','f3683bee-094b-4aa6-8163-8d418a27eb6a',936,NULL,'posted',NULL,NULL,0,NULL,NULL,'2026-01-30 14:34:06','2026-01-30 14:34:06'),('919fb7d8-977b-404e-988b-abdf59fdbe6d','b45b1d15-be51-4377-b952-9cfb9b27d058',750000,1.0000,'26b3126e-62de-40bc-bfcc-794fcd220251','26b3126e-62de-40bc-bfcc-794fcd220251','2025-04-01 00:00:00','69804a98b7447','f3683bee-094b-4aa6-8163-8d418a27eb6a',NULL,356,'posted',NULL,NULL,0,NULL,NULL,'2026-02-02 09:56:25','2026-02-02 09:56:25'),('91b47ee8-0946-45af-9e15-6c93005b9c07','b45b1d15-be51-4377-b952-9cfb9b27d058',4585646.7876,1.0000,'26b3126e-62de-40bc-bfcc-794fcd220251','26b3126e-62de-40bc-bfcc-794fcd220251','2025-04-01 00:00:00','69804a98b7447','f3683bee-094b-4aa6-8163-8d418a27eb6a',540,NULL,'posted',NULL,NULL,0,NULL,NULL,'2026-02-02 09:56:25','2026-02-02 09:56:25'),('91f9c72f-9357-4031-83ac-752875ada3e1','22144229-fac2-43a6-b5c4-215dc9417f17',800625,1.0000,'26b3126e-62de-40bc-bfcc-794fcd220251','26b3126e-62de-40bc-bfcc-794fcd220251','2025-03-31 00:00:00','697c7beeed64a','f3683bee-094b-4aa6-8163-8d418a27eb6a',NULL,140,'posted',NULL,NULL,0,NULL,NULL,'2026-01-30 12:37:50','2026-01-30 12:37:50'),('92012407-670b-4c27-87d6-86d2569beea6','b45b1d15-be51-4377-b952-9cfb9b27d058',360000,1.0000,'26b3126e-62de-40bc-bfcc-794fcd220251','26b3126e-62de-40bc-bfcc-794fcd220251','2025-04-01 00:00:00','69804a98b7447','f3683bee-094b-4aa6-8163-8d418a27eb6a',NULL,316,'posted',NULL,NULL,0,NULL,NULL,'2026-02-02 09:56:25','2026-02-02 09:56:25'),('922765a7-886e-4ca5-b29f-c7150f6df007','b2c2164c-9e5c-44da-b2b5-b00b1dfe1a1b',150000,1.0000,'26b3126e-62de-40bc-bfcc-794fcd220251','26b3126e-62de-40bc-bfcc-794fcd220251','2025-03-31 00:00:00','697c7befb0681','f3683bee-094b-4aa6-8163-8d418a27eb6a',NULL,212,'posted',NULL,NULL,0,NULL,NULL,'2026-01-30 12:37:51','2026-01-30 12:37:51'),('925d7570-d06b-4b26-9f86-ef47a748b310','b45b1d15-be51-4377-b952-9cfb9b27d058',946793.032,1.0000,'26b3126e-62de-40bc-bfcc-794fcd220251','26b3126e-62de-40bc-bfcc-794fcd220251','2025-04-01 00:00:00','69804a98b7447','f3683bee-094b-4aa6-8163-8d418a27eb6a',603,NULL,'posted',NULL,NULL,0,NULL,NULL,'2026-02-02 09:56:26','2026-02-02 09:56:26'),('92c9f519-4091-471d-ab7b-f863025229cc','b45b1d15-be51-4377-b952-9cfb9b27d058',665000,1.0000,'26b3126e-62de-40bc-bfcc-794fcd220251','26b3126e-62de-40bc-bfcc-794fcd220251','2025-04-01 00:00:00','69804a98b7447','f3683bee-094b-4aa6-8163-8d418a27eb6a',NULL,216,'posted',NULL,NULL,0,NULL,NULL,'2026-02-02 09:56:25','2026-02-02 09:56:25'),('93268ad5-1c75-4328-b8ea-183e73a92d59','1f4677b0-f18f-4c00-a052-214279416fee',290000,1.0000,'26b3126e-62de-40bc-bfcc-794fcd220251','26b3126e-62de-40bc-bfcc-794fcd220251','2025-03-31 00:00:00','697c7befd0c33','f3683bee-094b-4aa6-8163-8d418a27eb6a',NULL,227,'posted',NULL,NULL,0,NULL,NULL,'2026-01-30 12:37:51','2026-01-30 12:37:51'),('9365d26e-580c-4424-bb79-51eb256498b9','b45b1d15-be51-4377-b952-9cfb9b27d058',281250,1.0000,'26b3126e-62de-40bc-bfcc-794fcd220251','26b3126e-62de-40bc-bfcc-794fcd220251','2025-04-01 00:00:00','69804a98b7447','f3683bee-094b-4aa6-8163-8d418a27eb6a',NULL,129,'posted',NULL,NULL,0,NULL,NULL,'2026-02-02 09:56:25','2026-02-02 09:56:25'),('936cc4c9-a783-4eed-a59a-d7b3b2485855','91f7473f-15a3-44ce-82ac-cc0c02badadc',1190250,1.0000,'26b3126e-62de-40bc-bfcc-794fcd220251','26b3126e-62de-40bc-bfcc-794fcd220251','2025-03-31 00:00:00','697c7bf320e2e','f3683bee-094b-4aa6-8163-8d418a27eb6a',492,NULL,'posted',NULL,NULL,0,NULL,NULL,'2026-01-30 12:37:55','2026-01-30 12:37:55'),('93702d0d-58ab-4dbd-a693-87d0a43c4cae','b45b1d15-be51-4377-b952-9cfb9b27d058',100000,1.0000,'26b3126e-62de-40bc-bfcc-794fcd220251','26b3126e-62de-40bc-bfcc-794fcd220251','2025-04-01 00:00:00','69804a98b7447','f3683bee-094b-4aa6-8163-8d418a27eb6a',NULL,143,'posted',NULL,NULL,0,NULL,NULL,'2026-02-02 09:56:25','2026-02-02 09:56:25'),('938645ef-b552-4204-bde5-59353716d767','b45b1d15-be51-4377-b952-9cfb9b27d058',3672400,1.0000,'26b3126e-62de-40bc-bfcc-794fcd220251','26b3126e-62de-40bc-bfcc-794fcd220251','2025-04-01 00:00:00','69804a98b7447','f3683bee-094b-4aa6-8163-8d418a27eb6a',NULL,411,'posted',NULL,NULL,0,NULL,NULL,'2026-02-02 09:56:25','2026-02-02 09:56:25'),('93a321db-3098-454f-a499-e65d1ed8b480','b45b1d15-be51-4377-b952-9cfb9b27d058',12000000,1.0000,'26b3126e-62de-40bc-bfcc-794fcd220251','26b3126e-62de-40bc-bfcc-794fcd220251','2025-04-01 00:00:00','69804a98b7447','f3683bee-094b-4aa6-8163-8d418a27eb6a',NULL,459,'posted',NULL,NULL,0,NULL,NULL,'2026-02-02 09:56:24','2026-02-02 09:56:24'),('940a8b80-75e2-40f3-afeb-251931c1bd01','0d6dc01b-d4c3-4d25-b9aa-cb259549c8d9',360000,1.0000,'26b3126e-62de-40bc-bfcc-794fcd220251','26b3126e-62de-40bc-bfcc-794fcd220251','2025-03-31 00:00:00','697c7beff061a','f3683bee-094b-4aa6-8163-8d418a27eb6a',NULL,242,'posted',NULL,NULL,0,NULL,NULL,'2026-01-30 12:37:51','2026-01-30 12:37:51'),('945757f5-2e13-40e7-ac86-d70fffd61fd0','b45b1d15-be51-4377-b952-9cfb9b27d058',2772918.9171,1.0000,'26b3126e-62de-40bc-bfcc-794fcd220251','26b3126e-62de-40bc-bfcc-794fcd220251','2025-04-01 00:00:00','69804a98b7447','f3683bee-094b-4aa6-8163-8d418a27eb6a',551,NULL,'posted',NULL,NULL,0,NULL,NULL,'2026-02-02 09:56:25','2026-02-02 09:56:25'),('94aa091b-839c-4be9-b30d-a0be08e9f7a5','b45b1d15-be51-4377-b952-9cfb9b27d058',4479637.9352,1.0000,'26b3126e-62de-40bc-bfcc-794fcd220251','26b3126e-62de-40bc-bfcc-794fcd220251','2025-04-01 00:00:00','69804a98b7447','f3683bee-094b-4aa6-8163-8d418a27eb6a',537,NULL,'posted',NULL,NULL,0,NULL,NULL,'2026-02-02 09:56:25','2026-02-02 09:56:25'),('94d71a89-e70d-417a-9c81-cbcdc3d3de44','c7175907-564a-4706-a857-d3287d4f19dc',43588,1.0000,'26b3126e-62de-40bc-bfcc-794fcd220251','26b3126e-62de-40bc-bfcc-794fcd220251','2025-03-31 00:00:00','697c7bf57eab3','f3683bee-094b-4aa6-8163-8d418a27eb6a',673,NULL,'posted',NULL,NULL,0,NULL,NULL,'2026-01-30 12:37:57','2026-01-30 12:37:57'),('94f7cb14-e0ea-47e6-8b27-8fc76ce2dfef','b45b1d15-be51-4377-b952-9cfb9b27d058',20000,1.0000,'26b3126e-62de-40bc-bfcc-794fcd220251','26b3126e-62de-40bc-bfcc-794fcd220251','2025-04-01 00:00:00','69804a98b7447','f3683bee-094b-4aa6-8163-8d418a27eb6a',NULL,333,'posted',NULL,NULL,0,NULL,NULL,'2026-02-02 09:56:25','2026-02-02 09:56:25'),('952aab78-40cc-4cc6-b030-87373a453da9','b45b1d15-be51-4377-b952-9cfb9b27d058',20000,1.0000,'26b3126e-62de-40bc-bfcc-794fcd220251','26b3126e-62de-40bc-bfcc-794fcd220251','2025-04-01 00:00:00','69804a98b7447','f3683bee-094b-4aa6-8163-8d418a27eb6a',NULL,291,'posted',NULL,NULL,0,NULL,NULL,'2026-02-02 09:56:24','2026-02-02 09:56:24'),('954641ce-8187-47ae-b4a2-c909c8ff59ae','b45b1d15-be51-4377-b952-9cfb9b27d058',20000,1.0000,'26b3126e-62de-40bc-bfcc-794fcd220251','26b3126e-62de-40bc-bfcc-794fcd220251','2025-04-01 00:00:00','69804a98b7447','f3683bee-094b-4aa6-8163-8d418a27eb6a',NULL,285,'posted',NULL,NULL,0,NULL,NULL,'2026-02-02 09:56:25','2026-02-02 09:56:25'),('95504f48-8278-4ee4-a623-be29d8c308c8','b45b1d15-be51-4377-b952-9cfb9b27d058',474175342.9333,1.0000,'26b3126e-62de-40bc-bfcc-794fcd220251','26b3126e-62de-40bc-bfcc-794fcd220251','2025-04-01 00:00:00','69804a98b7447','f3683bee-094b-4aa6-8163-8d418a27eb6a',535,NULL,'posted',NULL,NULL,0,NULL,NULL,'2026-02-02 09:56:25','2026-02-02 09:56:25'),('95bf9941-37c6-43d9-893e-c398b99948e9','c6f73dc0-01fc-4844-9ac9-8495a84369f2',37000000,1.0000,'26b3126e-62de-40bc-bfcc-794fcd220251','26b3126e-62de-40bc-bfcc-794fcd220251','2025-03-31 00:00:00','697c7bee4e8e5','f3683bee-094b-4aa6-8163-8d418a27eb6a',NULL,86,'posted',NULL,NULL,0,NULL,NULL,'2026-01-30 12:37:50','2026-01-30 12:37:50'),('95e5748d-48f7-46d3-a25e-65ff00ebc1d8','1c00c7d0-a664-4543-890e-785f809e2669',1900223,1.0000,'26b3126e-62de-40bc-bfcc-794fcd220251','26b3126e-62de-40bc-bfcc-794fcd220251','2025-03-31 00:00:00','697c7bee0cbab','f3683bee-094b-4aa6-8163-8d418a27eb6a',NULL,63,'posted',NULL,NULL,0,NULL,NULL,'2026-01-30 12:37:50','2026-01-30 12:37:50'),('95ec1888-d754-4f00-ad88-97efb89d51b0','b45b1d15-be51-4377-b952-9cfb9b27d058',12000000,1.0000,'26b3126e-62de-40bc-bfcc-794fcd220251','26b3126e-62de-40bc-bfcc-794fcd220251','2025-04-01 00:00:00','69804a98b7447','f3683bee-094b-4aa6-8163-8d418a27eb6a',NULL,464,'posted',NULL,NULL,0,NULL,NULL,'2026-02-02 09:56:24','2026-02-02 09:56:24'),('95f47e4d-4228-48bb-bb6d-dba8c63bf0bf','48cda867-b52e-4fdf-802a-d61813ab696e',47249658.333333,1.0000,'26b3126e-62de-40bc-bfcc-794fcd220251','26b3126e-62de-40bc-bfcc-794fcd220251','2025-03-31 00:00:00','697c7beda41bf','f3683bee-094b-4aa6-8163-8d418a27eb6a',NULL,31,'posted',NULL,NULL,0,NULL,NULL,'2026-01-30 12:37:49','2026-01-30 12:37:49'),('965a0d0c-0bd0-4c2e-8bfd-a91cfad10309','e6451513-4502-41af-a349-d0c742584970',630000,1.0000,'26b3126e-62de-40bc-bfcc-794fcd220251','26b3126e-62de-40bc-bfcc-794fcd220251','2025-03-31 00:00:00','697c7bf0bccd4','f3683bee-094b-4aa6-8163-8d418a27eb6a',NULL,315,'posted',NULL,NULL,0,NULL,NULL,'2026-01-30 12:37:52','2026-01-30 12:37:52'),('965c239d-62f6-497a-9200-87fa7d6bee9a','b45b1d15-be51-4377-b952-9cfb9b27d058',17924200,1.0000,'26b3126e-62de-40bc-bfcc-794fcd220251','26b3126e-62de-40bc-bfcc-794fcd220251','2025-04-01 00:00:00','69804a98b7447','f3683bee-094b-4aa6-8163-8d418a27eb6a',NULL,82,'posted',NULL,NULL,0,NULL,NULL,'2026-02-02 09:56:25','2026-02-02 09:56:25'),('97483508-30dc-45f1-9c2d-ec6af6b41fd4','b45b1d15-be51-4377-b952-9cfb9b27d058',2045665.2823,1.0000,'26b3126e-62de-40bc-bfcc-794fcd220251','26b3126e-62de-40bc-bfcc-794fcd220251','2025-04-01 00:00:00','69804a98b7447','f3683bee-094b-4aa6-8163-8d418a27eb6a',561,NULL,'posted',NULL,NULL,0,NULL,NULL,'2026-02-02 09:56:26','2026-02-02 09:56:26'),('983a3f28-5ed4-42e0-b04f-900d74e9ddaa','149a8b1b-0c74-4616-9806-8b221d4d5256',6695000,1.0000,'26b3126e-62de-40bc-bfcc-794fcd220251','26b3126e-62de-40bc-bfcc-794fcd220251','2026-01-30 00:00:00','697c972ee02c4','f3683bee-094b-4aa6-8163-8d418a27eb6a',NULL,977,'posted',NULL,NULL,0,NULL,NULL,'2026-01-30 14:34:06','2026-01-30 14:34:06'),('983b425f-ab37-4ee9-88d5-d021886dc0d3','2ad19759-eaed-4f7b-85a0-60efe351de2a',3391,1.0000,'26b3126e-62de-40bc-bfcc-794fcd220251','26b3126e-62de-40bc-bfcc-794fcd220251','2025-03-31 00:00:00','697c7bf5944d4','f3683bee-094b-4aa6-8163-8d418a27eb6a',680,NULL,'posted',NULL,NULL,0,NULL,NULL,'2026-01-30 12:37:57','2026-01-30 12:37:57'),('984fe150-e505-4065-8fd2-36c603832be5','e9be2d0a-f9f1-49d2-b3f3-43b91bfd2e95',308000,1.0000,'26b3126e-62de-40bc-bfcc-794fcd220251','26b3126e-62de-40bc-bfcc-794fcd220251','2025-03-31 00:00:00','697c7bef09600','f3683bee-094b-4aa6-8163-8d418a27eb6a',NULL,146,'posted',NULL,NULL,0,NULL,NULL,'2026-01-30 12:37:51','2026-01-30 12:37:51'),('9867c841-ffe2-43a1-9f00-7f0416906610','76afda36-4afc-4632-a5e7-f0eecd535f87',30400,1.0000,'26b3126e-62de-40bc-bfcc-794fcd220251','26b3126e-62de-40bc-bfcc-794fcd220251','2025-03-31 00:00:00','697c7bf516eba','f3683bee-094b-4aa6-8163-8d418a27eb6a',642,NULL,'posted',NULL,NULL,0,NULL,NULL,'2026-01-30 12:37:57','2026-01-30 12:37:57'),('98713997-6f95-4049-ac39-d53b4cdb6890','f37903f8-5730-45f0-bed4-4e0581ba40ac',15833333,1.0000,'26b3126e-62de-40bc-bfcc-794fcd220251','26b3126e-62de-40bc-bfcc-794fcd220251','2025-03-31 00:00:00','697c7bf32a30b','f3683bee-094b-4aa6-8163-8d418a27eb6a',495,NULL,'posted',NULL,NULL,0,NULL,NULL,'2026-01-30 12:37:55','2026-01-30 12:37:55'),('98a2edee-7a25-40e5-a9d2-3f7bc94c7122','b45b1d15-be51-4377-b952-9cfb9b27d058',50000,1.0000,'26b3126e-62de-40bc-bfcc-794fcd220251','26b3126e-62de-40bc-bfcc-794fcd220251','2025-04-01 00:00:00','69804a98b7447','f3683bee-094b-4aa6-8163-8d418a27eb6a',NULL,355,'posted',NULL,NULL,0,NULL,NULL,'2026-02-02 09:56:25','2026-02-02 09:56:25'),('98b2d8a3-4fdf-47ee-9cf2-a9dbccc27b7a','e416a547-236e-49f6-83e8-0bb258a0cbea',430000,1.0000,'26b3126e-62de-40bc-bfcc-794fcd220251','26b3126e-62de-40bc-bfcc-794fcd220251','2025-03-31 00:00:00','697c7befb6443','f3683bee-094b-4aa6-8163-8d418a27eb6a',NULL,214,'posted',NULL,NULL,0,NULL,NULL,'2026-01-30 12:37:51','2026-01-30 12:37:51'),('98c91560-955a-4aa6-afba-995ae56f66aa','b45b1d15-be51-4377-b952-9cfb9b27d058',30400,1.0000,'26b3126e-62de-40bc-bfcc-794fcd220251','26b3126e-62de-40bc-bfcc-794fcd220251','2025-04-01 00:00:00','69804a98b7447','f3683bee-094b-4aa6-8163-8d418a27eb6a',642,NULL,'posted',NULL,NULL,0,NULL,NULL,'2026-02-02 09:56:26','2026-02-02 09:56:26'),('98cdf7f0-d481-41d4-ade5-868ba6e2a5de','ceb96b1a-14de-4a53-ba45-1db5f0b03413',3307015,1.0000,'26b3126e-62de-40bc-bfcc-794fcd220251','26b3126e-62de-40bc-bfcc-794fcd220251','2025-03-31 00:00:00','697c7bf5a42af','f3683bee-094b-4aa6-8163-8d418a27eb6a',685,NULL,'posted',NULL,NULL,0,NULL,NULL,'2026-01-30 12:37:57','2026-01-30 12:37:57'),('98e5a323-37c9-4168-8d4c-7c1190d42d13','b45b1d15-be51-4377-b952-9cfb9b27d058',91100,1.0000,'26b3126e-62de-40bc-bfcc-794fcd220251','26b3126e-62de-40bc-bfcc-794fcd220251','2025-04-01 00:00:00','69804a98b7447','f3683bee-094b-4aa6-8163-8d418a27eb6a',NULL,382,'posted',NULL,NULL,0,NULL,NULL,'2026-02-02 09:56:25','2026-02-02 09:56:25'),('9933e11a-06d9-4138-a4fe-906c5dc5af3a','f7dfa309-ea3f-4e80-bd95-9444c6665985',720202.04813944,1.0000,'26b3126e-62de-40bc-bfcc-794fcd220251','26b3126e-62de-40bc-bfcc-794fcd220251','2025-03-31 00:00:00','697c7bf4d9400','f3683bee-094b-4aa6-8163-8d418a27eb6a',626,NULL,'posted',NULL,NULL,0,NULL,NULL,'2026-01-30 12:37:56','2026-01-30 12:37:56'),('99504881-a11f-473a-8bd4-b9f856126991','8d3d1ca7-0d92-432f-9572-55207af69ae5',220876390.29157,1.0000,'26b3126e-62de-40bc-bfcc-794fcd220251','26b3126e-62de-40bc-bfcc-794fcd220251','2026-01-30 00:00:00','697c972f37898','f3683bee-094b-4aa6-8163-8d418a27eb6a',NULL,1005,'posted',NULL,NULL,0,NULL,NULL,'2026-01-30 14:34:07','2026-01-30 14:34:07'),('99609079-643f-4606-b135-57b26adc4662','09a18b32-0c79-4ac9-86b7-d5da26e7216c',310472722.45,1.0000,'26b3126e-62de-40bc-bfcc-794fcd220251','26b3126e-62de-40bc-bfcc-794fcd220251','2025-03-31 00:00:00','697c7bf3274a1','f3683bee-094b-4aa6-8163-8d418a27eb6a',494,NULL,'posted',NULL,NULL,0,NULL,NULL,'2026-01-30 12:37:55','2026-01-30 12:37:55'),('997b72c4-db2d-4fec-920b-c20a81cdafa6','b45b1d15-be51-4377-b952-9cfb9b27d058',170000,1.0000,'26b3126e-62de-40bc-bfcc-794fcd220251','26b3126e-62de-40bc-bfcc-794fcd220251','2025-04-01 00:00:00','69804a98b7447','f3683bee-094b-4aa6-8163-8d418a27eb6a',NULL,190,'posted',NULL,NULL,0,NULL,NULL,'2026-02-02 09:56:24','2026-02-02 09:56:24'),('99c5d7e8-ab39-4c04-b047-ec5f9b7cec29','b45b1d15-be51-4377-b952-9cfb9b27d058',243632.3182,1.0000,'26b3126e-62de-40bc-bfcc-794fcd220251','26b3126e-62de-40bc-bfcc-794fcd220251','2025-04-01 00:00:00','69804a98b7447','f3683bee-094b-4aa6-8163-8d418a27eb6a',600,NULL,'posted',NULL,NULL,0,NULL,NULL,'2026-02-02 09:56:25','2026-02-02 09:56:25'),('99eb420c-854f-48ff-a004-155a60332835','b45b1d15-be51-4377-b952-9cfb9b27d058',3192723.3746,1.0000,'26b3126e-62de-40bc-bfcc-794fcd220251','26b3126e-62de-40bc-bfcc-794fcd220251','2025-04-01 00:00:00','69804a98b7447','f3683bee-094b-4aa6-8163-8d418a27eb6a',580,NULL,'posted',NULL,NULL,0,NULL,NULL,'2026-02-02 09:56:26','2026-02-02 09:56:26'),('9a704f44-1dd9-4930-a936-6e3d29f688d2','6d428275-4e90-4213-985a-4de49764549e',2209297.3501207,1.0000,'26b3126e-62de-40bc-bfcc-794fcd220251','26b3126e-62de-40bc-bfcc-794fcd220251','2025-03-31 00:00:00','697c7bf49d3d3','f3683bee-094b-4aa6-8163-8d418a27eb6a',608,NULL,'posted',NULL,NULL,0,NULL,NULL,'2026-01-30 12:37:56','2026-01-30 12:37:56'),('9a7448a1-3233-4bb7-a645-3e756d3cb4bf','b5507db8-1e2c-451d-857b-58ba839d73a2',700000,1.0000,'26b3126e-62de-40bc-bfcc-794fcd220251','26b3126e-62de-40bc-bfcc-794fcd220251','2025-03-31 00:00:00','697c7bf0cb3d4','f3683bee-094b-4aa6-8163-8d418a27eb6a',NULL,320,'posted',NULL,NULL,0,NULL,NULL,'2026-01-30 12:37:52','2026-01-30 12:37:52'),('9abe0d25-6e1e-4bc2-a453-009c113d1d95','14e9333a-828c-46cb-9c78-f2c3f62fc0d8',430000,1.0000,'26b3126e-62de-40bc-bfcc-794fcd220251','26b3126e-62de-40bc-bfcc-794fcd220251','2025-03-31 00:00:00','697c7bf0918e7','f3683bee-094b-4aa6-8163-8d418a27eb6a',NULL,301,'posted',NULL,NULL,0,NULL,NULL,'2026-01-30 12:37:52','2026-01-30 12:37:52'),('9af178e4-61c1-4285-8210-e4a5480c8053','12ceac1f-820d-4566-8a22-3a09e9be9eef',231121934,1.0000,'26b3126e-62de-40bc-bfcc-794fcd220251','26b3126e-62de-40bc-bfcc-794fcd220251','2025-03-31 00:00:00','697c7bf32d227','f3683bee-094b-4aa6-8163-8d418a27eb6a',496,NULL,'posted',NULL,NULL,0,NULL,NULL,'2026-01-30 12:37:55','2026-01-30 12:37:55'),('9b411557-6385-45c4-b947-607f868cae2f','47819d53-030d-491a-8689-2229d6cfda62',400000,1.0000,'26b3126e-62de-40bc-bfcc-794fcd220251','26b3126e-62de-40bc-bfcc-794fcd220251','2025-03-31 00:00:00','697c7bef81030','f3683bee-094b-4aa6-8163-8d418a27eb6a',NULL,192,'posted',NULL,NULL,0,NULL,NULL,'2026-01-30 12:37:51','2026-01-30 12:37:51'),('9c2e0224-e84f-4db0-872c-1440135ed8cc','b45b1d15-be51-4377-b952-9cfb9b27d058',20000,1.0000,'26b3126e-62de-40bc-bfcc-794fcd220251','26b3126e-62de-40bc-bfcc-794fcd220251','2025-04-01 00:00:00','69804a98b7447','f3683bee-094b-4aa6-8163-8d418a27eb6a',NULL,165,'posted',NULL,NULL,0,NULL,NULL,'2026-02-02 09:56:25','2026-02-02 09:56:25'),('9c3de3c5-8771-4fcc-9c17-71684d97b1d9','b45b1d15-be51-4377-b952-9cfb9b27d058',2014215.2059,1.0000,'26b3126e-62de-40bc-bfcc-794fcd220251','26b3126e-62de-40bc-bfcc-794fcd220251','2025-04-01 00:00:00','69804a98b7447','f3683bee-094b-4aa6-8163-8d418a27eb6a',607,NULL,'posted',NULL,NULL,0,NULL,NULL,'2026-02-02 09:56:26','2026-02-02 09:56:26'),('9c5eb481-dc48-4536-8479-ca66927239ab','b45b1d15-be51-4377-b952-9cfb9b27d058',430000,1.0000,'26b3126e-62de-40bc-bfcc-794fcd220251','26b3126e-62de-40bc-bfcc-794fcd220251','2025-04-01 00:00:00','69804a98b7447','f3683bee-094b-4aa6-8163-8d418a27eb6a',NULL,247,'posted',NULL,NULL,0,NULL,NULL,'2026-02-02 09:56:25','2026-02-02 09:56:25'),('9c7cc6d2-ccac-40fc-b92c-c81e68e9ecc2','b45b1d15-be51-4377-b952-9cfb9b27d058',3000,1.0000,'26b3126e-62de-40bc-bfcc-794fcd220251','26b3126e-62de-40bc-bfcc-794fcd220251','2025-04-01 00:00:00','69804a98b7447','f3683bee-094b-4aa6-8163-8d418a27eb6a',675,NULL,'posted',NULL,NULL,0,NULL,NULL,'2026-02-02 09:56:26','2026-02-02 09:56:26'),('9c8d5a9a-094d-45da-9617-507813237f79','b45b1d15-be51-4377-b952-9cfb9b27d058',2350117.5352,1.0000,'26b3126e-62de-40bc-bfcc-794fcd220251','26b3126e-62de-40bc-bfcc-794fcd220251','2025-04-01 00:00:00','69804a98b7447','f3683bee-094b-4aa6-8163-8d418a27eb6a',595,NULL,'posted',NULL,NULL,0,NULL,NULL,'2026-02-02 09:56:26','2026-02-02 09:56:26'),('9c939a61-38e9-4aca-bf05-0e12ded71479','b45b1d15-be51-4377-b952-9cfb9b27d058',1037399764.84,1.0000,'26b3126e-62de-40bc-bfcc-794fcd220251','26b3126e-62de-40bc-bfcc-794fcd220251','2025-04-01 00:00:00','69804a98b7447','f3683bee-094b-4aa6-8163-8d418a27eb6a',452,NULL,'posted',NULL,NULL,0,NULL,NULL,'2026-02-02 09:56:25','2026-02-02 09:56:25'),('9c977168-e5c7-4931-8f8f-01f6164c5317','cc7d2619-d111-431f-afe0-f3309c1e5d1c',2526007.6111074,1.0000,'26b3126e-62de-40bc-bfcc-794fcd220251','26b3126e-62de-40bc-bfcc-794fcd220251','2025-03-31 00:00:00','697c7bf4f3025','f3683bee-094b-4aa6-8163-8d418a27eb6a',634,NULL,'posted',NULL,NULL,0,NULL,NULL,'2026-01-30 12:37:56','2026-01-30 12:37:56'),('9cc6e4fc-841c-4a12-b0e7-d16e71de9dbe','32e135c8-357e-44de-88ac-1c1f582ad6b3',2142584.1333333,1.0000,'26b3126e-62de-40bc-bfcc-794fcd220251','26b3126e-62de-40bc-bfcc-794fcd220251','2026-01-30 00:00:00','697c972f1781e','f3683bee-094b-4aa6-8163-8d418a27eb6a',NULL,993,'posted',NULL,NULL,0,NULL,NULL,'2026-01-30 14:34:07','2026-01-30 14:34:07'),('9d09cad7-0f44-4f49-8044-61fe4b320429','b45b1d15-be51-4377-b952-9cfb9b27d058',3513459870.275,1.0000,'26b3126e-62de-40bc-bfcc-794fcd220251','26b3126e-62de-40bc-bfcc-794fcd220251','2025-04-01 00:00:00','69804a98b7447','f3683bee-094b-4aa6-8163-8d418a27eb6a',694,NULL,'posted',NULL,NULL,0,NULL,NULL,'2026-02-02 09:56:26','2026-02-02 09:56:26'),('9d25360a-0786-4bfe-8936-54b11ca369f4','5e5dba27-ff34-402d-8d14-b716ec8b4cf7',216013.60386428,1.0000,'26b3126e-62de-40bc-bfcc-794fcd220251','26b3126e-62de-40bc-bfcc-794fcd220251','2025-03-31 00:00:00','697c7bf466273','f3683bee-094b-4aa6-8163-8d418a27eb6a',591,NULL,'posted',NULL,NULL,0,NULL,NULL,'2026-01-30 12:37:56','2026-01-30 12:37:56'),('9d3a6cd3-ffd9-40b6-843f-e8bcd0787197','b45b1d15-be51-4377-b952-9cfb9b27d058',350000,1.0000,'26b3126e-62de-40bc-bfcc-794fcd220251','26b3126e-62de-40bc-bfcc-794fcd220251','2025-04-01 00:00:00','69804a98b7447','f3683bee-094b-4aa6-8163-8d418a27eb6a',NULL,469,'posted',NULL,NULL,0,NULL,NULL,'2026-02-02 09:56:25','2026-02-02 09:56:25'),('9d6ec885-79d8-4efd-ad3f-a534bd35f0aa','b45b1d15-be51-4377-b952-9cfb9b27d058',430000,1.0000,'26b3126e-62de-40bc-bfcc-794fcd220251','26b3126e-62de-40bc-bfcc-794fcd220251','2025-04-01 00:00:00','69804a98b7447','f3683bee-094b-4aa6-8163-8d418a27eb6a',NULL,283,'posted',NULL,NULL,0,NULL,NULL,'2026-02-02 09:56:25','2026-02-02 09:56:25'),('9d978524-dc20-48a4-8d15-884c2fe192eb','b45b1d15-be51-4377-b952-9cfb9b27d058',350565309,1.0000,'26b3126e-62de-40bc-bfcc-794fcd220251','26b3126e-62de-40bc-bfcc-794fcd220251','2025-04-01 00:00:00','69804a98b7447','f3683bee-094b-4aa6-8163-8d418a27eb6a',489,NULL,'posted',NULL,NULL,0,NULL,NULL,'2026-02-02 09:56:25','2026-02-02 09:56:25'),('9d9a6be6-ad4f-421a-860b-0b732c1af69b','34297970-3d93-472a-a671-7b90847d2854',24983,1.0000,'26b3126e-62de-40bc-bfcc-794fcd220251','26b3126e-62de-40bc-bfcc-794fcd220251','2025-03-31 00:00:00','697c7bf560827','f3683bee-094b-4aa6-8163-8d418a27eb6a',664,NULL,'posted',NULL,NULL,0,NULL,NULL,'2026-01-30 12:37:57','2026-01-30 12:37:57'),('9dbbd887-c3bf-47a3-aebb-f191df00b1fc','499ed349-cf62-4913-ac4d-45f49b8c9390',111000,1.0000,'26b3126e-62de-40bc-bfcc-794fcd220251','26b3126e-62de-40bc-bfcc-794fcd220251','2025-03-31 00:00:00','697c7bf526afb','f3683bee-094b-4aa6-8163-8d418a27eb6a',647,NULL,'posted',NULL,NULL,0,NULL,NULL,'2026-01-30 12:37:57','2026-01-30 12:37:57'),('9e0cc77a-6ed4-4fd4-a6d7-5506e857393e','b45b1d15-be51-4377-b952-9cfb9b27d058',9586596,1.0000,'26b3126e-62de-40bc-bfcc-794fcd220251','26b3126e-62de-40bc-bfcc-794fcd220251','2025-04-01 00:00:00','69804a98b7447','f3683bee-094b-4aa6-8163-8d418a27eb6a',NULL,87,'posted',NULL,NULL,0,NULL,NULL,'2026-02-02 09:56:24','2026-02-02 09:56:24'),('9e16bcb3-5904-4430-9594-8f0a2d84e126','b45b1d15-be51-4377-b952-9cfb9b27d058',1166300,1.0000,'26b3126e-62de-40bc-bfcc-794fcd220251','26b3126e-62de-40bc-bfcc-794fcd220251','2025-04-01 00:00:00','69804a98b7447','f3683bee-094b-4aa6-8163-8d418a27eb6a',NULL,52,'posted',NULL,NULL,0,NULL,NULL,'2026-02-02 09:56:25','2026-02-02 09:56:25'),('9e18465d-b00d-48e7-b1b9-a0d93fa67699','b45b1d15-be51-4377-b952-9cfb9b27d058',705000,1.0000,'26b3126e-62de-40bc-bfcc-794fcd220251','26b3126e-62de-40bc-bfcc-794fcd220251','2025-04-01 00:00:00','69804a98b7447','f3683bee-094b-4aa6-8163-8d418a27eb6a',NULL,156,'posted',NULL,NULL,0,NULL,NULL,'2026-02-02 09:56:25','2026-02-02 09:56:25'),('9e3dd555-5a36-4d7c-a62a-f733fdfb323d','b2f3315f-0b4e-4363-ac78-d4ef411b4fec',2545711084.4143,1.0000,'26b3126e-62de-40bc-bfcc-794fcd220251','26b3126e-62de-40bc-bfcc-794fcd220251','2026-01-30 00:00:00','697c972f3f01c','f3683bee-094b-4aa6-8163-8d418a27eb6a',NULL,1007,'posted',NULL,NULL,0,NULL,NULL,'2026-01-30 14:34:07','2026-01-30 14:34:07'),('9e550be0-7472-4341-b0ca-1b3472f9fe85','b45b1d15-be51-4377-b952-9cfb9b27d058',1925760,1.0000,'26b3126e-62de-40bc-bfcc-794fcd220251','26b3126e-62de-40bc-bfcc-794fcd220251','2025-04-01 00:00:00','69804a98b7447','f3683bee-094b-4aa6-8163-8d418a27eb6a',NULL,111,'posted',NULL,NULL,0,NULL,NULL,'2026-02-02 09:56:25','2026-02-02 09:56:25'),('9e7917ec-a84c-4e5d-b3b2-d8c1d6b5391c','016909ba-16a2-40f7-8ccd-9bd9579c4481',20006,1.0000,'26b3126e-62de-40bc-bfcc-794fcd220251','26b3126e-62de-40bc-bfcc-794fcd220251','2025-03-31 00:00:00','697c7bf0d6f77','f3683bee-094b-4aa6-8163-8d418a27eb6a',NULL,324,'posted',NULL,NULL,0,NULL,NULL,'2026-01-30 12:37:52','2026-01-30 12:37:52'),('9ec9e302-3e6e-4942-b641-dbec3bd23aa4','808b5e67-6952-47d3-9c6a-9c926526d08f',228150,1.0000,'26b3126e-62de-40bc-bfcc-794fcd220251','26b3126e-62de-40bc-bfcc-794fcd220251','2025-03-31 00:00:00','697c7bf1c2657','f3683bee-094b-4aa6-8163-8d418a27eb6a',NULL,394,'posted',NULL,NULL,0,NULL,NULL,'2026-01-30 12:37:53','2026-01-30 12:37:53'),('9ef470ea-ebb0-4093-9146-92aaa1b1aedc','b45b1d15-be51-4377-b952-9cfb9b27d058',155442708.3333,1.0000,'26b3126e-62de-40bc-bfcc-794fcd220251','26b3126e-62de-40bc-bfcc-794fcd220251','2025-04-01 00:00:00','69804a98b7447','f3683bee-094b-4aa6-8163-8d418a27eb6a',NULL,28,'posted',NULL,NULL,0,NULL,NULL,'2026-02-02 09:56:24','2026-02-02 09:56:24'),('9f362350-1b3d-4593-b202-b98e58a9e20d','84af3dd4-b6bc-4019-a374-3faee0908b6a',2139000,1.0000,'26b3126e-62de-40bc-bfcc-794fcd220251','26b3126e-62de-40bc-bfcc-794fcd220251','2026-01-30 00:00:00','697c972ee67d4','f3683bee-094b-4aa6-8163-8d418a27eb6a',NULL,980,'posted',NULL,NULL,0,NULL,NULL,'2026-01-30 14:34:06','2026-01-30 14:34:06'),('9f6dced8-0451-46db-8db3-619f4db7de67','ade0b25c-ce51-47fe-a831-95a95d994672',44485105,1.0000,'26b3126e-62de-40bc-bfcc-794fcd220251','26b3126e-62de-40bc-bfcc-794fcd220251','2025-03-31 00:00:00','697c7bf353a53','f3683bee-094b-4aa6-8163-8d418a27eb6a',508,NULL,'posted',NULL,NULL,0,NULL,NULL,'2026-01-30 12:37:55','2026-01-30 12:37:55'),('9f9eb4d7-a23e-4cb7-87f1-9c5ce1528790','b45b1d15-be51-4377-b952-9cfb9b27d058',50000,1.0000,'26b3126e-62de-40bc-bfcc-794fcd220251','26b3126e-62de-40bc-bfcc-794fcd220251','2025-04-01 00:00:00','69804a98b7447','f3683bee-094b-4aa6-8163-8d418a27eb6a',NULL,360,'posted',NULL,NULL,0,NULL,NULL,'2026-02-02 09:56:25','2026-02-02 09:56:25'),('9fd1c7b8-be4d-4969-87ef-4711b9423b5f','b45b1d15-be51-4377-b952-9cfb9b27d058',430000,1.0000,'26b3126e-62de-40bc-bfcc-794fcd220251','26b3126e-62de-40bc-bfcc-794fcd220251','2025-04-01 00:00:00','69804a98b7447','f3683bee-094b-4aa6-8163-8d418a27eb6a',NULL,258,'posted',NULL,NULL,0,NULL,NULL,'2026-02-02 09:56:25','2026-02-02 09:56:25'),('a018b420-c2c9-49a7-b5d4-f96d7a57971b','b45b1d15-be51-4377-b952-9cfb9b27d058',430000,1.0000,'26b3126e-62de-40bc-bfcc-794fcd220251','26b3126e-62de-40bc-bfcc-794fcd220251','2025-04-01 00:00:00','69804a98b7447','f3683bee-094b-4aa6-8163-8d418a27eb6a',NULL,175,'posted',NULL,NULL,0,NULL,NULL,'2026-02-02 09:56:25','2026-02-02 09:56:25'),('a03ed50d-7450-49fe-aad7-a3728bb6123f','6e386696-fb7b-4df1-ba17-1b44ac9b803d',310000,1.0000,'26b3126e-62de-40bc-bfcc-794fcd220251','26b3126e-62de-40bc-bfcc-794fcd220251','2025-03-31 00:00:00','697c7bf05703a','f3683bee-094b-4aa6-8163-8d418a27eb6a',NULL,279,'posted',NULL,NULL,0,NULL,NULL,'2026-01-30 12:37:52','2026-01-30 12:37:52'),('a09e8f15-9649-45e2-a327-a99121792787','2f9f90f2-6578-4579-9a87-2a2ede324d5b',899420783.09,1.0000,'26b3126e-62de-40bc-bfcc-794fcd220251','26b3126e-62de-40bc-bfcc-794fcd220251','2026-01-30 00:00:00','697c972e6b52d','f3683bee-094b-4aa6-8163-8d418a27eb6a',943,NULL,'posted',NULL,NULL,0,NULL,NULL,'2026-01-30 14:34:06','2026-01-30 14:34:06'),('a09efb38-c66e-4454-87ed-81b3dc01d332','6cd012e8-bdd1-4526-ab9b-b329e8207c3d',45000,1.0000,'26b3126e-62de-40bc-bfcc-794fcd220251','26b3126e-62de-40bc-bfcc-794fcd220251','2025-03-31 00:00:00','697c7befe1fb4','f3683bee-094b-4aa6-8163-8d418a27eb6a',NULL,235,'posted',NULL,NULL,0,NULL,NULL,'2026-01-30 12:37:51','2026-01-30 12:37:51'),('a0b363ee-3811-4b4b-b84e-676dd04081bd','ea132942-a266-48d9-9229-c3aa8e60d7f2',300000,1.0000,'26b3126e-62de-40bc-bfcc-794fcd220251','26b3126e-62de-40bc-bfcc-794fcd220251','2025-03-31 00:00:00','697c7bf2c17ce','f3683bee-094b-4aa6-8163-8d418a27eb6a',NULL,467,'posted',NULL,NULL,0,NULL,NULL,'2026-01-30 12:37:54','2026-01-30 12:37:54'),('a12402aa-85d7-46ca-908d-e03b73f331ff','b45b1d15-be51-4377-b952-9cfb9b27d058',1140000,1.0000,'26b3126e-62de-40bc-bfcc-794fcd220251','26b3126e-62de-40bc-bfcc-794fcd220251','2025-04-01 00:00:00','69804a98b7447','f3683bee-094b-4aa6-8163-8d418a27eb6a',NULL,161,'posted',NULL,NULL,0,NULL,NULL,'2026-02-02 09:56:25','2026-02-02 09:56:25'),('a143858a-bd73-45de-8939-1b663b177ba5','b45b1d15-be51-4377-b952-9cfb9b27d058',430000,1.0000,'26b3126e-62de-40bc-bfcc-794fcd220251','26b3126e-62de-40bc-bfcc-794fcd220251','2025-04-01 00:00:00','69804a98b7447','f3683bee-094b-4aa6-8163-8d418a27eb6a',NULL,208,'posted',NULL,NULL,0,NULL,NULL,'2026-02-02 09:56:25','2026-02-02 09:56:25'),('a18d1c74-4fd2-41f8-88e4-434c9333d0eb','2d248860-6e67-4f47-9a15-2ae0c0ed5b50',1481250,1.0000,'26b3126e-62de-40bc-bfcc-794fcd220251','26b3126e-62de-40bc-bfcc-794fcd220251','2025-03-31 00:00:00','697c7beea6b7b','f3683bee-094b-4aa6-8163-8d418a27eb6a',NULL,117,'posted',NULL,NULL,0,NULL,NULL,'2026-01-30 12:37:50','2026-01-30 12:37:50'),('a192aa59-be9a-4add-88a2-b29efecf2c28','73b69e9e-17a6-4500-8a02-a33f0c3770a0',3695501.5015824,1.0000,'26b3126e-62de-40bc-bfcc-794fcd220251','26b3126e-62de-40bc-bfcc-794fcd220251','2025-03-31 00:00:00','697c7bf44063c','f3683bee-094b-4aa6-8163-8d418a27eb6a',579,NULL,'posted',NULL,NULL,0,NULL,NULL,'2026-01-30 12:37:56','2026-01-30 12:37:56'),('a1c7dc14-6830-4df8-b6b9-40bcf5df57cd','29d79c08-234c-49f9-a740-ade73c2aa761',19046244.8,1.0000,'26b3126e-62de-40bc-bfcc-794fcd220251','26b3126e-62de-40bc-bfcc-794fcd220251','2025-03-31 00:00:00','697c7bef066e7','f3683bee-094b-4aa6-8163-8d418a27eb6a',NULL,145,'posted',NULL,NULL,0,NULL,NULL,'2026-01-30 12:37:51','2026-01-30 12:37:51'),('a1d63f99-9cb8-4284-855c-514d1c8c5070','b45b1d15-be51-4377-b952-9cfb9b27d058',316450,1.0000,'26b3126e-62de-40bc-bfcc-794fcd220251','26b3126e-62de-40bc-bfcc-794fcd220251','2025-04-01 00:00:00','69804a98b7447','f3683bee-094b-4aa6-8163-8d418a27eb6a',NULL,101,'posted',NULL,NULL,0,NULL,NULL,'2026-02-02 09:56:25','2026-02-02 09:56:25'),('a1e810f5-dc7c-440b-9c64-a894710a2186','d76dcd72-7a85-4597-89f7-1d5f1271e954',312800,1.0000,'26b3126e-62de-40bc-bfcc-794fcd220251','26b3126e-62de-40bc-bfcc-794fcd220251','2025-03-31 00:00:00','697c7bf5443c5','f3683bee-094b-4aa6-8163-8d418a27eb6a',656,NULL,'posted',NULL,NULL,0,NULL,NULL,'2026-01-30 12:37:57','2026-01-30 12:37:57'),('a20a2c09-b555-4311-8d31-092369bcd7a6','36848c0b-a7b2-4894-b7d6-87be64356cfa',245000,1.0000,'26b3126e-62de-40bc-bfcc-794fcd220251','26b3126e-62de-40bc-bfcc-794fcd220251','2025-03-31 00:00:00','697c7bef1b971','f3683bee-094b-4aa6-8163-8d418a27eb6a',NULL,152,'posted',NULL,NULL,0,NULL,NULL,'2026-01-30 12:37:51','2026-01-30 12:37:51'),('a23469b5-c4f7-4d88-8f67-83fed28c2544','b45b1d15-be51-4377-b952-9cfb9b27d058',528747,1.0000,'26b3126e-62de-40bc-bfcc-794fcd220251','26b3126e-62de-40bc-bfcc-794fcd220251','2025-04-01 00:00:00','69804a98b7447','f3683bee-094b-4aa6-8163-8d418a27eb6a',533,NULL,'posted',NULL,NULL,0,NULL,NULL,'2026-02-02 09:56:26','2026-02-02 09:56:26'),('a2d559e6-1e1f-4211-8c42-4be4d1df47ca','b45b1d15-be51-4377-b952-9cfb9b27d058',32000,1.0000,'26b3126e-62de-40bc-bfcc-794fcd220251','26b3126e-62de-40bc-bfcc-794fcd220251','2025-04-01 00:00:00','69804a98b7447','f3683bee-094b-4aa6-8163-8d418a27eb6a',648,NULL,'posted',NULL,NULL,0,NULL,NULL,'2026-02-02 09:56:26','2026-02-02 09:56:26'),('a2e12e04-f4dc-49ae-b518-3124e11868e5','deb9b22e-e680-4d19-8e65-19eba8e05a94',430000,1.0000,'26b3126e-62de-40bc-bfcc-794fcd220251','26b3126e-62de-40bc-bfcc-794fcd220251','2025-03-31 00:00:00','697c7bf1481d3','f3683bee-094b-4aa6-8163-8d418a27eb6a',NULL,357,'posted',NULL,NULL,0,NULL,NULL,'2026-01-30 12:37:53','2026-01-30 12:37:53'),('a2eeeb88-b4eb-48e0-b46c-49c83c895df6','4e4e0c0b-6acf-4009-8f5b-f7ad37aa361c',45000,1.0000,'26b3126e-62de-40bc-bfcc-794fcd220251','26b3126e-62de-40bc-bfcc-794fcd220251','2025-03-31 00:00:00','697c7bf116ac8','f3683bee-094b-4aa6-8163-8d418a27eb6a',NULL,340,'posted',NULL,NULL,0,NULL,NULL,'2026-01-30 12:37:53','2026-01-30 12:37:53'),('a30ccb53-9f47-47a0-b74b-a3871483c675','b45b1d15-be51-4377-b952-9cfb9b27d058',37734,1.0000,'26b3126e-62de-40bc-bfcc-794fcd220251','26b3126e-62de-40bc-bfcc-794fcd220251','2025-04-01 00:00:00','69804a98b7447','f3683bee-094b-4aa6-8163-8d418a27eb6a',670,NULL,'posted',NULL,NULL,0,NULL,NULL,'2026-02-02 09:56:25','2026-02-02 09:56:25'),('a3749fc5-ed8d-4d86-88a1-5678df796dfd','b45b1d15-be51-4377-b952-9cfb9b27d058',383200,1.0000,'26b3126e-62de-40bc-bfcc-794fcd220251','26b3126e-62de-40bc-bfcc-794fcd220251','2025-04-01 00:00:00','69804a98b7447','f3683bee-094b-4aa6-8163-8d418a27eb6a',NULL,173,'posted',NULL,NULL,0,NULL,NULL,'2026-02-02 09:56:25','2026-02-02 09:56:25'),('a3abb947-aeae-439b-81ed-68b9ecd311dc','5287d3da-56ab-48c5-9ca3-c109411878cd',697819.2,1.0000,'26b3126e-62de-40bc-bfcc-794fcd220251','26b3126e-62de-40bc-bfcc-794fcd220251','2025-03-31 00:00:00','697c7beee2b43','f3683bee-094b-4aa6-8163-8d418a27eb6a',NULL,137,'posted',NULL,NULL,0,NULL,NULL,'2026-01-30 12:37:50','2026-01-30 12:37:50'),('a41366f5-1b40-4b0c-8a86-f1ae9c87ce04','5ccf8389-caf8-43e8-981f-24c08b6ede2f',2250000,1.0000,'26b3126e-62de-40bc-bfcc-794fcd220251','26b3126e-62de-40bc-bfcc-794fcd220251','2025-03-31 00:00:00','697c7bedf2d8a','f3683bee-094b-4aa6-8163-8d418a27eb6a',NULL,58,'posted',NULL,NULL,0,NULL,NULL,'2026-01-30 12:37:49','2026-01-30 12:37:49'),('a457de38-3e46-4b52-8844-b2f17de7f8ac','6caf6b14-beee-4404-8a82-79214b56dcce',570000,1.0000,'26b3126e-62de-40bc-bfcc-794fcd220251','26b3126e-62de-40bc-bfcc-794fcd220251','2025-03-31 00:00:00','697c7bef92bae','f3683bee-094b-4aa6-8163-8d418a27eb6a',NULL,201,'posted',NULL,NULL,0,NULL,NULL,'2026-01-30 12:37:51','2026-01-30 12:37:51'),('a4819b50-de26-40e2-a64e-10570d1147e8','c47b2a72-d1da-4bc5-abe3-fb9b331d551c',4049,1.0000,'26b3126e-62de-40bc-bfcc-794fcd220251','26b3126e-62de-40bc-bfcc-794fcd220251','2025-03-31 00:00:00','697c7bf559726','f3683bee-094b-4aa6-8163-8d418a27eb6a',662,NULL,'posted',NULL,NULL,0,NULL,NULL,'2026-01-30 12:37:57','2026-01-30 12:37:57'),('a4a1cd7f-78a3-4bdf-979e-125f29ab99b0','c5f32963-c522-4859-9c22-1eab731b53f0',904000,1.0000,'26b3126e-62de-40bc-bfcc-794fcd220251','26b3126e-62de-40bc-bfcc-794fcd220251','2025-03-31 00:00:00','697c7bf22e5df','f3683bee-094b-4aa6-8163-8d418a27eb6a',NULL,425,'posted',NULL,NULL,0,NULL,NULL,'2026-01-30 12:37:54','2026-01-30 12:37:54'),('a4f0702c-9bd0-453d-bc6c-325ea24e324b','d6f17be0-1aee-4d1f-8236-a1e66dfd8c5b',30000,1.0000,'26b3126e-62de-40bc-bfcc-794fcd220251','26b3126e-62de-40bc-bfcc-794fcd220251','2025-03-31 00:00:00','697c7bef9d711','f3683bee-094b-4aa6-8163-8d418a27eb6a',NULL,205,'posted',NULL,NULL,0,NULL,NULL,'2026-01-30 12:37:51','2026-01-30 12:37:51'),('a5261b1d-64fd-4cca-b6cb-bd53368f03d0','2d7a2e26-e147-4907-ac52-0954704a2dce',9318,1.0000,'26b3126e-62de-40bc-bfcc-794fcd220251','26b3126e-62de-40bc-bfcc-794fcd220251','2025-03-31 00:00:00','697c7bf20faa1','f3683bee-094b-4aa6-8163-8d418a27eb6a',NULL,415,'posted',NULL,NULL,0,NULL,NULL,'2026-01-30 12:37:54','2026-01-30 12:37:54'),('a54229ae-ee0c-4e24-bada-7db341f02d63','5f45ba85-b1ce-4649-b0ad-f80cef6dbaa6',24805,1.0000,'26b3126e-62de-40bc-bfcc-794fcd220251','26b3126e-62de-40bc-bfcc-794fcd220251','2025-03-31 00:00:00','697c7bf260a65','f3683bee-094b-4aa6-8163-8d418a27eb6a',NULL,441,'posted',NULL,NULL,0,NULL,NULL,'2026-01-30 12:37:54','2026-01-30 12:37:54'),('a5914759-abb3-4233-ba8e-9e215997459a','b45b1d15-be51-4377-b952-9cfb9b27d058',12425,1.0000,'26b3126e-62de-40bc-bfcc-794fcd220251','26b3126e-62de-40bc-bfcc-794fcd220251','2025-04-01 00:00:00','69804a98b7447','f3683bee-094b-4aa6-8163-8d418a27eb6a',672,NULL,'posted',NULL,NULL,0,NULL,NULL,'2026-02-02 09:56:25','2026-02-02 09:56:25'),('a5bb5357-b2a3-484c-ad6b-66ed69ecd724','b45b1d15-be51-4377-b952-9cfb9b27d058',196000,1.0000,'26b3126e-62de-40bc-bfcc-794fcd220251','26b3126e-62de-40bc-bfcc-794fcd220251','2025-04-01 00:00:00','69804a98b7447','f3683bee-094b-4aa6-8163-8d418a27eb6a',NULL,260,'posted',NULL,NULL,0,NULL,NULL,'2026-02-02 09:56:25','2026-02-02 09:56:25'),('a64bde6b-4b44-4480-aad8-39a33822fca8','f9df5057-75ff-42d4-be20-7607aed754d0',496500,1.0000,'26b3126e-62de-40bc-bfcc-794fcd220251','26b3126e-62de-40bc-bfcc-794fcd220251','2025-03-31 00:00:00','697c7bee6ac05','f3683bee-094b-4aa6-8163-8d418a27eb6a',NULL,96,'posted',NULL,NULL,0,NULL,NULL,'2026-01-30 12:37:50','2026-01-30 12:37:50'),('a6618d60-5881-4a5f-a753-fa9b05ac3de7','b45b1d15-be51-4377-b952-9cfb9b27d058',1350000,1.0000,'26b3126e-62de-40bc-bfcc-794fcd220251','26b3126e-62de-40bc-bfcc-794fcd220251','2025-04-01 00:00:00','69804a98b7447','f3683bee-094b-4aa6-8163-8d418a27eb6a',NULL,71,'posted',NULL,NULL,0,NULL,NULL,'2026-02-02 09:56:25','2026-02-02 09:56:25'),('a6ca5c29-7b5b-4df3-b853-bf2d478a8846','23a2f0e3-b26c-4d73-bd48-9d5d6cff80ec',15511525.6,1.0000,'26b3126e-62de-40bc-bfcc-794fcd220251','26b3126e-62de-40bc-bfcc-794fcd220251','2026-01-30 00:00:00','697c972e86b54','f3683bee-094b-4aa6-8163-8d418a27eb6a',NULL,951,'posted',NULL,NULL,0,NULL,NULL,'2026-01-30 14:34:06','2026-01-30 14:34:06'),('a79ee8d5-5913-4788-960a-bb50e0ed715a','94244c1f-211e-4dcc-b31f-6d6d92ea300b',2750000.4,1.0000,'26b3126e-62de-40bc-bfcc-794fcd220251','26b3126e-62de-40bc-bfcc-794fcd220251','2026-01-30 00:00:00','697c972e6257a','f3683bee-094b-4aa6-8163-8d418a27eb6a',937,NULL,'posted',NULL,NULL,0,NULL,NULL,'2026-01-30 14:34:06','2026-01-30 14:34:06'),('a7b09c1a-735c-4fd3-b392-5690d2c9fbcf','acf29266-4fa6-449e-a9e4-8576dd549189',8407,1.0000,'26b3126e-62de-40bc-bfcc-794fcd220251','26b3126e-62de-40bc-bfcc-794fcd220251','2025-03-31 00:00:00','697c7bf38afb2','f3683bee-094b-4aa6-8163-8d418a27eb6a',526,NULL,'posted',NULL,NULL,0,NULL,NULL,'2026-01-30 12:37:55','2026-01-30 12:37:55'),('a81d103b-6aec-4685-8ba2-6a570fe85dd0','b45b1d15-be51-4377-b952-9cfb9b27d058',380000,1.0000,'26b3126e-62de-40bc-bfcc-794fcd220251','26b3126e-62de-40bc-bfcc-794fcd220251','2025-04-01 00:00:00','69804a98b7447','f3683bee-094b-4aa6-8163-8d418a27eb6a',NULL,267,'posted',NULL,NULL,0,NULL,NULL,'2026-02-02 09:56:24','2026-02-02 09:56:24'),('a8257b60-c878-4e02-aa4e-4663779fe512','3ad019ff-22d8-4eb0-9b76-7b1bc81cf836',50000,1.0000,'26b3126e-62de-40bc-bfcc-794fcd220251','26b3126e-62de-40bc-bfcc-794fcd220251','2025-03-31 00:00:00','697c7bef982d8','f3683bee-094b-4aa6-8163-8d418a27eb6a',NULL,203,'posted',NULL,NULL,0,NULL,NULL,'2026-01-30 12:37:51','2026-01-30 12:37:51'),('a8513b53-15c6-407f-9688-a4f852e7cc81','01afc15e-18db-4c70-91b1-9a90d85ba9ab',484000,1.0000,'26b3126e-62de-40bc-bfcc-794fcd220251','26b3126e-62de-40bc-bfcc-794fcd220251','2025-03-31 00:00:00','697c7bf0e322a','f3683bee-094b-4aa6-8163-8d418a27eb6a',NULL,328,'posted',NULL,NULL,0,NULL,NULL,'2026-01-30 12:37:52','2026-01-30 12:37:52'),('a8d8ad8e-50a5-4042-ace7-050a97d0d823','f705095b-a00c-4702-9fe5-0a0f9f9bddfa',114623255,1.0000,'26b3126e-62de-40bc-bfcc-794fcd220251','26b3126e-62de-40bc-bfcc-794fcd220251','2025-03-31 00:00:00','697c7bee06cb6','f3683bee-094b-4aa6-8163-8d418a27eb6a',NULL,61,'posted',NULL,NULL,0,NULL,NULL,'2026-01-30 12:37:50','2026-01-30 12:37:50'),('a9352841-545a-4311-a3d2-e5825b3510f6','b45b1d15-be51-4377-b952-9cfb9b27d058',3186141.8938,1.0000,'26b3126e-62de-40bc-bfcc-794fcd220251','26b3126e-62de-40bc-bfcc-794fcd220251','2025-04-01 00:00:00','69804a98b7447','f3683bee-094b-4aa6-8163-8d418a27eb6a',630,NULL,'posted',NULL,NULL,0,NULL,NULL,'2026-02-02 09:56:25','2026-02-02 09:56:25'),('a94d8768-e2e0-4912-a99d-09686709a6ac','843bb903-2344-4d36-803e-f6439d40de36',350000,1.0000,'26b3126e-62de-40bc-bfcc-794fcd220251','26b3126e-62de-40bc-bfcc-794fcd220251','2025-03-31 00:00:00','697c7bf2d25df','f3683bee-094b-4aa6-8163-8d418a27eb6a',NULL,472,'posted',NULL,NULL,0,NULL,NULL,'2026-01-30 12:37:54','2026-01-30 12:37:54'),('a95a2247-69f3-47c7-8fac-2287d383e572','cafdd540-9162-4c49-bb4c-030d056abfa4',262000,1.0000,'26b3126e-62de-40bc-bfcc-794fcd220251','26b3126e-62de-40bc-bfcc-794fcd220251','2025-03-31 00:00:00','697c7bf2553a4','f3683bee-094b-4aa6-8163-8d418a27eb6a',NULL,437,'posted',NULL,NULL,0,NULL,NULL,'2026-01-30 12:37:54','2026-01-30 12:37:54'),('a98b15d4-d777-42cc-8305-4a97ba25c2fd','b45b1d15-be51-4377-b952-9cfb9b27d058',2636963,1.0000,'26b3126e-62de-40bc-bfcc-794fcd220251','26b3126e-62de-40bc-bfcc-794fcd220251','2025-04-01 00:00:00','69804a98b7447','f3683bee-094b-4aa6-8163-8d418a27eb6a',686,NULL,'posted',NULL,NULL,0,NULL,NULL,'2026-02-02 09:56:25','2026-02-02 09:56:25'),('a99f12b4-2ebd-47d4-afa2-0b3bfa6775a2','0ca536ec-4b9f-41e8-9b74-5d0ff6fb2ce3',2537999.99,1.0000,'26b3126e-62de-40bc-bfcc-794fcd220251','26b3126e-62de-40bc-bfcc-794fcd220251','2025-03-31 00:00:00','697c7bf3311d5','f3683bee-094b-4aa6-8163-8d418a27eb6a',497,NULL,'posted',NULL,NULL,0,NULL,NULL,'2026-01-30 12:37:55','2026-01-30 12:37:55'),('a9cd15c2-7d70-4f6c-8115-385ad6e22918','59fd0b72-2f6f-40fa-a19f-fb87faea68f2',359160.81251863,1.0000,'26b3126e-62de-40bc-bfcc-794fcd220251','26b3126e-62de-40bc-bfcc-794fcd220251','2025-03-31 00:00:00','697c7bf50aa8f','f3683bee-094b-4aa6-8163-8d418a27eb6a',638,NULL,'posted',NULL,NULL,0,NULL,NULL,'2026-01-30 12:37:57','2026-01-30 12:37:57'),('a9dbd697-8540-49a8-bae2-3f15b856b6b0','8c2e2135-ecc1-491f-86ea-d6af14b44503',331894.67753685,1.0000,'26b3126e-62de-40bc-bfcc-794fcd220251','26b3126e-62de-40bc-bfcc-794fcd220251','2025-03-31 00:00:00','697c7bf470735','f3683bee-094b-4aa6-8163-8d418a27eb6a',594,NULL,'posted',NULL,NULL,0,NULL,NULL,'2026-01-30 12:37:56','2026-01-30 12:37:56'),('aa37375b-e1f6-4e8b-bf2e-3f249876fbfc','b45b1d15-be51-4377-b952-9cfb9b27d058',430000,1.0000,'26b3126e-62de-40bc-bfcc-794fcd220251','26b3126e-62de-40bc-bfcc-794fcd220251','2025-04-01 00:00:00','69804a98b7447','f3683bee-094b-4aa6-8163-8d418a27eb6a',NULL,369,'posted',NULL,NULL,0,NULL,NULL,'2026-02-02 09:56:25','2026-02-02 09:56:25'),('aa54e63b-494c-4924-82f9-53d72497fbc6','b45b1d15-be51-4377-b952-9cfb9b27d058',1150000,1.0000,'26b3126e-62de-40bc-bfcc-794fcd220251','26b3126e-62de-40bc-bfcc-794fcd220251','2025-04-01 00:00:00','69804a98b7447','f3683bee-094b-4aa6-8163-8d418a27eb6a',NULL,123,'posted',NULL,NULL,0,NULL,NULL,'2026-02-02 09:56:25','2026-02-02 09:56:25'),('aad0a581-d823-4b6c-97c3-c8041b514885','28f15e10-add5-45c6-977f-89ac7e6c553e',2344217.707703,1.0000,'26b3126e-62de-40bc-bfcc-794fcd220251','26b3126e-62de-40bc-bfcc-794fcd220251','2025-03-31 00:00:00','697c7bf504f34','f3683bee-094b-4aa6-8163-8d418a27eb6a',636,NULL,'posted',NULL,NULL,0,NULL,NULL,'2026-01-30 12:37:57','2026-01-30 12:37:57'),('aaed7c7a-6211-49ff-933d-f55d69fed2c9','7a37d690-4f2f-470c-9ba7-68ee58294716',5000000,1.0000,'26b3126e-62de-40bc-bfcc-794fcd220251','26b3126e-62de-40bc-bfcc-794fcd220251','2025-03-31 00:00:00','697c7bedbe9db','f3683bee-094b-4aa6-8163-8d418a27eb6a',NULL,40,'posted',NULL,NULL,0,NULL,NULL,'2026-01-30 12:37:49','2026-01-30 12:37:49'),('ab14e0ff-95df-4c3f-81d9-9b973d0d7263','82ec2ac7-9031-47e5-ac0e-1c88fe4bd671',385438.1365,1.0000,'26b3126e-62de-40bc-bfcc-794fcd220251','26b3126e-62de-40bc-bfcc-794fcd220251','2025-03-31 00:00:00','697c7bf2e64a9','f3683bee-094b-4aa6-8163-8d418a27eb6a',NULL,478,'posted',NULL,NULL,0,NULL,NULL,'2026-01-30 12:37:54','2026-01-30 12:37:54'),('ab2dfc80-06b6-4e2d-8d06-7bd3974a1ba2','b45b1d15-be51-4377-b952-9cfb9b27d058',6253111.9735,1.0000,'26b3126e-62de-40bc-bfcc-794fcd220251','26b3126e-62de-40bc-bfcc-794fcd220251','2025-04-01 00:00:00','69804a98b7447','f3683bee-094b-4aa6-8163-8d418a27eb6a',576,NULL,'posted',NULL,NULL,0,NULL,NULL,'2026-02-02 09:56:25','2026-02-02 09:56:25'),('ab83152b-11c0-4b4c-a4e4-3c3182b14c75','b45b1d15-be51-4377-b952-9cfb9b27d058',1832237.2602,1.0000,'26b3126e-62de-40bc-bfcc-794fcd220251','26b3126e-62de-40bc-bfcc-794fcd220251','2025-04-01 00:00:00','69804a98b7447','f3683bee-094b-4aa6-8163-8d418a27eb6a',601,NULL,'posted',NULL,NULL,0,NULL,NULL,'2026-02-02 09:56:25','2026-02-02 09:56:25'),('ab9f8ba2-840f-4257-a18d-04c778dd98ad','b45b1d15-be51-4377-b952-9cfb9b27d058',24805,1.0000,'26b3126e-62de-40bc-bfcc-794fcd220251','26b3126e-62de-40bc-bfcc-794fcd220251','2025-04-01 00:00:00','69804a98b7447','f3683bee-094b-4aa6-8163-8d418a27eb6a',NULL,441,'posted',NULL,NULL,0,NULL,NULL,'2026-02-02 09:56:25','2026-02-02 09:56:25'),('abaf13d9-5f95-44e4-818e-7bf1a34a19e5','b45b1d15-be51-4377-b952-9cfb9b27d058',6000,1.0000,'26b3126e-62de-40bc-bfcc-794fcd220251','26b3126e-62de-40bc-bfcc-794fcd220251','2025-04-01 00:00:00','69804a98b7447','f3683bee-094b-4aa6-8163-8d418a27eb6a',NULL,228,'posted',NULL,NULL,0,NULL,NULL,'2026-02-02 09:56:25','2026-02-02 09:56:25'),('ac0a0cd6-c2f1-493a-8f07-a4831d7d6fc0','c3feea8b-6009-4ca4-8861-c6f43f1c1502',530000,1.0000,'26b3126e-62de-40bc-bfcc-794fcd220251','26b3126e-62de-40bc-bfcc-794fcd220251','2025-03-31 00:00:00','697c7bf030a33','f3683bee-094b-4aa6-8163-8d418a27eb6a',NULL,261,'posted',NULL,NULL,0,NULL,NULL,'2026-01-30 12:37:52','2026-01-30 12:37:52'),('ac868cd8-5bc1-4923-bf4a-28ead241e9a3','b45b1d15-be51-4377-b952-9cfb9b27d058',191250,1.0000,'26b3126e-62de-40bc-bfcc-794fcd220251','26b3126e-62de-40bc-bfcc-794fcd220251','2025-04-01 00:00:00','69804a98b7447','f3683bee-094b-4aa6-8163-8d418a27eb6a',NULL,384,'posted',NULL,NULL,0,NULL,NULL,'2026-02-02 09:56:25','2026-02-02 09:56:25'),('ac8aa4c4-9c71-458d-8f41-50ce01be0d34','00f111ae-7471-43bc-8d2c-e2c3308e95e0',1200000,1.0000,'26b3126e-62de-40bc-bfcc-794fcd220251','26b3126e-62de-40bc-bfcc-794fcd220251','2025-03-31 00:00:00','697c7bf34d3d9','f3683bee-094b-4aa6-8163-8d418a27eb6a',506,NULL,'posted',NULL,NULL,0,NULL,NULL,'2026-01-30 12:37:55','2026-01-30 12:37:55'),('ac94623f-9b2c-48a5-9f93-0d8bd945ff88','860546ea-f216-4d21-9941-537600ae166c',922272,1.0000,'26b3126e-62de-40bc-bfcc-794fcd220251','26b3126e-62de-40bc-bfcc-794fcd220251','2025-03-31 00:00:00','697c7bef1e8cc','f3683bee-094b-4aa6-8163-8d418a27eb6a',NULL,153,'posted',NULL,NULL,0,NULL,NULL,'2026-01-30 12:37:51','2026-01-30 12:37:51'),('ac97efb6-c5ec-44a1-9b15-9548a6abe055','b45b1d15-be51-4377-b952-9cfb9b27d058',440000,1.0000,'26b3126e-62de-40bc-bfcc-794fcd220251','26b3126e-62de-40bc-bfcc-794fcd220251','2025-04-01 00:00:00','69804a98b7447','f3683bee-094b-4aa6-8163-8d418a27eb6a',NULL,181,'posted',NULL,NULL,0,NULL,NULL,'2026-02-02 09:56:25','2026-02-02 09:56:25'),('aca68480-2f51-4dd2-90e6-550276d4b642','41a12dfc-c4de-416d-86b8-add377754e10',175000,1.0000,'26b3126e-62de-40bc-bfcc-794fcd220251','26b3126e-62de-40bc-bfcc-794fcd220251','2025-03-31 00:00:00','697c7bf166d07','f3683bee-094b-4aa6-8163-8d418a27eb6a',NULL,368,'posted',NULL,NULL,0,NULL,NULL,'2026-01-30 12:37:53','2026-01-30 12:37:53'),('acf59f47-d2a2-4abf-8df0-8bc35098e8da','b45b1d15-be51-4377-b952-9cfb9b27d058',120112.0257,1.0000,'26b3126e-62de-40bc-bfcc-794fcd220251','26b3126e-62de-40bc-bfcc-794fcd220251','2025-04-01 00:00:00','69804a98b7447','f3683bee-094b-4aa6-8163-8d418a27eb6a',620,NULL,'posted',NULL,NULL,0,NULL,NULL,'2026-02-02 09:56:26','2026-02-02 09:56:26'),('ad63f7eb-2895-41d5-bd46-c0ffb95c7d0e','c24e4a5c-f873-4ef8-bcd2-9e4ca836d442',279000,1.0000,'26b3126e-62de-40bc-bfcc-794fcd220251','26b3126e-62de-40bc-bfcc-794fcd220251','2025-03-31 00:00:00','697c7bf2255fb','f3683bee-094b-4aa6-8163-8d418a27eb6a',NULL,422,'posted',NULL,NULL,0,NULL,NULL,'2026-01-30 12:37:54','2026-01-30 12:37:54'),('ad85845c-1bce-4fd2-b846-07df3730dac9','b45b1d15-be51-4377-b952-9cfb9b27d058',242750,1.0000,'26b3126e-62de-40bc-bfcc-794fcd220251','26b3126e-62de-40bc-bfcc-794fcd220251','2025-04-01 00:00:00','69804a98b7447','f3683bee-094b-4aa6-8163-8d418a27eb6a',NULL,388,'posted',NULL,NULL,0,NULL,NULL,'2026-02-02 09:56:24','2026-02-02 09:56:24'),('ad9196b0-c460-41fb-881c-768dd0e57c4d','85ceb700-f92e-4637-803b-a71f300363e0',20000,1.0000,'26b3126e-62de-40bc-bfcc-794fcd220251','26b3126e-62de-40bc-bfcc-794fcd220251','2025-03-31 00:00:00','697c7bf0d9c98','f3683bee-094b-4aa6-8163-8d418a27eb6a',NULL,325,'posted',NULL,NULL,0,NULL,NULL,'2026-01-30 12:37:52','2026-01-30 12:37:52'),('ad9874f6-1df4-40d6-9a3b-d13562c666e7','b45b1d15-be51-4377-b952-9cfb9b27d058',3347858.2806,1.0000,'26b3126e-62de-40bc-bfcc-794fcd220251','26b3126e-62de-40bc-bfcc-794fcd220251','2025-04-01 00:00:00','69804a98b7447','f3683bee-094b-4aa6-8163-8d418a27eb6a',582,NULL,'posted',NULL,NULL,0,NULL,NULL,'2026-02-02 09:56:25','2026-02-02 09:56:25'),('adc5fa5c-92a0-4637-8e64-658f655cf2c8','2733e29a-4a31-40c2-ba78-dba5fe9055f9',385750,1.0000,'26b3126e-62de-40bc-bfcc-794fcd220251','26b3126e-62de-40bc-bfcc-794fcd220251','2025-03-31 00:00:00','697c7bf55d33d','f3683bee-094b-4aa6-8163-8d418a27eb6a',663,NULL,'posted',NULL,NULL,0,NULL,NULL,'2026-01-30 12:37:57','2026-01-30 12:37:57'),('adccadcc-3a9c-4555-916b-adb40066f18d','b45b1d15-be51-4377-b952-9cfb9b27d058',150000,1.0000,'26b3126e-62de-40bc-bfcc-794fcd220251','26b3126e-62de-40bc-bfcc-794fcd220251','2025-04-01 00:00:00','69804a98b7447','f3683bee-094b-4aa6-8163-8d418a27eb6a',NULL,255,'posted',NULL,NULL,0,NULL,NULL,'2026-02-02 09:56:25','2026-02-02 09:56:25'),('adf963f4-88bf-470f-ae5a-669297b002b2','b45b1d15-be51-4377-b952-9cfb9b27d058',20000,1.0000,'26b3126e-62de-40bc-bfcc-794fcd220251','26b3126e-62de-40bc-bfcc-794fcd220251','2025-04-01 00:00:00','69804a98b7447','f3683bee-094b-4aa6-8163-8d418a27eb6a',NULL,277,'posted',NULL,NULL,0,NULL,NULL,'2026-02-02 09:56:24','2026-02-02 09:56:24'),('ae103746-a71a-420c-8af3-e8d7f8a52861','758033d7-50d7-4b5a-9a2d-6d8ef1a356ab',180000,1.0000,'26b3126e-62de-40bc-bfcc-794fcd220251','26b3126e-62de-40bc-bfcc-794fcd220251','2025-03-31 00:00:00','697c7bf0acdf9','f3683bee-094b-4aa6-8163-8d418a27eb6a',NULL,310,'posted',NULL,NULL,0,NULL,NULL,'2026-01-30 12:37:52','2026-01-30 12:37:52'),('ae5456c3-eae2-4699-9f40-0ce394aa7fb7','25779dda-431b-4e91-aed2-17282300d87b',912769.12644827,1.0000,'26b3126e-62de-40bc-bfcc-794fcd220251','26b3126e-62de-40bc-bfcc-794fcd220251','2025-03-31 00:00:00','697c7bf4cbe5f','f3683bee-094b-4aa6-8163-8d418a27eb6a',622,NULL,'posted',NULL,NULL,0,NULL,NULL,'2026-01-30 12:37:56','2026-01-30 12:37:56'),('ae6eb07a-8bcd-4696-8236-137c360f5ad4','a5b3c9d5-ae45-4b33-990f-48a2ff70cba5',575000,1.0000,'26b3126e-62de-40bc-bfcc-794fcd220251','26b3126e-62de-40bc-bfcc-794fcd220251','2025-03-31 00:00:00','697c7bf06cc58','f3683bee-094b-4aa6-8163-8d418a27eb6a',NULL,287,'posted',NULL,NULL,0,NULL,NULL,'2026-01-30 12:37:52','2026-01-30 12:37:52'),('aecb642d-68a4-4774-a5b7-f366f24ed538','b45b1d15-be51-4377-b952-9cfb9b27d058',340000,1.0000,'26b3126e-62de-40bc-bfcc-794fcd220251','26b3126e-62de-40bc-bfcc-794fcd220251','2025-04-01 00:00:00','69804a98b7447','f3683bee-094b-4aa6-8163-8d418a27eb6a',NULL,373,'posted',NULL,NULL,0,NULL,NULL,'2026-02-02 09:56:25','2026-02-02 09:56:25'),('aecf44a2-61ad-4b76-8200-454ddc91db65','8d9b77ab-937c-40bf-9c96-299b97f94a14',281250,1.0000,'26b3126e-62de-40bc-bfcc-794fcd220251','26b3126e-62de-40bc-bfcc-794fcd220251','2025-03-31 00:00:00','697c7beeca235','f3683bee-094b-4aa6-8163-8d418a27eb6a',NULL,129,'posted',NULL,NULL,0,NULL,NULL,'2026-01-30 12:37:50','2026-01-30 12:37:50'),('aed190a3-9595-4637-8f12-674e52ed5ab9','98540a59-e38a-403f-8788-0dc45832423c',2770803.4410796,1.0000,'26b3126e-62de-40bc-bfcc-794fcd220251','26b3126e-62de-40bc-bfcc-794fcd220251','2025-03-31 00:00:00','697c7bf439aa7','f3683bee-094b-4aa6-8163-8d418a27eb6a',577,NULL,'posted',NULL,NULL,0,NULL,NULL,'2026-01-30 12:37:56','2026-01-30 12:37:56'),('aee91f2e-f92a-4dc6-b487-1bb4ba36cb59','b45b1d15-be51-4377-b952-9cfb9b27d058',890000,1.0000,'26b3126e-62de-40bc-bfcc-794fcd220251','26b3126e-62de-40bc-bfcc-794fcd220251','2025-04-01 00:00:00','69804a98b7447','f3683bee-094b-4aa6-8163-8d418a27eb6a',NULL,200,'posted',NULL,NULL,0,NULL,NULL,'2026-02-02 09:56:25','2026-02-02 09:56:25'),('af28a0fd-970a-46ee-98bd-22e3e4259f5a','b45b1d15-be51-4377-b952-9cfb9b27d058',40000000,1.0000,'26b3126e-62de-40bc-bfcc-794fcd220251','26b3126e-62de-40bc-bfcc-794fcd220251','2025-04-01 00:00:00','69804a98b7447','f3683bee-094b-4aa6-8163-8d418a27eb6a',517,NULL,'posted',NULL,NULL,0,NULL,NULL,'2026-02-02 09:56:25','2026-02-02 09:56:25'),('af592644-8ca5-4530-9fbb-c729db99a5ec','b45b1d15-be51-4377-b952-9cfb9b27d058',640871.6985,1.0000,'26b3126e-62de-40bc-bfcc-794fcd220251','26b3126e-62de-40bc-bfcc-794fcd220251','2025-04-01 00:00:00','69804a98b7447','f3683bee-094b-4aa6-8163-8d418a27eb6a',624,NULL,'posted',NULL,NULL,0,NULL,NULL,'2026-02-02 09:56:25','2026-02-02 09:56:25'),('af801cdc-3ae3-4e67-be87-004fcf4cb25a','b45b1d15-be51-4377-b952-9cfb9b27d058',11919829.09,1.0000,'26b3126e-62de-40bc-bfcc-794fcd220251','26b3126e-62de-40bc-bfcc-794fcd220251','2025-04-01 00:00:00','69804a98b7447','f3683bee-094b-4aa6-8163-8d418a27eb6a',NULL,477,'posted',NULL,NULL,0,NULL,NULL,'2026-02-02 09:56:25','2026-02-02 09:56:25'),('af84157a-85ff-4536-acfa-ffa16d75d8cb','841179d4-f03a-42ec-97ba-b37b5e7d9b74',380000,1.0000,'26b3126e-62de-40bc-bfcc-794fcd220251','26b3126e-62de-40bc-bfcc-794fcd220251','2025-03-31 00:00:00','697c7bf033566','f3683bee-094b-4aa6-8163-8d418a27eb6a',NULL,262,'posted',NULL,NULL,0,NULL,NULL,'2026-01-30 12:37:52','2026-01-30 12:37:52'),('af9242bf-07b3-49d0-918f-e411b9ef294b','b45b1d15-be51-4377-b952-9cfb9b27d058',340000,1.0000,'26b3126e-62de-40bc-bfcc-794fcd220251','26b3126e-62de-40bc-bfcc-794fcd220251','2025-04-01 00:00:00','69804a98b7447','f3683bee-094b-4aa6-8163-8d418a27eb6a',NULL,306,'posted',NULL,NULL,0,NULL,NULL,'2026-02-02 09:56:25','2026-02-02 09:56:25'),('afe84f9e-c662-403d-bb5d-084d235c6792','af8597c8-8e0a-4ce5-92c3-6c37a232e224',155115256,1.0000,'26b3126e-62de-40bc-bfcc-794fcd220251','26b3126e-62de-40bc-bfcc-794fcd220251','2026-01-30 00:00:00','697c972e72864','f3683bee-094b-4aa6-8163-8d418a27eb6a',NULL,945,'posted',NULL,NULL,0,NULL,NULL,'2026-01-30 14:34:06','2026-01-30 14:34:06'),('b0183ed0-17d1-42de-a6f7-2349471ab09c','dd4941fd-9dbb-4b35-ab05-a2ba69014809',430000,1.0000,'26b3126e-62de-40bc-bfcc-794fcd220251','26b3126e-62de-40bc-bfcc-794fcd220251','2025-03-31 00:00:00','697c7bf0696ac','f3683bee-094b-4aa6-8163-8d418a27eb6a',NULL,286,'posted',NULL,NULL,0,NULL,NULL,'2026-01-30 12:37:52','2026-01-30 12:37:52'),('b02f9115-e717-44ae-a446-ff0a320afe95','90e01f7d-7f6a-41d5-a5bc-0c0d52b41ce0',1058720,1.0000,'26b3126e-62de-40bc-bfcc-794fcd220251','26b3126e-62de-40bc-bfcc-794fcd220251','2025-03-31 00:00:00','697c7beedcb2d','f3683bee-094b-4aa6-8163-8d418a27eb6a',NULL,135,'posted',NULL,NULL,0,NULL,NULL,'2026-01-30 12:37:50','2026-01-30 12:37:50'),('b046006f-05f7-45ac-9233-9d0cacc12486','3c8d21e4-5b77-45b6-b1ea-a5ec3f7e7c77',2851309.0551421,1.0000,'26b3126e-62de-40bc-bfcc-794fcd220251','26b3126e-62de-40bc-bfcc-794fcd220251','2025-03-31 00:00:00','697c7bf4e0117','f3683bee-094b-4aa6-8163-8d418a27eb6a',628,NULL,'posted',NULL,NULL,0,NULL,NULL,'2026-01-30 12:37:56','2026-01-30 12:37:56'),('b09a8734-267e-4934-a8c3-6e5ce59a0823','b45b1d15-be51-4377-b952-9cfb9b27d058',5021669.8944,1.0000,'26b3126e-62de-40bc-bfcc-794fcd220251','26b3126e-62de-40bc-bfcc-794fcd220251','2025-04-01 00:00:00','69804a98b7447','f3683bee-094b-4aa6-8163-8d418a27eb6a',542,NULL,'posted',NULL,NULL,0,NULL,NULL,'2026-02-02 09:56:25','2026-02-02 09:56:25'),('b0b14a38-709f-4849-b0da-06a49829bbaa','271bc422-1e3d-4835-ac4f-8a3e23a8cb8b',40000,1.0000,'26b3126e-62de-40bc-bfcc-794fcd220251','26b3126e-62de-40bc-bfcc-794fcd220251','2025-03-31 00:00:00','697c7bf1a8ba7','f3683bee-094b-4aa6-8163-8d418a27eb6a',NULL,387,'posted',NULL,NULL,0,NULL,NULL,'2026-01-30 12:37:53','2026-01-30 12:37:53'),('b0d6e078-03f2-475c-986b-1daa4a65a52d','b45b1d15-be51-4377-b952-9cfb9b27d058',630000,1.0000,'26b3126e-62de-40bc-bfcc-794fcd220251','26b3126e-62de-40bc-bfcc-794fcd220251','2025-04-01 00:00:00','69804a98b7447','f3683bee-094b-4aa6-8163-8d418a27eb6a',NULL,315,'posted',NULL,NULL,0,NULL,NULL,'2026-02-02 09:56:25','2026-02-02 09:56:25'),('b0d7faf0-5141-4d35-8e06-442fbc506ce9','b45b1d15-be51-4377-b952-9cfb9b27d058',300000,1.0000,'26b3126e-62de-40bc-bfcc-794fcd220251','26b3126e-62de-40bc-bfcc-794fcd220251','2025-04-01 00:00:00','69804a98b7447','f3683bee-094b-4aa6-8163-8d418a27eb6a',NULL,466,'posted',NULL,NULL,0,NULL,NULL,'2026-02-02 09:56:25','2026-02-02 09:56:25'),('b0f61a9f-ca3a-438e-8bda-97971bc9fb55','b45b1d15-be51-4377-b952-9cfb9b27d058',14490540.4255,1.0000,'26b3126e-62de-40bc-bfcc-794fcd220251','26b3126e-62de-40bc-bfcc-794fcd220251','2025-04-01 00:00:00','69804a98b7447','f3683bee-094b-4aa6-8163-8d418a27eb6a',575,NULL,'posted',NULL,NULL,0,NULL,NULL,'2026-02-02 09:56:26','2026-02-02 09:56:26'),('b1901bd6-eab9-4b44-96ff-125311134c11','89499b0e-b322-4879-b92f-138b16692677',781073,1.0000,'26b3126e-62de-40bc-bfcc-794fcd220251','26b3126e-62de-40bc-bfcc-794fcd220251','2025-03-31 00:00:00','697c7bf552a22','f3683bee-094b-4aa6-8163-8d418a27eb6a',660,NULL,'posted',NULL,NULL,0,NULL,NULL,'2026-01-30 12:37:57','2026-01-30 12:37:57'),('b200a03c-6064-456b-b477-237e17b8841b','b45b1d15-be51-4377-b952-9cfb9b27d058',900000,1.0000,'26b3126e-62de-40bc-bfcc-794fcd220251','26b3126e-62de-40bc-bfcc-794fcd220251','2025-04-01 00:00:00','69804a98b7447','f3683bee-094b-4aa6-8163-8d418a27eb6a',NULL,107,'posted',NULL,NULL,0,NULL,NULL,'2026-02-02 09:56:25','2026-02-02 09:56:25'),('b20b9821-3185-47b1-9aa5-dfbff3a337cc','b45b1d15-be51-4377-b952-9cfb9b27d058',88000,1.0000,'26b3126e-62de-40bc-bfcc-794fcd220251','26b3126e-62de-40bc-bfcc-794fcd220251','2025-04-01 00:00:00','69804a98b7447','f3683bee-094b-4aa6-8163-8d418a27eb6a',NULL,409,'posted',NULL,NULL,0,NULL,NULL,'2026-02-02 09:56:24','2026-02-02 09:56:24'),('b22c2322-4b08-407e-9ba7-23f72173a4d9','d3d87e63-6cdb-438e-ba5e-d8de28ca1c4e',40000,1.0000,'26b3126e-62de-40bc-bfcc-794fcd220251','26b3126e-62de-40bc-bfcc-794fcd220251','2025-03-31 00:00:00','697c7bf523641','f3683bee-094b-4aa6-8163-8d418a27eb6a',646,NULL,'posted',NULL,NULL,0,NULL,NULL,'2026-01-30 12:37:57','2026-01-30 12:37:57'),('b291d465-b519-47fa-b1d8-52774f16a840','b45b1d15-be51-4377-b952-9cfb9b27d058',451121,1.0000,'26b3126e-62de-40bc-bfcc-794fcd220251','26b3126e-62de-40bc-bfcc-794fcd220251','2025-04-01 00:00:00','69804a98b7447','f3683bee-094b-4aa6-8163-8d418a27eb6a',532,NULL,'posted',NULL,NULL,0,NULL,NULL,'2026-02-02 09:56:26','2026-02-02 09:56:26'),('b2a00d78-a2f0-43f4-a5a3-d7f83a5a68ad','33f2cebb-3349-4ba8-925d-27dd85ed2802',27245860.24,1.0000,'26b3126e-62de-40bc-bfcc-794fcd220251','26b3126e-62de-40bc-bfcc-794fcd220251','2025-03-31 00:00:00','697c7bedb006d','f3683bee-094b-4aa6-8163-8d418a27eb6a',NULL,35,'posted',NULL,NULL,0,NULL,NULL,'2026-01-30 12:37:49','2026-01-30 12:37:49'),('b2c63ae8-5a99-4083-9775-b443a7e5c0be','b45b1d15-be51-4377-b952-9cfb9b27d058',430000,1.0000,'26b3126e-62de-40bc-bfcc-794fcd220251','26b3126e-62de-40bc-bfcc-794fcd220251','2025-04-01 00:00:00','69804a98b7447','f3683bee-094b-4aa6-8163-8d418a27eb6a',NULL,253,'posted',NULL,NULL,0,NULL,NULL,'2026-02-02 09:56:25','2026-02-02 09:56:25'),('b2daec75-90a4-49cf-9700-95e124a869fc','b45b1d15-be51-4377-b952-9cfb9b27d058',2881043.2454,1.0000,'26b3126e-62de-40bc-bfcc-794fcd220251','26b3126e-62de-40bc-bfcc-794fcd220251','2025-04-01 00:00:00','69804a98b7447','f3683bee-094b-4aa6-8163-8d418a27eb6a',565,NULL,'posted',NULL,NULL,0,NULL,NULL,'2026-02-02 09:56:25','2026-02-02 09:56:25'),('b30b857d-cb67-4208-8ea2-0180c19b3a39','3dfa6c45-d52f-4f23-9292-761e37c62922',31499400,1.0000,'26b3126e-62de-40bc-bfcc-794fcd220251','26b3126e-62de-40bc-bfcc-794fcd220251','2025-03-31 00:00:00','697c7bee11e6c','f3683bee-094b-4aa6-8163-8d418a27eb6a',NULL,65,'posted',NULL,NULL,0,NULL,NULL,'2026-01-30 12:37:50','2026-01-30 12:37:50'),('b325bed4-a394-40f1-b4bf-2bdf02bccdaa','045d4e8b-5e91-4f87-9474-e509ad519872',609727.19088568,1.0000,'26b3126e-62de-40bc-bfcc-794fcd220251','26b3126e-62de-40bc-bfcc-794fcd220251','2025-03-31 00:00:00','697c7bf4b3d0d','f3683bee-094b-4aa6-8163-8d418a27eb6a',615,NULL,'posted',NULL,NULL,0,NULL,NULL,'2026-01-30 12:37:56','2026-01-30 12:37:56'),('b36d8a4e-90b9-4394-bfbd-7fde7ba1c52b','b45b1d15-be51-4377-b952-9cfb9b27d058',40465190,1.0000,'26b3126e-62de-40bc-bfcc-794fcd220251','26b3126e-62de-40bc-bfcc-794fcd220251','2025-04-01 00:00:00','69804a98b7447','f3683bee-094b-4aa6-8163-8d418a27eb6a',487,NULL,'posted',NULL,NULL,0,NULL,NULL,'2026-02-02 09:56:25','2026-02-02 09:56:25'),('b3beb28e-69cc-4584-b8c6-64dfba576aa0','b45b1d15-be51-4377-b952-9cfb9b27d058',206483879.93,1.0000,'26b3126e-62de-40bc-bfcc-794fcd220251','26b3126e-62de-40bc-bfcc-794fcd220251','2025-04-01 00:00:00','69804a98b7447','f3683bee-094b-4aa6-8163-8d418a27eb6a',498,NULL,'posted',NULL,NULL,0,NULL,NULL,'2026-02-02 09:56:25','2026-02-02 09:56:25'),('b3d076a0-b9ee-44ef-be9a-938c086b6e24','a8addea0-65fb-4a18-afbb-1fcd1b26b3f0',1366176,1.0000,'26b3126e-62de-40bc-bfcc-794fcd220251','26b3126e-62de-40bc-bfcc-794fcd220251','2025-03-31 00:00:00','697c7beecd03f','f3683bee-094b-4aa6-8163-8d418a27eb6a',NULL,130,'posted',NULL,NULL,0,NULL,NULL,'2026-01-30 12:37:50','2026-01-30 12:37:50'),('b3f86c90-0ffc-4256-8334-1dad5c3a68a2','b45b1d15-be51-4377-b952-9cfb9b27d058',2250000,1.0000,'26b3126e-62de-40bc-bfcc-794fcd220251','26b3126e-62de-40bc-bfcc-794fcd220251','2025-04-01 00:00:00','69804a98b7447','f3683bee-094b-4aa6-8163-8d418a27eb6a',NULL,455,'posted',NULL,NULL,0,NULL,NULL,'2026-02-02 09:56:25','2026-02-02 09:56:25'),('b4013b5d-bbf7-4bb2-8e8e-7cfc73e1bb83','f3728ab6-ee66-4e68-948c-c6909e6097b9',9052387,1.0000,'26b3126e-62de-40bc-bfcc-794fcd220251','26b3126e-62de-40bc-bfcc-794fcd220251','2025-03-31 00:00:00','697c7bee59824','f3683bee-094b-4aa6-8163-8d418a27eb6a',NULL,90,'posted',NULL,NULL,0,NULL,NULL,'2026-01-30 12:37:50','2026-01-30 12:37:50'),('b41507d9-49d8-472b-901b-a26c217e0c4e','b45b1d15-be51-4377-b952-9cfb9b27d058',875000,1.0000,'26b3126e-62de-40bc-bfcc-794fcd220251','26b3126e-62de-40bc-bfcc-794fcd220251','2025-04-01 00:00:00','69804a98b7447','f3683bee-094b-4aa6-8163-8d418a27eb6a',NULL,470,'posted',NULL,NULL,0,NULL,NULL,'2026-02-02 09:56:25','2026-02-02 09:56:25'),('b41814eb-c251-4ac6-bdc2-8a43178a4d3b','b45b1d15-be51-4377-b952-9cfb9b27d058',300000,1.0000,'26b3126e-62de-40bc-bfcc-794fcd220251','26b3126e-62de-40bc-bfcc-794fcd220251','2025-04-01 00:00:00','69804a98b7447','f3683bee-094b-4aa6-8163-8d418a27eb6a',NULL,467,'posted',NULL,NULL,0,NULL,NULL,'2026-02-02 09:56:25','2026-02-02 09:56:25'),('b44045e2-ced6-437c-8518-2abff94e4492','23a5480b-09ca-4197-87f2-88255d264789',540000,1.0000,'26b3126e-62de-40bc-bfcc-794fcd220251','26b3126e-62de-40bc-bfcc-794fcd220251','2025-03-31 00:00:00','697c7bf172eb0','f3683bee-094b-4aa6-8163-8d418a27eb6a',NULL,372,'posted',NULL,NULL,0,NULL,NULL,'2026-01-30 12:37:53','2026-01-30 12:37:53'),('b51b0b2a-c46e-4460-bd74-e622d681bee7','816e07f6-5404-4aee-888a-b1ebe9373a34',350000,1.0000,'26b3126e-62de-40bc-bfcc-794fcd220251','26b3126e-62de-40bc-bfcc-794fcd220251','2025-03-31 00:00:00','697c7bf2dc320','f3683bee-094b-4aa6-8163-8d418a27eb6a',NULL,475,'posted',NULL,NULL,0,NULL,NULL,'2026-01-30 12:37:54','2026-01-30 12:37:54'),('b5651c76-b9a8-4643-bda9-30c26f46aac8','e5d4ab2d-2145-4390-9576-9eb10c248a57',988637,1.0000,'26b3126e-62de-40bc-bfcc-794fcd220251','26b3126e-62de-40bc-bfcc-794fcd220251','2025-03-31 00:00:00','697c7bf5916c7','f3683bee-094b-4aa6-8163-8d418a27eb6a',679,NULL,'posted',NULL,NULL,0,NULL,NULL,'2026-01-30 12:37:57','2026-01-30 12:37:57'),('b57c6aeb-07d7-4419-b6e7-28cd3d97d361','5284870e-e37c-43f1-88f2-be1cfec93a10',700000,1.0000,'26b3126e-62de-40bc-bfcc-794fcd220251','26b3126e-62de-40bc-bfcc-794fcd220251','2025-03-31 00:00:00','697c7beeac296','f3683bee-094b-4aa6-8163-8d418a27eb6a',NULL,119,'posted',NULL,NULL,0,NULL,NULL,'2026-01-30 12:37:50','2026-01-30 12:37:50'),('b5a17b05-ecae-4b04-95a9-347b7a5de42b','b45b1d15-be51-4377-b952-9cfb9b27d058',951198.05,1.0000,'26b3126e-62de-40bc-bfcc-794fcd220251','26b3126e-62de-40bc-bfcc-794fcd220251','2025-04-01 00:00:00','69804a98b7447','f3683bee-094b-4aa6-8163-8d418a27eb6a',NULL,403,'posted',NULL,NULL,0,NULL,NULL,'2026-02-02 09:56:25','2026-02-02 09:56:25'),('b5bffe63-a06d-4c17-a578-b6463bce5fd8','b44259ad-53c9-47e0-b2f3-856fdbad444a',3000,1.0000,'26b3126e-62de-40bc-bfcc-794fcd220251','26b3126e-62de-40bc-bfcc-794fcd220251','2025-03-31 00:00:00','697c7bf584f1f','f3683bee-094b-4aa6-8163-8d418a27eb6a',675,NULL,'posted',NULL,NULL,0,NULL,NULL,'2026-01-30 12:37:57','2026-01-30 12:37:57'),('b5c8b07a-9d20-4c8c-ab99-6fbfb190ccd5','b45b1d15-be51-4377-b952-9cfb9b27d058',8407,1.0000,'26b3126e-62de-40bc-bfcc-794fcd220251','26b3126e-62de-40bc-bfcc-794fcd220251','2025-04-01 00:00:00','69804a98b7447','f3683bee-094b-4aa6-8163-8d418a27eb6a',526,NULL,'posted',NULL,NULL,0,NULL,NULL,'2026-02-02 09:56:26','2026-02-02 09:56:26'),('b629d748-02cc-47cc-a880-e2d6be849ee3','a1dab1ec-e398-49a1-80e4-0d8acd561e62',90000,1.0000,'26b3126e-62de-40bc-bfcc-794fcd220251','26b3126e-62de-40bc-bfcc-794fcd220251','2025-03-31 00:00:00','697c7bf540897','f3683bee-094b-4aa6-8163-8d418a27eb6a',655,NULL,'posted',NULL,NULL,0,NULL,NULL,'2026-01-30 12:37:57','2026-01-30 12:37:57'),('b63dac46-f50f-45d3-990e-16ef98e9e319','b45b1d15-be51-4377-b952-9cfb9b27d058',6500000,1.0000,'26b3126e-62de-40bc-bfcc-794fcd220251','26b3126e-62de-40bc-bfcc-794fcd220251','2025-04-01 00:00:00','69804a98b7447','f3683bee-094b-4aa6-8163-8d418a27eb6a',NULL,457,'posted',NULL,NULL,0,NULL,NULL,'2026-02-02 09:56:25','2026-02-02 09:56:25'),('b64f5ff9-3d52-4e98-af86-02ef0c2fe08b','b45b1d15-be51-4377-b952-9cfb9b27d058',1366176,1.0000,'26b3126e-62de-40bc-bfcc-794fcd220251','26b3126e-62de-40bc-bfcc-794fcd220251','2025-04-01 00:00:00','69804a98b7447','f3683bee-094b-4aa6-8163-8d418a27eb6a',NULL,130,'posted',NULL,NULL,0,NULL,NULL,'2026-02-02 09:56:25','2026-02-02 09:56:25'),('b6b5d8db-a591-404d-8151-c7a44a41b668','4cf4fb49-e92c-47c6-bec4-0db12e2a2119',815210,1.0000,'26b3126e-62de-40bc-bfcc-794fcd220251','26b3126e-62de-40bc-bfcc-794fcd220251','2025-03-31 00:00:00','697c7bf22b5d3','f3683bee-094b-4aa6-8163-8d418a27eb6a',NULL,424,'posted',NULL,NULL,0,NULL,NULL,'2026-01-30 12:37:54','2026-01-30 12:37:54'),('b6ce9d3f-03c0-4057-b2a9-192bf606e5bc','b45b1d15-be51-4377-b952-9cfb9b27d058',330000,1.0000,'26b3126e-62de-40bc-bfcc-794fcd220251','26b3126e-62de-40bc-bfcc-794fcd220251','2025-04-01 00:00:00','69804a98b7447','f3683bee-094b-4aa6-8163-8d418a27eb6a',NULL,348,'posted',NULL,NULL,0,NULL,NULL,'2026-02-02 09:56:25','2026-02-02 09:56:25'),('b6e098a6-c44b-4750-851e-6e1e7b6f64cc','b45b1d15-be51-4377-b952-9cfb9b27d058',259500,1.0000,'26b3126e-62de-40bc-bfcc-794fcd220251','26b3126e-62de-40bc-bfcc-794fcd220251','2025-04-01 00:00:00','69804a98b7447','f3683bee-094b-4aa6-8163-8d418a27eb6a',NULL,448,'posted',NULL,NULL,0,NULL,NULL,'2026-02-02 09:56:25','2026-02-02 09:56:25'),('b72165b6-d43b-4b1a-887f-c8ef25e00186','f1fccc8e-905d-480d-819f-445b26274cac',8165000,1.0000,'26b3126e-62de-40bc-bfcc-794fcd220251','26b3126e-62de-40bc-bfcc-794fcd220251','2025-03-31 00:00:00','697c7bf33a986','f3683bee-094b-4aa6-8163-8d418a27eb6a',500,NULL,'posted',NULL,NULL,0,NULL,NULL,'2026-01-30 12:37:55','2026-01-30 12:37:55'),('b728e3be-975b-44d6-b53d-a360305e40d7','b45b1d15-be51-4377-b952-9cfb9b27d058',100000,1.0000,'26b3126e-62de-40bc-bfcc-794fcd220251','26b3126e-62de-40bc-bfcc-794fcd220251','2025-04-01 00:00:00','69804a98b7447','f3683bee-094b-4aa6-8163-8d418a27eb6a',NULL,100,'posted',NULL,NULL,0,NULL,NULL,'2026-02-02 09:56:25','2026-02-02 09:56:25'),('b782765d-04a6-4cff-852e-8d76c57e1d3a','b45b1d15-be51-4377-b952-9cfb9b27d058',1356255.1625,1.0000,'26b3126e-62de-40bc-bfcc-794fcd220251','26b3126e-62de-40bc-bfcc-794fcd220251','2025-04-01 00:00:00','69804a98b7447','f3683bee-094b-4aa6-8163-8d418a27eb6a',619,NULL,'posted',NULL,NULL,0,NULL,NULL,'2026-02-02 09:56:25','2026-02-02 09:56:25'),('b7bfe8e8-0fc8-46fd-8c47-2e93117d9d31','b45b1d15-be51-4377-b952-9cfb9b27d058',470000,1.0000,'26b3126e-62de-40bc-bfcc-794fcd220251','26b3126e-62de-40bc-bfcc-794fcd220251','2025-04-01 00:00:00','69804a98b7447','f3683bee-094b-4aa6-8163-8d418a27eb6a',NULL,349,'posted',NULL,NULL,0,NULL,NULL,'2026-02-02 09:56:25','2026-02-02 09:56:25'),('b7ecb7c5-fe7b-4ec9-9152-8d44f3de0eff','14580a2e-7a87-446f-9358-1415e3f3b35b',882680,1.0000,'26b3126e-62de-40bc-bfcc-794fcd220251','26b3126e-62de-40bc-bfcc-794fcd220251','2025-03-31 00:00:00','697c7bf26d9db','f3683bee-094b-4aa6-8163-8d418a27eb6a',NULL,445,'posted',NULL,NULL,0,NULL,NULL,'2026-01-30 12:37:54','2026-01-30 12:37:54'),('b8409cc4-c2ff-4fb4-8e43-33491fb98af8','5de2b88b-b129-4ebc-8a67-4dcfc5e2b1fb',3221869.9327178,1.0000,'26b3126e-62de-40bc-bfcc-794fcd220251','26b3126e-62de-40bc-bfcc-794fcd220251','2025-03-31 00:00:00','697c7bf4aa144','f3683bee-094b-4aa6-8163-8d418a27eb6a',612,NULL,'posted',NULL,NULL,0,NULL,NULL,'2026-01-30 12:37:56','2026-01-30 12:37:56'),('b8479684-85ba-4a4c-b527-74e9e237f4b4','b45b1d15-be51-4377-b952-9cfb9b27d058',8291255.5633,1.0000,'26b3126e-62de-40bc-bfcc-794fcd220251','26b3126e-62de-40bc-bfcc-794fcd220251','2025-04-01 00:00:00','69804a98b7447','f3683bee-094b-4aa6-8163-8d418a27eb6a',611,NULL,'posted',NULL,NULL,0,NULL,NULL,'2026-02-02 09:56:25','2026-02-02 09:56:25'),('b866b4e6-15bd-41ed-9f52-c01aecb63d1d','b45b1d15-be51-4377-b952-9cfb9b27d058',50000,1.0000,'26b3126e-62de-40bc-bfcc-794fcd220251','26b3126e-62de-40bc-bfcc-794fcd220251','2025-04-01 00:00:00','69804a98b7447','f3683bee-094b-4aa6-8163-8d418a27eb6a',NULL,336,'posted',NULL,NULL,0,NULL,NULL,'2026-02-02 09:56:25','2026-02-02 09:56:25'),('b87d203c-41f3-4b41-a7f0-1466da30e00a','706aae55-a8a5-4411-974e-061788d52450',1350000,1.0000,'26b3126e-62de-40bc-bfcc-794fcd220251','26b3126e-62de-40bc-bfcc-794fcd220251','2025-03-31 00:00:00','697c7bf34a4e3','f3683bee-094b-4aa6-8163-8d418a27eb6a',505,NULL,'posted',NULL,NULL,0,NULL,NULL,'2026-01-30 12:37:55','2026-01-30 12:37:55'),('b887d163-fb65-40b9-8626-7ff966d91b32','cf4e7b19-9386-4ae8-adeb-7012e08d3b28',83580,1.0000,'26b3126e-62de-40bc-bfcc-794fcd220251','26b3126e-62de-40bc-bfcc-794fcd220251','2025-03-31 00:00:00','697c7bf571387','f3683bee-094b-4aa6-8163-8d418a27eb6a',669,NULL,'posted',NULL,NULL,0,NULL,NULL,'2026-01-30 12:37:57','2026-01-30 12:37:57'),('b88f23a2-3c33-4191-b50b-e73cb140ca31','b45b1d15-be51-4377-b952-9cfb9b27d058',100000,1.0000,'26b3126e-62de-40bc-bfcc-794fcd220251','26b3126e-62de-40bc-bfcc-794fcd220251','2025-04-01 00:00:00','69804a98b7447','f3683bee-094b-4aa6-8163-8d418a27eb6a',NULL,158,'posted',NULL,NULL,0,NULL,NULL,'2026-02-02 09:56:24','2026-02-02 09:56:24'),('b8ac1171-4ad2-43a3-911f-9382c8668dc1','b45b1d15-be51-4377-b952-9cfb9b27d058',30000,1.0000,'26b3126e-62de-40bc-bfcc-794fcd220251','26b3126e-62de-40bc-bfcc-794fcd220251','2025-04-01 00:00:00','69804a98b7447','f3683bee-094b-4aa6-8163-8d418a27eb6a',NULL,205,'posted',NULL,NULL,0,NULL,NULL,'2026-02-02 09:56:25','2026-02-02 09:56:25'),('b8bec179-31c3-48d9-957a-6ed68d921025','b45b1d15-be51-4377-b952-9cfb9b27d058',170000,1.0000,'26b3126e-62de-40bc-bfcc-794fcd220251','26b3126e-62de-40bc-bfcc-794fcd220251','2025-04-01 00:00:00','69804a98b7447','f3683bee-094b-4aa6-8163-8d418a27eb6a',NULL,160,'posted',NULL,NULL,0,NULL,NULL,'2026-02-02 09:56:24','2026-02-02 09:56:24'),('b8d98df5-c5fe-44d2-8f2b-db35e14a117f','b45b1d15-be51-4377-b952-9cfb9b27d058',2851309.0551,1.0000,'26b3126e-62de-40bc-bfcc-794fcd220251','26b3126e-62de-40bc-bfcc-794fcd220251','2025-04-01 00:00:00','69804a98b7447','f3683bee-094b-4aa6-8163-8d418a27eb6a',628,NULL,'posted',NULL,NULL,0,NULL,NULL,'2026-02-02 09:56:26','2026-02-02 09:56:26'),('b901bd94-8dc0-496f-a36a-5169518a0784','e51f1672-9b8d-4028-ac5f-f969532fde7f',1245310.1994265,1.0000,'26b3126e-62de-40bc-bfcc-794fcd220251','26b3126e-62de-40bc-bfcc-794fcd220251','2025-03-31 00:00:00','697c7bf3e2709','f3683bee-094b-4aa6-8163-8d418a27eb6a',555,NULL,'posted',NULL,NULL,0,NULL,NULL,'2026-01-30 12:37:55','2026-01-30 12:37:55'),('b90a7be3-8f4f-4603-a37c-050eefca609c','d618c55e-4300-4889-814f-cf8e93d0526d',455360,1.0000,'26b3126e-62de-40bc-bfcc-794fcd220251','26b3126e-62de-40bc-bfcc-794fcd220251','2025-03-31 00:00:00','697c7bee92005','f3683bee-094b-4aa6-8163-8d418a27eb6a',NULL,110,'posted',NULL,NULL,0,NULL,NULL,'2026-01-30 12:37:50','2026-01-30 12:37:50'),('b9509ed0-175b-45b0-88cd-d55bb6268088','2df2205d-dcf4-41eb-b593-0960ff7cef7b',400000,1.0000,'26b3126e-62de-40bc-bfcc-794fcd220251','26b3126e-62de-40bc-bfcc-794fcd220251','2025-03-31 00:00:00','697c7bf0109e7','f3683bee-094b-4aa6-8163-8d418a27eb6a',NULL,250,'posted',NULL,NULL,0,NULL,NULL,'2026-01-30 12:37:52','2026-01-30 12:37:52'),('b9619766-9b7c-4eae-b91b-bb1dc9f6dbf3','b45b1d15-be51-4377-b952-9cfb9b27d058',531662.5,1.0000,'26b3126e-62de-40bc-bfcc-794fcd220251','26b3126e-62de-40bc-bfcc-794fcd220251','2025-04-01 00:00:00','69804a98b7447','f3683bee-094b-4aa6-8163-8d418a27eb6a',NULL,51,'posted',NULL,NULL,0,NULL,NULL,'2026-02-02 09:56:25','2026-02-02 09:56:25'),('b994d03a-60aa-46f0-bfeb-b286e75c811f','b45b1d15-be51-4377-b952-9cfb9b27d058',450000,1.0000,'26b3126e-62de-40bc-bfcc-794fcd220251','26b3126e-62de-40bc-bfcc-794fcd220251','2025-04-01 00:00:00','69804a98b7447','f3683bee-094b-4aa6-8163-8d418a27eb6a',NULL,288,'posted',NULL,NULL,0,NULL,NULL,'2026-02-02 09:56:24','2026-02-02 09:56:24'),('b9dd2bcb-b74a-466a-9e7c-e48ec456b3eb','360b3af3-67b2-4f30-b80c-d7ff3ec6f294',580000,1.0000,'26b3126e-62de-40bc-bfcc-794fcd220251','26b3126e-62de-40bc-bfcc-794fcd220251','2025-03-31 00:00:00','697c7bf156436','f3683bee-094b-4aa6-8163-8d418a27eb6a',NULL,362,'posted',NULL,NULL,0,NULL,NULL,'2026-01-30 12:37:53','2026-01-30 12:37:53'),('b9f98aab-e937-4dd5-89d0-f285d848e97c','b45b1d15-be51-4377-b952-9cfb9b27d058',2693655,1.0000,'26b3126e-62de-40bc-bfcc-794fcd220251','26b3126e-62de-40bc-bfcc-794fcd220251','2025-04-01 00:00:00','69804a98b7447','f3683bee-094b-4aa6-8163-8d418a27eb6a',693,NULL,'posted',NULL,NULL,0,NULL,NULL,'2026-02-02 09:56:26','2026-02-02 09:56:26'),('ba557c98-cebf-4a4c-9753-93dbe138f098','cfa2c494-b7f5-490b-b683-051e5107dafb',62655507,1.0000,'26b3126e-62de-40bc-bfcc-794fcd220251','26b3126e-62de-40bc-bfcc-794fcd220251','2025-03-31 00:00:00','697c7bf363e4d','f3683bee-094b-4aa6-8163-8d418a27eb6a',513,NULL,'posted',NULL,NULL,0,NULL,NULL,'2026-01-30 12:37:55','2026-01-30 12:37:55'),('ba5d0ae9-c132-410d-aaa9-8d109097c25b','9e2c90ad-9b03-4194-ae50-0f0aab32bd02',30000,1.0000,'26b3126e-62de-40bc-bfcc-794fcd220251','26b3126e-62de-40bc-bfcc-794fcd220251','2025-03-31 00:00:00','697c7bf1beb44','f3683bee-094b-4aa6-8163-8d418a27eb6a',NULL,393,'posted',NULL,NULL,0,NULL,NULL,'2026-01-30 12:37:53','2026-01-30 12:37:53'),('ba75971c-bd8d-437a-bc92-1431c65add75','3ef3c997-5fc4-43cc-bbfa-c6f565bdd594',830000,1.0000,'26b3126e-62de-40bc-bfcc-794fcd220251','26b3126e-62de-40bc-bfcc-794fcd220251','2025-03-31 00:00:00','697c7bf04f6bc','f3683bee-094b-4aa6-8163-8d418a27eb6a',NULL,274,'posted',NULL,NULL,0,NULL,NULL,'2026-01-30 12:37:52','2026-01-30 12:37:52'),('baa8850b-12b9-4ebc-a0ca-20174666b2c1','8c05d3ff-ff76-41d5-bc8a-0ea3a720cfba',800000,1.0000,'26b3126e-62de-40bc-bfcc-794fcd220251','26b3126e-62de-40bc-bfcc-794fcd220251','2025-03-31 00:00:00','697c7beeaee6d','f3683bee-094b-4aa6-8163-8d418a27eb6a',NULL,120,'posted',NULL,NULL,0,NULL,NULL,'2026-01-30 12:37:50','2026-01-30 12:37:50'),('baaea74e-a4e5-406c-b576-46f89ea0f248','307aa31a-8d22-4eb0-ae17-203dca39cc93',420000,1.0000,'26b3126e-62de-40bc-bfcc-794fcd220251','26b3126e-62de-40bc-bfcc-794fcd220251','2025-03-31 00:00:00','697c7bf0c58de','f3683bee-094b-4aa6-8163-8d418a27eb6a',NULL,318,'posted',NULL,NULL,0,NULL,NULL,'2026-01-30 12:37:52','2026-01-30 12:37:52'),('bad10c06-6070-4970-bb69-1ec544bffdea','b45b1d15-be51-4377-b952-9cfb9b27d058',25167354.76,1.0000,'26b3126e-62de-40bc-bfcc-794fcd220251','26b3126e-62de-40bc-bfcc-794fcd220251','2025-04-01 00:00:00','69804a98b7447','f3683bee-094b-4aa6-8163-8d418a27eb6a',NULL,481,'posted',NULL,NULL,0,NULL,NULL,'2026-02-02 09:56:25','2026-02-02 09:56:25'),('badc5932-809b-4ce3-b73f-1e710617c44e','3304bc29-66a9-411c-95a8-fcba9a8c609c',75000,1.0000,'26b3126e-62de-40bc-bfcc-794fcd220251','26b3126e-62de-40bc-bfcc-794fcd220251','2025-03-31 00:00:00','697c7befd999d','f3683bee-094b-4aa6-8163-8d418a27eb6a',NULL,230,'posted',NULL,NULL,0,NULL,NULL,'2026-01-30 12:37:51','2026-01-30 12:37:51'),('baf44a15-39a4-4094-9114-583e23b7258e','b45b1d15-be51-4377-b952-9cfb9b27d058',4457760,1.0000,'26b3126e-62de-40bc-bfcc-794fcd220251','26b3126e-62de-40bc-bfcc-794fcd220251','2025-04-01 00:00:00','69804a98b7447','f3683bee-094b-4aa6-8163-8d418a27eb6a',NULL,116,'posted',NULL,NULL,0,NULL,NULL,'2026-02-02 09:56:25','2026-02-02 09:56:25'),('bb563b09-a118-4c07-82ec-1919590f424f','4265a43b-0677-4288-bfc7-3b7d859de13d',890000,1.0000,'26b3126e-62de-40bc-bfcc-794fcd220251','26b3126e-62de-40bc-bfcc-794fcd220251','2025-03-31 00:00:00','697c7bef90127','f3683bee-094b-4aa6-8163-8d418a27eb6a',NULL,200,'posted',NULL,NULL,0,NULL,NULL,'2026-01-30 12:37:51','2026-01-30 12:37:51'),('bb6879c4-9cec-4e9a-8acb-c52b81f72228','b45b1d15-be51-4377-b952-9cfb9b27d058',609727.1909,1.0000,'26b3126e-62de-40bc-bfcc-794fcd220251','26b3126e-62de-40bc-bfcc-794fcd220251','2025-04-01 00:00:00','69804a98b7447','f3683bee-094b-4aa6-8163-8d418a27eb6a',615,NULL,'posted',NULL,NULL,0,NULL,NULL,'2026-02-02 09:56:26','2026-02-02 09:56:26'),('bba6f144-6797-4c00-810d-5f0106809ac1','0560492d-402e-4732-a3d4-815c58f9a7f8',4882283.5319531,1.0000,'26b3126e-62de-40bc-bfcc-794fcd220251','26b3126e-62de-40bc-bfcc-794fcd220251','2025-03-31 00:00:00','697c7bf3d7eab','f3683bee-094b-4aa6-8163-8d418a27eb6a',552,NULL,'posted',NULL,NULL,0,NULL,NULL,'2026-01-30 12:37:55','2026-01-30 12:37:55'),('bbb5beb1-2bd6-4675-9af8-cdd2d456a6ec','b45b1d15-be51-4377-b952-9cfb9b27d058',758352,1.0000,'26b3126e-62de-40bc-bfcc-794fcd220251','26b3126e-62de-40bc-bfcc-794fcd220251','2025-04-01 00:00:00','69804a98b7447','f3683bee-094b-4aa6-8163-8d418a27eb6a',NULL,428,'posted',NULL,NULL,0,NULL,NULL,'2026-02-02 09:56:24','2026-02-02 09:56:24'),('bbdaec96-10e3-46b0-83c0-421eb2f4c153','b45b1d15-be51-4377-b952-9cfb9b27d058',2829609,1.0000,'26b3126e-62de-40bc-bfcc-794fcd220251','26b3126e-62de-40bc-bfcc-794fcd220251','2025-04-01 00:00:00','69804a98b7447','f3683bee-094b-4aa6-8163-8d418a27eb6a',NULL,432,'posted',NULL,NULL,0,NULL,NULL,'2026-02-02 09:56:25','2026-02-02 09:56:25'),('bc056ad5-780e-4576-90d0-74004512a592','f17cc23e-e870-4881-af48-eddfd8532544',61348.803709006,1.0000,'26b3126e-62de-40bc-bfcc-794fcd220251','26b3126e-62de-40bc-bfcc-794fcd220251','2025-03-31 00:00:00','697c7bf45cdbe','f3683bee-094b-4aa6-8163-8d418a27eb6a',588,NULL,'posted',NULL,NULL,0,NULL,NULL,'2026-01-30 12:37:56','2026-01-30 12:37:56'),('bc45a490-75d3-4e67-b7bb-fa2ef45e9679','b45b1d15-be51-4377-b952-9cfb9b27d058',988637,1.0000,'26b3126e-62de-40bc-bfcc-794fcd220251','26b3126e-62de-40bc-bfcc-794fcd220251','2025-04-01 00:00:00','69804a98b7447','f3683bee-094b-4aa6-8163-8d418a27eb6a',679,NULL,'posted',NULL,NULL,0,NULL,NULL,'2026-02-02 09:56:26','2026-02-02 09:56:26'),('bcc82487-4fe3-4458-9717-1819e59049e2','b45b1d15-be51-4377-b952-9cfb9b27d058',1685000,1.0000,'26b3126e-62de-40bc-bfcc-794fcd220251','26b3126e-62de-40bc-bfcc-794fcd220251','2025-04-01 00:00:00','69804a98b7447','f3683bee-094b-4aa6-8163-8d418a27eb6a',NULL,298,'posted',NULL,NULL,0,NULL,NULL,'2026-02-02 09:56:24','2026-02-02 09:56:24'),('bcf090ea-7cb1-426c-b5dd-29e0d71af4c4','bcf3b323-acaa-460f-b930-52ff767f3d1e',6805251.206832,1.0000,'26b3126e-62de-40bc-bfcc-794fcd220251','26b3126e-62de-40bc-bfcc-794fcd220251','2025-03-31 00:00:00','697c7bf3ac484','f3683bee-094b-4aa6-8163-8d418a27eb6a',538,NULL,'posted',NULL,NULL,0,NULL,NULL,'2026-01-30 12:37:55','2026-01-30 12:37:55'),('bd338b44-60ca-4f4c-9463-e58e996850ea','b45b1d15-be51-4377-b952-9cfb9b27d058',175000,1.0000,'26b3126e-62de-40bc-bfcc-794fcd220251','26b3126e-62de-40bc-bfcc-794fcd220251','2025-04-01 00:00:00','69804a98b7447','f3683bee-094b-4aa6-8163-8d418a27eb6a',NULL,350,'posted',NULL,NULL,0,NULL,NULL,'2026-02-02 09:56:25','2026-02-02 09:56:25'),('bd55de38-04c7-4146-98ff-7ac1acd85c40','b45b1d15-be51-4377-b952-9cfb9b27d058',60000,1.0000,'26b3126e-62de-40bc-bfcc-794fcd220251','26b3126e-62de-40bc-bfcc-794fcd220251','2025-04-01 00:00:00','69804a98b7447','f3683bee-094b-4aa6-8163-8d418a27eb6a',NULL,265,'posted',NULL,NULL,0,NULL,NULL,'2026-02-02 09:56:25','2026-02-02 09:56:25'),('bd923aed-558a-443b-bae6-9ed0c5c1df68','b45b1d15-be51-4377-b952-9cfb9b27d058',12000000,1.0000,'26b3126e-62de-40bc-bfcc-794fcd220251','26b3126e-62de-40bc-bfcc-794fcd220251','2025-04-01 00:00:00','69804a98b7447','f3683bee-094b-4aa6-8163-8d418a27eb6a',NULL,463,'posted',NULL,NULL,0,NULL,NULL,'2026-02-02 09:56:25','2026-02-02 09:56:25'),('bd93ae4f-2ee2-4c06-b619-6c8171b38b18','b45b1d15-be51-4377-b952-9cfb9b27d058',48509935638.661,1.0000,'26b3126e-62de-40bc-bfcc-794fcd220251','26b3126e-62de-40bc-bfcc-794fcd220251','2025-04-01 00:00:00','69804a98b7447','f3683bee-094b-4aa6-8163-8d418a27eb6a',NULL,8,'posted',NULL,NULL,0,NULL,NULL,'2026-02-02 09:56:25','2026-02-02 09:56:25'),('bda6bd18-44e2-4e40-b2ce-be7dd0dd3867','b45b1d15-be51-4377-b952-9cfb9b27d058',642050,1.0000,'26b3126e-62de-40bc-bfcc-794fcd220251','26b3126e-62de-40bc-bfcc-794fcd220251','2025-04-01 00:00:00','69804a98b7447','f3683bee-094b-4aa6-8163-8d418a27eb6a',NULL,102,'posted',NULL,NULL,0,NULL,NULL,'2026-02-02 09:56:25','2026-02-02 09:56:25'),('bdb641bc-6784-4a08-8d84-4d19ecbf1d14','b45b1d15-be51-4377-b952-9cfb9b27d058',1335000,1.0000,'26b3126e-62de-40bc-bfcc-794fcd220251','26b3126e-62de-40bc-bfcc-794fcd220251','2025-04-01 00:00:00','69804a98b7447','f3683bee-094b-4aa6-8163-8d418a27eb6a',NULL,281,'posted',NULL,NULL,0,NULL,NULL,'2026-02-02 09:56:25','2026-02-02 09:56:25'),('bdb82842-d0d8-4c36-8a4e-691591df5bfc','b45b1d15-be51-4377-b952-9cfb9b27d058',280000,1.0000,'26b3126e-62de-40bc-bfcc-794fcd220251','26b3126e-62de-40bc-bfcc-794fcd220251','2025-04-01 00:00:00','69804a98b7447','f3683bee-094b-4aa6-8163-8d418a27eb6a',NULL,207,'posted',NULL,NULL,0,NULL,NULL,'2026-02-02 09:56:25','2026-02-02 09:56:25'),('bdc3ae2b-2151-441a-a001-da0d8a56de1d','a6765327-a950-4d42-af1c-f44ff8f37c0b',4227113.5662741,1.0000,'26b3126e-62de-40bc-bfcc-794fcd220251','26b3126e-62de-40bc-bfcc-794fcd220251','2025-03-31 00:00:00','697c7bf4b716c','f3683bee-094b-4aa6-8163-8d418a27eb6a',616,NULL,'posted',NULL,NULL,0,NULL,NULL,'2026-01-30 12:37:56','2026-01-30 12:37:56'),('be8c19ec-eae5-4f52-ac2e-2eb9a694cbf2','b45b1d15-be51-4377-b952-9cfb9b27d058',142142,1.0000,'26b3126e-62de-40bc-bfcc-794fcd220251','26b3126e-62de-40bc-bfcc-794fcd220251','2025-04-01 00:00:00','69804a98b7447','f3683bee-094b-4aa6-8163-8d418a27eb6a',NULL,55,'posted',NULL,NULL,0,NULL,NULL,'2026-02-02 09:56:24','2026-02-02 09:56:24'),('bed3acdd-bb7b-4c13-96a7-486e690dbf2a','b45b1d15-be51-4377-b952-9cfb9b27d058',5659133.326,1.0000,'26b3126e-62de-40bc-bfcc-794fcd220251','26b3126e-62de-40bc-bfcc-794fcd220251','2025-04-01 00:00:00','69804a98b7447','f3683bee-094b-4aa6-8163-8d418a27eb6a',549,NULL,'posted',NULL,NULL,0,NULL,NULL,'2026-02-02 09:56:25','2026-02-02 09:56:25'),('bee40be5-c463-462d-958c-4bf1e95adbbf','b0a00436-ae5d-4ebf-941c-9330f3c1da98',100854166.66667,1.0000,'26b3126e-62de-40bc-bfcc-794fcd220251','26b3126e-62de-40bc-bfcc-794fcd220251','2025-03-31 00:00:00','697c7bed9e2a0','f3683bee-094b-4aa6-8163-8d418a27eb6a',NULL,29,'posted',NULL,NULL,0,NULL,NULL,'2026-01-30 12:37:49','2026-01-30 12:37:49'),('bf0b0c4b-9aa6-44e4-a381-7f6025d34590','b45b1d15-be51-4377-b952-9cfb9b27d058',1142762,1.0000,'26b3126e-62de-40bc-bfcc-794fcd220251','26b3126e-62de-40bc-bfcc-794fcd220251','2025-04-01 00:00:00','69804a98b7447','f3683bee-094b-4aa6-8163-8d418a27eb6a',NULL,401,'posted',NULL,NULL,0,NULL,NULL,'2026-02-02 09:56:25','2026-02-02 09:56:25'),('bf16142d-843b-4bc5-bfd0-343d9ec24a10','5b88240e-5d46-4625-bf8f-1608d223803a',50000,1.0000,'26b3126e-62de-40bc-bfcc-794fcd220251','26b3126e-62de-40bc-bfcc-794fcd220251','2025-03-31 00:00:00','697c7bf15040c','f3683bee-094b-4aa6-8163-8d418a27eb6a',NULL,360,'posted',NULL,NULL,0,NULL,NULL,'2026-01-30 12:37:53','2026-01-30 12:37:53'),('bf261909-ad3d-4d41-8f15-c7ac8933f168','b45b1d15-be51-4377-b952-9cfb9b27d058',9318,1.0000,'26b3126e-62de-40bc-bfcc-794fcd220251','26b3126e-62de-40bc-bfcc-794fcd220251','2025-04-01 00:00:00','69804a98b7447','f3683bee-094b-4aa6-8163-8d418a27eb6a',NULL,415,'posted',NULL,NULL,0,NULL,NULL,'2026-02-02 09:56:25','2026-02-02 09:56:25'),('bf2ba4e1-8aa8-48bc-8475-d5fe4935d584','b45b1d15-be51-4377-b952-9cfb9b27d058',400000,1.0000,'26b3126e-62de-40bc-bfcc-794fcd220251','26b3126e-62de-40bc-bfcc-794fcd220251','2025-04-01 00:00:00','69804a98b7447','f3683bee-094b-4aa6-8163-8d418a27eb6a',NULL,256,'posted',NULL,NULL,0,NULL,NULL,'2026-02-02 09:56:25','2026-02-02 09:56:25'),('bf5e0db4-676c-49a6-bd38-5433795ce1bc','b45b1d15-be51-4377-b952-9cfb9b27d058',1060128,1.0000,'26b3126e-62de-40bc-bfcc-794fcd220251','26b3126e-62de-40bc-bfcc-794fcd220251','2025-04-01 00:00:00','69804a98b7447','f3683bee-094b-4aa6-8163-8d418a27eb6a',NULL,131,'posted',NULL,NULL,0,NULL,NULL,'2026-02-02 09:56:25','2026-02-02 09:56:25'),('bfb5d91f-f827-4e53-a22d-332190bb264f','16abd0de-b63d-4f05-a4ed-304843d18adc',174640,1.0000,'26b3126e-62de-40bc-bfcc-794fcd220251','26b3126e-62de-40bc-bfcc-794fcd220251','2025-03-31 00:00:00','697c7bf1837e1','f3683bee-094b-4aa6-8163-8d418a27eb6a',NULL,376,'posted',NULL,NULL,0,NULL,NULL,'2026-01-30 12:37:53','2026-01-30 12:37:53'),('bfc90872-9005-435c-b0ea-9ac9ec39c70f','1fc5cdd0-8d0b-494e-8d2e-a924874a9bd8',2400,1.0000,'26b3126e-62de-40bc-bfcc-794fcd220251','26b3126e-62de-40bc-bfcc-794fcd220251','2025-03-31 00:00:00','697c7bf51ffd5','f3683bee-094b-4aa6-8163-8d418a27eb6a',645,NULL,'posted',NULL,NULL,0,NULL,NULL,'2026-01-30 12:37:57','2026-01-30 12:37:57'),('bfef6baf-f340-45b5-b5c4-bcadec6a5fb0','8d9dabf6-e881-445f-bc23-8e7441236672',3325116.9136725,1.0000,'26b3126e-62de-40bc-bfcc-794fcd220251','26b3126e-62de-40bc-bfcc-794fcd220251','2025-03-31 00:00:00','697c7bf4f0044','f3683bee-094b-4aa6-8163-8d418a27eb6a',633,NULL,'posted',NULL,NULL,0,NULL,NULL,'2026-01-30 12:37:56','2026-01-30 12:37:56'),('c05d9ce1-5438-45cf-942b-46200327ec98','8e217d55-7140-4c1b-8138-f1dfc52f5775',15855163090,1.0000,'26b3126e-62de-40bc-bfcc-794fcd220251','26b3126e-62de-40bc-bfcc-794fcd220251','2025-03-31 00:00:00','697c7bf30a27b','f3683bee-094b-4aa6-8163-8d418a27eb6a',485,NULL,'posted',NULL,NULL,0,NULL,NULL,'2026-01-30 12:37:55','2026-01-30 12:37:55'),('c08cdb84-c2e9-40d9-b26c-94965287e18f','60502f90-ad17-4d58-908d-ddc2949b9386',47670885.8229,1.0000,'26b3126e-62de-40bc-bfcc-794fcd220251','26b3126e-62de-40bc-bfcc-794fcd220251','2026-01-30 00:00:00','697c972e5786c','f3683bee-094b-4aa6-8163-8d418a27eb6a',934,NULL,'posted',NULL,NULL,0,NULL,NULL,'2026-01-30 14:34:06','2026-01-30 14:34:06'),('c097a5aa-a844-4055-b075-7feeb9f05f87','b45b1d15-be51-4377-b952-9cfb9b27d058',4949273.605,1.0000,'26b3126e-62de-40bc-bfcc-794fcd220251','26b3126e-62de-40bc-bfcc-794fcd220251','2025-04-01 00:00:00','69804a98b7447','f3683bee-094b-4aa6-8163-8d418a27eb6a',536,NULL,'posted',NULL,NULL,0,NULL,NULL,'2026-02-02 09:56:26','2026-02-02 09:56:26'),('c09a4c32-d048-4b2e-a038-476eae82f70e','ed7bc458-03e1-4542-b8c7-0c6ed9846b82',400000,1.0000,'26b3126e-62de-40bc-bfcc-794fcd220251','26b3126e-62de-40bc-bfcc-794fcd220251','2025-03-31 00:00:00','697c7bf023390','f3683bee-094b-4aa6-8163-8d418a27eb6a',NULL,256,'posted',NULL,NULL,0,NULL,NULL,'2026-01-30 12:37:52','2026-01-30 12:37:52'),('c0a38a22-75bd-4c5a-90a8-b1f6621656cb','983d31da-605b-414b-bc64-431a79345bfe',137505.93934777,1.0000,'26b3126e-62de-40bc-bfcc-794fcd220251','26b3126e-62de-40bc-bfcc-794fcd220251','2025-03-31 00:00:00','697c7bf489d5e','f3683bee-094b-4aa6-8163-8d418a27eb6a',602,NULL,'posted',NULL,NULL,0,NULL,NULL,'2026-01-30 12:37:56','2026-01-30 12:37:56'),('c11f6de9-50c8-4b24-8bbd-6c6a7bc99b06','0e143e68-f895-4c88-b7c7-dfacbfd6e7f9',14051800,1.0000,'26b3126e-62de-40bc-bfcc-794fcd220251','26b3126e-62de-40bc-bfcc-794fcd220251','2026-01-30 00:00:00','697c972ec3695','f3683bee-094b-4aa6-8163-8d418a27eb6a',NULL,968,'posted',NULL,NULL,0,NULL,NULL,'2026-01-30 14:34:06','2026-01-30 14:34:06'),('c1603582-2f2b-40fe-ac8c-33f0b41de727','235555cb-9b98-449f-8d6b-bd363664d40c',5641034.2536875,1.0000,'26b3126e-62de-40bc-bfcc-794fcd220251','26b3126e-62de-40bc-bfcc-794fcd220251','2025-03-31 00:00:00','697c7bf3c3b22','f3683bee-094b-4aa6-8163-8d418a27eb6a',546,NULL,'posted',NULL,NULL,0,NULL,NULL,'2026-01-30 12:37:55','2026-01-30 12:37:55'),('c1977b1f-61aa-4dce-81c2-0db342955d86','b45b1d15-be51-4377-b952-9cfb9b27d058',4449165,1.0000,'26b3126e-62de-40bc-bfcc-794fcd220251','26b3126e-62de-40bc-bfcc-794fcd220251','2025-04-01 00:00:00','69804a98b7447','f3683bee-094b-4aa6-8163-8d418a27eb6a',NULL,76,'posted',NULL,NULL,0,NULL,NULL,'2026-02-02 09:56:25','2026-02-02 09:56:25'),('c19b083d-83a2-4e4f-a579-22cc285d66da','b45b1d15-be51-4377-b952-9cfb9b27d058',3773800,1.0000,'26b3126e-62de-40bc-bfcc-794fcd220251','26b3126e-62de-40bc-bfcc-794fcd220251','2025-04-01 00:00:00','69804a98b7447','f3683bee-094b-4aa6-8163-8d418a27eb6a',NULL,78,'posted',NULL,NULL,0,NULL,NULL,'2026-02-02 09:56:24','2026-02-02 09:56:24'),('c1d12038-f626-4c68-88c7-2104c69ea047','b45b1d15-be51-4377-b952-9cfb9b27d058',1103150.2129,1.0000,'26b3126e-62de-40bc-bfcc-794fcd220251','26b3126e-62de-40bc-bfcc-794fcd220251','2025-04-01 00:00:00','69804a98b7447','f3683bee-094b-4aa6-8163-8d418a27eb6a',605,NULL,'posted',NULL,NULL,0,NULL,NULL,'2026-02-02 09:56:26','2026-02-02 09:56:26'),('c1da77df-d424-4492-987f-54453afa8446','899407cf-0a98-4a5d-84cd-915474224f1a',176812,1.0000,'26b3126e-62de-40bc-bfcc-794fcd220251','26b3126e-62de-40bc-bfcc-794fcd220251','2025-03-31 00:00:00','697c7bf1f112d','f3683bee-094b-4aa6-8163-8d418a27eb6a',NULL,408,'posted',NULL,NULL,0,NULL,NULL,'2026-01-30 12:37:53','2026-01-30 12:37:53'),('c1fc8643-3c9d-4d14-b9bf-6e4388cdfb08','b45b1d15-be51-4377-b952-9cfb9b27d058',216013.6039,1.0000,'26b3126e-62de-40bc-bfcc-794fcd220251','26b3126e-62de-40bc-bfcc-794fcd220251','2025-04-01 00:00:00','69804a98b7447','f3683bee-094b-4aa6-8163-8d418a27eb6a',591,NULL,'posted',NULL,NULL,0,NULL,NULL,'2026-02-02 09:56:26','2026-02-02 09:56:26'),('c209939e-b7c7-4ead-b676-5a186cbaa4d8','b45b1d15-be51-4377-b952-9cfb9b27d058',5641034.2537,1.0000,'26b3126e-62de-40bc-bfcc-794fcd220251','26b3126e-62de-40bc-bfcc-794fcd220251','2025-04-01 00:00:00','69804a98b7447','f3683bee-094b-4aa6-8163-8d418a27eb6a',546,NULL,'posted',NULL,NULL,0,NULL,NULL,'2026-02-02 09:56:26','2026-02-02 09:56:26'),('c2ad3792-b396-4e1d-bc2c-714e11e156d3','e29b9e0c-4218-439f-a551-fc468fb7d996',6875000,1.0000,'26b3126e-62de-40bc-bfcc-794fcd220251','26b3126e-62de-40bc-bfcc-794fcd220251','2026-01-30 00:00:00','697c972e80082','f3683bee-094b-4aa6-8163-8d418a27eb6a',NULL,949,'posted',NULL,NULL,0,NULL,NULL,'2026-01-30 14:34:06','2026-01-30 14:34:06'),